Jul 19 02:09:54.881542 np0000005414 nova-conductor[95920]: DEBUG cotyledon.oslo_config_glue [-] oslo_messaging_rabbit.rabbit_qos_prefetch_count = 0 {{(pid=95920) log_opt_values /opt/stack/data/venv/lib/python3.12/site-packages/oslo_config/cfg.py:3253}}
Jul 19 02:09:54.881542 np0000005414 nova-conductor[95920]: DEBUG cotyledon.oslo_config_glue [-] oslo_messaging_rabbit.rabbit_quorum_delivery_limit = 0 {{(pid=95920) log_opt_values /opt/stack/data/venv/lib/python3.12/site-packages/oslo_config/cfg.py:3253}}
Jul 19 02:09:54.881542 np0000005414 nova-conductor[95920]: DEBUG cotyledon.oslo_config_glue [-] oslo_messaging_rabbit.rabbit_quorum_max_memory_bytes = 0 {{(pid=95920) log_opt_values /opt/stack/data/venv/lib/python3.12/site-packages/oslo_config/cfg.py:3253}}
Jul 19 02:09:54.881542 np0000005414 nova-conductor[95920]: DEBUG cotyledon.oslo_config_glue [-] oslo_messaging_rabbit.rabbit_quorum_max_memory_length = 0 {{(pid=95920) log_opt_values /opt/stack/data/venv/lib/python3.12/site-packages/oslo_config/cfg.py:3253}}
Jul 19 02:09:54.881542 np0000005414 nova-conductor[95920]: DEBUG cotyledon.oslo_config_glue [-] oslo_messaging_rabbit.rabbit_quorum_queue = False {{(pid=95920) log_opt_values /opt/stack/data/venv/lib/python3.12/site-packages/oslo_config/cfg.py:3253}}
Jul 19 02:09:54.881542 np0000005414 nova-conductor[95920]: DEBUG cotyledon.oslo_config_glue [-] oslo_messaging_rabbit.rabbit_retry_backoff = 2 {{(pid=95920) log_opt_values /opt/stack/data/venv/lib/python3.12/site-packages/oslo_config/cfg.py:3253}}
Jul 19 02:09:54.881542 np0000005414 nova-conductor[95920]: DEBUG cotyledon.oslo_config_glue [-] oslo_messaging_rabbit.rabbit_retry_interval = 1 {{(pid=95920) log_opt_values /opt/stack/data/venv/lib/python3.12/site-packages/oslo_config/cfg.py:3253}}
Jul 19 02:09:54.881542 np0000005414 nova-conductor[95920]: DEBUG cotyledon.oslo_config_glue [-] oslo_messaging_rabbit.rabbit_stream_fanout = False {{(pid=95920) log_opt_values /opt/stack/data/venv/lib/python3.12/site-packages/oslo_config/cfg.py:3253}}
Jul 19 02:09:54.881714 np0000005414 nova-conductor[95920]: DEBUG cotyledon.oslo_config_glue [-] oslo_messaging_rabbit.rabbit_transient_queues_ttl = 1800 {{(pid=95920) log_opt_values /opt/stack/data/venv/lib/python3.12/site-packages/oslo_config/cfg.py:3253}}
Jul 19 02:09:54.881714 np0000005414 nova-conductor[95920]: DEBUG cotyledon.oslo_config_glue [-] oslo_messaging_rabbit.rabbit_transient_quorum_queue = False {{(pid=95920) log_opt_values /opt/stack/data/venv/lib/python3.12/site-packages/oslo_config/cfg.py:3253}}
Jul 19 02:09:54.881714 np0000005414 nova-conductor[95920]: DEBUG cotyledon.oslo_config_glue [-] oslo_messaging_rabbit.rpc_conn_pool_size = 30 {{(pid=95920) log_opt_values /opt/stack/data/venv/lib/python3.12/site-packages/oslo_config/cfg.py:3253}}
Jul 19 02:09:54.881714 np0000005414 nova-conductor[95920]: DEBUG cotyledon.oslo_config_glue [-] oslo_messaging_rabbit.ssl = False {{(pid=95920) log_opt_values /opt/stack/data/venv/lib/python3.12/site-packages/oslo_config/cfg.py:3253}}
Jul 19 02:09:54.881714 np0000005414 nova-conductor[95920]: DEBUG cotyledon.oslo_config_glue [-] oslo_messaging_rabbit.ssl_ca_file = {{(pid=95920) log_opt_values /opt/stack/data/venv/lib/python3.12/site-packages/oslo_config/cfg.py:3253}}
Jul 19 02:09:54.881714 np0000005414 nova-conductor[95920]: DEBUG cotyledon.oslo_config_glue [-] oslo_messaging_rabbit.ssl_cert_file = {{(pid=95920) log_opt_values /opt/stack/data/venv/lib/python3.12/site-packages/oslo_config/cfg.py:3253}}
Jul 19 02:09:54.881714 np0000005414 nova-conductor[95920]: DEBUG cotyledon.oslo_config_glue [-] oslo_messaging_rabbit.ssl_enforce_fips_mode = False {{(pid=95920) log_opt_values /opt/stack/data/venv/lib/python3.12/site-packages/oslo_config/cfg.py:3253}}
Jul 19 02:09:54.881714 np0000005414 nova-conductor[95920]: DEBUG cotyledon.oslo_config_glue [-] oslo_messaging_rabbit.ssl_enforce_hostname_verification = True {{(pid=95920) log_opt_values /opt/stack/data/venv/lib/python3.12/site-packages/oslo_config/cfg.py:3253}}
Jul 19 02:09:54.881714 np0000005414 nova-conductor[95920]: DEBUG cotyledon.oslo_config_glue [-] oslo_messaging_rabbit.ssl_key_file = {{(pid=95920) log_opt_values /opt/stack/data/venv/lib/python3.12/site-packages/oslo_config/cfg.py:3253}}
Jul 19 02:09:54.881901 np0000005414 nova-conductor[95920]: DEBUG cotyledon.oslo_config_glue [-] oslo_messaging_rabbit.ssl_version = {{(pid=95920) log_opt_values /opt/stack/data/venv/lib/python3.12/site-packages/oslo_config/cfg.py:3253}}
Jul 19 02:09:54.881901 np0000005414 nova-conductor[95920]: DEBUG cotyledon.oslo_config_glue [-] oslo_messaging_rabbit.use_queue_manager = False {{(pid=95920) log_opt_values /opt/stack/data/venv/lib/python3.12/site-packages/oslo_config/cfg.py:3253}}
Jul 19 02:09:54.881901 np0000005414 nova-conductor[95920]: DEBUG cotyledon.oslo_config_glue [-] oslo_messaging_notifications.driver = ['messagingv2'] {{(pid=95920) log_opt_values /opt/stack/data/venv/lib/python3.12/site-packages/oslo_config/cfg.py:3253}}
Jul 19 02:09:54.881901 np0000005414 nova-conductor[95920]: DEBUG cotyledon.oslo_config_glue [-] oslo_messaging_notifications.retry = -1 {{(pid=95920) log_opt_values /opt/stack/data/venv/lib/python3.12/site-packages/oslo_config/cfg.py:3253}}
Jul 19 02:09:54.881901 np0000005414 nova-conductor[95920]: DEBUG cotyledon.oslo_config_glue [-] oslo_messaging_notifications.topics = ['notifications'] {{(pid=95920) log_opt_values /opt/stack/data/venv/lib/python3.12/site-packages/oslo_config/cfg.py:3253}}
Jul 19 02:09:54.881901 np0000005414 nova-conductor[95920]: DEBUG cotyledon.oslo_config_glue [-] oslo_messaging_notifications.transport_url = **** {{(pid=95920) log_opt_values /opt/stack/data/venv/lib/python3.12/site-packages/oslo_config/cfg.py:3253}}
Jul 19 02:09:54.881901 np0000005414 nova-conductor[95920]: DEBUG cotyledon.oslo_config_glue [-] oslo_limit.auth_section = None {{(pid=95920) log_opt_values /opt/stack/data/venv/lib/python3.12/site-packages/oslo_config/cfg.py:3253}}
Jul 19 02:09:54.881901 np0000005414 nova-conductor[95920]: DEBUG cotyledon.oslo_config_glue [-] oslo_limit.auth_type = None {{(pid=95920) log_opt_values /opt/stack/data/venv/lib/python3.12/site-packages/oslo_config/cfg.py:3253}}
Jul 19 02:09:54.881901 np0000005414 nova-conductor[95920]: DEBUG cotyledon.oslo_config_glue [-] oslo_limit.cafile = None {{(pid=95920) log_opt_values /opt/stack/data/venv/lib/python3.12/site-packages/oslo_config/cfg.py:3253}}
Jul 19 02:09:54.882085 np0000005414 nova-conductor[95920]: DEBUG cotyledon.oslo_config_glue [-] oslo_limit.certfile = None {{(pid=95920) log_opt_values /opt/stack/data/venv/lib/python3.12/site-packages/oslo_config/cfg.py:3253}}
Jul 19 02:09:54.882085 np0000005414 nova-conductor[95920]: DEBUG cotyledon.oslo_config_glue [-] oslo_limit.collect_timing = False {{(pid=95920) log_opt_values /opt/stack/data/venv/lib/python3.12/site-packages/oslo_config/cfg.py:3253}}
Jul 19 02:09:54.882085 np0000005414 nova-conductor[95920]: DEBUG cotyledon.oslo_config_glue [-] oslo_limit.connect_retries = None {{(pid=95920) log_opt_values /opt/stack/data/venv/lib/python3.12/site-packages/oslo_config/cfg.py:3253}}
Jul 19 02:09:54.882085 np0000005414 nova-conductor[95920]: DEBUG cotyledon.oslo_config_glue [-] oslo_limit.connect_retry_delay = None {{(pid=95920) log_opt_values /opt/stack/data/venv/lib/python3.12/site-packages/oslo_config/cfg.py:3253}}
Jul 19 02:09:54.882085 np0000005414 nova-conductor[95920]: DEBUG cotyledon.oslo_config_glue [-] oslo_limit.endpoint_id = None {{(pid=95920) log_opt_values /opt/stack/data/venv/lib/python3.12/site-packages/oslo_config/cfg.py:3253}}
Jul 19 02:09:54.882085 np0000005414 nova-conductor[95920]: DEBUG cotyledon.oslo_config_glue [-] oslo_limit.endpoint_interface = public {{(pid=95920) log_opt_values /opt/stack/data/venv/lib/python3.12/site-packages/oslo_config/cfg.py:3253}}
Jul 19 02:09:54.882085 np0000005414 nova-conductor[95920]: DEBUG cotyledon.oslo_config_glue [-] oslo_limit.endpoint_override = None {{(pid=95920) log_opt_values /opt/stack/data/venv/lib/python3.12/site-packages/oslo_config/cfg.py:3253}}
Jul 19 02:09:54.882085 np0000005414 nova-conductor[95920]: DEBUG cotyledon.oslo_config_glue [-] oslo_limit.endpoint_region_name = None {{(pid=95920) log_opt_values /opt/stack/data/venv/lib/python3.12/site-packages/oslo_config/cfg.py:3253}}
Jul 19 02:09:54.882085 np0000005414 nova-conductor[95920]: DEBUG cotyledon.oslo_config_glue [-] oslo_limit.endpoint_service_name = None {{(pid=95920) log_opt_values /opt/stack/data/venv/lib/python3.12/site-packages/oslo_config/cfg.py:3253}}
Jul 19 02:09:54.882262 np0000005414 nova-conductor[95920]: DEBUG cotyledon.oslo_config_glue [-] oslo_limit.endpoint_service_type = None {{(pid=95920) log_opt_values /opt/stack/data/venv/lib/python3.12/site-packages/oslo_config/cfg.py:3253}}
Jul 19 02:09:54.882262 np0000005414 nova-conductor[95920]: DEBUG cotyledon.oslo_config_glue [-] oslo_limit.insecure = False {{(pid=95920) log_opt_values /opt/stack/data/venv/lib/python3.12/site-packages/oslo_config/cfg.py:3253}}
Jul 19 02:09:54.882262 np0000005414 nova-conductor[95920]: DEBUG cotyledon.oslo_config_glue [-] oslo_limit.keyfile = None {{(pid=95920) log_opt_values /opt/stack/data/venv/lib/python3.12/site-packages/oslo_config/cfg.py:3253}}
Jul 19 02:09:54.882262 np0000005414 nova-conductor[95920]: DEBUG cotyledon.oslo_config_glue [-] oslo_limit.max_version = None {{(pid=95920) log_opt_values /opt/stack/data/venv/lib/python3.12/site-packages/oslo_config/cfg.py:3253}}
Jul 19 02:09:54.882262 np0000005414 nova-conductor[95920]: DEBUG cotyledon.oslo_config_glue [-] oslo_limit.min_version = None {{(pid=95920) log_opt_values /opt/stack/data/venv/lib/python3.12/site-packages/oslo_config/cfg.py:3253}}
Jul 19 02:09:54.882262 np0000005414 nova-conductor[95920]: DEBUG cotyledon.oslo_config_glue [-] oslo_limit.region_name = None {{(pid=95920) log_opt_values /opt/stack/data/venv/lib/python3.12/site-packages/oslo_config/cfg.py:3253}}
Jul 19 02:09:54.882262 np0000005414 nova-conductor[95920]: DEBUG cotyledon.oslo_config_glue [-] oslo_limit.retriable_status_codes = None {{(pid=95920) log_opt_values /opt/stack/data/venv/lib/python3.12/site-packages/oslo_config/cfg.py:3253}}
Jul 19 02:09:54.882262 np0000005414 nova-conductor[95920]: DEBUG cotyledon.oslo_config_glue [-] oslo_limit.service_name = None {{(pid=95920) log_opt_values /opt/stack/data/venv/lib/python3.12/site-packages/oslo_config/cfg.py:3253}}
Jul 19 02:09:54.882262 np0000005414 nova-conductor[95920]: DEBUG cotyledon.oslo_config_glue [-] oslo_limit.service_type = None {{(pid=95920) log_opt_values /opt/stack/data/venv/lib/python3.12/site-packages/oslo_config/cfg.py:3253}}
Jul 19 02:09:54.882457 np0000005414 nova-conductor[95920]: DEBUG cotyledon.oslo_config_glue [-] oslo_limit.split_loggers = False {{(pid=95920) log_opt_values /opt/stack/data/venv/lib/python3.12/site-packages/oslo_config/cfg.py:3253}}
Jul 19 02:09:54.882457 np0000005414 nova-conductor[95920]: DEBUG cotyledon.oslo_config_glue [-] oslo_limit.status_code_retries = None {{(pid=95920) log_opt_values /opt/stack/data/venv/lib/python3.12/site-packages/oslo_config/cfg.py:3253}}
Jul 19 02:09:54.882457 np0000005414 nova-conductor[95920]: DEBUG cotyledon.oslo_config_glue [-] oslo_limit.status_code_retry_delay = None {{(pid=95920) log_opt_values /opt/stack/data/venv/lib/python3.12/site-packages/oslo_config/cfg.py:3253}}
Jul 19 02:09:54.882457 np0000005414 nova-conductor[95920]: DEBUG cotyledon.oslo_config_glue [-] oslo_limit.timeout = None {{(pid=95920) log_opt_values /opt/stack/data/venv/lib/python3.12/site-packages/oslo_config/cfg.py:3253}}
Jul 19 02:09:54.882457 np0000005414 nova-conductor[95920]: DEBUG cotyledon.oslo_config_glue [-] oslo_limit.valid_interfaces = None {{(pid=95920) log_opt_values /opt/stack/data/venv/lib/python3.12/site-packages/oslo_config/cfg.py:3253}}
Jul 19 02:09:54.882457 np0000005414 nova-conductor[95920]: DEBUG cotyledon.oslo_config_glue [-] oslo_limit.version = None {{(pid=95920) log_opt_values /opt/stack/data/venv/lib/python3.12/site-packages/oslo_config/cfg.py:3253}}
Jul 19 02:09:54.882457 np0000005414 nova-conductor[95920]: DEBUG cotyledon.oslo_config_glue [-] oslo_reports.file_event_handler = None {{(pid=95920) log_opt_values /opt/stack/data/venv/lib/python3.12/site-packages/oslo_config/cfg.py:3253}}
Jul 19 02:09:54.882457 np0000005414 nova-conductor[95920]: DEBUG cotyledon.oslo_config_glue [-] oslo_reports.file_event_handler_interval = 1 {{(pid=95920) log_opt_values /opt/stack/data/venv/lib/python3.12/site-packages/oslo_config/cfg.py:3253}}
Jul 19 02:09:54.882457 np0000005414 nova-conductor[95920]: DEBUG cotyledon.oslo_config_glue [-] oslo_reports.log_dir = None {{(pid=95920) log_opt_values /opt/stack/data/venv/lib/python3.12/site-packages/oslo_config/cfg.py:3253}}
Jul 19 02:09:54.882637 np0000005414 nova-conductor[95920]: DEBUG cotyledon.oslo_config_glue [-] ******************************************************************************** {{(pid=95920) log_opt_values /opt/stack/data/venv/lib/python3.12/site-packages/oslo_config/cfg.py:3260}}
Jul 19 02:09:54.882637 np0000005414 nova-conductor[95920]: DEBUG cotyledon._service_worker [-] Run service ServiceWrapper(2) [95920] {{(pid=95920) wait_forever /opt/stack/data/venv/lib/python3.12/site-packages/cotyledon/_service_worker.py:218}}
Jul 19 02:09:54.882637 np0000005414 nova-conductor[95920]: INFO nova.service [-] Starting conductor node (version 33.1.0)
Jul 19 02:09:54.882637 np0000005414 nova-conductor[95920]: INFO dbcounter [None req-1da4154c-f0ee-4ef6-9f82-e7e1f104f960 None None] Registered counter for database nova_cell0
Jul 19 02:09:54.882752 np0000005414 nova-conductor[95910]: DEBUG oslo_db.sqlalchemy.engines [None req-9be75508-2432-433e-bb89-9ba01267de4f None None] MySQL server mode set to STRICT_TRANS_TABLES,STRICT_ALL_TABLES,NO_ZERO_IN_DATE,NO_ZERO_DATE,ERROR_FOR_DIVISION_BY_ZERO,TRADITIONAL,NO_ENGINE_SUBSTITUTION {{(pid=95910) _check_effective_sql_mode /opt/stack/data/venv/lib/python3.12/site-packages/oslo_db/sqlalchemy/engines.py:325}}
Jul 19 02:09:54.897449 np0000005414 nova-conductor[95916]: DEBUG oslo_db.sqlalchemy.engines [None req-01275744-f6aa-40f7-b6ac-510df330088c None None] MySQL server mode set to STRICT_TRANS_TABLES,STRICT_ALL_TABLES,NO_ZERO_IN_DATE,NO_ZERO_DATE,ERROR_FOR_DIVISION_BY_ZERO,TRADITIONAL,NO_ENGINE_SUBSTITUTION {{(pid=95916) _check_effective_sql_mode /opt/stack/data/venv/lib/python3.12/site-packages/oslo_db/sqlalchemy/engines.py:325}}
Jul 19 02:09:54.898689 np0000005414 nova-conductor[95910]: DEBUG dbcounter [-] [95910] Writer thread running {{(pid=95910) stat_writer /opt/stack/data/venv/lib/python3.12/site-packages/dbcounter.py:102}}
Jul 19 02:09:54.906083 np0000005414 nova-conductor[95916]: DEBUG dbcounter [-] [95916] Writer thread running {{(pid=95916) stat_writer /opt/stack/data/venv/lib/python3.12/site-packages/dbcounter.py:102}}
Jul 19 02:09:54.914775 np0000005414 nova-conductor[95910]: DEBUG nova.service [None req-9be75508-2432-433e-bb89-9ba01267de4f None None] Creating RPC server for service: nova-conductor on topic: conductor {{(pid=95910) start /opt/stack/nova/nova/service.py:196}}
Jul 19 02:09:54.920306 np0000005414 nova-conductor[95916]: DEBUG nova.service [None req-01275744-f6aa-40f7-b6ac-510df330088c None None] Creating RPC server for service: nova-conductor on topic: conductor {{(pid=95916) start /opt/stack/nova/nova/service.py:196}}
Jul 19 02:09:54.926734 np0000005414 nova-conductor[95920]: DEBUG oslo_db.sqlalchemy.engines [None req-1da4154c-f0ee-4ef6-9f82-e7e1f104f960 None None] MySQL server mode set to STRICT_TRANS_TABLES,STRICT_ALL_TABLES,NO_ZERO_IN_DATE,NO_ZERO_DATE,ERROR_FOR_DIVISION_BY_ZERO,TRADITIONAL,NO_ENGINE_SUBSTITUTION {{(pid=95920) _check_effective_sql_mode /opt/stack/data/venv/lib/python3.12/site-packages/oslo_db/sqlalchemy/engines.py:325}}
Jul 19 02:09:54.940535 np0000005414 nova-conductor[95916]: DEBUG nova.service [None req-01275744-f6aa-40f7-b6ac-510df330088c None None] Join ServiceGroup membership for this service conductor {{(pid=95916) start /opt/stack/nova/nova/service.py:222}}
Jul 19 02:09:54.940828 np0000005414 nova-conductor[95916]: DEBUG nova.servicegroup.drivers.db [None req-01275744-f6aa-40f7-b6ac-510df330088c None None] DB_Driver: join new ServiceGroup member np0000005414 to the conductor group, service = {{(pid=95916) join /opt/stack/nova/nova/servicegroup/drivers/db.py:44}}
Jul 19 02:09:54.941005 np0000005414 nova-conductor[95920]: DEBUG dbcounter [-] [95920] Writer thread running {{(pid=95920) stat_writer /opt/stack/data/venv/lib/python3.12/site-packages/dbcounter.py:102}}
Jul 19 02:09:54.944016 np0000005414 nova-conductor[95920]: DEBUG nova.service [None req-1da4154c-f0ee-4ef6-9f82-e7e1f104f960 None None] Creating RPC server for service: nova-conductor on topic: conductor {{(pid=95920) start /opt/stack/nova/nova/service.py:196}}
Jul 19 02:09:54.945201 np0000005414 nova-conductor[95910]: DEBUG nova.service [None req-9be75508-2432-433e-bb89-9ba01267de4f None None] Join ServiceGroup membership for this service conductor {{(pid=95910) start /opt/stack/nova/nova/service.py:222}}
Jul 19 02:09:54.945457 np0000005414 nova-conductor[95910]: DEBUG nova.servicegroup.drivers.db [None req-9be75508-2432-433e-bb89-9ba01267de4f None None] DB_Driver: join new ServiceGroup member np0000005414 to the conductor group, service = {{(pid=95910) join /opt/stack/nova/nova/servicegroup/drivers/db.py:44}}
Jul 19 02:09:54.960223 np0000005414 nova-conductor[95920]: DEBUG nova.service [None req-1da4154c-f0ee-4ef6-9f82-e7e1f104f960 None None] Join ServiceGroup membership for this service conductor {{(pid=95920) start /opt/stack/nova/nova/service.py:222}}
Jul 19 02:09:54.960474 np0000005414 nova-conductor[95920]: DEBUG nova.servicegroup.drivers.db [None req-1da4154c-f0ee-4ef6-9f82-e7e1f104f960 None None] DB_Driver: join new ServiceGroup member np0000005414 to the conductor group, service = {{(pid=95920) join /opt/stack/nova/nova/servicegroup/drivers/db.py:44}}
Jul 19 02:09:59.954044 np0000005414 nova-conductor[95916]: DEBUG oslo.service.backend._threading.loopingcall [-] Fixed interval looping call 'nova.servicegroup.drivers.db.DbDriver._report_state' sleeping for 119.99 seconds {{(pid=95916) _run_loop /opt/stack/data/venv/lib/python3.12/site-packages/oslo_service/backend/_threading/loopingcall.py:125}}
Jul 19 02:09:59.957322 np0000005414 nova-conductor[95910]: DEBUG oslo.service.backend._threading.loopingcall [-] Fixed interval looping call 'nova.servicegroup.drivers.db.DbDriver._report_state' sleeping for 119.99 seconds {{(pid=95910) _run_loop /opt/stack/data/venv/lib/python3.12/site-packages/oslo_service/backend/_threading/loopingcall.py:125}}
Jul 19 02:09:59.970596 np0000005414 nova-conductor[95920]: DEBUG oslo.service.backend._threading.loopingcall [-] Fixed interval looping call 'nova.servicegroup.drivers.db.DbDriver._report_state' sleeping for 119.99 seconds {{(pid=95920) _run_loop /opt/stack/data/venv/lib/python3.12/site-packages/oslo_service/backend/_threading/loopingcall.py:125}}
Jul 19 02:10:02.947264 np0000005414 nova-conductor[95910]: DEBUG oslo.service.backend._threading.loopingcall [None req-82398627-af15-4906-824a-a69829379ac8 None None] Dynamic interval looping call 'nova.service.Service.periodic_tasks' sleeping for 60.00 seconds {{(pid=95910) _run_loop /opt/stack/data/venv/lib/python3.12/site-packages/oslo_service/backend/_threading/loopingcall.py:125}}
Jul 19 02:10:03.540716 np0000005414 nova-conductor[94404]: DEBUG dbcounter [-] [94404] Writing DB stats nova_api:SELECT=1 {{(pid=94404) stat_writer /opt/stack/data/venv/lib/python3.12/site-packages/dbcounter.py:115}}
Jul 19 02:10:03.661448 np0000005414 nova-conductor[94404]: DEBUG dbcounter [-] [94404] Writing DB stats nova_cell0:SELECT=1 {{(pid=94404) stat_writer /opt/stack/data/venv/lib/python3.12/site-packages/dbcounter.py:115}}
Jul 19 02:10:03.667071 np0000005414 nova-conductor[94404]: DEBUG dbcounter [-] [94404] Writing DB stats nova_cell1:SELECT=1 {{(pid=94404) stat_writer /opt/stack/data/venv/lib/python3.12/site-packages/dbcounter.py:115}}
Jul 19 02:10:06.942598 np0000005414 nova-conductor[95916]: DEBUG oslo.service.backend._threading.loopingcall [None req-5ccef4ee-b6f1-46e9-9c82-baca7784d7e7 None None] Dynamic interval looping call 'nova.service.Service.periodic_tasks' sleeping for 60.00 seconds {{(pid=95916) _run_loop /opt/stack/data/venv/lib/python3.12/site-packages/oslo_service/backend/_threading/loopingcall.py:125}}
Jul 19 02:10:09.948915 np0000005414 nova-conductor[95916]: DEBUG dbcounter [-] [95916] Writing DB stats nova_cell0:SELECT=5,nova_cell0:INSERT=1,nova_cell0:UPDATE=1 {{(pid=95916) stat_writer /opt/stack/data/venv/lib/python3.12/site-packages/dbcounter.py:115}}
Jul 19 02:10:09.956192 np0000005414 nova-conductor[95910]: DEBUG dbcounter [-] [95910] Writing DB stats nova_cell0:SELECT=4,nova_cell0:INSERT=1,nova_cell0:UPDATE=1 {{(pid=95910) stat_writer /opt/stack/data/venv/lib/python3.12/site-packages/dbcounter.py:115}}
Jul 19 02:10:09.968151 np0000005414 nova-conductor[95920]: DEBUG dbcounter [-] [95920] Writing DB stats nova_cell0:SELECT=3 {{(pid=95920) stat_writer /opt/stack/data/venv/lib/python3.12/site-packages/dbcounter.py:115}}
Jul 19 02:10:42.962677 np0000005414 nova-conductor[95920]: DEBUG oslo.service.backend._threading.loopingcall [None req-26160d61-5bc2-46b7-b47b-7f6a38f6dd31 None None] Dynamic interval looping call 'nova.service.Service.periodic_tasks' sleeping for 60.00 seconds {{(pid=95920) _run_loop /opt/stack/data/venv/lib/python3.12/site-packages/oslo_service/backend/_threading/loopingcall.py:125}}
Jul 19 02:11:02.947814 np0000005414 nova-conductor[95910]: DEBUG oslo.service.backend._threading.loopingcall [None req-82398627-af15-4906-824a-a69829379ac8 None None] Dynamic interval looping call 'nova.service.Service.periodic_tasks' sleeping for 60.00 seconds {{(pid=95910) _run_loop /opt/stack/data/venv/lib/python3.12/site-packages/oslo_service/backend/_threading/loopingcall.py:125}}
Jul 19 02:11:06.943153 np0000005414 nova-conductor[95916]: DEBUG oslo.service.backend._threading.loopingcall [None req-5ccef4ee-b6f1-46e9-9c82-baca7784d7e7 None None] Dynamic interval looping call 'nova.service.Service.periodic_tasks' sleeping for 60.00 seconds {{(pid=95916) _run_loop /opt/stack/data/venv/lib/python3.12/site-packages/oslo_service/backend/_threading/loopingcall.py:125}}
Jul 19 02:11:42.963226 np0000005414 nova-conductor[95920]: DEBUG oslo.service.backend._threading.loopingcall [None req-26160d61-5bc2-46b7-b47b-7f6a38f6dd31 None None] Dynamic interval looping call 'nova.service.Service.periodic_tasks' sleeping for 60.00 seconds {{(pid=95920) _run_loop /opt/stack/data/venv/lib/python3.12/site-packages/oslo_service/backend/_threading/loopingcall.py:125}}
Jul 19 02:11:59.951425 np0000005414 nova-conductor[95916]: DEBUG oslo.service.backend._threading.loopingcall [-] Fixed interval looping call 'nova.servicegroup.drivers.db.DbDriver._report_state' sleeping for 119.99 seconds {{(pid=95916) _run_loop /opt/stack/data/venv/lib/python3.12/site-packages/oslo_service/backend/_threading/loopingcall.py:125}}
Jul 19 02:11:59.955530 np0000005414 nova-conductor[95910]: DEBUG oslo.service.backend._threading.loopingcall [-] Fixed interval looping call 'nova.servicegroup.drivers.db.DbDriver._report_state' sleeping for 119.99 seconds {{(pid=95910) _run_loop /opt/stack/data/venv/lib/python3.12/site-packages/oslo_service/backend/_threading/loopingcall.py:125}}
Jul 19 02:11:59.964985 np0000005414 nova-conductor[95920]: DEBUG oslo.service.backend._threading.loopingcall [-] Fixed interval looping call 'nova.servicegroup.drivers.db.DbDriver._report_state' sleeping for 120.00 seconds {{(pid=95920) _run_loop /opt/stack/data/venv/lib/python3.12/site-packages/oslo_service/backend/_threading/loopingcall.py:125}}
Jul 19 02:12:02.948496 np0000005414 nova-conductor[95910]: DEBUG oslo.service.backend._threading.loopingcall [None req-82398627-af15-4906-824a-a69829379ac8 None None] Dynamic interval looping call 'nova.service.Service.periodic_tasks' sleeping for 60.00 seconds {{(pid=95910) _run_loop /opt/stack/data/venv/lib/python3.12/site-packages/oslo_service/backend/_threading/loopingcall.py:125}}
Jul 19 02:12:06.944084 np0000005414 nova-conductor[95916]: DEBUG oslo.service.backend._threading.loopingcall [None req-5ccef4ee-b6f1-46e9-9c82-baca7784d7e7 None None] Dynamic interval looping call 'nova.service.Service.periodic_tasks' sleeping for 60.00 seconds {{(pid=95916) _run_loop /opt/stack/data/venv/lib/python3.12/site-packages/oslo_service/backend/_threading/loopingcall.py:125}}
Jul 19 02:12:09.947579 np0000005414 nova-conductor[95916]: DEBUG dbcounter [-] [95916] Writing DB stats nova_cell0:SELECT=1,nova_cell0:UPDATE=1 {{(pid=95916) stat_writer /opt/stack/data/venv/lib/python3.12/site-packages/dbcounter.py:115}}
Jul 19 02:12:09.952841 np0000005414 nova-conductor[95910]: DEBUG dbcounter [-] [95910] Writing DB stats nova_cell0:SELECT=1 {{(pid=95910) stat_writer /opt/stack/data/venv/lib/python3.12/site-packages/dbcounter.py:115}}
Jul 19 02:12:09.964442 np0000005414 nova-conductor[95920]: DEBUG dbcounter [-] [95920] Writing DB stats nova_cell0:SELECT=1 {{(pid=95920) stat_writer /opt/stack/data/venv/lib/python3.12/site-packages/dbcounter.py:115}}
Jul 19 02:12:20.530336 np0000005414 nova-conductor[95916]: DEBUG oslo_db.sqlalchemy.engines [None req-e7963d37-e47c-4224-8418-c6bab6b38917 tempest-DeleteServersTestJSON-1042736308 tempest-DeleteServersTestJSON-1042736308-project-member] Parent process 94404 forked (95916) with an open database connection, which is being discarded and recreated. {{(pid=95916) checkout /opt/stack/data/venv/lib/python3.12/site-packages/oslo_db/sqlalchemy/engines.py:402}}
Jul 19 02:12:20.591679 np0000005414 nova-conductor[95916]: DEBUG dbcounter [-] [95916] Writer thread running {{(pid=95916) stat_writer /opt/stack/data/venv/lib/python3.12/site-packages/dbcounter.py:102}}
Jul 19 02:12:21.189888 np0000005414 nova-conductor[95910]: DEBUG dbcounter [-] [95910] Writer thread running {{(pid=95910) stat_writer /opt/stack/data/venv/lib/python3.12/site-packages/dbcounter.py:102}}
Jul 19 02:12:21.512002 np0000005414 nova-conductor[95916]: DEBUG nova.conductor.manager [None req-e7963d37-e47c-4224-8418-c6bab6b38917 tempest-DeleteServersTestJSON-1042736308 tempest-DeleteServersTestJSON-1042736308-project-member] Took 0.92 seconds to select destinations for 1 instance(s). {{(pid=95916) _schedule_instances /opt/stack/nova/nova/conductor/manager.py:968}}
Jul 19 02:12:21.545996 np0000005414 nova-conductor[95916]: DEBUG oslo_concurrency.lockutils [None req-e7963d37-e47c-4224-8418-c6bab6b38917 tempest-DeleteServersTestJSON-1042736308 tempest-DeleteServersTestJSON-1042736308-project-member] Acquiring lock "3c15415e-6cf4-4ee6-9b70-f3330223d8bf" by "nova.context.set_target_cell..get_or_set_cached_cell_and_set_connections" {{(pid=95916) inner /opt/stack/data/venv/lib/python3.12/site-packages/oslo_concurrency/lockutils.py:512}}
Jul 19 02:12:21.546552 np0000005414 nova-conductor[95916]: DEBUG oslo_concurrency.lockutils [None req-e7963d37-e47c-4224-8418-c6bab6b38917 tempest-DeleteServersTestJSON-1042736308 tempest-DeleteServersTestJSON-1042736308-project-member] Lock "3c15415e-6cf4-4ee6-9b70-f3330223d8bf" acquired by "nova.context.set_target_cell..get_or_set_cached_cell_and_set_connections" :: waited 0.000s {{(pid=95916) inner /opt/stack/data/venv/lib/python3.12/site-packages/oslo_concurrency/lockutils.py:525}}
Jul 19 02:12:21.547700 np0000005414 nova-conductor[95916]: DEBUG oslo_concurrency.lockutils [None req-e7963d37-e47c-4224-8418-c6bab6b38917 tempest-DeleteServersTestJSON-1042736308 tempest-DeleteServersTestJSON-1042736308-project-member] Lock "3c15415e-6cf4-4ee6-9b70-f3330223d8bf" "released" by "nova.context.set_target_cell..get_or_set_cached_cell_and_set_connections" :: held 0.001s {{(pid=95916) inner /opt/stack/data/venv/lib/python3.12/site-packages/oslo_concurrency/lockutils.py:544}}
Jul 19 02:12:21.549592 np0000005414 nova-conductor[95916]: INFO dbcounter [None req-e7963d37-e47c-4224-8418-c6bab6b38917 tempest-DeleteServersTestJSON-1042736308 tempest-DeleteServersTestJSON-1042736308-project-member] Registered counter for database nova_cell1
Jul 19 02:12:21.584857 np0000005414 nova-conductor[95916]: DEBUG oslo_db.sqlalchemy.engines [None req-e7963d37-e47c-4224-8418-c6bab6b38917 tempest-DeleteServersTestJSON-1042736308 tempest-DeleteServersTestJSON-1042736308-project-member] MySQL server mode set to STRICT_TRANS_TABLES,STRICT_ALL_TABLES,NO_ZERO_IN_DATE,NO_ZERO_DATE,ERROR_FOR_DIVISION_BY_ZERO,TRADITIONAL,NO_ENGINE_SUBSTITUTION {{(pid=95916) _check_effective_sql_mode /opt/stack/data/venv/lib/python3.12/site-packages/oslo_db/sqlalchemy/engines.py:325}}
Jul 19 02:12:21.590817 np0000005414 nova-conductor[95916]: DEBUG dbcounter [-] [95916] Writer thread running {{(pid=95916) stat_writer /opt/stack/data/venv/lib/python3.12/site-packages/dbcounter.py:102}}
Jul 19 02:12:21.661913 np0000005414 nova-conductor[95916]: INFO nova.utils [None req-e7963d37-e47c-4224-8418-c6bab6b38917 tempest-DeleteServersTestJSON-1042736308 tempest-DeleteServersTestJSON-1042736308-project-member] The cell worker thread pool ForkProcess-2.cell_worker is initialized
Jul 19 02:12:21.661913 np0000005414 nova-conductor[95916]: DEBUG oslo_concurrency.lockutils [None req-e7963d37-e47c-4224-8418-c6bab6b38917 tempest-DeleteServersTestJSON-1042736308 tempest-DeleteServersTestJSON-1042736308-project-member] Acquiring lock "00000000-0000-0000-0000-000000000000" by "nova.context.set_target_cell..get_or_set_cached_cell_and_set_connections" {{(pid=95916) inner /opt/stack/data/venv/lib/python3.12/site-packages/oslo_concurrency/lockutils.py:512}}
Jul 19 02:12:21.661913 np0000005414 nova-conductor[95916]: DEBUG oslo_concurrency.lockutils [None req-e7963d37-e47c-4224-8418-c6bab6b38917 tempest-DeleteServersTestJSON-1042736308 tempest-DeleteServersTestJSON-1042736308-project-member] Lock "00000000-0000-0000-0000-000000000000" acquired by "nova.context.set_target_cell..get_or_set_cached_cell_and_set_connections" :: waited 0.000s {{(pid=95916) inner /opt/stack/data/venv/lib/python3.12/site-packages/oslo_concurrency/lockutils.py:525}}
Jul 19 02:12:21.662234 np0000005414 nova-conductor[95916]: DEBUG oslo_concurrency.lockutils [None req-e7963d37-e47c-4224-8418-c6bab6b38917 tempest-DeleteServersTestJSON-1042736308 tempest-DeleteServersTestJSON-1042736308-project-member] Lock "00000000-0000-0000-0000-000000000000" "released" by "nova.context.set_target_cell..get_or_set_cached_cell_and_set_connections" :: held 0.000s {{(pid=95916) inner /opt/stack/data/venv/lib/python3.12/site-packages/oslo_concurrency/lockutils.py:544}}
Jul 19 02:12:21.662856 np0000005414 nova-conductor[95916]: DEBUG oslo_concurrency.lockutils [None req-e7963d37-e47c-4224-8418-c6bab6b38917 tempest-DeleteServersTestJSON-1042736308 tempest-DeleteServersTestJSON-1042736308-project-member] Acquiring lock "3c15415e-6cf4-4ee6-9b70-f3330223d8bf" by "nova.context.set_target_cell..get_or_set_cached_cell_and_set_connections" {{(pid=95916) inner /opt/stack/data/venv/lib/python3.12/site-packages/oslo_concurrency/lockutils.py:512}}
Jul 19 02:12:21.662975 np0000005414 nova-conductor[95916]: DEBUG oslo_concurrency.lockutils [None req-e7963d37-e47c-4224-8418-c6bab6b38917 tempest-DeleteServersTestJSON-1042736308 tempest-DeleteServersTestJSON-1042736308-project-member] Lock "3c15415e-6cf4-4ee6-9b70-f3330223d8bf" acquired by "nova.context.set_target_cell..get_or_set_cached_cell_and_set_connections" :: waited 0.000s {{(pid=95916) inner /opt/stack/data/venv/lib/python3.12/site-packages/oslo_concurrency/lockutils.py:525}}
Jul 19 02:12:21.663075 np0000005414 nova-conductor[95916]: DEBUG oslo_concurrency.lockutils [None req-e7963d37-e47c-4224-8418-c6bab6b38917 tempest-DeleteServersTestJSON-1042736308 tempest-DeleteServersTestJSON-1042736308-project-member] Lock "3c15415e-6cf4-4ee6-9b70-f3330223d8bf" "released" by "nova.context.set_target_cell..get_or_set_cached_cell_and_set_connections" :: held 0.000s {{(pid=95916) inner /opt/stack/data/venv/lib/python3.12/site-packages/oslo_concurrency/lockutils.py:544}}
Jul 19 02:12:21.664550 np0000005414 nova-conductor[95916]: INFO dbcounter [None req-e7963d37-e47c-4224-8418-c6bab6b38917 tempest-DeleteServersTestJSON-1042736308 tempest-DeleteServersTestJSON-1042736308-project-member] Registered counter for database nova_cell0
Jul 19 02:12:21.708939 np0000005414 nova-conductor[95916]: DEBUG oslo_db.sqlalchemy.engines [None req-e7963d37-e47c-4224-8418-c6bab6b38917 tempest-DeleteServersTestJSON-1042736308 tempest-DeleteServersTestJSON-1042736308-project-member] MySQL server mode set to STRICT_TRANS_TABLES,STRICT_ALL_TABLES,NO_ZERO_IN_DATE,NO_ZERO_DATE,ERROR_FOR_DIVISION_BY_ZERO,TRADITIONAL,NO_ENGINE_SUBSTITUTION {{(pid=95916) _check_effective_sql_mode /opt/stack/data/venv/lib/python3.12/site-packages/oslo_db/sqlalchemy/engines.py:325}}
Jul 19 02:12:21.709386 np0000005414 nova-conductor[95910]: DEBUG nova.conductor.manager [None req-d1fb21b8-181b-4e36-a741-bde4d539a8f9 tempest-ServerRescueNegativeTestJSON-1882401616 tempest-ServerRescueNegativeTestJSON-1882401616-project-member] Took 0.52 seconds to select destinations for 1 instance(s). {{(pid=95910) _schedule_instances /opt/stack/nova/nova/conductor/manager.py:968}}
Jul 19 02:12:21.714961 np0000005414 nova-conductor[95916]: DEBUG dbcounter [-] [95916] Writer thread running {{(pid=95916) stat_writer /opt/stack/data/venv/lib/python3.12/site-packages/dbcounter.py:102}}
Jul 19 02:12:21.728514 np0000005414 nova-conductor[95916]: DEBUG nova.quota [None req-e7963d37-e47c-4224-8418-c6bab6b38917 tempest-DeleteServersTestJSON-1042736308 tempest-DeleteServersTestJSON-1042736308-project-member] Getting quotas for project 64a5cd3efc8e430d929564bd0aa5482f. Resources: {'instances', 'ram', 'cores'} {{(pid=95916) _get_quotas /opt/stack/nova/nova/quota.py:389}}
Jul 19 02:12:21.732719 np0000005414 nova-conductor[95916]: DEBUG nova.quota [None req-e7963d37-e47c-4224-8418-c6bab6b38917 tempest-DeleteServersTestJSON-1042736308 tempest-DeleteServersTestJSON-1042736308-project-member] Getting quotas for user 9242cc4886d34ca5af270be0400baf77 and project 64a5cd3efc8e430d929564bd0aa5482f. Resources: {'instances', 'ram', 'cores'} {{(pid=95916) _get_quotas /opt/stack/nova/nova/quota.py:379}}
Jul 19 02:12:21.739171 np0000005414 nova-conductor[95916]: DEBUG nova.conductor.manager [None req-e7963d37-e47c-4224-8418-c6bab6b38917 tempest-DeleteServersTestJSON-1042736308 tempest-DeleteServersTestJSON-1042736308-project-member] [instance: de0961b5-dbeb-4f0b-bdb1-08cb944f33e0] Selected host: np0000005414; Selected node: np0000005414; Alternates: [] {{(pid=95916) schedule_and_build_instances /opt/stack/nova/nova/conductor/manager.py:1784}}
Jul 19 02:12:21.739763 np0000005414 nova-conductor[95916]: DEBUG oslo_concurrency.lockutils [None req-e7963d37-e47c-4224-8418-c6bab6b38917 tempest-DeleteServersTestJSON-1042736308 tempest-DeleteServersTestJSON-1042736308-project-member] Acquiring lock "3c15415e-6cf4-4ee6-9b70-f3330223d8bf" by "nova.context.set_target_cell..get_or_set_cached_cell_and_set_connections" {{(pid=95916) inner /opt/stack/data/venv/lib/python3.12/site-packages/oslo_concurrency/lockutils.py:512}}
Jul 19 02:12:21.739965 np0000005414 nova-conductor[95910]: DEBUG oslo_concurrency.lockutils [None req-d1fb21b8-181b-4e36-a741-bde4d539a8f9 tempest-ServerRescueNegativeTestJSON-1882401616 tempest-ServerRescueNegativeTestJSON-1882401616-project-member] Acquiring lock "3c15415e-6cf4-4ee6-9b70-f3330223d8bf" by "nova.context.set_target_cell..get_or_set_cached_cell_and_set_connections" {{(pid=95910) inner /opt/stack/data/venv/lib/python3.12/site-packages/oslo_concurrency/lockutils.py:512}}
Jul 19 02:12:21.740019 np0000005414 nova-conductor[95916]: DEBUG oslo_concurrency.lockutils [None req-e7963d37-e47c-4224-8418-c6bab6b38917 tempest-DeleteServersTestJSON-1042736308 tempest-DeleteServersTestJSON-1042736308-project-member] Lock "3c15415e-6cf4-4ee6-9b70-f3330223d8bf" acquired by "nova.context.set_target_cell..get_or_set_cached_cell_and_set_connections" :: waited 0.000s {{(pid=95916) inner /opt/stack/data/venv/lib/python3.12/site-packages/oslo_concurrency/lockutils.py:525}}
Jul 19 02:12:21.740114 np0000005414 nova-conductor[95916]: DEBUG oslo_concurrency.lockutils [None req-e7963d37-e47c-4224-8418-c6bab6b38917 tempest-DeleteServersTestJSON-1042736308 tempest-DeleteServersTestJSON-1042736308-project-member] Lock "3c15415e-6cf4-4ee6-9b70-f3330223d8bf" "released" by "nova.context.set_target_cell..get_or_set_cached_cell_and_set_connections" :: held 0.000s {{(pid=95916) inner /opt/stack/data/venv/lib/python3.12/site-packages/oslo_concurrency/lockutils.py:544}}
Jul 19 02:12:21.740732 np0000005414 nova-conductor[95910]: DEBUG oslo_concurrency.lockutils [None req-d1fb21b8-181b-4e36-a741-bde4d539a8f9 tempest-ServerRescueNegativeTestJSON-1882401616 tempest-ServerRescueNegativeTestJSON-1882401616-project-member] Lock "3c15415e-6cf4-4ee6-9b70-f3330223d8bf" acquired by "nova.context.set_target_cell..get_or_set_cached_cell_and_set_connections" :: waited 0.000s {{(pid=95910) inner /opt/stack/data/venv/lib/python3.12/site-packages/oslo_concurrency/lockutils.py:525}}
Jul 19 02:12:21.741531 np0000005414 nova-conductor[95910]: DEBUG oslo_concurrency.lockutils [None req-d1fb21b8-181b-4e36-a741-bde4d539a8f9 tempest-ServerRescueNegativeTestJSON-1882401616 tempest-ServerRescueNegativeTestJSON-1882401616-project-member] Lock "3c15415e-6cf4-4ee6-9b70-f3330223d8bf" "released" by "nova.context.set_target_cell..get_or_set_cached_cell_and_set_connections" :: held 0.001s {{(pid=95910) inner /opt/stack/data/venv/lib/python3.12/site-packages/oslo_concurrency/lockutils.py:544}}
Jul 19 02:12:21.743507 np0000005414 nova-conductor[95910]: INFO dbcounter [None req-d1fb21b8-181b-4e36-a741-bde4d539a8f9 tempest-ServerRescueNegativeTestJSON-1882401616 tempest-ServerRescueNegativeTestJSON-1882401616-project-member] Registered counter for database nova_cell1
Jul 19 02:12:21.752433 np0000005414 nova-conductor[95916]: DEBUG nova.conductor.manager [None req-e7963d37-e47c-4224-8418-c6bab6b38917 tempest-DeleteServersTestJSON-1042736308 tempest-DeleteServersTestJSON-1042736308-project-member] [instance: de0961b5-dbeb-4f0b-bdb1-08cb944f33e0] block_device_mapping [BlockDeviceMapping(attachment_id=,boot_index=0,connection_info=None,created_at=,delete_on_termination=True,deleted=,deleted_at=,destination_type='local',device_name=None,device_type='disk',disk_bus=None,encrypted=False,encryption_format=None,encryption_options=None,encryption_secret_uuid=None,guest_format=None,id=,image_id='ab4cbabc-2924-424a-b328-ad3e4853e1a2',instance=,instance_uuid=,no_device=False,snapshot_id=None,source_type='image',tag=None,updated_at=,uuid=,volume_id=None,volume_size=None,volume_type=None)] {{(pid=95916) _create_block_device_mapping /opt/stack/nova/nova/conductor/manager.py:1529}}
Jul 19 02:12:21.754072 np0000005414 nova-conductor[95916]: DEBUG oslo_concurrency.lockutils [None req-e7963d37-e47c-4224-8418-c6bab6b38917 tempest-DeleteServersTestJSON-1042736308 tempest-DeleteServersTestJSON-1042736308-project-member] Acquiring lock "3c15415e-6cf4-4ee6-9b70-f3330223d8bf" by "nova.context.set_target_cell..get_or_set_cached_cell_and_set_connections" {{(pid=95916) inner /opt/stack/data/venv/lib/python3.12/site-packages/oslo_concurrency/lockutils.py:512}}
Jul 19 02:12:21.754280 np0000005414 nova-conductor[95916]: DEBUG oslo_concurrency.lockutils [None req-e7963d37-e47c-4224-8418-c6bab6b38917 tempest-DeleteServersTestJSON-1042736308 tempest-DeleteServersTestJSON-1042736308-project-member] Lock "3c15415e-6cf4-4ee6-9b70-f3330223d8bf" acquired by "nova.context.set_target_cell..get_or_set_cached_cell_and_set_connections" :: waited 0.000s {{(pid=95916) inner /opt/stack/data/venv/lib/python3.12/site-packages/oslo_concurrency/lockutils.py:525}}
Jul 19 02:12:21.754405 np0000005414 nova-conductor[95916]: DEBUG oslo_concurrency.lockutils [None req-e7963d37-e47c-4224-8418-c6bab6b38917 tempest-DeleteServersTestJSON-1042736308 tempest-DeleteServersTestJSON-1042736308-project-member] Lock "3c15415e-6cf4-4ee6-9b70-f3330223d8bf" "released" by "nova.context.set_target_cell..get_or_set_cached_cell_and_set_connections" :: held 0.000s {{(pid=95916) inner /opt/stack/data/venv/lib/python3.12/site-packages/oslo_concurrency/lockutils.py:544}}
Jul 19 02:12:21.774014 np0000005414 nova-conductor[95910]: DEBUG oslo_db.sqlalchemy.engines [None req-d1fb21b8-181b-4e36-a741-bde4d539a8f9 tempest-ServerRescueNegativeTestJSON-1882401616 tempest-ServerRescueNegativeTestJSON-1882401616-project-member] MySQL server mode set to STRICT_TRANS_TABLES,STRICT_ALL_TABLES,NO_ZERO_IN_DATE,NO_ZERO_DATE,ERROR_FOR_DIVISION_BY_ZERO,TRADITIONAL,NO_ENGINE_SUBSTITUTION {{(pid=95910) _check_effective_sql_mode /opt/stack/data/venv/lib/python3.12/site-packages/oslo_db/sqlalchemy/engines.py:325}}
Jul 19 02:12:21.785171 np0000005414 nova-conductor[95910]: DEBUG dbcounter [-] [95910] Writer thread running {{(pid=95910) stat_writer /opt/stack/data/venv/lib/python3.12/site-packages/dbcounter.py:102}}
Jul 19 02:12:21.794837 np0000005414 nova-conductor[95916]: DEBUG oslo_concurrency.lockutils [None req-e7963d37-e47c-4224-8418-c6bab6b38917 tempest-DeleteServersTestJSON-1042736308 tempest-DeleteServersTestJSON-1042736308-project-member] Acquiring lock "3c15415e-6cf4-4ee6-9b70-f3330223d8bf" by "nova.context.set_target_cell..get_or_set_cached_cell_and_set_connections" {{(pid=95916) inner /opt/stack/data/venv/lib/python3.12/site-packages/oslo_concurrency/lockutils.py:512}}
Jul 19 02:12:21.794894 np0000005414 nova-conductor[95916]: DEBUG oslo_concurrency.lockutils [None req-e7963d37-e47c-4224-8418-c6bab6b38917 tempest-DeleteServersTestJSON-1042736308 tempest-DeleteServersTestJSON-1042736308-project-member] Lock "3c15415e-6cf4-4ee6-9b70-f3330223d8bf" acquired by "nova.context.set_target_cell..get_or_set_cached_cell_and_set_connections" :: waited 0.000s {{(pid=95916) inner /opt/stack/data/venv/lib/python3.12/site-packages/oslo_concurrency/lockutils.py:525}}
Jul 19 02:12:21.795046 np0000005414 nova-conductor[95916]: DEBUG oslo_concurrency.lockutils [None req-e7963d37-e47c-4224-8418-c6bab6b38917 tempest-DeleteServersTestJSON-1042736308 tempest-DeleteServersTestJSON-1042736308-project-member] Lock "3c15415e-6cf4-4ee6-9b70-f3330223d8bf" "released" by "nova.context.set_target_cell..get_or_set_cached_cell_and_set_connections" :: held 0.000s {{(pid=95916) inner /opt/stack/data/venv/lib/python3.12/site-packages/oslo_concurrency/lockutils.py:544}}
Jul 19 02:12:21.795290 np0000005414 nova-conductor[95916]: DEBUG oslo_concurrency.lockutils [None req-e7963d37-e47c-4224-8418-c6bab6b38917 tempest-DeleteServersTestJSON-1042736308 tempest-DeleteServersTestJSON-1042736308-project-member] Acquiring lock "compute-rpcapi-router" {{(pid=95916) lock /opt/stack/data/venv/lib/python3.12/site-packages/oslo_concurrency/lockutils.py:396}}
Jul 19 02:12:21.795426 np0000005414 nova-conductor[95916]: DEBUG oslo_concurrency.lockutils [None req-e7963d37-e47c-4224-8418-c6bab6b38917 tempest-DeleteServersTestJSON-1042736308 tempest-DeleteServersTestJSON-1042736308-project-member] Acquired lock "compute-rpcapi-router" {{(pid=95916) lock /opt/stack/data/venv/lib/python3.12/site-packages/oslo_concurrency/lockutils.py:399}}
Jul 19 02:12:21.795900 np0000005414 nova-conductor[95916]: DEBUG oslo_concurrency.lockutils [None req-53f650c1-bb5a-4d25-910c-df5282a8d3bb None None] Acquiring lock "00000000-0000-0000-0000-000000000000" by "nova.context.set_target_cell..get_or_set_cached_cell_and_set_connections" {{(pid=95916) inner /opt/stack/data/venv/lib/python3.12/site-packages/oslo_concurrency/lockutils.py:512}}
Jul 19 02:12:21.796058 np0000005414 nova-conductor[95916]: DEBUG oslo_concurrency.lockutils [None req-53f650c1-bb5a-4d25-910c-df5282a8d3bb None None] Lock "00000000-0000-0000-0000-000000000000" acquired by "nova.context.set_target_cell..get_or_set_cached_cell_and_set_connections" :: waited 0.000s {{(pid=95916) inner /opt/stack/data/venv/lib/python3.12/site-packages/oslo_concurrency/lockutils.py:525}}
Jul 19 02:12:21.796192 np0000005414 nova-conductor[95916]: DEBUG oslo_concurrency.lockutils [None req-53f650c1-bb5a-4d25-910c-df5282a8d3bb None None] Lock "00000000-0000-0000-0000-000000000000" "released" by "nova.context.set_target_cell..get_or_set_cached_cell_and_set_connections" :: held 0.000s {{(pid=95916) inner /opt/stack/data/venv/lib/python3.12/site-packages/oslo_concurrency/lockutils.py:544}}
Jul 19 02:12:21.796950 np0000005414 nova-conductor[95916]: DEBUG oslo_concurrency.lockutils [None req-53f650c1-bb5a-4d25-910c-df5282a8d3bb None None] Acquiring lock "3c15415e-6cf4-4ee6-9b70-f3330223d8bf" by "nova.context.set_target_cell..get_or_set_cached_cell_and_set_connections" {{(pid=95916) inner /opt/stack/data/venv/lib/python3.12/site-packages/oslo_concurrency/lockutils.py:512}}
Jul 19 02:12:21.797162 np0000005414 nova-conductor[95916]: DEBUG oslo_concurrency.lockutils [None req-53f650c1-bb5a-4d25-910c-df5282a8d3bb None None] Lock "3c15415e-6cf4-4ee6-9b70-f3330223d8bf" acquired by "nova.context.set_target_cell..get_or_set_cached_cell_and_set_connections" :: waited 0.000s {{(pid=95916) inner /opt/stack/data/venv/lib/python3.12/site-packages/oslo_concurrency/lockutils.py:525}}
Jul 19 02:12:21.797267 np0000005414 nova-conductor[95916]: DEBUG oslo_concurrency.lockutils [None req-53f650c1-bb5a-4d25-910c-df5282a8d3bb None None] Lock "3c15415e-6cf4-4ee6-9b70-f3330223d8bf" "released" by "nova.context.set_target_cell..get_or_set_cached_cell_and_set_connections" :: held 0.000s {{(pid=95916) inner /opt/stack/data/venv/lib/python3.12/site-packages/oslo_concurrency/lockutils.py:544}}
Jul 19 02:12:21.808026 np0000005414 nova-conductor[95916]: INFO nova.compute.rpcapi [None req-53f650c1-bb5a-4d25-910c-df5282a8d3bb None None] Automatically selected compute RPC version 6.5 from minimum service version 72
Jul 19 02:12:21.810254 np0000005414 nova-conductor[95916]: DEBUG oslo_concurrency.lockutils [None req-53f650c1-bb5a-4d25-910c-df5282a8d3bb None None] Releasing lock "compute-rpcapi-router" {{(pid=95916) lock /opt/stack/data/venv/lib/python3.12/site-packages/oslo_concurrency/lockutils.py:419}}
Jul 19 02:12:21.847122 np0000005414 nova-conductor[95910]: INFO nova.utils [None req-d1fb21b8-181b-4e36-a741-bde4d539a8f9 tempest-ServerRescueNegativeTestJSON-1882401616 tempest-ServerRescueNegativeTestJSON-1882401616-project-member] The cell worker thread pool ForkProcess-1.cell_worker is initialized
Jul 19 02:12:21.847386 np0000005414 nova-conductor[95910]: DEBUG oslo_concurrency.lockutils [None req-d1fb21b8-181b-4e36-a741-bde4d539a8f9 tempest-ServerRescueNegativeTestJSON-1882401616 tempest-ServerRescueNegativeTestJSON-1882401616-project-member] Acquiring lock "00000000-0000-0000-0000-000000000000" by "nova.context.set_target_cell..get_or_set_cached_cell_and_set_connections" {{(pid=95910) inner /opt/stack/data/venv/lib/python3.12/site-packages/oslo_concurrency/lockutils.py:512}}
Jul 19 02:12:21.847511 np0000005414 nova-conductor[95910]: DEBUG oslo_concurrency.lockutils [None req-d1fb21b8-181b-4e36-a741-bde4d539a8f9 tempest-ServerRescueNegativeTestJSON-1882401616 tempest-ServerRescueNegativeTestJSON-1882401616-project-member] Lock "00000000-0000-0000-0000-000000000000" acquired by "nova.context.set_target_cell..get_or_set_cached_cell_and_set_connections" :: waited 0.000s {{(pid=95910) inner /opt/stack/data/venv/lib/python3.12/site-packages/oslo_concurrency/lockutils.py:525}}
Jul 19 02:12:21.847993 np0000005414 nova-conductor[95910]: DEBUG oslo_concurrency.lockutils [None req-d1fb21b8-181b-4e36-a741-bde4d539a8f9 tempest-ServerRescueNegativeTestJSON-1882401616 tempest-ServerRescueNegativeTestJSON-1882401616-project-member] Lock "00000000-0000-0000-0000-000000000000" "released" by "nova.context.set_target_cell..get_or_set_cached_cell_and_set_connections" :: held 0.000s {{(pid=95910) inner /opt/stack/data/venv/lib/python3.12/site-packages/oslo_concurrency/lockutils.py:544}}
Jul 19 02:12:21.848600 np0000005414 nova-conductor[95910]: DEBUG oslo_concurrency.lockutils [None req-d1fb21b8-181b-4e36-a741-bde4d539a8f9 tempest-ServerRescueNegativeTestJSON-1882401616 tempest-ServerRescueNegativeTestJSON-1882401616-project-member] Acquiring lock "3c15415e-6cf4-4ee6-9b70-f3330223d8bf" by "nova.context.set_target_cell..get_or_set_cached_cell_and_set_connections" {{(pid=95910) inner /opt/stack/data/venv/lib/python3.12/site-packages/oslo_concurrency/lockutils.py:512}}
Jul 19 02:12:21.848736 np0000005414 nova-conductor[95910]: DEBUG oslo_concurrency.lockutils [None req-d1fb21b8-181b-4e36-a741-bde4d539a8f9 tempest-ServerRescueNegativeTestJSON-1882401616 tempest-ServerRescueNegativeTestJSON-1882401616-project-member] Lock "3c15415e-6cf4-4ee6-9b70-f3330223d8bf" acquired by "nova.context.set_target_cell..get_or_set_cached_cell_and_set_connections" :: waited 0.000s {{(pid=95910) inner /opt/stack/data/venv/lib/python3.12/site-packages/oslo_concurrency/lockutils.py:525}}
Jul 19 02:12:21.848839 np0000005414 nova-conductor[95910]: DEBUG oslo_concurrency.lockutils [None req-d1fb21b8-181b-4e36-a741-bde4d539a8f9 tempest-ServerRescueNegativeTestJSON-1882401616 tempest-ServerRescueNegativeTestJSON-1882401616-project-member] Lock "3c15415e-6cf4-4ee6-9b70-f3330223d8bf" "released" by "nova.context.set_target_cell..get_or_set_cached_cell_and_set_connections" :: held 0.000s {{(pid=95910) inner /opt/stack/data/venv/lib/python3.12/site-packages/oslo_concurrency/lockutils.py:544}}
Jul 19 02:12:21.850696 np0000005414 nova-conductor[95910]: INFO dbcounter [None req-d1fb21b8-181b-4e36-a741-bde4d539a8f9 tempest-ServerRescueNegativeTestJSON-1882401616 tempest-ServerRescueNegativeTestJSON-1882401616-project-member] Registered counter for database nova_cell0
