Jul 18 04:25:14.250616 np0000005378 devstack@g-api.service[100100]: DEBUG glance_store.location [-] Registering scheme http with {'store': , 'location_class': , 'store_entry': 'http'} {{(pid=100100) register_scheme_map /opt/stack/data/venv/lib/python3.12/site-packages/glance_store/location.py:146}}
Jul 18 04:25:14.250665 np0000005378 devstack@g-api.service[100100]: DEBUG glance_store.location [-] Registering scheme https with {'store': , 'location_class': , 'store_entry': 'http'} {{(pid=100100) register_scheme_map /opt/stack/data/venv/lib/python3.12/site-packages/glance_store/location.py:146}}
Jul 18 04:25:14.250708 np0000005378 devstack@g-api.service[100100]: DEBUG glance_store.backend [-] Attempting to import store swift {{(pid=100100) _load_store /opt/stack/data/venv/lib/python3.12/site-packages/glance_store/backend.py:215}}
Jul 18 04:25:14.250890 np0000005378 devstack@g-api.service[100100]: WARNING oslo_config.cfg [-] Deprecated: Option "default_store" from group "glance_store" is deprecated for removal (
Jul 18 04:25:14.250890 np0000005378 devstack@g-api.service[100100]: This option is deprecated against new config option
Jul 18 04:25:14.250890 np0000005378 devstack@g-api.service[100100]: ``default_backend`` which acts similar to ``default_store`` config
Jul 18 04:25:14.250890 np0000005378 devstack@g-api.service[100100]: option.
Jul 18 04:25:14.250890 np0000005378 devstack@g-api.service[100100]: This option is scheduled for removal in the U development
Jul 18 04:25:14.250890 np0000005378 devstack@g-api.service[100100]: cycle.
Jul 18 04:25:14.250890 np0000005378 devstack@g-api.service[100100]: ). Its value may be silently ignored in the future.
Jul 18 04:25:14.251992 np0000005378 devstack@g-api.service[100100]: DEBUG glance_store.capabilities [-] Store glance_store._drivers.swift.store.SingleTenantStore doesn't support updating dynamic storage capabilities. Please overwrite 'update_capabilities' method of the store to implement updating logics if needed. {{(pid=100100) update_capabilities /opt/stack/data/venv/lib/python3.12/site-packages/glance_store/capabilities.py:91}}
Jul 18 04:25:14.252051 np0000005378 devstack@g-api.service[100100]: DEBUG glance_store.backend [-] Registering store swift with schemes ('swift+https', 'swift', 'swift+http', 'swift+config') {{(pid=100100) create_stores /opt/stack/data/venv/lib/python3.12/site-packages/glance_store/backend.py:261}}
Jul 18 04:25:14.252101 np0000005378 devstack@g-api.service[100100]: DEBUG glance_store.driver [-] Late loading location class glance_store._drivers.swift.store.StoreLocation {{(pid=100100) get_store_location_class /opt/stack/data/venv/lib/python3.12/site-packages/glance_store/driver.py:134}}
Jul 18 04:25:14.252163 np0000005378 devstack@g-api.service[100100]: DEBUG glance_store.location [-] Registering scheme swift+https with {'store': , 'location_class': , 'store_entry': 'swift'} {{(pid=100100) register_scheme_map /opt/stack/data/venv/lib/python3.12/site-packages/glance_store/location.py:146}}
Jul 18 04:25:14.252215 np0000005378 devstack@g-api.service[100100]: DEBUG glance_store.location [-] Registering scheme swift with {'store': , 'location_class': , 'store_entry': 'swift'} {{(pid=100100) register_scheme_map /opt/stack/data/venv/lib/python3.12/site-packages/glance_store/location.py:146}}
Jul 18 04:25:14.252270 np0000005378 devstack@g-api.service[100100]: DEBUG glance_store.location [-] Registering scheme swift+http with {'store': , 'location_class': , 'store_entry': 'swift'} {{(pid=100100) register_scheme_map /opt/stack/data/venv/lib/python3.12/site-packages/glance_store/location.py:146}}
Jul 18 04:25:14.252318 np0000005378 devstack@g-api.service[100100]: DEBUG glance_store.location [-] Registering scheme swift+config with {'store': , 'location_class': , 'store_entry': 'swift'} {{(pid=100100) register_scheme_map /opt/stack/data/venv/lib/python3.12/site-packages/glance_store/location.py:146}}
Jul 18 04:25:14.252450 np0000005378 devstack@g-api.service[100100]: DEBUG glance_store.backend [-] Attempting to import store swift {{(pid=100100) _load_store /opt/stack/data/venv/lib/python3.12/site-packages/glance_store/backend.py:215}}
Jul 18 04:25:14.253460 np0000005378 devstack@g-api.service[100100]: DEBUG glance_store.capabilities [-] Store glance_store._drivers.swift.store.SingleTenantStore doesn't support updating dynamic storage capabilities. Please overwrite 'update_capabilities' method of the store to implement updating logics if needed. {{(pid=100100) update_capabilities /opt/stack/data/venv/lib/python3.12/site-packages/glance_store/capabilities.py:91}}
Jul 18 04:25:14.253507 np0000005378 devstack@g-api.service[100100]: DEBUG glance_store.driver [-] Late loading location class glance_store._drivers.swift.store.StoreLocation {{(pid=100100) get_store_location_class /opt/stack/data/venv/lib/python3.12/site-packages/glance_store/driver.py:134}}
Jul 18 04:25:14.253561 np0000005378 devstack@g-api.service[100100]: DEBUG glance_store.location [-] Registering scheme swift+https with {'store': , 'location_class': , 'store_entry': 'swift'} {{(pid=100100) register_scheme_map /opt/stack/data/venv/lib/python3.12/site-packages/glance_store/location.py:146}}
Jul 18 04:25:14.253617 np0000005378 devstack@g-api.service[100100]: DEBUG glance_store.location [-] Registering scheme swift+https with {'store': , 'location_class': , 'store_entry': 'swift'} {{(pid=100100) register_scheme_map /opt/stack/data/venv/lib/python3.12/site-packages/glance_store/location.py:146}}
Jul 18 04:25:14.253657 np0000005378 devstack@g-api.service[100100]: DEBUG glance_store.location [-] Registering scheme swift with {'store': , 'location_class': , 'store_entry': 'swift'} {{(pid=100100) register_scheme_map /opt/stack/data/venv/lib/python3.12/site-packages/glance_store/location.py:146}}
Jul 18 04:25:14.253774 np0000005378 devstack@g-api.service[100100]: DEBUG glance_store.location [-] Registering scheme swift+https with {'store': , 'location_class': , 'store_entry': 'swift'} {{(pid=100100) register_scheme_map /opt/stack/data/venv/lib/python3.12/site-packages/glance_store/location.py:146}}
Jul 18 04:25:14.253774 np0000005378 devstack@g-api.service[100100]: DEBUG glance_store.location [-] Registering scheme swift with {'store': , 'location_class': , 'store_entry': 'swift'} {{(pid=100100) register_scheme_map /opt/stack/data/venv/lib/python3.12/site-packages/glance_store/location.py:146}}
Jul 18 04:25:14.253847 np0000005378 devstack@g-api.service[100100]: DEBUG glance_store.location [-] Registering scheme swift+http with {'store': , 'location_class': , 'store_entry': 'swift'} {{(pid=100100) register_scheme_map /opt/stack/data/venv/lib/python3.12/site-packages/glance_store/location.py:146}}
Jul 18 04:25:14.253847 np0000005378 devstack@g-api.service[100100]: DEBUG glance_store.location [-] Registering scheme swift+https with {'store': , 'location_class': , 'store_entry': 'swift'} {{(pid=100100) register_scheme_map /opt/stack/data/venv/lib/python3.12/site-packages/glance_store/location.py:146}}
Jul 18 04:25:14.253917 np0000005378 devstack@g-api.service[100100]: DEBUG glance_store.location [-] Registering scheme swift with {'store': , 'location_class': , 'store_entry': 'swift'} {{(pid=100100) register_scheme_map /opt/stack/data/venv/lib/python3.12/site-packages/glance_store/location.py:146}}
Jul 18 04:25:14.253955 np0000005378 devstack@g-api.service[100100]: DEBUG glance_store.location [-] Registering scheme swift+http with {'store': , 'location_class': , 'store_entry': 'swift'} {{(pid=100100) register_scheme_map /opt/stack/data/venv/lib/python3.12/site-packages/glance_store/location.py:146}}
Jul 18 04:25:14.254066 np0000005378 devstack@g-api.service[100100]: DEBUG glance_store.location [-] Registering scheme swift+config with {'store': , 'location_class': , 'store_entry': 'swift'} {{(pid=100100) register_scheme_map /opt/stack/data/venv/lib/python3.12/site-packages/glance_store/location.py:146}}
Jul 18 04:25:14.254218 np0000005378 devstack@g-api.service[100100]: DEBUG glance.sqlite_migration [-] SQLite caching database not located, skipping migration {{(pid=100100) get_db_path /opt/stack/glance/glance/sqlite_migration.py:68}}
Jul 18 04:25:14.254412 np0000005378 devstack@g-api.service[100100]: WARNING glance.common.wsgi_app [-] Import methods are enabled but staging directory /tmp/staging/ does not exist; Imports will fail!
Jul 18 04:25:14.361115 np0000005378 devstack@g-api.service[100101]: DEBUG glance.common.config [None req-2d691cc8-a71a-4e51-999f-24bdbfa1f2fb None None] Loading glance-api-keystone+cachemanagement from /etc/glance/glance-api-paste.ini {{(pid=100101) load_paste_app /opt/stack/glance/glance/common/config.py:765}}
Jul 18 04:25:14.392175 np0000005378 devstack@g-api.service[100099]: DEBUG glance.common.config [None req-de574527-e3d3-492c-aac3-9c1a948c0718 None None] Loading glance-api-keystone+cachemanagement from /etc/glance/glance-api-paste.ini {{(pid=100099) load_paste_app /opt/stack/glance/glance/common/config.py:765}}
Jul 18 04:25:14.392694 np0000005378 devstack@g-api.service[100100]: DEBUG glance.common.config [None req-548073b6-2abb-45ae-95d3-0cb11dbfbf5c None None] Loading glance-api-keystone+cachemanagement from /etc/glance/glance-api-paste.ini {{(pid=100100) load_paste_app /opt/stack/glance/glance/common/config.py:765}}
Jul 18 04:25:14.966686 np0000005378 devstack@g-api.service[100100]: INFO glance.image_cache [None req-548073b6-2abb-45ae-95d3-0cb11dbfbf5c None None] Image cache loaded driver 'centralized_db'.
Jul 18 04:25:14.968026 np0000005378 devstack@g-api.service[100101]: INFO glance.image_cache [None req-2d691cc8-a71a-4e51-999f-24bdbfa1f2fb None None] Image cache loaded driver 'centralized_db'.
Jul 18 04:25:14.968963 np0000005378 devstack@g-api.service[100099]: INFO glance.image_cache [None req-de574527-e3d3-492c-aac3-9c1a948c0718 None None] Image cache loaded driver 'centralized_db'.
Jul 18 04:25:15.012126 np0000005378 devstack@g-api.service[100100]: INFO dbcounter [None req-548073b6-2abb-45ae-95d3-0cb11dbfbf5c None None] Registered counter for database glance
Jul 18 04:25:15.014744 np0000005378 devstack@g-api.service[100101]: INFO dbcounter [None req-2d691cc8-a71a-4e51-999f-24bdbfa1f2fb None None] Registered counter for database glance
Jul 18 04:25:15.016357 np0000005378 devstack@g-api.service[100099]: INFO dbcounter [None req-de574527-e3d3-492c-aac3-9c1a948c0718 None None] Registered counter for database glance
Jul 18 04:25:15.054306 np0000005378 devstack@g-api.service[100101]: DEBUG oslo_db.sqlalchemy.engines [None req-2d691cc8-a71a-4e51-999f-24bdbfa1f2fb None None] MySQL server mode set to STRICT_TRANS_TABLES,STRICT_ALL_TABLES,NO_ZERO_IN_DATE,NO_ZERO_DATE,ERROR_FOR_DIVISION_BY_ZERO,TRADITIONAL,NO_ENGINE_SUBSTITUTION {{(pid=100101) _check_effective_sql_mode /opt/stack/data/venv/lib/python3.12/site-packages/oslo_db/sqlalchemy/engines.py:325}}
Jul 18 04:25:15.057556 np0000005378 devstack@g-api.service[100099]: DEBUG oslo_db.sqlalchemy.engines [None req-de574527-e3d3-492c-aac3-9c1a948c0718 None None] MySQL server mode set to STRICT_TRANS_TABLES,STRICT_ALL_TABLES,NO_ZERO_IN_DATE,NO_ZERO_DATE,ERROR_FOR_DIVISION_BY_ZERO,TRADITIONAL,NO_ENGINE_SUBSTITUTION {{(pid=100099) _check_effective_sql_mode /opt/stack/data/venv/lib/python3.12/site-packages/oslo_db/sqlalchemy/engines.py:325}}
Jul 18 04:25:15.068942 np0000005378 devstack@g-api.service[100100]: DEBUG oslo_db.sqlalchemy.engines [None req-548073b6-2abb-45ae-95d3-0cb11dbfbf5c None None] MySQL server mode set to STRICT_TRANS_TABLES,STRICT_ALL_TABLES,NO_ZERO_IN_DATE,NO_ZERO_DATE,ERROR_FOR_DIVISION_BY_ZERO,TRADITIONAL,NO_ENGINE_SUBSTITUTION {{(pid=100100) _check_effective_sql_mode /opt/stack/data/venv/lib/python3.12/site-packages/oslo_db/sqlalchemy/engines.py:325}}
Jul 18 04:25:15.074885 np0000005378 devstack@g-api.service[100101]: DEBUG dbcounter [-] [100101] Writer thread running {{(pid=100101) stat_writer /opt/stack/data/venv/lib/python3.12/site-packages/dbcounter.py:102}}
Jul 18 04:25:15.077785 np0000005378 devstack@g-api.service[100099]: DEBUG dbcounter [-] [100099] Writer thread running {{(pid=100099) stat_writer /opt/stack/data/venv/lib/python3.12/site-packages/dbcounter.py:102}}
Jul 18 04:25:15.081612 np0000005378 devstack@g-api.service[100099]: DEBUG glance.image_cache.drivers.centralized_db [None req-de574527-e3d3-492c-aac3-9c1a948c0718 None None] Node reference is already recorded, ignoring it {{(pid=100099) configure /opt/stack/glance/glance/image_cache/drivers/centralized_db.py:71}}
Jul 18 04:25:15.088771 np0000005378 devstack@g-api.service[100099]: INFO glance.image_cache [None req-de574527-e3d3-492c-aac3-9c1a948c0718 None None] Image cache loaded driver 'centralized_db'.
Jul 18 04:25:15.090187 np0000005378 devstack@g-api.service[100100]: DEBUG dbcounter [-] [100100] Writer thread running {{(pid=100100) stat_writer /opt/stack/data/venv/lib/python3.12/site-packages/dbcounter.py:102}}
Jul 18 04:25:15.093547 np0000005378 devstack@g-api.service[100100]: DEBUG glance.image_cache.drivers.centralized_db [None req-548073b6-2abb-45ae-95d3-0cb11dbfbf5c None None] Node reference is already recorded, ignoring it {{(pid=100100) configure /opt/stack/glance/glance/image_cache/drivers/centralized_db.py:71}}
Jul 18 04:25:15.100936 np0000005378 devstack@g-api.service[100100]: INFO glance.image_cache [None req-548073b6-2abb-45ae-95d3-0cb11dbfbf5c None None] Image cache loaded driver 'centralized_db'.
Jul 18 04:25:15.180207 np0000005378 devstack@g-api.service[100101]: INFO glance.image_cache [None req-2d691cc8-a71a-4e51-999f-24bdbfa1f2fb None None] Image cache loaded driver 'centralized_db'.
Jul 18 04:25:15.186325 np0000005378 devstack@g-api.service[100099]: DEBUG glance.image_cache.drivers.centralized_db [None req-de574527-e3d3-492c-aac3-9c1a948c0718 None None] Node reference is already recorded, ignoring it {{(pid=100099) configure /opt/stack/glance/glance/image_cache/drivers/centralized_db.py:71}}
Jul 18 04:25:15.188731 np0000005378 devstack@g-api.service[100101]: DEBUG glance.image_cache.drivers.centralized_db [None req-2d691cc8-a71a-4e51-999f-24bdbfa1f2fb None None] Node reference is already recorded, ignoring it {{(pid=100101) configure /opt/stack/glance/glance/image_cache/drivers/centralized_db.py:71}}
Jul 18 04:25:15.190943 np0000005378 devstack@g-api.service[100099]: DEBUG glance.api.v2.cached_images [None req-de574527-e3d3-492c-aac3-9c1a948c0718 None None] Started cache worker thread {{(pid=100099) __init__ /opt/stack/glance/glance/api/v2/cached_images.py:71}}
Jul 18 04:25:15.191593 np0000005378 devstack@g-api.service[100099]: INFO glance.image_cache [None req-de574527-e3d3-492c-aac3-9c1a948c0718 None None] Image cache loaded driver 'centralized_db'.
Jul 18 04:25:15.193566 np0000005378 devstack@g-api.service[100101]: DEBUG glance.api.v2.cached_images [None req-2d691cc8-a71a-4e51-999f-24bdbfa1f2fb None None] Started cache worker thread {{(pid=100101) __init__ /opt/stack/glance/glance/api/v2/cached_images.py:71}}
Jul 18 04:25:15.194360 np0000005378 devstack@g-api.service[100101]: INFO glance.image_cache [None req-2d691cc8-a71a-4e51-999f-24bdbfa1f2fb None None] Image cache loaded driver 'centralized_db'.
Jul 18 04:25:15.197364 np0000005378 devstack@g-api.service[100100]: DEBUG glance.image_cache.drivers.centralized_db [None req-548073b6-2abb-45ae-95d3-0cb11dbfbf5c None None] Node reference is already recorded, ignoring it {{(pid=100100) configure /opt/stack/glance/glance/image_cache/drivers/centralized_db.py:71}}
Jul 18 04:25:15.198077 np0000005378 devstack@g-api.service[100099]: DEBUG glance.image_cache.drivers.centralized_db [None req-de574527-e3d3-492c-aac3-9c1a948c0718 None None] Node reference is already recorded, ignoring it {{(pid=100099) configure /opt/stack/glance/glance/image_cache/drivers/centralized_db.py:71}}
Jul 18 04:25:15.201013 np0000005378 devstack@g-api.service[100101]: DEBUG glance.image_cache.drivers.centralized_db [None req-2d691cc8-a71a-4e51-999f-24bdbfa1f2fb None None] Node reference is already recorded, ignoring it {{(pid=100101) configure /opt/stack/glance/glance/image_cache/drivers/centralized_db.py:71}}
Jul 18 04:25:15.201882 np0000005378 devstack@g-api.service[100100]: DEBUG glance.api.v2.cached_images [None req-548073b6-2abb-45ae-95d3-0cb11dbfbf5c None None] Started cache worker thread {{(pid=100100) __init__ /opt/stack/glance/glance/api/v2/cached_images.py:71}}
Jul 18 04:25:15.202477 np0000005378 devstack@g-api.service[100099]: INFO glance.api.middleware.cache_manage [None req-de574527-e3d3-492c-aac3-9c1a948c0718 None None] Initialized image cache management middleware
Jul 18 04:25:15.202518 np0000005378 devstack@g-api.service[100100]: INFO glance.image_cache [None req-548073b6-2abb-45ae-95d3-0cb11dbfbf5c None None] Image cache loaded driver 'centralized_db'.
Jul 18 04:25:15.202620 np0000005378 devstack@g-api.service[100099]: INFO glance.image_cache [None req-de574527-e3d3-492c-aac3-9c1a948c0718 None None] Image cache loaded driver 'centralized_db'.
Jul 18 04:25:15.205565 np0000005378 devstack@g-api.service[100101]: INFO glance.api.middleware.cache_manage [None req-2d691cc8-a71a-4e51-999f-24bdbfa1f2fb None None] Initialized image cache management middleware
Jul 18 04:25:15.205759 np0000005378 devstack@g-api.service[100101]: INFO glance.image_cache [None req-2d691cc8-a71a-4e51-999f-24bdbfa1f2fb None None] Image cache loaded driver 'centralized_db'.
Jul 18 04:25:15.209356 np0000005378 devstack@g-api.service[100099]: DEBUG glance.image_cache.drivers.centralized_db [None req-de574527-e3d3-492c-aac3-9c1a948c0718 None None] Node reference is already recorded, ignoring it {{(pid=100099) configure /opt/stack/glance/glance/image_cache/drivers/centralized_db.py:71}}
Jul 18 04:25:15.209872 np0000005378 devstack@g-api.service[100100]: DEBUG glance.image_cache.drivers.centralized_db [None req-548073b6-2abb-45ae-95d3-0cb11dbfbf5c None None] Node reference is already recorded, ignoring it {{(pid=100100) configure /opt/stack/glance/glance/image_cache/drivers/centralized_db.py:71}}
Jul 18 04:25:15.213945 np0000005378 devstack@g-api.service[100099]: INFO glance.api.middleware.cache [None req-de574527-e3d3-492c-aac3-9c1a948c0718 None None] Initialized image cache middleware
Jul 18 04:25:15.215096 np0000005378 devstack@g-api.service[100100]: INFO glance.api.middleware.cache_manage [None req-548073b6-2abb-45ae-95d3-0cb11dbfbf5c None None] Initialized image cache management middleware
Jul 18 04:25:15.215249 np0000005378 devstack@g-api.service[100100]: INFO glance.image_cache [None req-548073b6-2abb-45ae-95d3-0cb11dbfbf5c None None] Image cache loaded driver 'centralized_db'.
Jul 18 04:25:15.215362 np0000005378 devstack@g-api.service[100101]: DEBUG glance.image_cache.drivers.centralized_db [None req-2d691cc8-a71a-4e51-999f-24bdbfa1f2fb None None] Node reference is already recorded, ignoring it {{(pid=100101) configure /opt/stack/glance/glance/image_cache/drivers/centralized_db.py:71}}
Jul 18 04:25:15.221462 np0000005378 devstack@g-api.service[100101]: INFO glance.api.middleware.cache [None req-2d691cc8-a71a-4e51-999f-24bdbfa1f2fb None None] Initialized image cache middleware
Jul 18 04:25:15.223820 np0000005378 devstack@g-api.service[100100]: DEBUG glance.image_cache.drivers.centralized_db [None req-548073b6-2abb-45ae-95d3-0cb11dbfbf5c None None] Node reference is already recorded, ignoring it {{(pid=100100) configure /opt/stack/glance/glance/image_cache/drivers/centralized_db.py:71}}
Jul 18 04:25:15.224002 np0000005378 devstack@g-api.service[100099]: DEBUG glance.common.config [None req-de574527-e3d3-492c-aac3-9c1a948c0718 None None] ******************************************************************************** {{(pid=100099) log_opt_values /opt/stack/data/venv/lib/python3.12/site-packages/oslo_config/cfg.py:3226}}
Jul 18 04:25:15.224104 np0000005378 devstack@g-api.service[100099]: DEBUG glance.common.config [None req-de574527-e3d3-492c-aac3-9c1a948c0718 None None] Configuration options gathered from: {{(pid=100099) log_opt_values /opt/stack/data/venv/lib/python3.12/site-packages/oslo_config/cfg.py:3227}}
Jul 18 04:25:15.224379 np0000005378 devstack@g-api.service[100099]: DEBUG glance.common.config [None req-de574527-e3d3-492c-aac3-9c1a948c0718 None None] command line args: [] {{(pid=100099) log_opt_values /opt/stack/data/venv/lib/python3.12/site-packages/oslo_config/cfg.py:3228}}
Jul 18 04:25:15.224502 np0000005378 devstack@g-api.service[100099]: DEBUG glance.common.config [None req-de574527-e3d3-492c-aac3-9c1a948c0718 None None] config files: ['/etc/glance/glance-image-import.conf', '/etc/glance/glance-api.conf'] {{(pid=100099) log_opt_values /opt/stack/data/venv/lib/python3.12/site-packages/oslo_config/cfg.py:3229}}
Jul 18 04:25:15.224568 np0000005378 devstack@g-api.service[100099]: DEBUG glance.common.config [None req-de574527-e3d3-492c-aac3-9c1a948c0718 None None] ================================================================================ {{(pid=100099) log_opt_values /opt/stack/data/venv/lib/python3.12/site-packages/oslo_config/cfg.py:3234}}
Jul 18 04:25:15.224684 np0000005378 devstack@g-api.service[100099]: DEBUG glance.common.config [None req-de574527-e3d3-492c-aac3-9c1a948c0718 None None] allow_anonymous_access = False {{(pid=100099) log_opt_values /opt/stack/data/venv/lib/python3.12/site-packages/oslo_config/cfg.py:3242}}
Jul 18 04:25:15.224774 np0000005378 devstack@g-api.service[100099]: DEBUG glance.common.config [None req-de574527-e3d3-492c-aac3-9c1a948c0718 None None] api_limit_max = 1000 {{(pid=100099) log_opt_values /opt/stack/data/venv/lib/python3.12/site-packages/oslo_config/cfg.py:3242}}
Jul 18 04:25:15.224867 np0000005378 devstack@g-api.service[100099]: DEBUG glance.common.config [None req-de574527-e3d3-492c-aac3-9c1a948c0718 None None] config_dir = [] {{(pid=100099) log_opt_values /opt/stack/data/venv/lib/python3.12/site-packages/oslo_config/cfg.py:3242}}
Jul 18 04:25:15.224941 np0000005378 devstack@g-api.service[100099]: DEBUG glance.common.config [None req-de574527-e3d3-492c-aac3-9c1a948c0718 None None] config_file = ['/etc/glance/glance-image-import.conf', '/etc/glance/glance-api.conf'] {{(pid=100099) log_opt_values /opt/stack/data/venv/lib/python3.12/site-packages/oslo_config/cfg.py:3242}}
Jul 18 04:25:15.225030 np0000005378 devstack@g-api.service[100099]: DEBUG glance.common.config [None req-de574527-e3d3-492c-aac3-9c1a948c0718 None None] config_source = [] {{(pid=100099) log_opt_values /opt/stack/data/venv/lib/python3.12/site-packages/oslo_config/cfg.py:3242}}
Jul 18 04:25:15.225126 np0000005378 devstack@g-api.service[100099]: DEBUG glance.common.config [None req-de574527-e3d3-492c-aac3-9c1a948c0718 None None] control_exchange = glance {{(pid=100099) log_opt_values /opt/stack/data/venv/lib/python3.12/site-packages/oslo_config/cfg.py:3242}}
Jul 18 04:25:15.225199 np0000005378 devstack@g-api.service[100099]: DEBUG glance.common.config [None req-de574527-e3d3-492c-aac3-9c1a948c0718 None None] debug = True {{(pid=100099) log_opt_values /opt/stack/data/venv/lib/python3.12/site-packages/oslo_config/cfg.py:3242}}
Jul 18 04:25:15.225367 np0000005378 devstack@g-api.service[100099]: DEBUG glance.common.config [None req-de574527-e3d3-492c-aac3-9c1a948c0718 None None] default_log_levels = ['amqp=WARN', 'boto=WARN', 'sqlalchemy=WARN', 'suds=INFO', 'oslo.messaging=INFO', 'oslo_messaging=INFO', 'iso8601=WARN', 'requests.packages.urllib3.connectionpool=WARN', 'urllib3.connectionpool=WARN', 'websocket=WARN', 'requests.packages.urllib3.util.retry=WARN', 'urllib3.util.retry=WARN', 'keystonemiddleware=WARN', 'routes.middleware=WARN', 'stevedore=WARN', 'taskflow=WARN', 'keystoneauth=WARN', 'oslo.cache=INFO', 'oslo_policy=INFO', 'dogpile.core.dogpile=INFO'] {{(pid=100099) log_opt_values /opt/stack/data/venv/lib/python3.12/site-packages/oslo_config/cfg.py:3242}}
Jul 18 04:25:15.225464 np0000005378 devstack@g-api.service[100099]: DEBUG glance.common.config [None req-de574527-e3d3-492c-aac3-9c1a948c0718 None None] default_publisher_id = image.localhost {{(pid=100099) log_opt_values /opt/stack/data/venv/lib/python3.12/site-packages/oslo_config/cfg.py:3242}}
Jul 18 04:25:15.225949 np0000005378 devstack@g-api.service[100099]: DEBUG glance.common.config [None req-de574527-e3d3-492c-aac3-9c1a948c0718 None None] delayed_delete = False {{(pid=100099) log_opt_values /opt/stack/data/venv/lib/python3.12/site-packages/oslo_config/cfg.py:3242}}
Jul 18 04:25:15.225949 np0000005378 devstack@g-api.service[100099]: DEBUG glance.common.config [None req-de574527-e3d3-492c-aac3-9c1a948c0718 None None] digest_algorithm = sha256 {{(pid=100099) log_opt_values /opt/stack/data/venv/lib/python3.12/site-packages/oslo_config/cfg.py:3242}}
Jul 18 04:25:15.225949 np0000005378 devstack@g-api.service[100099]: DEBUG glance.common.config [None req-de574527-e3d3-492c-aac3-9c1a948c0718 None None] disabled_notifications = [] {{(pid=100099) log_opt_values /opt/stack/data/venv/lib/python3.12/site-packages/oslo_config/cfg.py:3242}}
Jul 18 04:25:15.225949 np0000005378 devstack@g-api.service[100099]: DEBUG glance.common.config [None req-de574527-e3d3-492c-aac3-9c1a948c0718 None None] do_secure_hash = True {{(pid=100099) log_opt_values /opt/stack/data/venv/lib/python3.12/site-packages/oslo_config/cfg.py:3242}}
Jul 18 04:25:15.225949 np0000005378 devstack@g-api.service[100099]: DEBUG glance.common.config [None req-de574527-e3d3-492c-aac3-9c1a948c0718 None None] enabled_backends = None {{(pid=100099) log_opt_values /opt/stack/data/venv/lib/python3.12/site-packages/oslo_config/cfg.py:3242}}
Jul 18 04:25:15.226144 np0000005378 devstack@g-api.service[100099]: DEBUG glance.common.config [None req-de574527-e3d3-492c-aac3-9c1a948c0718 None None] enabled_import_methods = ['glance-direct', 'web-download', 'copy-image'] {{(pid=100099) log_opt_values /opt/stack/data/venv/lib/python3.12/site-packages/oslo_config/cfg.py:3242}}
Jul 18 04:25:15.226144 np0000005378 devstack@g-api.service[100099]: DEBUG glance.common.config [None req-de574527-e3d3-492c-aac3-9c1a948c0718 None None] fatal_deprecations = False {{(pid=100099) log_opt_values /opt/stack/data/venv/lib/python3.12/site-packages/oslo_config/cfg.py:3242}}
Jul 18 04:25:15.226250 np0000005378 devstack@g-api.service[100099]: DEBUG glance.common.config [None req-de574527-e3d3-492c-aac3-9c1a948c0718 None None] hashing_algorithm = sha512 {{(pid=100099) log_opt_values /opt/stack/data/venv/lib/python3.12/site-packages/oslo_config/cfg.py:3242}}
Jul 18 04:25:15.226360 np0000005378 devstack@g-api.service[100099]: DEBUG glance.common.config [None req-de574527-e3d3-492c-aac3-9c1a948c0718 None None] http_retries = 3 {{(pid=100099) log_opt_values /opt/stack/data/venv/lib/python3.12/site-packages/oslo_config/cfg.py:3242}}
Jul 18 04:25:15.226468 np0000005378 devstack@g-api.service[100099]: DEBUG glance.common.config [None req-de574527-e3d3-492c-aac3-9c1a948c0718 None None] image_cache_dir = /opt/stack/data/glance/cache/ {{(pid=100099) log_opt_values /opt/stack/data/venv/lib/python3.12/site-packages/oslo_config/cfg.py:3242}}
Jul 18 04:25:15.226586 np0000005378 devstack@g-api.service[100099]: DEBUG glance.common.config [None req-de574527-e3d3-492c-aac3-9c1a948c0718 None None] image_cache_driver = centralized_db {{(pid=100099) log_opt_values /opt/stack/data/venv/lib/python3.12/site-packages/oslo_config/cfg.py:3242}}
Jul 18 04:25:15.226677 np0000005378 devstack@g-api.service[100099]: DEBUG glance.common.config [None req-de574527-e3d3-492c-aac3-9c1a948c0718 None None] image_cache_max_size = 10737418240 {{(pid=100099) log_opt_values /opt/stack/data/venv/lib/python3.12/site-packages/oslo_config/cfg.py:3242}}
Jul 18 04:25:15.226780 np0000005378 devstack@g-api.service[100099]: DEBUG glance.common.config [None req-de574527-e3d3-492c-aac3-9c1a948c0718 None None] image_cache_sqlite_db = cache.db {{(pid=100099) log_opt_values /opt/stack/data/venv/lib/python3.12/site-packages/oslo_config/cfg.py:3242}}
Jul 18 04:25:15.226866 np0000005378 devstack@g-api.service[100099]: DEBUG glance.common.config [None req-de574527-e3d3-492c-aac3-9c1a948c0718 None None] image_cache_stall_time = 86400 {{(pid=100099) log_opt_values /opt/stack/data/venv/lib/python3.12/site-packages/oslo_config/cfg.py:3242}}
Jul 18 04:25:15.226950 np0000005378 devstack@g-api.service[100099]: DEBUG glance.common.config [None req-de574527-e3d3-492c-aac3-9c1a948c0718 None None] image_location_quota = 10 {{(pid=100099) log_opt_values /opt/stack/data/venv/lib/python3.12/site-packages/oslo_config/cfg.py:3242}}
Jul 18 04:25:15.227033 np0000005378 devstack@g-api.service[100099]: DEBUG glance.common.config [None req-de574527-e3d3-492c-aac3-9c1a948c0718 None None] image_member_quota = 128 {{(pid=100099) log_opt_values /opt/stack/data/venv/lib/python3.12/site-packages/oslo_config/cfg.py:3242}}
Jul 18 04:25:15.227119 np0000005378 devstack@g-api.service[100099]: DEBUG glance.common.config [None req-de574527-e3d3-492c-aac3-9c1a948c0718 None None] image_property_quota = 128 {{(pid=100099) log_opt_values /opt/stack/data/venv/lib/python3.12/site-packages/oslo_config/cfg.py:3242}}
Jul 18 04:25:15.227227 np0000005378 devstack@g-api.service[100099]: DEBUG glance.common.config [None req-de574527-e3d3-492c-aac3-9c1a948c0718 None None] image_size_cap = 1099511627776 {{(pid=100099) log_opt_values /opt/stack/data/venv/lib/python3.12/site-packages/oslo_config/cfg.py:3242}}
Jul 18 04:25:15.227312 np0000005378 devstack@g-api.service[100099]: DEBUG glance.common.config [None req-de574527-e3d3-492c-aac3-9c1a948c0718 None None] image_tag_quota = 128 {{(pid=100099) log_opt_values /opt/stack/data/venv/lib/python3.12/site-packages/oslo_config/cfg.py:3242}}
Jul 18 04:25:15.227449 np0000005378 devstack@g-api.service[100099]: DEBUG glance.common.config [None req-de574527-e3d3-492c-aac3-9c1a948c0718 None None] instance_format = [instance: %(uuid)s] {{(pid=100099) log_opt_values /opt/stack/data/venv/lib/python3.12/site-packages/oslo_config/cfg.py:3242}}
Jul 18 04:25:15.227549 np0000005378 devstack@g-api.service[100099]: DEBUG glance.common.config [None req-de574527-e3d3-492c-aac3-9c1a948c0718 None None] instance_uuid_format = [instance: %(uuid)s] {{(pid=100099) log_opt_values /opt/stack/data/venv/lib/python3.12/site-packages/oslo_config/cfg.py:3242}}
Jul 18 04:25:15.227635 np0000005378 devstack@g-api.service[100099]: DEBUG glance.common.config [None req-de574527-e3d3-492c-aac3-9c1a948c0718 None None] limit_param_default = 25 {{(pid=100099) log_opt_values /opt/stack/data/venv/lib/python3.12/site-packages/oslo_config/cfg.py:3242}}
Jul 18 04:25:15.227744 np0000005378 devstack@g-api.service[100099]: DEBUG glance.common.config [None req-de574527-e3d3-492c-aac3-9c1a948c0718 None None] log_color = False {{(pid=100099) log_opt_values /opt/stack/data/venv/lib/python3.12/site-packages/oslo_config/cfg.py:3242}}
Jul 18 04:25:15.227849 np0000005378 devstack@g-api.service[100099]: DEBUG glance.common.config [None req-de574527-e3d3-492c-aac3-9c1a948c0718 None None] log_config_append = None {{(pid=100099) log_opt_values /opt/stack/data/venv/lib/python3.12/site-packages/oslo_config/cfg.py:3242}}
Jul 18 04:25:15.227941 np0000005378 devstack@g-api.service[100099]: DEBUG glance.common.config [None req-de574527-e3d3-492c-aac3-9c1a948c0718 None None] log_date_format = %Y-%m-%d %H:%M:%S {{(pid=100099) log_opt_values /opt/stack/data/venv/lib/python3.12/site-packages/oslo_config/cfg.py:3242}}
Jul 18 04:25:15.228027 np0000005378 devstack@g-api.service[100099]: DEBUG glance.common.config [None req-de574527-e3d3-492c-aac3-9c1a948c0718 None None] log_dir = None {{(pid=100099) log_opt_values /opt/stack/data/venv/lib/python3.12/site-packages/oslo_config/cfg.py:3242}}
Jul 18 04:25:15.228114 np0000005378 devstack@g-api.service[100099]: DEBUG glance.common.config [None req-de574527-e3d3-492c-aac3-9c1a948c0718 None None] log_file = None {{(pid=100099) log_opt_values /opt/stack/data/venv/lib/python3.12/site-packages/oslo_config/cfg.py:3242}}
Jul 18 04:25:15.228211 np0000005378 devstack@g-api.service[100099]: DEBUG glance.common.config [None req-de574527-e3d3-492c-aac3-9c1a948c0718 None None] log_rotate_interval = 1 {{(pid=100099) log_opt_values /opt/stack/data/venv/lib/python3.12/site-packages/oslo_config/cfg.py:3242}}
Jul 18 04:25:15.228324 np0000005378 devstack@g-api.service[100099]: DEBUG glance.common.config [None req-de574527-e3d3-492c-aac3-9c1a948c0718 None None] log_rotate_interval_type = days {{(pid=100099) log_opt_values /opt/stack/data/venv/lib/python3.12/site-packages/oslo_config/cfg.py:3242}}
Jul 18 04:25:15.228455 np0000005378 devstack@g-api.service[100099]: DEBUG glance.common.config [None req-de574527-e3d3-492c-aac3-9c1a948c0718 None None] log_rotation_type = none {{(pid=100099) log_opt_values /opt/stack/data/venv/lib/python3.12/site-packages/oslo_config/cfg.py:3242}}
Jul 18 04:25:15.228516 np0000005378 devstack@g-api.service[100100]: INFO glance.api.middleware.cache [None req-548073b6-2abb-45ae-95d3-0cb11dbfbf5c None None] Initialized image cache middleware
Jul 18 04:25:15.228563 np0000005378 devstack@g-api.service[100099]: DEBUG glance.common.config [None req-de574527-e3d3-492c-aac3-9c1a948c0718 None None] logging_context_format_string = %(color)s%(levelname)s %(name)s [%(global_request_id)s %(request_id)s %(project_name)s %(user_name)s%(color)s] %(instance)s%(color)s%(message)s {{(pid=100099) log_opt_values /opt/stack/data/venv/lib/python3.12/site-packages/oslo_config/cfg.py:3242}}
Jul 18 04:25:15.228609 np0000005378 devstack@g-api.service[100099]: DEBUG glance.common.config [None req-de574527-e3d3-492c-aac3-9c1a948c0718 None None] logging_debug_format_suffix = {{(pid=%(process)d) %(funcName)s %(pathname)s:%(lineno)d}} {{(pid=100099) log_opt_values /opt/stack/data/venv/lib/python3.12/site-packages/oslo_config/cfg.py:3242}}
Jul 18 04:25:15.228672 np0000005378 devstack@g-api.service[100099]: DEBUG glance.common.config [None req-de574527-e3d3-492c-aac3-9c1a948c0718 None None] logging_default_format_string = %(color)s%(levelname)s %(name)s [-%(color)s] %(instance)s%(color)s%(message)s {{(pid=100099) log_opt_values /opt/stack/data/venv/lib/python3.12/site-packages/oslo_config/cfg.py:3242}}
Jul 18 04:25:15.228762 np0000005378 devstack@g-api.service[100099]: DEBUG glance.common.config [None req-de574527-e3d3-492c-aac3-9c1a948c0718 None None] logging_exception_prefix = ERROR %(name)s %(instance)s {{(pid=100099) log_opt_values /opt/stack/data/venv/lib/python3.12/site-packages/oslo_config/cfg.py:3242}}
Jul 18 04:25:15.228827 np0000005378 devstack@g-api.service[100099]: DEBUG glance.common.config [None req-de574527-e3d3-492c-aac3-9c1a948c0718 None None] logging_user_identity_format = %(user)s %(project)s %(domain)s %(system_scope)s %(user_domain)s %(project_domain)s {{(pid=100099) log_opt_values /opt/stack/data/venv/lib/python3.12/site-packages/oslo_config/cfg.py:3242}}
Jul 18 04:25:15.228912 np0000005378 devstack@g-api.service[100099]: DEBUG glance.common.config [None req-de574527-e3d3-492c-aac3-9c1a948c0718 None None] max_logfile_count = 30 {{(pid=100099) log_opt_values /opt/stack/data/venv/lib/python3.12/site-packages/oslo_config/cfg.py:3242}}
Jul 18 04:25:15.228996 np0000005378 devstack@g-api.service[100099]: DEBUG glance.common.config [None req-de574527-e3d3-492c-aac3-9c1a948c0718 None None] max_logfile_size_mb = 200 {{(pid=100099) log_opt_values /opt/stack/data/venv/lib/python3.12/site-packages/oslo_config/cfg.py:3242}}
Jul 18 04:25:15.229081 np0000005378 devstack@g-api.service[100099]: DEBUG glance.common.config [None req-de574527-e3d3-492c-aac3-9c1a948c0718 None None] max_request_id_length = 64 {{(pid=100099) log_opt_values /opt/stack/data/venv/lib/python3.12/site-packages/oslo_config/cfg.py:3242}}
Jul 18 04:25:15.229178 np0000005378 devstack@g-api.service[100099]: DEBUG glance.common.config [None req-de574527-e3d3-492c-aac3-9c1a948c0718 None None] metadata_encryption_key = **** {{(pid=100099) log_opt_values /opt/stack/data/venv/lib/python3.12/site-packages/oslo_config/cfg.py:3242}}
Jul 18 04:25:15.229269 np0000005378 devstack@g-api.service[100099]: DEBUG glance.common.config [None req-de574527-e3d3-492c-aac3-9c1a948c0718 None None] node_staging_uri = file:///tmp/staging/ {{(pid=100099) log_opt_values /opt/stack/data/venv/lib/python3.12/site-packages/oslo_config/cfg.py:3242}}
Jul 18 04:25:15.229366 np0000005378 devstack@g-api.service[100099]: DEBUG glance.common.config [None req-de574527-e3d3-492c-aac3-9c1a948c0718 None None] property_protection_file = None {{(pid=100099) log_opt_values /opt/stack/data/venv/lib/python3.12/site-packages/oslo_config/cfg.py:3242}}
Jul 18 04:25:15.229461 np0000005378 devstack@g-api.service[100099]: DEBUG glance.common.config [None req-de574527-e3d3-492c-aac3-9c1a948c0718 None None] property_protection_rule_format = roles {{(pid=100099) log_opt_values /opt/stack/data/venv/lib/python3.12/site-packages/oslo_config/cfg.py:3242}}
Jul 18 04:25:15.229553 np0000005378 devstack@g-api.service[100099]: DEBUG glance.common.config [None req-de574527-e3d3-492c-aac3-9c1a948c0718 None None] public_endpoint = https://10.4.3.161/image {{(pid=100099) log_opt_values /opt/stack/data/venv/lib/python3.12/site-packages/oslo_config/cfg.py:3242}}
Jul 18 04:25:15.229655 np0000005378 devstack@g-api.service[100099]: DEBUG glance.common.config [None req-de574527-e3d3-492c-aac3-9c1a948c0718 None None] publish_errors = False {{(pid=100099) log_opt_values /opt/stack/data/venv/lib/python3.12/site-packages/oslo_config/cfg.py:3242}}
Jul 18 04:25:15.229748 np0000005378 devstack@g-api.service[100099]: DEBUG glance.common.config [None req-de574527-e3d3-492c-aac3-9c1a948c0718 None None] pydev_worker_debug_host = None {{(pid=100099) log_opt_values /opt/stack/data/venv/lib/python3.12/site-packages/oslo_config/cfg.py:3242}}
Jul 18 04:25:15.229840 np0000005378 devstack@g-api.service[100099]: DEBUG glance.common.config [None req-de574527-e3d3-492c-aac3-9c1a948c0718 None None] pydev_worker_debug_port = 5678 {{(pid=100099) log_opt_values /opt/stack/data/venv/lib/python3.12/site-packages/oslo_config/cfg.py:3242}}
Jul 18 04:25:15.229923 np0000005378 devstack@g-api.service[100099]: DEBUG glance.common.config [None req-de574527-e3d3-492c-aac3-9c1a948c0718 None None] rate_limit_burst = 0 {{(pid=100099) log_opt_values /opt/stack/data/venv/lib/python3.12/site-packages/oslo_config/cfg.py:3242}}
Jul 18 04:25:15.230012 np0000005378 devstack@g-api.service[100099]: DEBUG glance.common.config [None req-de574527-e3d3-492c-aac3-9c1a948c0718 None None] rate_limit_except_level = CRITICAL {{(pid=100099) log_opt_values /opt/stack/data/venv/lib/python3.12/site-packages/oslo_config/cfg.py:3242}}
Jul 18 04:25:15.230096 np0000005378 devstack@g-api.service[100099]: DEBUG glance.common.config [None req-de574527-e3d3-492c-aac3-9c1a948c0718 None None] rate_limit_interval = 0 {{(pid=100099) log_opt_values /opt/stack/data/venv/lib/python3.12/site-packages/oslo_config/cfg.py:3242}}
Jul 18 04:25:15.230190 np0000005378 devstack@g-api.service[100099]: DEBUG glance.common.config [None req-de574527-e3d3-492c-aac3-9c1a948c0718 None None] scrub_pool_size = 1 {{(pid=100099) log_opt_values /opt/stack/data/venv/lib/python3.12/site-packages/oslo_config/cfg.py:3242}}
Jul 18 04:25:15.230275 np0000005378 devstack@g-api.service[100099]: DEBUG glance.common.config [None req-de574527-e3d3-492c-aac3-9c1a948c0718 None None] scrub_time = 0 {{(pid=100099) log_opt_values /opt/stack/data/venv/lib/python3.12/site-packages/oslo_config/cfg.py:3242}}
Jul 18 04:25:15.230400 np0000005378 devstack@g-api.service[100099]: DEBUG glance.common.config [None req-de574527-e3d3-492c-aac3-9c1a948c0718 None None] shell_completion = None {{(pid=100099) log_opt_values /opt/stack/data/venv/lib/python3.12/site-packages/oslo_config/cfg.py:3242}}
Jul 18 04:25:15.230499 np0000005378 devstack@g-api.service[100099]: DEBUG glance.common.config [None req-de574527-e3d3-492c-aac3-9c1a948c0718 None None] show_image_direct_url = False {{(pid=100099) log_opt_values /opt/stack/data/venv/lib/python3.12/site-packages/oslo_config/cfg.py:3242}}
Jul 18 04:25:15.230700 np0000005378 devstack@g-api.service[100099]: WARNING oslo_config.cfg [None req-de574527-e3d3-492c-aac3-9c1a948c0718 None None] Deprecated: Option "show_multiple_locations" from group "DEFAULT" is deprecated for removal (Use of this option, deprecated since Newton, is a security risk and will be removed once we figure out a way to satisfy those use cases that currently require it. An earlier announcement that the same functionality can be achieved with greater granularity by using policies is incorrect. You cannot work around this option via policy configuration at the present time, though that is the direction we believe the fix will take. Please keep an eye on the Glance release notes to stay up to date on progress in addressing this issue.). Its value may be silently ignored in the future.
Jul 18 04:25:15.230790 np0000005378 devstack@g-api.service[100099]: DEBUG glance.common.config [None req-de574527-e3d3-492c-aac3-9c1a948c0718 None None] show_multiple_locations = False {{(pid=100099) log_opt_values /opt/stack/data/venv/lib/python3.12/site-packages/oslo_config/cfg.py:3242}}
Jul 18 04:25:15.230881 np0000005378 devstack@g-api.service[100099]: DEBUG glance.common.config [None req-de574527-e3d3-492c-aac3-9c1a948c0718 None None] syslog_log_facility = LOG_USER {{(pid=100099) log_opt_values /opt/stack/data/venv/lib/python3.12/site-packages/oslo_config/cfg.py:3242}}
Jul 18 04:25:15.230972 np0000005378 devstack@g-api.service[100099]: DEBUG glance.common.config [None req-de574527-e3d3-492c-aac3-9c1a948c0718 None None] transport_url = **** {{(pid=100099) log_opt_values /opt/stack/data/venv/lib/python3.12/site-packages/oslo_config/cfg.py:3242}}
Jul 18 04:25:15.231058 np0000005378 devstack@g-api.service[100099]: DEBUG glance.common.config [None req-de574527-e3d3-492c-aac3-9c1a948c0718 None None] use_journal = False {{(pid=100099) log_opt_values /opt/stack/data/venv/lib/python3.12/site-packages/oslo_config/cfg.py:3242}}
Jul 18 04:25:15.231169 np0000005378 devstack@g-api.service[100099]: DEBUG glance.common.config [None req-de574527-e3d3-492c-aac3-9c1a948c0718 None None] use_json = False {{(pid=100099) log_opt_values /opt/stack/data/venv/lib/python3.12/site-packages/oslo_config/cfg.py:3242}}
Jul 18 04:25:15.231255 np0000005378 devstack@g-api.service[100099]: DEBUG glance.common.config [None req-de574527-e3d3-492c-aac3-9c1a948c0718 None None] use_keystone_limits = True {{(pid=100099) log_opt_values /opt/stack/data/venv/lib/python3.12/site-packages/oslo_config/cfg.py:3242}}
Jul 18 04:25:15.231357 np0000005378 devstack@g-api.service[100099]: DEBUG glance.common.config [None req-de574527-e3d3-492c-aac3-9c1a948c0718 None None] use_stderr = False {{(pid=100099) log_opt_values /opt/stack/data/venv/lib/python3.12/site-packages/oslo_config/cfg.py:3242}}
Jul 18 04:25:15.231482 np0000005378 devstack@g-api.service[100099]: DEBUG glance.common.config [None req-de574527-e3d3-492c-aac3-9c1a948c0718 None None] use_syslog = False {{(pid=100099) log_opt_values /opt/stack/data/venv/lib/python3.12/site-packages/oslo_config/cfg.py:3242}}
Jul 18 04:25:15.231571 np0000005378 devstack@g-api.service[100099]: DEBUG glance.common.config [None req-de574527-e3d3-492c-aac3-9c1a948c0718 None None] user_storage_quota = 0 {{(pid=100099) log_opt_values /opt/stack/data/venv/lib/python3.12/site-packages/oslo_config/cfg.py:3242}}
Jul 18 04:25:15.231661 np0000005378 devstack@g-api.service[100099]: DEBUG glance.common.config [None req-de574527-e3d3-492c-aac3-9c1a948c0718 None None] worker_self_reference_url = http://127.0.0.1:60999 {{(pid=100099) log_opt_values /opt/stack/data/venv/lib/python3.12/site-packages/oslo_config/cfg.py:3242}}
Jul 18 04:25:15.231758 np0000005378 devstack@g-api.service[100099]: DEBUG glance.common.config [None req-de574527-e3d3-492c-aac3-9c1a948c0718 None None] oslo_concurrency.disable_process_locking = False {{(pid=100099) log_opt_values /opt/stack/data/venv/lib/python3.12/site-packages/oslo_config/cfg.py:3253}}
Jul 18 04:25:15.231853 np0000005378 devstack@g-api.service[100099]: DEBUG glance.common.config [None req-de574527-e3d3-492c-aac3-9c1a948c0718 None None] oslo_concurrency.lock_path = /opt/stack/data/glance/locks {{(pid=100099) log_opt_values /opt/stack/data/venv/lib/python3.12/site-packages/oslo_config/cfg.py:3253}}
Jul 18 04:25:15.231946 np0000005378 devstack@g-api.service[100099]: DEBUG glance.common.config [None req-de574527-e3d3-492c-aac3-9c1a948c0718 None None] oslo_middleware.enable_proxy_headers_parsing = False {{(pid=100099) log_opt_values /opt/stack/data/venv/lib/python3.12/site-packages/oslo_config/cfg.py:3253}}
Jul 18 04:25:15.232037 np0000005378 devstack@g-api.service[100099]: DEBUG glance.common.config [None req-de574527-e3d3-492c-aac3-9c1a948c0718 None None] oslo_middleware.http_basic_auth_user_file = /etc/htpasswd {{(pid=100099) log_opt_values /opt/stack/data/venv/lib/python3.12/site-packages/oslo_config/cfg.py:3253}}
Jul 18 04:25:15.232127 np0000005378 devstack@g-api.service[100099]: DEBUG glance.common.config [None req-de574527-e3d3-492c-aac3-9c1a948c0718 None None] paste_deploy.config_file = None {{(pid=100099) log_opt_values /opt/stack/data/venv/lib/python3.12/site-packages/oslo_config/cfg.py:3253}}
Jul 18 04:25:15.232232 np0000005378 devstack@g-api.service[100099]: DEBUG glance.common.config [None req-de574527-e3d3-492c-aac3-9c1a948c0718 None None] paste_deploy.flavor = keystone+cachemanagement {{(pid=100099) log_opt_values /opt/stack/data/venv/lib/python3.12/site-packages/oslo_config/cfg.py:3253}}
Jul 18 04:25:15.232370 np0000005378 devstack@g-api.service[100099]: DEBUG glance.common.config [None req-de574527-e3d3-492c-aac3-9c1a948c0718 None None] image_format.container_formats = ['ami', 'ari', 'aki', 'bare', 'ovf', 'ova', 'docker', 'compressed'] {{(pid=100099) log_opt_values /opt/stack/data/venv/lib/python3.12/site-packages/oslo_config/cfg.py:3253}}
Jul 18 04:25:15.232525 np0000005378 devstack@g-api.service[100099]: DEBUG glance.common.config [None req-de574527-e3d3-492c-aac3-9c1a948c0718 None None] image_format.disk_formats = ['ami', 'ari', 'aki', 'vhd', 'vhdx', 'vmdk', 'raw', 'qcow2', 'vdi', 'iso', 'ploop'] {{(pid=100099) log_opt_values /opt/stack/data/venv/lib/python3.12/site-packages/oslo_config/cfg.py:3253}}
Jul 18 04:25:15.232619 np0000005378 devstack@g-api.service[100099]: DEBUG glance.common.config [None req-de574527-e3d3-492c-aac3-9c1a948c0718 None None] image_format.gpt_safety_checks_nonfatal = [] {{(pid=100099) log_opt_values /opt/stack/data/venv/lib/python3.12/site-packages/oslo_config/cfg.py:3253}}
Jul 18 04:25:15.232711 np0000005378 devstack@g-api.service[100099]: DEBUG glance.common.config [None req-de574527-e3d3-492c-aac3-9c1a948c0718 None None] image_format.require_image_format_match = True {{(pid=100099) log_opt_values /opt/stack/data/venv/lib/python3.12/site-packages/oslo_config/cfg.py:3253}}
Jul 18 04:25:15.232812 np0000005378 devstack@g-api.service[100099]: DEBUG glance.common.config [None req-de574527-e3d3-492c-aac3-9c1a948c0718 None None] image_format.vmdk_allowed_types = ['streamOptimized', 'monolithicSparse'] {{(pid=100099) log_opt_values /opt/stack/data/venv/lib/python3.12/site-packages/oslo_config/cfg.py:3253}}
Jul 18 04:25:15.232911 np0000005378 devstack@g-api.service[100099]: DEBUG glance.common.config [None req-de574527-e3d3-492c-aac3-9c1a948c0718 None None] task.task_executor = taskflow {{(pid=100099) log_opt_values /opt/stack/data/venv/lib/python3.12/site-packages/oslo_config/cfg.py:3253}}
Jul 18 04:25:15.232999 np0000005378 devstack@g-api.service[100099]: DEBUG glance.common.config [None req-de574527-e3d3-492c-aac3-9c1a948c0718 None None] task.task_time_to_live = 48 {{(pid=100099) log_opt_values /opt/stack/data/venv/lib/python3.12/site-packages/oslo_config/cfg.py:3253}}
Jul 18 04:25:15.233084 np0000005378 devstack@g-api.service[100099]: DEBUG glance.common.config [None req-de574527-e3d3-492c-aac3-9c1a948c0718 None None] task.work_dir = None {{(pid=100099) log_opt_values /opt/stack/data/venv/lib/python3.12/site-packages/oslo_config/cfg.py:3253}}
Jul 18 04:25:15.233187 np0000005378 devstack@g-api.service[100099]: DEBUG glance.common.config [None req-de574527-e3d3-492c-aac3-9c1a948c0718 None None] wsgi.python_interpreter = /opt/stack/data/venv/bin/python3 {{(pid=100099) log_opt_values /opt/stack/data/venv/lib/python3.12/site-packages/oslo_config/cfg.py:3253}}
Jul 18 04:25:15.233231 np0000005378 devstack@g-api.service[100101]: DEBUG glance.common.config [None req-2d691cc8-a71a-4e51-999f-24bdbfa1f2fb None None] ******************************************************************************** {{(pid=100101) log_opt_values /opt/stack/data/venv/lib/python3.12/site-packages/oslo_config/cfg.py:3226}}
Jul 18 04:25:15.233308 np0000005378 devstack@g-api.service[100099]: DEBUG glance.common.config [None req-de574527-e3d3-492c-aac3-9c1a948c0718 None None] wsgi.task_pool_threads = 16 {{(pid=100099) log_opt_values /opt/stack/data/venv/lib/python3.12/site-packages/oslo_config/cfg.py:3253}}
Jul 18 04:25:15.233370 np0000005378 devstack@g-api.service[100101]: DEBUG glance.common.config [None req-2d691cc8-a71a-4e51-999f-24bdbfa1f2fb None None] Configuration options gathered from: {{(pid=100101) log_opt_values /opt/stack/data/venv/lib/python3.12/site-packages/oslo_config/cfg.py:3227}}
Jul 18 04:25:15.233433 np0000005378 devstack@g-api.service[100099]: DEBUG glance.common.config [None req-de574527-e3d3-492c-aac3-9c1a948c0718 None None] import_filtering_opts.allowed_hosts = [] {{(pid=100099) log_opt_values /opt/stack/data/venv/lib/python3.12/site-packages/oslo_config/cfg.py:3253}}
Jul 18 04:25:15.233529 np0000005378 devstack@g-api.service[100099]: DEBUG glance.common.config [None req-de574527-e3d3-492c-aac3-9c1a948c0718 None None] import_filtering_opts.allowed_ports = [80, 443] {{(pid=100099) log_opt_values /opt/stack/data/venv/lib/python3.12/site-packages/oslo_config/cfg.py:3253}}
