Jul 18 04:27:29.946558 np0000005378 devstack@n-api.service[84649]: DEBUG oslo_concurrency.lockutils [None req-382f8e2c-1264-4902-b707-81f8c2f846e1 tempest-ServersNegativeTestJSON-371031709 tempest-ServersNegativeTestJSON-371031709-project-member] Lock "bae040f8-37e5-48a0-85c9-f536da488b66" acquired by "nova.context.set_target_cell..get_or_set_cached_cell_and_set_connections" :: waited 0.000s {{(pid=84649) inner /opt/stack/data/venv/lib/python3.12/site-packages/oslo_concurrency/lockutils.py:525}}
Jul 18 04:27:29.946639 np0000005378 devstack@n-api.service[84650]: WARNING neutronclient.v2_0.client [None req-7f7cc292-7cac-4ae7-875f-bdc0c640a36a tempest-AttachSCSIVolumeTestJSON-258681686 tempest-AttachSCSIVolumeTestJSON-258681686-project-member] The python binding code in neutronclient is deprecated in favor of OpenstackSDK, please use that as this will be removed in a future release.
Jul 18 04:27:29.947202 np0000005378 devstack@n-api.service[84649]: DEBUG oslo_concurrency.lockutils [None req-382f8e2c-1264-4902-b707-81f8c2f846e1 tempest-ServersNegativeTestJSON-371031709 tempest-ServersNegativeTestJSON-371031709-project-member] Lock "bae040f8-37e5-48a0-85c9-f536da488b66" "released" by "nova.context.set_target_cell..get_or_set_cached_cell_and_set_connections" :: held 0.000s {{(pid=84649) inner /opt/stack/data/venv/lib/python3.12/site-packages/oslo_concurrency/lockutils.py:544}}
Jul 18 04:27:29.967562 np0000005378 devstack@n-api.service[84649]: DEBUG nova.network.neutron [None req-382f8e2c-1264-4902-b707-81f8c2f846e1 tempest-ServersNegativeTestJSON-371031709 tempest-ServersNegativeTestJSON-371031709-project-member] validate_networks() for [('9c972596-7fda-4940-8276-6fd44085f01b', None, None, None, None, None)] {{(pid=84649) validate_networks /opt/stack/nova/nova/network/neutron.py:2686}}
Jul 18 04:27:29.968499 np0000005378 devstack@n-api.service[84649]: WARNING neutronclient.v2_0.client [None req-382f8e2c-1264-4902-b707-81f8c2f846e1 tempest-ServersNegativeTestJSON-371031709 tempest-ServersNegativeTestJSON-371031709-project-member] The python binding code in neutronclient is deprecated in favor of OpenstackSDK, please use that as this will be removed in a future release.
Jul 18 04:27:29.974027 np0000005378 devstack@n-api.service[84651]: DEBUG nova.policy [None req-07963915-f1db-4cdf-b5de-3bcf0c9fbf4e tempest-TaggedAttachmentsTest-511138112 tempest-TaggedAttachmentsTest-511138112-project-member] Policy check for os_compute_api:os-extended-server-attributes failed with credentials {'is_admin': False, 'user_id': '06fad6c1f5944a748b93e0458b8ae0d5', 'user_domain_id': 'default', 'system_scope': None, 'domain_id': None, 'project_id': '8ed065c54af84875858e22ba3de027a5', 'project_domain_id': 'default', 'roles': ['member', 'reader'], 'is_admin_project': True, 'service_user_id': None, 'service_user_domain_id': None, 'service_project_id': None, 'service_project_domain_id': None, 'service_roles': []} {{(pid=84651) authorize /opt/stack/nova/nova/policy.py:192}}
Jul 18 04:27:29.980456 np0000005378 devstack@n-api.service[84651]: DEBUG nova.policy [None req-07963915-f1db-4cdf-b5de-3bcf0c9fbf4e tempest-TaggedAttachmentsTest-511138112 tempest-TaggedAttachmentsTest-511138112-project-member] Policy check for os_compute_api:servers:show:host_status failed with credentials {'is_admin': False, 'user_id': '06fad6c1f5944a748b93e0458b8ae0d5', 'user_domain_id': 'default', 'system_scope': None, 'domain_id': None, 'project_id': '8ed065c54af84875858e22ba3de027a5', 'project_domain_id': 'default', 'roles': ['member', 'reader'], 'is_admin_project': True, 'service_user_id': None, 'service_user_domain_id': None, 'service_project_id': None, 'service_project_domain_id': None, 'service_roles': []} {{(pid=84651) authorize /opt/stack/nova/nova/policy.py:192}}
Jul 18 04:27:29.982624 np0000005378 devstack@n-api.service[84651]: DEBUG nova.policy [None req-07963915-f1db-4cdf-b5de-3bcf0c9fbf4e tempest-TaggedAttachmentsTest-511138112 tempest-TaggedAttachmentsTest-511138112-project-member] Policy check for os_compute_api:servers:show:host_status:unknown-only failed with credentials {'is_admin': False, 'user_id': '06fad6c1f5944a748b93e0458b8ae0d5', 'user_domain_id': 'default', 'system_scope': None, 'domain_id': None, 'project_id': '8ed065c54af84875858e22ba3de027a5', 'project_domain_id': 'default', 'roles': ['member', 'reader'], 'is_admin_project': True, 'service_user_id': None, 'service_user_domain_id': None, 'service_project_id': None, 'service_project_domain_id': None, 'service_roles': []} {{(pid=84651) authorize /opt/stack/nova/nova/policy.py:192}}
Jul 18 04:27:29.991727 np0000005378 devstack@n-api.service[84651]: INFO nova.api.openstack.requestlog [None req-07963915-f1db-4cdf-b5de-3bcf0c9fbf4e tempest-TaggedAttachmentsTest-511138112 tempest-TaggedAttachmentsTest-511138112-project-member] 10.4.3.161 "GET /compute/v2.1/servers/8f7f7ed9-c3ff-4e34-8dc0-f263d6a34677" status: 200 len: 1450 microversion: 2.49 time: 0.670254
Jul 18 04:27:29.992149 np0000005378 devstack@n-api.service[84651]: [pid: 84651|app: 0|req: 31/79] 10.4.3.161 () {68 vars in 1395 bytes} [Sat Jul 18 04:27:29 2026] GET /compute/v2.1/servers/8f7f7ed9-c3ff-4e34-8dc0-f263d6a34677 => generated 1450 bytes in 671 msecs (HTTP/1.1 200) 9 headers in 360 bytes (1 switches on core 0)
Jul 18 04:27:30.395609 np0000005378 devstack@n-api.service[84650]: DEBUG nova.policy [None req-7f7cc292-7cac-4ae7-875f-bdc0c640a36a tempest-AttachSCSIVolumeTestJSON-258681686 tempest-AttachSCSIVolumeTestJSON-258681686-project-member] Policy check for os_compute_api:os-extended-server-attributes failed with credentials {'is_admin': False, 'user_id': 'bc00e025b0b04e2e8b900e85bf08d352', 'user_domain_id': 'default', 'system_scope': None, 'domain_id': None, 'project_id': '93340b003b6248adb400f175e1c57b6c', 'project_domain_id': 'default', 'roles': ['member', 'reader'], 'is_admin_project': True, 'service_user_id': None, 'service_user_domain_id': None, 'service_project_id': None, 'service_project_domain_id': None, 'service_roles': []} {{(pid=84650) authorize /opt/stack/nova/nova/policy.py:192}}
Jul 18 04:27:30.406945 np0000005378 devstack@n-api.service[84650]: INFO nova.api.openstack.requestlog [None req-7f7cc292-7cac-4ae7-875f-bdc0c640a36a tempest-AttachSCSIVolumeTestJSON-258681686 tempest-AttachSCSIVolumeTestJSON-258681686-project-member] 10.4.3.161 "GET /compute/v2.1/servers/b82c0ac1-0497-4952-a98c-313a60610b6e" status: 200 len: 1370 microversion: 2.1 time: 0.523840
Jul 18 04:27:30.407931 np0000005378 devstack@n-api.service[84650]: [pid: 84650|app: 0|req: 27/80] 10.4.3.161 () {66 vars in 1354 bytes} [Sat Jul 18 04:27:29 2026] GET /compute/v2.1/servers/b82c0ac1-0497-4952-a98c-313a60610b6e => generated 1370 bytes in 525 msecs (HTTP/1.1 200) 9 headers in 358 bytes (1 switches on core 0)
Jul 18 04:27:30.539789 np0000005378 devstack@n-api.service[84651]: DEBUG nova.api.openstack.wsgi [req-998a3201-894b-4d98-92c0-e3419bf9c6b1 req-b4be2163-9e9f-4ca6-a952-cad233594412 service nova] Action: 'create', calling method: >, body: {"events": [{"server_uuid": "8f7f7ed9-c3ff-4e34-8dc0-f263d6a34677", "name": "network-vif-plugged", "status": "completed", "tag": "261561c1-3247-4a3f-97c7-6f35181051aa"}]} {{(pid=84651) _process_stack /opt/stack/nova/nova/api/openstack/wsgi.py:549}}
Jul 18 04:27:30.551902 np0000005378 devstack@n-api.service[84651]: DEBUG oslo_concurrency.lockutils [req-998a3201-894b-4d98-92c0-e3419bf9c6b1 req-b4be2163-9e9f-4ca6-a952-cad233594412 service nova] Acquiring lock "bae040f8-37e5-48a0-85c9-f536da488b66" by "nova.context.set_target_cell..get_or_set_cached_cell_and_set_connections" {{(pid=84651) inner /opt/stack/data/venv/lib/python3.12/site-packages/oslo_concurrency/lockutils.py:512}}
Jul 18 04:27:30.552899 np0000005378 devstack@n-api.service[84651]: DEBUG oslo_concurrency.lockutils [req-998a3201-894b-4d98-92c0-e3419bf9c6b1 req-b4be2163-9e9f-4ca6-a952-cad233594412 service nova] Lock "bae040f8-37e5-48a0-85c9-f536da488b66" acquired by "nova.context.set_target_cell..get_or_set_cached_cell_and_set_connections" :: waited 0.000s {{(pid=84651) inner /opt/stack/data/venv/lib/python3.12/site-packages/oslo_concurrency/lockutils.py:525}}
Jul 18 04:27:30.552899 np0000005378 devstack@n-api.service[84651]: DEBUG oslo_concurrency.lockutils [req-998a3201-894b-4d98-92c0-e3419bf9c6b1 req-b4be2163-9e9f-4ca6-a952-cad233594412 service nova] Lock "bae040f8-37e5-48a0-85c9-f536da488b66" "released" by "nova.context.set_target_cell..get_or_set_cached_cell_and_set_connections" :: held 0.000s {{(pid=84651) inner /opt/stack/data/venv/lib/python3.12/site-packages/oslo_concurrency/lockutils.py:544}}
Jul 18 04:27:30.561100 np0000005378 devstack@n-api.service[84651]: INFO nova.api.openstack.compute.server_external_events [req-998a3201-894b-4d98-92c0-e3419bf9c6b1 req-b4be2163-9e9f-4ca6-a952-cad233594412 service nova] Creating event network-vif-plugged:261561c1-3247-4a3f-97c7-6f35181051aa for instance 8f7f7ed9-c3ff-4e34-8dc0-f263d6a34677 on np0000005378
Jul 18 04:27:30.562019 np0000005378 devstack@n-api.service[84651]: DEBUG nova.compute.rpcapi [req-998a3201-894b-4d98-92c0-e3419bf9c6b1 req-b4be2163-9e9f-4ca6-a952-cad233594412 service nova] RPC: Sending the message to topic: compute-alt {{(pid=84651) prepare_for_alt_rpcserver /opt/stack/nova/nova/compute/rpcapi.py:595}}
Jul 18 04:27:30.569405 np0000005378 devstack@n-api.service[84651]: INFO nova.api.openstack.requestlog [req-998a3201-894b-4d98-92c0-e3419bf9c6b1 req-b4be2163-9e9f-4ca6-a952-cad233594412 service nova] 10.4.3.161 "POST /compute/v2.1/os-server-external-events" status: 200 len: 183 microversion: 2.1 time: 0.030933
Jul 18 04:27:30.570002 np0000005378 devstack@n-api.service[84651]: [pid: 84651|app: 0|req: 32/81] 10.4.3.161 () {72 vars in 1432 bytes} [Sat Jul 18 04:27:30 2026] POST /compute/v2.1/os-server-external-events => generated 183 bytes in 32 msecs (HTTP/1.1 200) 9 headers in 357 bytes (1 switches on core 0)
Jul 18 04:27:30.619014 np0000005378 devstack@n-api.service[84649]: WARNING neutronclient.v2_0.client [None req-382f8e2c-1264-4902-b707-81f8c2f846e1 tempest-ServersNegativeTestJSON-371031709 tempest-ServersNegativeTestJSON-371031709-project-member] The python binding code in neutronclient is deprecated in favor of OpenstackSDK, please use that as this will be removed in a future release.
Jul 18 04:27:30.837923 np0000005378 devstack@n-api.service[84650]: DEBUG nova.api.openstack.wsgi [None req-0cc4a08f-7391-47a8-a9c7-28d0b28af851 tempest-VolumesAssistedSnapshotsTest-1644948120 tempest-VolumesAssistedSnapshotsTest-1644948120-project-member] Calling method '>' {{(pid=84650) _process_stack /opt/stack/nova/nova/api/openstack/wsgi.py:551}}
Jul 18 04:27:30.840968 np0000005378 devstack@n-api.service[84650]: DEBUG nova.compute.api [None req-0cc4a08f-7391-47a8-a9c7-28d0b28af851 tempest-VolumesAssistedSnapshotsTest-1644948120 tempest-VolumesAssistedSnapshotsTest-1644948120-project-member] [instance: dca7c9ee-bb90-4f1c-b6be-3ddc2c2ec3f2] Fetching instance by UUID {{(pid=84650) get /opt/stack/nova/nova/compute/api.py:3068}}
Jul 18 04:27:30.862226 np0000005378 devstack@n-api.service[84650]: DEBUG oslo_concurrency.lockutils [None req-0cc4a08f-7391-47a8-a9c7-28d0b28af851 tempest-VolumesAssistedSnapshotsTest-1644948120 tempest-VolumesAssistedSnapshotsTest-1644948120-project-member] Acquiring lock "bae040f8-37e5-48a0-85c9-f536da488b66" by "nova.context.set_target_cell..get_or_set_cached_cell_and_set_connections" {{(pid=84650) inner /opt/stack/data/venv/lib/python3.12/site-packages/oslo_concurrency/lockutils.py:512}}
Jul 18 04:27:30.862747 np0000005378 devstack@n-api.service[84650]: DEBUG oslo_concurrency.lockutils [None req-0cc4a08f-7391-47a8-a9c7-28d0b28af851 tempest-VolumesAssistedSnapshotsTest-1644948120 tempest-VolumesAssistedSnapshotsTest-1644948120-project-member] Lock "bae040f8-37e5-48a0-85c9-f536da488b66" acquired by "nova.context.set_target_cell..get_or_set_cached_cell_and_set_connections" :: waited 0.001s {{(pid=84650) inner /opt/stack/data/venv/lib/python3.12/site-packages/oslo_concurrency/lockutils.py:525}}
Jul 18 04:27:30.863052 np0000005378 devstack@n-api.service[84650]: DEBUG oslo_concurrency.lockutils [None req-0cc4a08f-7391-47a8-a9c7-28d0b28af851 tempest-VolumesAssistedSnapshotsTest-1644948120 tempest-VolumesAssistedSnapshotsTest-1644948120-project-member] Lock "bae040f8-37e5-48a0-85c9-f536da488b66" "released" by "nova.context.set_target_cell..get_or_set_cached_cell_and_set_connections" :: held 0.000s {{(pid=84650) inner /opt/stack/data/venv/lib/python3.12/site-packages/oslo_concurrency/lockutils.py:544}}
Jul 18 04:27:30.863742 np0000005378 devstack@n-api.service[84650]: DEBUG oslo_concurrency.lockutils [None req-0cc4a08f-7391-47a8-a9c7-28d0b28af851 tempest-VolumesAssistedSnapshotsTest-1644948120 tempest-VolumesAssistedSnapshotsTest-1644948120-project-member] Acquiring lock "bae040f8-37e5-48a0-85c9-f536da488b66" by "nova.context.set_target_cell..get_or_set_cached_cell_and_set_connections" {{(pid=84650) inner /opt/stack/data/venv/lib/python3.12/site-packages/oslo_concurrency/lockutils.py:512}}
Jul 18 04:27:30.867594 np0000005378 devstack@n-api.service[84650]: DEBUG oslo_concurrency.lockutils [None req-0cc4a08f-7391-47a8-a9c7-28d0b28af851 tempest-VolumesAssistedSnapshotsTest-1644948120 tempest-VolumesAssistedSnapshotsTest-1644948120-project-member] Lock "bae040f8-37e5-48a0-85c9-f536da488b66" acquired by "nova.context.set_target_cell..get_or_set_cached_cell_and_set_connections" :: waited 0.003s {{(pid=84650) inner /opt/stack/data/venv/lib/python3.12/site-packages/oslo_concurrency/lockutils.py:525}}
Jul 18 04:27:30.868805 np0000005378 devstack@n-api.service[84650]: DEBUG oslo_concurrency.lockutils [None req-0cc4a08f-7391-47a8-a9c7-28d0b28af851 tempest-VolumesAssistedSnapshotsTest-1644948120 tempest-VolumesAssistedSnapshotsTest-1644948120-project-member] Lock "bae040f8-37e5-48a0-85c9-f536da488b66" "released" by "nova.context.set_target_cell..get_or_set_cached_cell_and_set_connections" :: held 0.001s {{(pid=84650) inner /opt/stack/data/venv/lib/python3.12/site-packages/oslo_concurrency/lockutils.py:544}}
Jul 18 04:27:30.906444 np0000005378 devstack@n-api.service[84651]: DEBUG nova.api.openstack.wsgi [None req-4a637fa2-474b-4669-8f17-386f31ef4a48 tempest-VolumesAdminNegativeTest-596499347 tempest-VolumesAdminNegativeTest-596499347-project-member] Calling method '>' {{(pid=84651) _process_stack /opt/stack/nova/nova/api/openstack/wsgi.py:551}}
Jul 18 04:27:30.909325 np0000005378 devstack@n-api.service[84650]: WARNING neutronclient.v2_0.client [None req-0cc4a08f-7391-47a8-a9c7-28d0b28af851 tempest-VolumesAssistedSnapshotsTest-1644948120 tempest-VolumesAssistedSnapshotsTest-1644948120-project-member] The python binding code in neutronclient is deprecated in favor of OpenstackSDK, please use that as this will be removed in a future release.
Jul 18 04:27:30.911547 np0000005378 devstack@n-api.service[84651]: DEBUG nova.compute.api [None req-4a637fa2-474b-4669-8f17-386f31ef4a48 tempest-VolumesAdminNegativeTest-596499347 tempest-VolumesAdminNegativeTest-596499347-project-member] [instance: 75b29a11-611d-44b4-8f98-cebb30da6797] Fetching instance by UUID {{(pid=84651) get /opt/stack/nova/nova/compute/api.py:3068}}
Jul 18 04:27:30.921250 np0000005378 devstack@n-api.service[84651]: DEBUG oslo_concurrency.lockutils [None req-4a637fa2-474b-4669-8f17-386f31ef4a48 tempest-VolumesAdminNegativeTest-596499347 tempest-VolumesAdminNegativeTest-596499347-project-member] Acquiring lock "bae040f8-37e5-48a0-85c9-f536da488b66" by "nova.context.set_target_cell..get_or_set_cached_cell_and_set_connections" {{(pid=84651) inner /opt/stack/data/venv/lib/python3.12/site-packages/oslo_concurrency/lockutils.py:512}}
Jul 18 04:27:30.922583 np0000005378 devstack@n-api.service[84651]: DEBUG oslo_concurrency.lockutils [None req-4a637fa2-474b-4669-8f17-386f31ef4a48 tempest-VolumesAdminNegativeTest-596499347 tempest-VolumesAdminNegativeTest-596499347-project-member] Lock "bae040f8-37e5-48a0-85c9-f536da488b66" acquired by "nova.context.set_target_cell..get_or_set_cached_cell_and_set_connections" :: waited 0.002s {{(pid=84651) inner /opt/stack/data/venv/lib/python3.12/site-packages/oslo_concurrency/lockutils.py:525}}
Jul 18 04:27:30.922902 np0000005378 devstack@n-api.service[84651]: DEBUG oslo_concurrency.lockutils [None req-4a637fa2-474b-4669-8f17-386f31ef4a48 tempest-VolumesAdminNegativeTest-596499347 tempest-VolumesAdminNegativeTest-596499347-project-member] Lock "bae040f8-37e5-48a0-85c9-f536da488b66" "released" by "nova.context.set_target_cell..get_or_set_cached_cell_and_set_connections" :: held 0.001s {{(pid=84651) inner /opt/stack/data/venv/lib/python3.12/site-packages/oslo_concurrency/lockutils.py:544}}
Jul 18 04:27:30.924224 np0000005378 devstack@n-api.service[84651]: DEBUG oslo_concurrency.lockutils [None req-4a637fa2-474b-4669-8f17-386f31ef4a48 tempest-VolumesAdminNegativeTest-596499347 tempest-VolumesAdminNegativeTest-596499347-project-member] Acquiring lock "bae040f8-37e5-48a0-85c9-f536da488b66" by "nova.context.set_target_cell..get_or_set_cached_cell_and_set_connections" {{(pid=84651) inner /opt/stack/data/venv/lib/python3.12/site-packages/oslo_concurrency/lockutils.py:512}}
Jul 18 04:27:30.925249 np0000005378 devstack@n-api.service[84651]: DEBUG oslo_concurrency.lockutils [None req-4a637fa2-474b-4669-8f17-386f31ef4a48 tempest-VolumesAdminNegativeTest-596499347 tempest-VolumesAdminNegativeTest-596499347-project-member] Lock "bae040f8-37e5-48a0-85c9-f536da488b66" acquired by "nova.context.set_target_cell..get_or_set_cached_cell_and_set_connections" :: waited 0.001s {{(pid=84651) inner /opt/stack/data/venv/lib/python3.12/site-packages/oslo_concurrency/lockutils.py:525}}
Jul 18 04:27:30.926881 np0000005378 devstack@n-api.service[84651]: DEBUG oslo_concurrency.lockutils [None req-4a637fa2-474b-4669-8f17-386f31ef4a48 tempest-VolumesAdminNegativeTest-596499347 tempest-VolumesAdminNegativeTest-596499347-project-member] Lock "bae040f8-37e5-48a0-85c9-f536da488b66" "released" by "nova.context.set_target_cell..get_or_set_cached_cell_and_set_connections" :: held 0.001s {{(pid=84651) inner /opt/stack/data/venv/lib/python3.12/site-packages/oslo_concurrency/lockutils.py:544}}
Jul 18 04:27:30.975164 np0000005378 devstack@n-api.service[84649]: DEBUG nova.virt.hardware [None req-382f8e2c-1264-4902-b707-81f8c2f846e1 tempest-ServersNegativeTestJSON-371031709 tempest-ServersNegativeTestJSON-371031709-project-member] Flavor limits 0:0:0 {{(pid=84649) get_cpu_topology_constraints /opt/stack/nova/nova/virt/hardware.py:488}}
Jul 18 04:27:30.975966 np0000005378 devstack@n-api.service[84649]: DEBUG nova.virt.hardware [None req-382f8e2c-1264-4902-b707-81f8c2f846e1 tempest-ServersNegativeTestJSON-371031709 tempest-ServersNegativeTestJSON-371031709-project-member] Image limits 0:0:0 {{(pid=84649) get_cpu_topology_constraints /opt/stack/nova/nova/virt/hardware.py:492}}
Jul 18 04:27:30.976104 np0000005378 devstack@n-api.service[84651]: WARNING neutronclient.v2_0.client [None req-4a637fa2-474b-4669-8f17-386f31ef4a48 tempest-VolumesAdminNegativeTest-596499347 tempest-VolumesAdminNegativeTest-596499347-project-member] The python binding code in neutronclient is deprecated in favor of OpenstackSDK, please use that as this will be removed in a future release.
Jul 18 04:27:30.976152 np0000005378 devstack@n-api.service[84649]: DEBUG nova.virt.hardware [None req-382f8e2c-1264-4902-b707-81f8c2f846e1 tempest-ServersNegativeTestJSON-371031709 tempest-ServersNegativeTestJSON-371031709-project-member] Flavor pref 0:0:0 {{(pid=84649) get_cpu_topology_constraints /opt/stack/nova/nova/virt/hardware.py:528}}
Jul 18 04:27:30.976152 np0000005378 devstack@n-api.service[84649]: DEBUG nova.virt.hardware [None req-382f8e2c-1264-4902-b707-81f8c2f846e1 tempest-ServersNegativeTestJSON-371031709 tempest-ServersNegativeTestJSON-371031709-project-member] Image pref 0:0:0 {{(pid=84649) get_cpu_topology_constraints /opt/stack/nova/nova/virt/hardware.py:532}}
Jul 18 04:27:30.976152 np0000005378 devstack@n-api.service[84649]: DEBUG nova.virt.hardware [None req-382f8e2c-1264-4902-b707-81f8c2f846e1 tempest-ServersNegativeTestJSON-371031709 tempest-ServersNegativeTestJSON-371031709-project-member] Chose sockets=0, cores=0, threads=0; limits were sockets=65536, cores=65536, threads=65536 {{(pid=84649) get_cpu_topology_constraints /opt/stack/nova/nova/virt/hardware.py:570}}
Jul 18 04:27:30.996735 np0000005378 devstack@n-api.service[84649]: DEBUG oslo_concurrency.lockutils [None req-382f8e2c-1264-4902-b707-81f8c2f846e1 tempest-ServersNegativeTestJSON-371031709 tempest-ServersNegativeTestJSON-371031709-project-member] Acquiring lock "00000000-0000-0000-0000-000000000000" by "nova.context.set_target_cell..get_or_set_cached_cell_and_set_connections" {{(pid=84649) inner /opt/stack/data/venv/lib/python3.12/site-packages/oslo_concurrency/lockutils.py:512}}
Jul 18 04:27:30.996735 np0000005378 devstack@n-api.service[84649]: DEBUG oslo_concurrency.lockutils [None req-382f8e2c-1264-4902-b707-81f8c2f846e1 tempest-ServersNegativeTestJSON-371031709 tempest-ServersNegativeTestJSON-371031709-project-member] Lock "00000000-0000-0000-0000-000000000000" acquired by "nova.context.set_target_cell..get_or_set_cached_cell_and_set_connections" :: waited 0.000s {{(pid=84649) inner /opt/stack/data/venv/lib/python3.12/site-packages/oslo_concurrency/lockutils.py:525}}
Jul 18 04:27:30.996735 np0000005378 devstack@n-api.service[84649]: DEBUG oslo_concurrency.lockutils [None req-382f8e2c-1264-4902-b707-81f8c2f846e1 tempest-ServersNegativeTestJSON-371031709 tempest-ServersNegativeTestJSON-371031709-project-member] Lock "00000000-0000-0000-0000-000000000000" "released" by "nova.context.set_target_cell..get_or_set_cached_cell_and_set_connections" :: held 0.000s {{(pid=84649) inner /opt/stack/data/venv/lib/python3.12/site-packages/oslo_concurrency/lockutils.py:544}}
Jul 18 04:27:30.997120 np0000005378 devstack@n-api.service[84649]: DEBUG oslo_concurrency.lockutils [None req-382f8e2c-1264-4902-b707-81f8c2f846e1 tempest-ServersNegativeTestJSON-371031709 tempest-ServersNegativeTestJSON-371031709-project-member] Acquiring lock "bae040f8-37e5-48a0-85c9-f536da488b66" by "nova.context.set_target_cell..get_or_set_cached_cell_and_set_connections" {{(pid=84649) inner /opt/stack/data/venv/lib/python3.12/site-packages/oslo_concurrency/lockutils.py:512}}
Jul 18 04:27:30.998531 np0000005378 devstack@n-api.service[84649]: DEBUG oslo_concurrency.lockutils [None req-382f8e2c-1264-4902-b707-81f8c2f846e1 tempest-ServersNegativeTestJSON-371031709 tempest-ServersNegativeTestJSON-371031709-project-member] Lock "bae040f8-37e5-48a0-85c9-f536da488b66" acquired by "nova.context.set_target_cell..get_or_set_cached_cell_and_set_connections" :: waited 0.001s {{(pid=84649) inner /opt/stack/data/venv/lib/python3.12/site-packages/oslo_concurrency/lockutils.py:525}}
Jul 18 04:27:30.998784 np0000005378 devstack@n-api.service[84649]: DEBUG oslo_concurrency.lockutils [None req-382f8e2c-1264-4902-b707-81f8c2f846e1 tempest-ServersNegativeTestJSON-371031709 tempest-ServersNegativeTestJSON-371031709-project-member] Lock "bae040f8-37e5-48a0-85c9-f536da488b66" "released" by "nova.context.set_target_cell..get_or_set_cached_cell_and_set_connections" :: held 0.000s {{(pid=84649) inner /opt/stack/data/venv/lib/python3.12/site-packages/oslo_concurrency/lockutils.py:544}}
Jul 18 04:27:31.028886 np0000005378 devstack@n-api.service[84649]: DEBUG nova.quota [None req-382f8e2c-1264-4902-b707-81f8c2f846e1 tempest-ServersNegativeTestJSON-371031709 tempest-ServersNegativeTestJSON-371031709-project-member] Getting quotas for project 8fe22fe7fd89462c97ff58e900a7e4b8. Resources: {'ram', 'cores', 'instances'} {{(pid=84649) _get_quotas /opt/stack/nova/nova/quota.py:389}}
Jul 18 04:27:31.034641 np0000005378 devstack@n-api.service[84649]: DEBUG nova.quota [None req-382f8e2c-1264-4902-b707-81f8c2f846e1 tempest-ServersNegativeTestJSON-371031709 tempest-ServersNegativeTestJSON-371031709-project-member] Getting quotas for user 5fbfb7fc8f07442dab5f20df594752a6 and project 8fe22fe7fd89462c97ff58e900a7e4b8. Resources: {'ram', 'cores', 'instances'} {{(pid=84649) _get_quotas /opt/stack/nova/nova/quota.py:379}}
Jul 18 04:27:31.044035 np0000005378 devstack@n-api.service[84650]: DEBUG nova.policy [None req-0cc4a08f-7391-47a8-a9c7-28d0b28af851 tempest-VolumesAssistedSnapshotsTest-1644948120 tempest-VolumesAssistedSnapshotsTest-1644948120-project-member] Policy check for os_compute_api:os-extended-server-attributes failed with credentials {'is_admin': False, 'user_id': '1fe9b7c5665c49f18e9abd19af5c6594', 'user_domain_id': 'default', 'system_scope': None, 'domain_id': None, 'project_id': 'edbc405477814f01912a781608e7e408', 'project_domain_id': 'default', 'roles': ['member', 'reader'], 'is_admin_project': True, 'service_user_id': None, 'service_user_domain_id': None, 'service_project_id': None, 'service_project_domain_id': None, 'service_roles': []} {{(pid=84650) authorize /opt/stack/nova/nova/policy.py:192}}
Jul 18 04:27:31.061504 np0000005378 devstack@n-api.service[84649]: DEBUG nova.compute.api [None req-382f8e2c-1264-4902-b707-81f8c2f846e1 tempest-ServersNegativeTestJSON-371031709 tempest-ServersNegativeTestJSON-371031709-project-member] Going to run 1 instances... {{(pid=84649) _provision_instances /opt/stack/nova/nova/compute/api.py:1480}}
Jul 18 04:27:31.063680 np0000005378 devstack@n-api.service[84649]: DEBUG nova.compute.api [None req-382f8e2c-1264-4902-b707-81f8c2f846e1 tempest-ServersNegativeTestJSON-371031709 tempest-ServersNegativeTestJSON-371031709-project-member] [instance: 7bc3d4af-5804-4990-b213-3aaec3769d37] block_device_mapping [BlockDeviceMapping(attachment_id=,boot_index=0,connection_info=None,created_at=,delete_on_termination=True,deleted=,deleted_at=,destination_type='local',device_name=None,device_type='disk',disk_bus=None,encrypted=False,encryption_format=None,encryption_options=None,encryption_secret_uuid=None,guest_format=None,id=,image_id='c8602e8a-7990-4ce0-9ea7-a6bb21c4450e',instance=,instance_uuid=,no_device=False,snapshot_id=None,source_type='image',tag=None,updated_at=,uuid=,volume_id=None,volume_size=None,volume_type=None)] {{(pid=84649) _bdm_validate_set_size_and_instance /opt/stack/nova/nova/compute/api.py:1942}}
Jul 18 04:27:31.066320 np0000005378 devstack@n-api.service[84650]: INFO nova.api.openstack.requestlog [None req-0cc4a08f-7391-47a8-a9c7-28d0b28af851 tempest-VolumesAssistedSnapshotsTest-1644948120 tempest-VolumesAssistedSnapshotsTest-1644948120-project-member] 10.4.3.161 "GET /compute/v2.1/servers/dca7c9ee-bb90-4f1c-b6be-3ddc2c2ec3f2" status: 200 len: 1295 microversion: 2.1 time: 0.230708
Jul 18 04:27:31.067516 np0000005378 devstack@n-api.service[84650]: [pid: 84650|app: 0|req: 28/82] 10.4.3.161 () {66 vars in 1354 bytes} [Sat Jul 18 04:27:30 2026] GET /compute/v2.1/servers/dca7c9ee-bb90-4f1c-b6be-3ddc2c2ec3f2 => generated 1295 bytes in 231 msecs (HTTP/1.1 200) 9 headers in 358 bytes (1 switches on core 0)
Jul 18 04:27:31.071681 np0000005378 devstack@n-api.service[84650]: DEBUG nova.api.openstack.wsgi [req-e53831f8-861f-465f-a973-3b0230b2f904 req-4d1057c8-3cdd-41b2-91cb-09d8884677e4 service nova] Action: 'create', calling method: >, body: {"events": [{"server_uuid": "75b29a11-611d-44b4-8f98-cebb30da6797", "name": "network-vif-plugged", "status": "completed", "tag": "6a4883c9-1814-4d15-b542-1dcd4651d4cd"}, {"server_uuid": "75b29a11-611d-44b4-8f98-cebb30da6797", "name": "network-vif-plugged", "status": "completed", "tag": "6a4883c9-1814-4d15-b542-1dcd4651d4cd"}]} {{(pid=84650) _process_stack /opt/stack/nova/nova/api/openstack/wsgi.py:549}}
Jul 18 04:27:31.085164 np0000005378 devstack@n-api.service[84650]: DEBUG oslo_concurrency.lockutils [req-e53831f8-861f-465f-a973-3b0230b2f904 req-4d1057c8-3cdd-41b2-91cb-09d8884677e4 service nova] Acquiring lock "bae040f8-37e5-48a0-85c9-f536da488b66" by "nova.context.set_target_cell..get_or_set_cached_cell_and_set_connections" {{(pid=84650) inner /opt/stack/data/venv/lib/python3.12/site-packages/oslo_concurrency/lockutils.py:512}}
Jul 18 04:27:31.085422 np0000005378 devstack@n-api.service[84650]: DEBUG oslo_concurrency.lockutils [req-e53831f8-861f-465f-a973-3b0230b2f904 req-4d1057c8-3cdd-41b2-91cb-09d8884677e4 service nova] Lock "bae040f8-37e5-48a0-85c9-f536da488b66" acquired by "nova.context.set_target_cell..get_or_set_cached_cell_and_set_connections" :: waited 0.000s {{(pid=84650) inner /opt/stack/data/venv/lib/python3.12/site-packages/oslo_concurrency/lockutils.py:525}}
Jul 18 04:27:31.085582 np0000005378 devstack@n-api.service[84650]: DEBUG oslo_concurrency.lockutils [req-e53831f8-861f-465f-a973-3b0230b2f904 req-4d1057c8-3cdd-41b2-91cb-09d8884677e4 service nova] Lock "bae040f8-37e5-48a0-85c9-f536da488b66" "released" by "nova.context.set_target_cell..get_or_set_cached_cell_and_set_connections" :: held 0.000s {{(pid=84650) inner /opt/stack/data/venv/lib/python3.12/site-packages/oslo_concurrency/lockutils.py:544}}
Jul 18 04:27:31.096134 np0000005378 devstack@n-api.service[84650]: INFO nova.api.openstack.compute.server_external_events [req-e53831f8-861f-465f-a973-3b0230b2f904 req-4d1057c8-3cdd-41b2-91cb-09d8884677e4 service nova] Creating event network-vif-plugged:6a4883c9-1814-4d15-b542-1dcd4651d4cd for instance 75b29a11-611d-44b4-8f98-cebb30da6797 on np0000005378
Jul 18 04:27:31.096538 np0000005378 devstack@n-api.service[84650]: INFO nova.api.openstack.compute.server_external_events [req-e53831f8-861f-465f-a973-3b0230b2f904 req-4d1057c8-3cdd-41b2-91cb-09d8884677e4 service nova] Creating event network-vif-plugged:6a4883c9-1814-4d15-b542-1dcd4651d4cd for instance 75b29a11-611d-44b4-8f98-cebb30da6797 on np0000005378
Jul 18 04:27:31.097108 np0000005378 devstack@n-api.service[84650]: DEBUG nova.compute.rpcapi [req-e53831f8-861f-465f-a973-3b0230b2f904 req-4d1057c8-3cdd-41b2-91cb-09d8884677e4 service nova] RPC: Sending the message to topic: compute-alt {{(pid=84650) prepare_for_alt_rpcserver /opt/stack/nova/nova/compute/rpcapi.py:595}}
Jul 18 04:27:31.102909 np0000005378 devstack@n-api.service[84650]: INFO nova.api.openstack.requestlog [req-e53831f8-861f-465f-a973-3b0230b2f904 req-4d1057c8-3cdd-41b2-91cb-09d8884677e4 service nova] 10.4.3.161 "POST /compute/v2.1/os-server-external-events" status: 200 len: 354 microversion: 2.1 time: 0.035425
Jul 18 04:27:31.103311 np0000005378 devstack@n-api.service[84650]: [pid: 84650|app: 0|req: 29/83] 10.4.3.161 () {72 vars in 1432 bytes} [Sat Jul 18 04:27:31 2026] POST /compute/v2.1/os-server-external-events => generated 354 bytes in 36 msecs (HTTP/1.1 200) 9 headers in 357 bytes (1 switches on core 0)
Jul 18 04:27:31.106300 np0000005378 devstack@n-api.service[84650]: DEBUG nova.api.openstack.wsgi [None req-5348265a-8614-4bae-b0ea-de2b8fa7b3e3 tempest-TaggedAttachmentsTest-511138112 tempest-TaggedAttachmentsTest-511138112-project-member] Calling method '>' {{(pid=84650) _process_stack /opt/stack/nova/nova/api/openstack/wsgi.py:551}}
Jul 18 04:27:31.108457 np0000005378 devstack@n-api.service[84650]: DEBUG nova.compute.api [None req-5348265a-8614-4bae-b0ea-de2b8fa7b3e3 tempest-TaggedAttachmentsTest-511138112 tempest-TaggedAttachmentsTest-511138112-project-member] [instance: 8f7f7ed9-c3ff-4e34-8dc0-f263d6a34677] Fetching instance by UUID {{(pid=84650) get /opt/stack/nova/nova/compute/api.py:3068}}
Jul 18 04:27:31.115942 np0000005378 devstack@n-api.service[84650]: DEBUG oslo_concurrency.lockutils [None req-5348265a-8614-4bae-b0ea-de2b8fa7b3e3 tempest-TaggedAttachmentsTest-511138112 tempest-TaggedAttachmentsTest-511138112-project-member] Acquiring lock "bae040f8-37e5-48a0-85c9-f536da488b66" by "nova.context.set_target_cell..get_or_set_cached_cell_and_set_connections" {{(pid=84650) inner /opt/stack/data/venv/lib/python3.12/site-packages/oslo_concurrency/lockutils.py:512}}
Jul 18 04:27:31.116801 np0000005378 devstack@n-api.service[84650]: DEBUG oslo_concurrency.lockutils [None req-5348265a-8614-4bae-b0ea-de2b8fa7b3e3 tempest-TaggedAttachmentsTest-511138112 tempest-TaggedAttachmentsTest-511138112-project-member] Lock "bae040f8-37e5-48a0-85c9-f536da488b66" acquired by "nova.context.set_target_cell..get_or_set_cached_cell_and_set_connections" :: waited 0.000s {{(pid=84650) inner /opt/stack/data/venv/lib/python3.12/site-packages/oslo_concurrency/lockutils.py:525}}
Jul 18 04:27:31.116801 np0000005378 devstack@n-api.service[84650]: DEBUG oslo_concurrency.lockutils [None req-5348265a-8614-4bae-b0ea-de2b8fa7b3e3 tempest-TaggedAttachmentsTest-511138112 tempest-TaggedAttachmentsTest-511138112-project-member] Lock "bae040f8-37e5-48a0-85c9-f536da488b66" "released" by "nova.context.set_target_cell..get_or_set_cached_cell_and_set_connections" :: held 0.000s {{(pid=84650) inner /opt/stack/data/venv/lib/python3.12/site-packages/oslo_concurrency/lockutils.py:544}}
Jul 18 04:27:31.117234 np0000005378 devstack@n-api.service[84650]: DEBUG oslo_concurrency.lockutils [None req-5348265a-8614-4bae-b0ea-de2b8fa7b3e3 tempest-TaggedAttachmentsTest-511138112 tempest-TaggedAttachmentsTest-511138112-project-member] Acquiring lock "bae040f8-37e5-48a0-85c9-f536da488b66" by "nova.context.set_target_cell..get_or_set_cached_cell_and_set_connections" {{(pid=84650) inner /opt/stack/data/venv/lib/python3.12/site-packages/oslo_concurrency/lockutils.py:512}}
Jul 18 04:27:31.117542 np0000005378 devstack@n-api.service[84650]: DEBUG oslo_concurrency.lockutils [None req-5348265a-8614-4bae-b0ea-de2b8fa7b3e3 tempest-TaggedAttachmentsTest-511138112 tempest-TaggedAttachmentsTest-511138112-project-member] Lock "bae040f8-37e5-48a0-85c9-f536da488b66" acquired by "nova.context.set_target_cell..get_or_set_cached_cell_and_set_connections" :: waited 0.000s {{(pid=84650) inner /opt/stack/data/venv/lib/python3.12/site-packages/oslo_concurrency/lockutils.py:525}}
Jul 18 04:27:31.118008 np0000005378 devstack@n-api.service[84650]: DEBUG oslo_concurrency.lockutils [None req-5348265a-8614-4bae-b0ea-de2b8fa7b3e3 tempest-TaggedAttachmentsTest-511138112 tempest-TaggedAttachmentsTest-511138112-project-member] Lock "bae040f8-37e5-48a0-85c9-f536da488b66" "released" by "nova.context.set_target_cell..get_or_set_cached_cell_and_set_connections" :: held 0.000s {{(pid=84650) inner /opt/stack/data/venv/lib/python3.12/site-packages/oslo_concurrency/lockutils.py:544}}
Jul 18 04:27:31.173562 np0000005378 devstack@n-api.service[84649]: INFO nova.api.openstack.requestlog [None req-382f8e2c-1264-4902-b707-81f8c2f846e1 tempest-ServersNegativeTestJSON-371031709 tempest-ServersNegativeTestJSON-371031709-project-member] 10.4.3.161 "POST /compute/v2.1/servers" status: 202 len: 380 microversion: 2.1 time: 1.360080
Jul 18 04:27:31.176868 np0000005378 devstack@n-api.service[84649]: [pid: 84649|app: 0|req: 23/84] 10.4.3.161 () {68 vars in 1265 bytes} [Sat Jul 18 04:27:29 2026] POST /compute/v2.1/servers => generated 380 bytes in 1364 msecs (HTTP/1.1 202) 10 headers in 451 bytes (1 switches on core 0)
Jul 18 04:27:31.192576 np0000005378 devstack@n-api.service[84650]: WARNING neutronclient.v2_0.client [None req-5348265a-8614-4bae-b0ea-de2b8fa7b3e3 tempest-TaggedAttachmentsTest-511138112 tempest-TaggedAttachmentsTest-511138112-project-member] The python binding code in neutronclient is deprecated in favor of OpenstackSDK, please use that as this will be removed in a future release.
Jul 18 04:27:31.195588 np0000005378 devstack@n-api.service[84649]: DEBUG nova.api.openstack.wsgi [None req-cba98f74-d411-4d42-8871-6e98b676b484 tempest-ServersNegativeTestJSON-371031709 tempest-ServersNegativeTestJSON-371031709-project-member] Calling method '>' {{(pid=84649) _process_stack /opt/stack/nova/nova/api/openstack/wsgi.py:551}}
Jul 18 04:27:31.198230 np0000005378 devstack@n-api.service[84649]: DEBUG nova.compute.api [None req-cba98f74-d411-4d42-8871-6e98b676b484 tempest-ServersNegativeTestJSON-371031709 tempest-ServersNegativeTestJSON-371031709-project-member] [instance: 7bc3d4af-5804-4990-b213-3aaec3769d37] Fetching instance by UUID {{(pid=84649) get /opt/stack/nova/nova/compute/api.py:3068}}
Jul 18 04:27:31.213511 np0000005378 devstack@n-api.service[84649]: WARNING neutronclient.v2_0.client [None req-cba98f74-d411-4d42-8871-6e98b676b484 tempest-ServersNegativeTestJSON-371031709 tempest-ServersNegativeTestJSON-371031709-project-member] The python binding code in neutronclient is deprecated in favor of OpenstackSDK, please use that as this will be removed in a future release.
Jul 18 04:27:31.360181 np0000005378 devstack@n-api.service[84649]: DEBUG nova.policy [None req-cba98f74-d411-4d42-8871-6e98b676b484 tempest-ServersNegativeTestJSON-371031709 tempest-ServersNegativeTestJSON-371031709-project-member] Policy check for os_compute_api:os-extended-server-attributes failed with credentials {'is_admin': False, 'user_id': '5fbfb7fc8f07442dab5f20df594752a6', 'user_domain_id': 'default', 'system_scope': None, 'domain_id': None, 'project_id': '8fe22fe7fd89462c97ff58e900a7e4b8', 'project_domain_id': 'default', 'roles': ['member', 'reader'], 'is_admin_project': True, 'service_user_id': None, 'service_user_domain_id': None, 'service_project_id': None, 'service_project_domain_id': None, 'service_roles': []} {{(pid=84649) authorize /opt/stack/nova/nova/policy.py:192}}
Jul 18 04:27:31.384232 np0000005378 devstack@n-api.service[84649]: INFO nova.api.openstack.requestlog [None req-cba98f74-d411-4d42-8871-6e98b676b484 tempest-ServersNegativeTestJSON-371031709 tempest-ServersNegativeTestJSON-371031709-project-member] 10.4.3.161 "GET /compute/v2.1/servers/7bc3d4af-5804-4990-b213-3aaec3769d37" status: 200 len: 1215 microversion: 2.1 time: 0.190992
Jul 18 04:27:31.385709 np0000005378 devstack@n-api.service[84649]: [pid: 84649|app: 0|req: 24/85] 10.4.3.161 () {66 vars in 1354 bytes} [Sat Jul 18 04:27:31 2026] GET /compute/v2.1/servers/7bc3d4af-5804-4990-b213-3aaec3769d37 => generated 1215 bytes in 193 msecs (HTTP/1.1 200) 9 headers in 358 bytes (1 switches on core 0)
Jul 18 04:27:31.396245 np0000005378 devstack@n-api.service[84651]: DEBUG nova.policy [None req-4a637fa2-474b-4669-8f17-386f31ef4a48 tempest-VolumesAdminNegativeTest-596499347 tempest-VolumesAdminNegativeTest-596499347-project-member] Policy check for os_compute_api:os-extended-server-attributes failed with credentials {'is_admin': False, 'user_id': '994490c4764d47f88f2415bf4fa6c802', 'user_domain_id': 'default', 'system_scope': None, 'domain_id': None, 'project_id': '7026b3480cb64f9fac9195cb5d9a9ba1', 'project_domain_id': 'default', 'roles': ['member', 'reader'], 'is_admin_project': True, 'service_user_id': None, 'service_user_domain_id': None, 'service_project_id': None, 'service_project_domain_id': None, 'service_roles': []} {{(pid=84651) authorize /opt/stack/nova/nova/policy.py:192}}
Jul 18 04:27:31.410709 np0000005378 devstack@n-api.service[84651]: INFO nova.api.openstack.requestlog [None req-4a637fa2-474b-4669-8f17-386f31ef4a48 tempest-VolumesAdminNegativeTest-596499347 tempest-VolumesAdminNegativeTest-596499347-project-member] 10.4.3.161 "GET /compute/v2.1/servers/75b29a11-611d-44b4-8f98-cebb30da6797" status: 200 len: 1315 microversion: 2.1 time: 0.507656
Jul 18 04:27:31.411134 np0000005378 devstack@n-api.service[84651]: [pid: 84651|app: 0|req: 33/86] 10.4.3.161 () {66 vars in 1354 bytes} [Sat Jul 18 04:27:30 2026] GET /compute/v2.1/servers/75b29a11-611d-44b4-8f98-cebb30da6797 => generated 1315 bytes in 509 msecs (HTTP/1.1 200) 9 headers in 358 bytes (1 switches on core 0)
Jul 18 04:27:31.433895 np0000005378 devstack@n-api.service[84649]: DEBUG nova.api.openstack.wsgi [None req-603cfdca-2541-4dde-8de8-a7c9ca6af0cc tempest-AttachSCSIVolumeTestJSON-258681686 tempest-AttachSCSIVolumeTestJSON-258681686-project-member] Calling method '>' {{(pid=84649) _process_stack /opt/stack/nova/nova/api/openstack/wsgi.py:551}}
Jul 18 04:27:31.445394 np0000005378 devstack@n-api.service[84649]: DEBUG nova.compute.api [None req-603cfdca-2541-4dde-8de8-a7c9ca6af0cc tempest-AttachSCSIVolumeTestJSON-258681686 tempest-AttachSCSIVolumeTestJSON-258681686-project-member] [instance: b82c0ac1-0497-4952-a98c-313a60610b6e] Fetching instance by UUID {{(pid=84649) get /opt/stack/nova/nova/compute/api.py:3068}}
Jul 18 04:27:31.445531 np0000005378 devstack@n-api.service[84650]: DEBUG nova.policy [None req-5348265a-8614-4bae-b0ea-de2b8fa7b3e3 tempest-TaggedAttachmentsTest-511138112 tempest-TaggedAttachmentsTest-511138112-project-member] Policy check for os_compute_api:os-extended-server-attributes failed with credentials {'is_admin': False, 'user_id': '06fad6c1f5944a748b93e0458b8ae0d5', 'user_domain_id': 'default', 'system_scope': None, 'domain_id': None, 'project_id': '8ed065c54af84875858e22ba3de027a5', 'project_domain_id': 'default', 'roles': ['member', 'reader'], 'is_admin_project': True, 'service_user_id': None, 'service_user_domain_id': None, 'service_project_id': None, 'service_project_domain_id': None, 'service_roles': []} {{(pid=84650) authorize /opt/stack/nova/nova/policy.py:192}}
Jul 18 04:27:31.457118 np0000005378 devstack@n-api.service[84650]: DEBUG nova.policy [None req-5348265a-8614-4bae-b0ea-de2b8fa7b3e3 tempest-TaggedAttachmentsTest-511138112 tempest-TaggedAttachmentsTest-511138112-project-member] Policy check for os_compute_api:servers:show:host_status failed with credentials {'is_admin': False, 'user_id': '06fad6c1f5944a748b93e0458b8ae0d5', 'user_domain_id': 'default', 'system_scope': None, 'domain_id': None, 'project_id': '8ed065c54af84875858e22ba3de027a5', 'project_domain_id': 'default', 'roles': ['member', 'reader'], 'is_admin_project': True, 'service_user_id': None, 'service_user_domain_id': None, 'service_project_id': None, 'service_project_domain_id': None, 'service_roles': []} {{(pid=84650) authorize /opt/stack/nova/nova/policy.py:192}}
Jul 18 04:27:31.457957 np0000005378 devstack@n-api.service[84649]: DEBUG oslo_concurrency.lockutils [None req-603cfdca-2541-4dde-8de8-a7c9ca6af0cc tempest-AttachSCSIVolumeTestJSON-258681686 tempest-AttachSCSIVolumeTestJSON-258681686-project-member] Acquiring lock "bae040f8-37e5-48a0-85c9-f536da488b66" by "nova.context.set_target_cell..get_or_set_cached_cell_and_set_connections" {{(pid=84649) inner /opt/stack/data/venv/lib/python3.12/site-packages/oslo_concurrency/lockutils.py:512}}
Jul 18 04:27:31.457957 np0000005378 devstack@n-api.service[84649]: DEBUG oslo_concurrency.lockutils [None req-603cfdca-2541-4dde-8de8-a7c9ca6af0cc tempest-AttachSCSIVolumeTestJSON-258681686 tempest-AttachSCSIVolumeTestJSON-258681686-project-member] Lock "bae040f8-37e5-48a0-85c9-f536da488b66" acquired by "nova.context.set_target_cell..get_or_set_cached_cell_and_set_connections" :: waited 0.000s {{(pid=84649) inner /opt/stack/data/venv/lib/python3.12/site-packages/oslo_concurrency/lockutils.py:525}}
Jul 18 04:27:31.458208 np0000005378 devstack@n-api.service[84649]: DEBUG oslo_concurrency.lockutils [None req-603cfdca-2541-4dde-8de8-a7c9ca6af0cc tempest-AttachSCSIVolumeTestJSON-258681686 tempest-AttachSCSIVolumeTestJSON-258681686-project-member] Lock "bae040f8-37e5-48a0-85c9-f536da488b66" "released" by "nova.context.set_target_cell..get_or_set_cached_cell_and_set_connections" :: held 0.000s {{(pid=84649) inner /opt/stack/data/venv/lib/python3.12/site-packages/oslo_concurrency/lockutils.py:544}}
Jul 18 04:27:31.459012 np0000005378 devstack@n-api.service[84650]: DEBUG nova.policy [None req-5348265a-8614-4bae-b0ea-de2b8fa7b3e3 tempest-TaggedAttachmentsTest-511138112 tempest-TaggedAttachmentsTest-511138112-project-member] Policy check for os_compute_api:servers:show:host_status:unknown-only failed with credentials {'is_admin': False, 'user_id': '06fad6c1f5944a748b93e0458b8ae0d5', 'user_domain_id': 'default', 'system_scope': None, 'domain_id': None, 'project_id': '8ed065c54af84875858e22ba3de027a5', 'project_domain_id': 'default', 'roles': ['member', 'reader'], 'is_admin_project': True, 'service_user_id': None, 'service_user_domain_id': None, 'service_project_id': None, 'service_project_domain_id': None, 'service_roles': []} {{(pid=84650) authorize /opt/stack/nova/nova/policy.py:192}}
Jul 18 04:27:31.462705 np0000005378 devstack@n-api.service[84649]: DEBUG oslo_concurrency.lockutils [None req-603cfdca-2541-4dde-8de8-a7c9ca6af0cc tempest-AttachSCSIVolumeTestJSON-258681686 tempest-AttachSCSIVolumeTestJSON-258681686-project-member] Acquiring lock "bae040f8-37e5-48a0-85c9-f536da488b66" by "nova.context.set_target_cell..get_or_set_cached_cell_and_set_connections" {{(pid=84649) inner /opt/stack/data/venv/lib/python3.12/site-packages/oslo_concurrency/lockutils.py:512}}
Jul 18 04:27:31.464736 np0000005378 devstack@n-api.service[84649]: DEBUG oslo_concurrency.lockutils [None req-603cfdca-2541-4dde-8de8-a7c9ca6af0cc tempest-AttachSCSIVolumeTestJSON-258681686 tempest-AttachSCSIVolumeTestJSON-258681686-project-member] Lock "bae040f8-37e5-48a0-85c9-f536da488b66" acquired by "nova.context.set_target_cell..get_or_set_cached_cell_and_set_connections" :: waited 0.004s {{(pid=84649) inner /opt/stack/data/venv/lib/python3.12/site-packages/oslo_concurrency/lockutils.py:525}}
Jul 18 04:27:31.464875 np0000005378 devstack@n-api.service[84649]: DEBUG oslo_concurrency.lockutils [None req-603cfdca-2541-4dde-8de8-a7c9ca6af0cc tempest-AttachSCSIVolumeTestJSON-258681686 tempest-AttachSCSIVolumeTestJSON-258681686-project-member] Lock "bae040f8-37e5-48a0-85c9-f536da488b66" "released" by "nova.context.set_target_cell..get_or_set_cached_cell_and_set_connections" :: held 0.000s {{(pid=84649) inner /opt/stack/data/venv/lib/python3.12/site-packages/oslo_concurrency/lockutils.py:544}}
Jul 18 04:27:31.471919 np0000005378 devstack@n-api.service[84650]: INFO nova.api.openstack.requestlog [None req-5348265a-8614-4bae-b0ea-de2b8fa7b3e3 tempest-TaggedAttachmentsTest-511138112 tempest-TaggedAttachmentsTest-511138112-project-member] 10.4.3.161 "GET /compute/v2.1/servers/8f7f7ed9-c3ff-4e34-8dc0-f263d6a34677" status: 200 len: 1450 microversion: 2.49 time: 0.367187
Jul 18 04:27:31.472728 np0000005378 devstack@n-api.service[84650]: [pid: 84650|app: 0|req: 30/87] 10.4.3.161 () {68 vars in 1395 bytes} [Sat Jul 18 04:27:31 2026] GET /compute/v2.1/servers/8f7f7ed9-c3ff-4e34-8dc0-f263d6a34677 => generated 1450 bytes in 368 msecs (HTTP/1.1 200) 9 headers in 360 bytes (1 switches on core 0)
Jul 18 04:27:31.511295 np0000005378 devstack@n-api.service[84649]: WARNING neutronclient.v2_0.client [None req-603cfdca-2541-4dde-8de8-a7c9ca6af0cc tempest-AttachSCSIVolumeTestJSON-258681686 tempest-AttachSCSIVolumeTestJSON-258681686-project-member] The python binding code in neutronclient is deprecated in favor of OpenstackSDK, please use that as this will be removed in a future release.
Jul 18 04:27:31.781463 np0000005378 devstack@n-api.service[84649]: DEBUG nova.policy [None req-603cfdca-2541-4dde-8de8-a7c9ca6af0cc tempest-AttachSCSIVolumeTestJSON-258681686 tempest-AttachSCSIVolumeTestJSON-258681686-project-member] Policy check for os_compute_api:os-extended-server-attributes failed with credentials {'is_admin': False, 'user_id': 'bc00e025b0b04e2e8b900e85bf08d352', 'user_domain_id': 'default', 'system_scope': None, 'domain_id': None, 'project_id': '93340b003b6248adb400f175e1c57b6c', 'project_domain_id': 'default', 'roles': ['member', 'reader'], 'is_admin_project': True, 'service_user_id': None, 'service_user_domain_id': None, 'service_project_id': None, 'service_project_domain_id': None, 'service_roles': []} {{(pid=84649) authorize /opt/stack/nova/nova/policy.py:192}}
Jul 18 04:27:31.798384 np0000005378 devstack@n-api.service[84649]: INFO nova.api.openstack.requestlog [None req-603cfdca-2541-4dde-8de8-a7c9ca6af0cc tempest-AttachSCSIVolumeTestJSON-258681686 tempest-AttachSCSIVolumeTestJSON-258681686-project-member] 10.4.3.161 "GET /compute/v2.1/servers/b82c0ac1-0497-4952-a98c-313a60610b6e" status: 200 len: 1370 microversion: 2.1 time: 0.370247
Jul 18 04:27:31.798803 np0000005378 devstack@n-api.service[84649]: [pid: 84649|app: 0|req: 25/88] 10.4.3.161 () {66 vars in 1354 bytes} [Sat Jul 18 04:27:31 2026] GET /compute/v2.1/servers/b82c0ac1-0497-4952-a98c-313a60610b6e => generated 1370 bytes in 371 msecs (HTTP/1.1 200) 9 headers in 358 bytes (1 switches on core 0)
Jul 18 04:27:31.861175 np0000005378 devstack@n-api.service[84651]: DEBUG nova.api.openstack.wsgi [None req-3fc5b99e-0a77-47be-b62c-0b6a7d4d7f59 tempest-TaggedBootDevicesTest_v242-2070762828 tempest-TaggedBootDevicesTest_v242-2070762828-project-member] Action: 'create', calling method: >, body: {"keypair": {"name": "tempest-keypair-1127248297", "public_key": "ecdsa-sha2-nistp384 AAAAE2VjZHNhLXNoYTItbmlzdHAzODQAAAAIbmlzdHAzODQAAABhBLvHuU2MLyNm8g7aDDwV6HRj5gjRlVAiZMbwJiwv3bG/qVoRI8Vu5O1FbhonnLrNTXI6NlBrFbrbmKlZJGxaYFqHjApxOGsb0rd8tRUFysD2fjPLQtjzwcSHRGyiL96nWw=="}} {{(pid=84651) _process_stack /opt/stack/nova/nova/api/openstack/wsgi.py:549}}
Jul 18 04:27:31.874999 np0000005378 devstack@n-api.service[84651]: DEBUG nova.quota [None req-3fc5b99e-0a77-47be-b62c-0b6a7d4d7f59 tempest-TaggedBootDevicesTest_v242-2070762828 tempest-TaggedBootDevicesTest_v242-2070762828-project-member] Getting quotas for project ea72301696854dcf83cf96a6eca5f83d. Resources: {'key_pairs'} {{(pid=84651) _get_quotas /opt/stack/nova/nova/quota.py:389}}
Jul 18 04:27:31.879837 np0000005378 devstack@n-api.service[84651]: DEBUG nova.quota [None req-3fc5b99e-0a77-47be-b62c-0b6a7d4d7f59 tempest-TaggedBootDevicesTest_v242-2070762828 tempest-TaggedBootDevicesTest_v242-2070762828-project-member] Getting quotas for user ebf053bb1df140d09055f9577112d3e5 and project ea72301696854dcf83cf96a6eca5f83d. Resources: {'key_pairs'} {{(pid=84651) _get_quotas /opt/stack/nova/nova/quota.py:379}}
Jul 18 04:27:31.920936 np0000005378 devstack@n-api.service[84651]: INFO nova.api.openstack.requestlog [None req-3fc5b99e-0a77-47be-b62c-0b6a7d4d7f59 tempest-TaggedBootDevicesTest_v242-2070762828 tempest-TaggedBootDevicesTest_v242-2070762828-project-member] 10.4.3.161 "POST /compute/v2.1/os-keypairs" status: 201 len: 401 microversion: 2.42 time: 0.060926
