Aug 16 16:39:31.867870 np0000007376 devstack@g-api.service[99755]: DEBUG glance_store.backend [-] Registering store swift with schemes ('swift+https', 'swift', 'swift+http', 'swift+config') {{(pid=99755) create_stores /opt/stack/data/venv/lib/python3.12/site-packages/glance_store/backend.py:261}}
Aug 16 16:39:31.867870 np0000007376 devstack@g-api.service[99755]: DEBUG glance_store.driver [-] Late loading location class glance_store._drivers.swift.store.StoreLocation {{(pid=99755) get_store_location_class /opt/stack/data/venv/lib/python3.12/site-packages/glance_store/driver.py:134}}
Aug 16 16:39:31.868305 np0000007376 devstack@g-api.service[99755]: DEBUG glance_store.location [-] Registering scheme swift+https with {'store': , 'location_class': , 'store_entry': 'swift'} {{(pid=99755) register_scheme_map /opt/stack/data/venv/lib/python3.12/site-packages/glance_store/location.py:146}}
Aug 16 16:39:31.868305 np0000007376 devstack@g-api.service[99755]: DEBUG glance_store.location [-] Registering scheme swift with {'store': , 'location_class': , 'store_entry': 'swift'} {{(pid=99755) register_scheme_map /opt/stack/data/venv/lib/python3.12/site-packages/glance_store/location.py:146}}
Aug 16 16:39:31.868305 np0000007376 devstack@g-api.service[99755]: DEBUG glance_store.location [-] Registering scheme swift+http with {'store': , 'location_class': , 'store_entry': 'swift'} {{(pid=99755) register_scheme_map /opt/stack/data/venv/lib/python3.12/site-packages/glance_store/location.py:146}}
Aug 16 16:39:31.868305 np0000007376 devstack@g-api.service[99755]: DEBUG glance_store.location [-] Registering scheme swift+config with {'store': , 'location_class': , 'store_entry': 'swift'} {{(pid=99755) register_scheme_map /opt/stack/data/venv/lib/python3.12/site-packages/glance_store/location.py:146}}
Aug 16 16:39:31.868305 np0000007376 devstack@g-api.service[99755]: DEBUG glance_store.backend [-] Attempting to import store http {{(pid=99755) _load_store /opt/stack/data/venv/lib/python3.12/site-packages/glance_store/backend.py:215}}
Aug 16 16:39:31.868519 np0000007376 devstack@g-api.service[99755]: DEBUG glance_store.capabilities [-] Store glance_store._drivers.http.Store doesn't support updating dynamic storage capabilities. Please overwrite 'update_capabilities' method of the store to implement updating logics if needed. {{(pid=99755) update_capabilities /opt/stack/data/venv/lib/python3.12/site-packages/glance_store/capabilities.py:91}}
Aug 16 16:39:31.868519 np0000007376 devstack@g-api.service[99755]: DEBUG glance_store.backend [-] Registering store http with schemes ('http', 'https') {{(pid=99755) create_stores /opt/stack/data/venv/lib/python3.12/site-packages/glance_store/backend.py:261}}
Aug 16 16:39:31.868519 np0000007376 devstack@g-api.service[99755]: DEBUG glance_store.driver [-] Late loading location class glance_store._drivers.http.StoreLocation {{(pid=99755) get_store_location_class /opt/stack/data/venv/lib/python3.12/site-packages/glance_store/driver.py:134}}
Aug 16 16:39:31.868519 np0000007376 devstack@g-api.service[99755]: DEBUG glance_store.location [-] Registering scheme http with {'store': , 'location_class': , 'store_entry': 'http'} {{(pid=99755) register_scheme_map /opt/stack/data/venv/lib/python3.12/site-packages/glance_store/location.py:146}}
Aug 16 16:39:31.868519 np0000007376 devstack@g-api.service[99755]: DEBUG glance_store.location [-] Registering scheme https with {'store': , 'location_class': , 'store_entry': 'http'} {{(pid=99755) register_scheme_map /opt/stack/data/venv/lib/python3.12/site-packages/glance_store/location.py:146}}
Aug 16 16:39:31.868519 np0000007376 devstack@g-api.service[99755]: DEBUG glance_store.backend [-] Attempting to import store swift {{(pid=99755) _load_store /opt/stack/data/venv/lib/python3.12/site-packages/glance_store/backend.py:215}}
Aug 16 16:39:31.869520 np0000007376 devstack@g-api.service[99755]: DEBUG glance_store.capabilities [-] Store glance_store._drivers.swift.store.SingleTenantStore doesn't support updating dynamic storage capabilities. Please overwrite 'update_capabilities' method of the store to implement updating logics if needed. {{(pid=99755) update_capabilities /opt/stack/data/venv/lib/python3.12/site-packages/glance_store/capabilities.py:91}}
Aug 16 16:39:31.869520 np0000007376 devstack@g-api.service[99755]: DEBUG glance_store.driver [-] Late loading location class glance_store._drivers.swift.store.StoreLocation {{(pid=99755) get_store_location_class /opt/stack/data/venv/lib/python3.12/site-packages/glance_store/driver.py:134}}
Aug 16 16:39:31.869618 np0000007376 devstack@g-api.service[99755]: DEBUG glance_store.location [-] Registering scheme swift+https with {'store': , 'location_class': , 'store_entry': 'swift'} {{(pid=99755) register_scheme_map /opt/stack/data/venv/lib/python3.12/site-packages/glance_store/location.py:146}}
Aug 16 16:39:31.869680 np0000007376 devstack@g-api.service[99755]: DEBUG glance_store.location [-] Registering scheme swift+https with {'store': , 'location_class': , 'store_entry': 'swift'} {{(pid=99755) register_scheme_map /opt/stack/data/venv/lib/python3.12/site-packages/glance_store/location.py:146}}
Aug 16 16:39:31.869734 np0000007376 devstack@g-api.service[99755]: DEBUG glance_store.location [-] Registering scheme swift with {'store': , 'location_class': , 'store_entry': 'swift'} {{(pid=99755) register_scheme_map /opt/stack/data/venv/lib/python3.12/site-packages/glance_store/location.py:146}}
Aug 16 16:39:31.869788 np0000007376 devstack@g-api.service[99755]: DEBUG glance_store.location [-] Registering scheme swift+https with {'store': , 'location_class': , 'store_entry': 'swift'} {{(pid=99755) register_scheme_map /opt/stack/data/venv/lib/python3.12/site-packages/glance_store/location.py:146}}
Aug 16 16:39:31.869859 np0000007376 devstack@g-api.service[99755]: DEBUG glance_store.location [-] Registering scheme swift with {'store': , 'location_class': , 'store_entry': 'swift'} {{(pid=99755) register_scheme_map /opt/stack/data/venv/lib/python3.12/site-packages/glance_store/location.py:146}}
Aug 16 16:39:31.869916 np0000007376 devstack@g-api.service[99755]: DEBUG glance_store.location [-] Registering scheme swift+http with {'store': , 'location_class': , 'store_entry': 'swift'} {{(pid=99755) register_scheme_map /opt/stack/data/venv/lib/python3.12/site-packages/glance_store/location.py:146}}
Aug 16 16:39:31.869958 np0000007376 devstack@g-api.service[99755]: DEBUG glance_store.location [-] Registering scheme swift+https with {'store': , 'location_class': , 'store_entry': 'swift'} {{(pid=99755) register_scheme_map /opt/stack/data/venv/lib/python3.12/site-packages/glance_store/location.py:146}}
Aug 16 16:39:31.870006 np0000007376 devstack@g-api.service[99755]: DEBUG glance_store.location [-] Registering scheme swift with {'store': , 'location_class': , 'store_entry': 'swift'} {{(pid=99755) register_scheme_map /opt/stack/data/venv/lib/python3.12/site-packages/glance_store/location.py:146}}
Aug 16 16:39:31.870055 np0000007376 devstack@g-api.service[99755]: DEBUG glance_store.location [-] Registering scheme swift+http with {'store': , 'location_class': , 'store_entry': 'swift'} {{(pid=99755) register_scheme_map /opt/stack/data/venv/lib/python3.12/site-packages/glance_store/location.py:146}}
Aug 16 16:39:31.870167 np0000007376 devstack@g-api.service[99755]: DEBUG glance_store.location [-] Registering scheme swift+config with {'store': , 'location_class': , 'store_entry': 'swift'} {{(pid=99755) register_scheme_map /opt/stack/data/venv/lib/python3.12/site-packages/glance_store/location.py:146}}
Aug 16 16:39:31.870414 np0000007376 devstack@g-api.service[99755]: DEBUG glance.sqlite_migration [-] SQLite caching database not located, skipping migration {{(pid=99755) get_db_path /opt/stack/glance/glance/sqlite_migration.py:68}}
Aug 16 16:39:31.870671 np0000007376 devstack@g-api.service[99755]: WARNING glance.common.wsgi_app [-] Import methods are enabled but staging directory /tmp/staging/ does not exist; Imports will fail!
Aug 16 16:39:31.989457 np0000007376 devstack@g-api.service[99756]: DEBUG glance.common.config [None req-a2892897-8147-4f21-b9dd-21f6279660d2 None None] Loading glance-api-keystone+cachemanagement from /etc/glance/glance-api-paste.ini {{(pid=99756) load_paste_app /opt/stack/glance/glance/common/config.py:772}}
Aug 16 16:39:31.995227 np0000007376 devstack@g-api.service[99754]: DEBUG glance.common.config [None req-ad47e274-3157-46cc-ae1b-cf9243968ddd None None] Loading glance-api-keystone+cachemanagement from /etc/glance/glance-api-paste.ini {{(pid=99754) load_paste_app /opt/stack/glance/glance/common/config.py:772}}
Aug 16 16:39:32.010088 np0000007376 devstack@g-api.service[99755]: DEBUG glance.common.config [None req-7b92894a-5ef9-4307-8227-42e7f612311d None None] Loading glance-api-keystone+cachemanagement from /etc/glance/glance-api-paste.ini {{(pid=99755) load_paste_app /opt/stack/glance/glance/common/config.py:772}}
Aug 16 16:39:32.601556 np0000007376 devstack@g-api.service[99756]: INFO glance.image_cache [None req-a2892897-8147-4f21-b9dd-21f6279660d2 None None] Image cache loaded driver 'centralized_db'.
Aug 16 16:39:32.610768 np0000007376 devstack@g-api.service[99754]: INFO glance.image_cache [None req-ad47e274-3157-46cc-ae1b-cf9243968ddd None None] Image cache loaded driver 'centralized_db'.
Aug 16 16:39:32.615719 np0000007376 devstack@g-api.service[99755]: INFO glance.image_cache [None req-7b92894a-5ef9-4307-8227-42e7f612311d None None] Image cache loaded driver 'centralized_db'.
Aug 16 16:39:32.649508 np0000007376 devstack@g-api.service[99756]: INFO dbcounter [None req-a2892897-8147-4f21-b9dd-21f6279660d2 None None] Registered counter for database glance
Aug 16 16:39:32.663612 np0000007376 devstack@g-api.service[99755]: INFO dbcounter [None req-7b92894a-5ef9-4307-8227-42e7f612311d None None] Registered counter for database glance
Aug 16 16:39:32.663700 np0000007376 devstack@g-api.service[99754]: INFO dbcounter [None req-ad47e274-3157-46cc-ae1b-cf9243968ddd None None] Registered counter for database glance
Aug 16 16:39:32.691314 np0000007376 devstack@g-api.service[99756]: DEBUG oslo_db.sqlalchemy.engines [None req-a2892897-8147-4f21-b9dd-21f6279660d2 None None] MySQL server mode set to STRICT_TRANS_TABLES,STRICT_ALL_TABLES,NO_ZERO_IN_DATE,NO_ZERO_DATE,ERROR_FOR_DIVISION_BY_ZERO,TRADITIONAL,NO_ENGINE_SUBSTITUTION {{(pid=99756) _check_effective_sql_mode /opt/stack/data/venv/lib/python3.12/site-packages/oslo_db/sqlalchemy/engines.py:325}}
Aug 16 16:39:32.706986 np0000007376 devstack@g-api.service[99755]: DEBUG oslo_db.sqlalchemy.engines [None req-7b92894a-5ef9-4307-8227-42e7f612311d None None] MySQL server mode set to STRICT_TRANS_TABLES,STRICT_ALL_TABLES,NO_ZERO_IN_DATE,NO_ZERO_DATE,ERROR_FOR_DIVISION_BY_ZERO,TRADITIONAL,NO_ENGINE_SUBSTITUTION {{(pid=99755) _check_effective_sql_mode /opt/stack/data/venv/lib/python3.12/site-packages/oslo_db/sqlalchemy/engines.py:325}}
Aug 16 16:39:32.709849 np0000007376 devstack@g-api.service[99754]: DEBUG oslo_db.sqlalchemy.engines [None req-ad47e274-3157-46cc-ae1b-cf9243968ddd None None] MySQL server mode set to STRICT_TRANS_TABLES,STRICT_ALL_TABLES,NO_ZERO_IN_DATE,NO_ZERO_DATE,ERROR_FOR_DIVISION_BY_ZERO,TRADITIONAL,NO_ENGINE_SUBSTITUTION {{(pid=99754) _check_effective_sql_mode /opt/stack/data/venv/lib/python3.12/site-packages/oslo_db/sqlalchemy/engines.py:325}}
Aug 16 16:39:32.805642 np0000007376 devstack@g-api.service[99756]: DEBUG dbcounter [-] [99756] Writer thread running {{(pid=99756) stat_writer /opt/stack/data/venv/lib/python3.12/site-packages/dbcounter.py:102}}
Aug 16 16:39:32.817237 np0000007376 devstack@g-api.service[99756]: INFO glance.image_cache [None req-a2892897-8147-4f21-b9dd-21f6279660d2 None None] Image cache loaded driver 'centralized_db'.
Aug 16 16:39:32.822970 np0000007376 devstack@g-api.service[99754]: DEBUG dbcounter [-] [99754] Writer thread running {{(pid=99754) stat_writer /opt/stack/data/venv/lib/python3.12/site-packages/dbcounter.py:102}}
Aug 16 16:39:32.824564 np0000007376 devstack@g-api.service[99755]: DEBUG dbcounter [-] [99755] Writer thread running {{(pid=99755) stat_writer /opt/stack/data/venv/lib/python3.12/site-packages/dbcounter.py:102}}
Aug 16 16:39:32.824848 np0000007376 devstack@g-api.service[99756]: DEBUG glance.image_cache.drivers.centralized_db [None req-a2892897-8147-4f21-b9dd-21f6279660d2 None None] Node reference is already recorded, ignoring it {{(pid=99756) configure /opt/stack/glance/glance/image_cache/drivers/centralized_db.py:71}}
Aug 16 16:39:32.825644 np0000007376 devstack@g-api.service[99754]: DEBUG glance.image_cache.drivers.centralized_db [None req-ad47e274-3157-46cc-ae1b-cf9243968ddd None None] Node reference is already recorded, ignoring it {{(pid=99754) configure /opt/stack/glance/glance/image_cache/drivers/centralized_db.py:71}}
Aug 16 16:39:32.827161 np0000007376 devstack@g-api.service[99755]: DEBUG glance.image_cache.drivers.centralized_db [None req-7b92894a-5ef9-4307-8227-42e7f612311d None None] Node reference is already recorded, ignoring it {{(pid=99755) configure /opt/stack/glance/glance/image_cache/drivers/centralized_db.py:71}}
Aug 16 16:39:32.829802 np0000007376 devstack@g-api.service[99756]: DEBUG glance.api.v2.cached_images [None req-a2892897-8147-4f21-b9dd-21f6279660d2 None None] Started cache worker thread {{(pid=99756) __init__ /opt/stack/glance/glance/api/v2/cached_images.py:71}}
Aug 16 16:39:32.830539 np0000007376 devstack@g-api.service[99756]: INFO glance.image_cache [None req-a2892897-8147-4f21-b9dd-21f6279660d2 None None] Image cache loaded driver 'centralized_db'.
Aug 16 16:39:32.830736 np0000007376 devstack@g-api.service[99754]: INFO glance.image_cache [None req-ad47e274-3157-46cc-ae1b-cf9243968ddd None None] Image cache loaded driver 'centralized_db'.
Aug 16 16:39:32.832418 np0000007376 devstack@g-api.service[99755]: INFO glance.image_cache [None req-7b92894a-5ef9-4307-8227-42e7f612311d None None] Image cache loaded driver 'centralized_db'.
Aug 16 16:39:32.836955 np0000007376 devstack@g-api.service[99756]: DEBUG glance.image_cache.drivers.centralized_db [None req-a2892897-8147-4f21-b9dd-21f6279660d2 None None] Node reference is already recorded, ignoring it {{(pid=99756) configure /opt/stack/glance/glance/image_cache/drivers/centralized_db.py:71}}
Aug 16 16:39:32.837147 np0000007376 devstack@g-api.service[99754]: DEBUG glance.image_cache.drivers.centralized_db [None req-ad47e274-3157-46cc-ae1b-cf9243968ddd None None] Node reference is already recorded, ignoring it {{(pid=99754) configure /opt/stack/glance/glance/image_cache/drivers/centralized_db.py:71}}
Aug 16 16:39:32.839341 np0000007376 devstack@g-api.service[99755]: DEBUG glance.image_cache.drivers.centralized_db [None req-7b92894a-5ef9-4307-8227-42e7f612311d None None] Node reference is already recorded, ignoring it {{(pid=99755) configure /opt/stack/glance/glance/image_cache/drivers/centralized_db.py:71}}
Aug 16 16:39:32.841670 np0000007376 devstack@g-api.service[99754]: DEBUG glance.api.v2.cached_images [None req-ad47e274-3157-46cc-ae1b-cf9243968ddd None None] Started cache worker thread {{(pid=99754) __init__ /opt/stack/glance/glance/api/v2/cached_images.py:71}}
Aug 16 16:39:32.842239 np0000007376 devstack@g-api.service[99754]: INFO glance.image_cache [None req-ad47e274-3157-46cc-ae1b-cf9243968ddd None None] Image cache loaded driver 'centralized_db'.
Aug 16 16:39:32.842593 np0000007376 devstack@g-api.service[99756]: INFO glance.api.middleware.cache_manage [None req-a2892897-8147-4f21-b9dd-21f6279660d2 None None] Initialized image cache management middleware
Aug 16 16:39:32.842726 np0000007376 devstack@g-api.service[99756]: INFO glance.image_cache [None req-a2892897-8147-4f21-b9dd-21f6279660d2 None None] Image cache loaded driver 'centralized_db'.
Aug 16 16:39:32.843704 np0000007376 devstack@g-api.service[99755]: DEBUG glance.api.v2.cached_images [None req-7b92894a-5ef9-4307-8227-42e7f612311d None None] Started cache worker thread {{(pid=99755) __init__ /opt/stack/glance/glance/api/v2/cached_images.py:71}}
Aug 16 16:39:32.844293 np0000007376 devstack@g-api.service[99755]: INFO glance.image_cache [None req-7b92894a-5ef9-4307-8227-42e7f612311d None None] Image cache loaded driver 'centralized_db'.
Aug 16 16:39:32.848424 np0000007376 devstack@g-api.service[99754]: DEBUG glance.image_cache.drivers.centralized_db [None req-ad47e274-3157-46cc-ae1b-cf9243968ddd None None] Node reference is already recorded, ignoring it {{(pid=99754) configure /opt/stack/glance/glance/image_cache/drivers/centralized_db.py:71}}
Aug 16 16:39:32.848942 np0000007376 devstack@g-api.service[99756]: DEBUG glance.image_cache.drivers.centralized_db [None req-a2892897-8147-4f21-b9dd-21f6279660d2 None None] Node reference is already recorded, ignoring it {{(pid=99756) configure /opt/stack/glance/glance/image_cache/drivers/centralized_db.py:71}}
Aug 16 16:39:32.850516 np0000007376 devstack@g-api.service[99755]: DEBUG glance.image_cache.drivers.centralized_db [None req-7b92894a-5ef9-4307-8227-42e7f612311d None None] Node reference is already recorded, ignoring it {{(pid=99755) configure /opt/stack/glance/glance/image_cache/drivers/centralized_db.py:71}}
Aug 16 16:39:32.852749 np0000007376 devstack@g-api.service[99756]: INFO glance.api.middleware.cache [None req-a2892897-8147-4f21-b9dd-21f6279660d2 None None] Initialized image cache middleware
Aug 16 16:39:32.853946 np0000007376 devstack@g-api.service[99754]: INFO glance.api.middleware.cache_manage [None req-ad47e274-3157-46cc-ae1b-cf9243968ddd None None] Initialized image cache management middleware
Aug 16 16:39:32.854066 np0000007376 devstack@g-api.service[99754]: INFO glance.image_cache [None req-ad47e274-3157-46cc-ae1b-cf9243968ddd None None] Image cache loaded driver 'centralized_db'.
Aug 16 16:39:32.856135 np0000007376 devstack@g-api.service[99755]: INFO glance.api.middleware.cache_manage [None req-7b92894a-5ef9-4307-8227-42e7f612311d None None] Initialized image cache management middleware
Aug 16 16:39:32.856287 np0000007376 devstack@g-api.service[99755]: INFO glance.image_cache [None req-7b92894a-5ef9-4307-8227-42e7f612311d None None] Image cache loaded driver 'centralized_db'.
Aug 16 16:39:32.860192 np0000007376 devstack@g-api.service[99754]: DEBUG glance.image_cache.drivers.centralized_db [None req-ad47e274-3157-46cc-ae1b-cf9243968ddd None None] Node reference is already recorded, ignoring it {{(pid=99754) configure /opt/stack/glance/glance/image_cache/drivers/centralized_db.py:71}}
Aug 16 16:39:32.862657 np0000007376 devstack@g-api.service[99755]: DEBUG glance.image_cache.drivers.centralized_db [None req-7b92894a-5ef9-4307-8227-42e7f612311d None None] Node reference is already recorded, ignoring it {{(pid=99755) configure /opt/stack/glance/glance/image_cache/drivers/centralized_db.py:71}}
Aug 16 16:39:32.863762 np0000007376 devstack@g-api.service[99754]: INFO glance.api.middleware.cache [None req-ad47e274-3157-46cc-ae1b-cf9243968ddd None None] Initialized image cache middleware
Aug 16 16:39:32.864570 np0000007376 devstack@g-api.service[99756]: DEBUG glance.common.config [None req-a2892897-8147-4f21-b9dd-21f6279660d2 None None] ******************************************************************************** {{(pid=99756) log_opt_values /opt/stack/data/venv/lib/python3.12/site-packages/oslo_config/cfg.py:3533}}
Aug 16 16:39:32.864643 np0000007376 devstack@g-api.service[99756]: DEBUG glance.common.config [None req-a2892897-8147-4f21-b9dd-21f6279660d2 None None] Configuration options gathered from: {{(pid=99756) log_opt_values /opt/stack/data/venv/lib/python3.12/site-packages/oslo_config/cfg.py:3534}}
Aug 16 16:39:32.864959 np0000007376 devstack@g-api.service[99756]: DEBUG glance.common.config [None req-a2892897-8147-4f21-b9dd-21f6279660d2 None None] command line args: [] {{(pid=99756) log_opt_values /opt/stack/data/venv/lib/python3.12/site-packages/oslo_config/cfg.py:3535}}
Aug 16 16:39:32.865077 np0000007376 devstack@g-api.service[99756]: DEBUG glance.common.config [None req-a2892897-8147-4f21-b9dd-21f6279660d2 None None] config files: ['/etc/glance/glance-image-import.conf', '/etc/glance/glance-api.conf'] {{(pid=99756) log_opt_values /opt/stack/data/venv/lib/python3.12/site-packages/oslo_config/cfg.py:3536}}
Aug 16 16:39:32.865156 np0000007376 devstack@g-api.service[99756]: DEBUG glance.common.config [None req-a2892897-8147-4f21-b9dd-21f6279660d2 None None] ================================================================================ {{(pid=99756) log_opt_values /opt/stack/data/venv/lib/python3.12/site-packages/oslo_config/cfg.py:3541}}
Aug 16 16:39:32.865272 np0000007376 devstack@g-api.service[99756]: DEBUG glance.common.config [None req-a2892897-8147-4f21-b9dd-21f6279660d2 None None] allow_anonymous_access = False {{(pid=99756) log_opt_values /opt/stack/data/venv/lib/python3.12/site-packages/oslo_config/cfg.py:3549}}
Aug 16 16:39:32.865389 np0000007376 devstack@g-api.service[99756]: DEBUG glance.common.config [None req-a2892897-8147-4f21-b9dd-21f6279660d2 None None] api_limit_max = 1000 {{(pid=99756) log_opt_values /opt/stack/data/venv/lib/python3.12/site-packages/oslo_config/cfg.py:3549}}
Aug 16 16:39:32.865475 np0000007376 devstack@g-api.service[99756]: DEBUG glance.common.config [None req-a2892897-8147-4f21-b9dd-21f6279660d2 None None] config_dir = [] {{(pid=99756) log_opt_values /opt/stack/data/venv/lib/python3.12/site-packages/oslo_config/cfg.py:3549}}
Aug 16 16:39:32.865575 np0000007376 devstack@g-api.service[99756]: DEBUG glance.common.config [None req-a2892897-8147-4f21-b9dd-21f6279660d2 None None] config_file = ['/etc/glance/glance-image-import.conf', '/etc/glance/glance-api.conf'] {{(pid=99756) log_opt_values /opt/stack/data/venv/lib/python3.12/site-packages/oslo_config/cfg.py:3549}}
Aug 16 16:39:32.865669 np0000007376 devstack@g-api.service[99756]: DEBUG glance.common.config [None req-a2892897-8147-4f21-b9dd-21f6279660d2 None None] config_source = [] {{(pid=99756) log_opt_values /opt/stack/data/venv/lib/python3.12/site-packages/oslo_config/cfg.py:3549}}
Aug 16 16:39:32.865789 np0000007376 devstack@g-api.service[99756]: DEBUG glance.common.config [None req-a2892897-8147-4f21-b9dd-21f6279660d2 None None] control_exchange = glance {{(pid=99756) log_opt_values /opt/stack/data/venv/lib/python3.12/site-packages/oslo_config/cfg.py:3549}}
Aug 16 16:39:32.865878 np0000007376 devstack@g-api.service[99756]: DEBUG glance.common.config [None req-a2892897-8147-4f21-b9dd-21f6279660d2 None None] debug = True {{(pid=99756) log_opt_values /opt/stack/data/venv/lib/python3.12/site-packages/oslo_config/cfg.py:3549}}
Aug 16 16:39:32.866020 np0000007376 devstack@g-api.service[99756]: DEBUG glance.common.config [None req-a2892897-8147-4f21-b9dd-21f6279660d2 None None] default_log_levels = ['amqp=WARN', 'boto=WARN', 'sqlalchemy=WARN', 'suds=INFO', 'oslo.messaging=INFO', 'oslo_messaging=INFO', 'iso8601=WARN', 'requests.packages.urllib3.connectionpool=WARN', 'urllib3.connectionpool=WARN', 'websocket=WARN', 'requests.packages.urllib3.util.retry=WARN', 'urllib3.util.retry=WARN', 'keystonemiddleware=WARN', 'routes.middleware=WARN', 'stevedore=WARN', 'taskflow=WARN', 'keystoneauth=WARN', 'oslo.cache=INFO', 'oslo_policy=INFO', 'dogpile.core.dogpile=INFO'] {{(pid=99756) log_opt_values /opt/stack/data/venv/lib/python3.12/site-packages/oslo_config/cfg.py:3549}}
Aug 16 16:39:32.866117 np0000007376 devstack@g-api.service[99756]: DEBUG glance.common.config [None req-a2892897-8147-4f21-b9dd-21f6279660d2 None None] default_publisher_id = image.localhost {{(pid=99756) log_opt_values /opt/stack/data/venv/lib/python3.12/site-packages/oslo_config/cfg.py:3549}}
Aug 16 16:39:32.866215 np0000007376 devstack@g-api.service[99756]: DEBUG glance.common.config [None req-a2892897-8147-4f21-b9dd-21f6279660d2 None None] delayed_delete = False {{(pid=99756) log_opt_values /opt/stack/data/venv/lib/python3.12/site-packages/oslo_config/cfg.py:3549}}
Aug 16 16:39:32.866349 np0000007376 devstack@g-api.service[99756]: DEBUG glance.common.config [None req-a2892897-8147-4f21-b9dd-21f6279660d2 None None] digest_algorithm = sha256 {{(pid=99756) log_opt_values /opt/stack/data/venv/lib/python3.12/site-packages/oslo_config/cfg.py:3549}}
Aug 16 16:39:32.866450 np0000007376 devstack@g-api.service[99755]: INFO glance.api.middleware.cache [None req-7b92894a-5ef9-4307-8227-42e7f612311d None None] Initialized image cache middleware
Aug 16 16:39:32.866528 np0000007376 devstack@g-api.service[99756]: DEBUG glance.common.config [None req-a2892897-8147-4f21-b9dd-21f6279660d2 None None] disabled_notifications = [] {{(pid=99756) log_opt_values /opt/stack/data/venv/lib/python3.12/site-packages/oslo_config/cfg.py:3549}}
Aug 16 16:39:32.866594 np0000007376 devstack@g-api.service[99756]: DEBUG glance.common.config [None req-a2892897-8147-4f21-b9dd-21f6279660d2 None None] do_secure_hash = True {{(pid=99756) log_opt_values /opt/stack/data/venv/lib/python3.12/site-packages/oslo_config/cfg.py:3549}}
Aug 16 16:39:32.866667 np0000007376 devstack@g-api.service[99756]: DEBUG glance.common.config [None req-a2892897-8147-4f21-b9dd-21f6279660d2 None None] enabled_backends = None {{(pid=99756) log_opt_values /opt/stack/data/venv/lib/python3.12/site-packages/oslo_config/cfg.py:3549}}
Aug 16 16:39:32.866791 np0000007376 devstack@g-api.service[99756]: DEBUG glance.common.config [None req-a2892897-8147-4f21-b9dd-21f6279660d2 None None] enabled_import_methods = ['glance-direct', 'web-download', 'copy-image'] {{(pid=99756) log_opt_values /opt/stack/data/venv/lib/python3.12/site-packages/oslo_config/cfg.py:3549}}
Aug 16 16:39:32.866898 np0000007376 devstack@g-api.service[99756]: DEBUG glance.common.config [None req-a2892897-8147-4f21-b9dd-21f6279660d2 None None] fatal_deprecations = False {{(pid=99756) log_opt_values /opt/stack/data/venv/lib/python3.12/site-packages/oslo_config/cfg.py:3549}}
Aug 16 16:39:32.866991 np0000007376 devstack@g-api.service[99756]: DEBUG glance.common.config [None req-a2892897-8147-4f21-b9dd-21f6279660d2 None None] hashing_algorithm = sha512 {{(pid=99756) log_opt_values /opt/stack/data/venv/lib/python3.12/site-packages/oslo_config/cfg.py:3549}}
Aug 16 16:39:32.867072 np0000007376 devstack@g-api.service[99756]: DEBUG glance.common.config [None req-a2892897-8147-4f21-b9dd-21f6279660d2 None None] http_retries = 3 {{(pid=99756) log_opt_values /opt/stack/data/venv/lib/python3.12/site-packages/oslo_config/cfg.py:3549}}
Aug 16 16:39:32.867164 np0000007376 devstack@g-api.service[99756]: DEBUG glance.common.config [None req-a2892897-8147-4f21-b9dd-21f6279660d2 None None] image_cache_dir = /opt/stack/data/glance/cache/ {{(pid=99756) log_opt_values /opt/stack/data/venv/lib/python3.12/site-packages/oslo_config/cfg.py:3549}}
Aug 16 16:39:32.867288 np0000007376 devstack@g-api.service[99756]: DEBUG glance.common.config [None req-a2892897-8147-4f21-b9dd-21f6279660d2 None None] image_cache_driver = centralized_db {{(pid=99756) log_opt_values /opt/stack/data/venv/lib/python3.12/site-packages/oslo_config/cfg.py:3549}}
Aug 16 16:39:32.867396 np0000007376 devstack@g-api.service[99756]: DEBUG glance.common.config [None req-a2892897-8147-4f21-b9dd-21f6279660d2 None None] image_cache_max_size = 10737418240 {{(pid=99756) log_opt_values /opt/stack/data/venv/lib/python3.12/site-packages/oslo_config/cfg.py:3549}}
Aug 16 16:39:32.867528 np0000007376 devstack@g-api.service[99756]: DEBUG glance.common.config [None req-a2892897-8147-4f21-b9dd-21f6279660d2 None None] image_cache_sqlite_db = cache.db {{(pid=99756) log_opt_values /opt/stack/data/venv/lib/python3.12/site-packages/oslo_config/cfg.py:3549}}
Aug 16 16:39:32.867617 np0000007376 devstack@g-api.service[99756]: DEBUG glance.common.config [None req-a2892897-8147-4f21-b9dd-21f6279660d2 None None] image_cache_stall_time = 86400 {{(pid=99756) log_opt_values /opt/stack/data/venv/lib/python3.12/site-packages/oslo_config/cfg.py:3549}}
Aug 16 16:39:32.867704 np0000007376 devstack@g-api.service[99756]: DEBUG glance.common.config [None req-a2892897-8147-4f21-b9dd-21f6279660d2 None None] image_location_quota = 10 {{(pid=99756) log_opt_values /opt/stack/data/venv/lib/python3.12/site-packages/oslo_config/cfg.py:3549}}
Aug 16 16:39:32.867781 np0000007376 devstack@g-api.service[99756]: DEBUG glance.common.config [None req-a2892897-8147-4f21-b9dd-21f6279660d2 None None] image_member_quota = 128 {{(pid=99756) log_opt_values /opt/stack/data/venv/lib/python3.12/site-packages/oslo_config/cfg.py:3549}}
Aug 16 16:39:32.867864 np0000007376 devstack@g-api.service[99756]: DEBUG glance.common.config [None req-a2892897-8147-4f21-b9dd-21f6279660d2 None None] image_property_quota = 128 {{(pid=99756) log_opt_values /opt/stack/data/venv/lib/python3.12/site-packages/oslo_config/cfg.py:3549}}
Aug 16 16:39:32.867950 np0000007376 devstack@g-api.service[99756]: DEBUG glance.common.config [None req-a2892897-8147-4f21-b9dd-21f6279660d2 None None] image_size_cap = 1099511627776 {{(pid=99756) log_opt_values /opt/stack/data/venv/lib/python3.12/site-packages/oslo_config/cfg.py:3549}}
Aug 16 16:39:32.868032 np0000007376 devstack@g-api.service[99756]: DEBUG glance.common.config [None req-a2892897-8147-4f21-b9dd-21f6279660d2 None None] image_tag_quota = 128 {{(pid=99756) log_opt_values /opt/stack/data/venv/lib/python3.12/site-packages/oslo_config/cfg.py:3549}}
Aug 16 16:39:32.868123 np0000007376 devstack@g-api.service[99756]: DEBUG glance.common.config [None req-a2892897-8147-4f21-b9dd-21f6279660d2 None None] instance_format = [instance: %(uuid)s] {{(pid=99756) log_opt_values /opt/stack/data/venv/lib/python3.12/site-packages/oslo_config/cfg.py:3549}}
Aug 16 16:39:32.868276 np0000007376 devstack@g-api.service[99756]: DEBUG glance.common.config [None req-a2892897-8147-4f21-b9dd-21f6279660d2 None None] instance_uuid_format = [instance: %(uuid)s] {{(pid=99756) log_opt_values /opt/stack/data/venv/lib/python3.12/site-packages/oslo_config/cfg.py:3549}}
Aug 16 16:39:32.868384 np0000007376 devstack@g-api.service[99756]: DEBUG glance.common.config [None req-a2892897-8147-4f21-b9dd-21f6279660d2 None None] limit_param_default = 25 {{(pid=99756) log_opt_values /opt/stack/data/venv/lib/python3.12/site-packages/oslo_config/cfg.py:3549}}
Aug 16 16:39:32.868523 np0000007376 devstack@g-api.service[99756]: DEBUG glance.common.config [None req-a2892897-8147-4f21-b9dd-21f6279660d2 None None] log_color = False {{(pid=99756) log_opt_values /opt/stack/data/venv/lib/python3.12/site-packages/oslo_config/cfg.py:3549}}
Aug 16 16:39:32.868641 np0000007376 devstack@g-api.service[99756]: DEBUG glance.common.config [None req-a2892897-8147-4f21-b9dd-21f6279660d2 None None] log_config_append = None {{(pid=99756) log_opt_values /opt/stack/data/venv/lib/python3.12/site-packages/oslo_config/cfg.py:3549}}
Aug 16 16:39:32.868738 np0000007376 devstack@g-api.service[99756]: DEBUG glance.common.config [None req-a2892897-8147-4f21-b9dd-21f6279660d2 None None] log_date_format = %Y-%m-%d %H:%M:%S {{(pid=99756) log_opt_values /opt/stack/data/venv/lib/python3.12/site-packages/oslo_config/cfg.py:3549}}
Aug 16 16:39:32.868842 np0000007376 devstack@g-api.service[99756]: DEBUG glance.common.config [None req-a2892897-8147-4f21-b9dd-21f6279660d2 None None] log_dir = None {{(pid=99756) log_opt_values /opt/stack/data/venv/lib/python3.12/site-packages/oslo_config/cfg.py:3549}}
Aug 16 16:39:32.868932 np0000007376 devstack@g-api.service[99756]: DEBUG glance.common.config [None req-a2892897-8147-4f21-b9dd-21f6279660d2 None None] log_file = None {{(pid=99756) log_opt_values /opt/stack/data/venv/lib/python3.12/site-packages/oslo_config/cfg.py:3549}}
Aug 16 16:39:32.869019 np0000007376 devstack@g-api.service[99756]: DEBUG glance.common.config [None req-a2892897-8147-4f21-b9dd-21f6279660d2 None None] log_rotate_interval = 1 {{(pid=99756) log_opt_values /opt/stack/data/venv/lib/python3.12/site-packages/oslo_config/cfg.py:3549}}
Aug 16 16:39:32.869111 np0000007376 devstack@g-api.service[99756]: DEBUG glance.common.config [None req-a2892897-8147-4f21-b9dd-21f6279660d2 None None] log_rotate_interval_type = days {{(pid=99756) log_opt_values /opt/stack/data/venv/lib/python3.12/site-packages/oslo_config/cfg.py:3549}}
Aug 16 16:39:32.869217 np0000007376 devstack@g-api.service[99756]: DEBUG glance.common.config [None req-a2892897-8147-4f21-b9dd-21f6279660d2 None None] log_rotation_type = none {{(pid=99756) log_opt_values /opt/stack/data/venv/lib/python3.12/site-packages/oslo_config/cfg.py:3549}}
Aug 16 16:39:32.869310 np0000007376 devstack@g-api.service[99756]: DEBUG glance.common.config [None req-a2892897-8147-4f21-b9dd-21f6279660d2 None None] logging_context_format_string = %(color)s%(levelname)s %(name)s [%(global_request_id)s %(request_id)s %(project_name)s %(user_name)s%(color)s] %(instance)s%(color)s%(message)s {{(pid=99756) log_opt_values /opt/stack/data/venv/lib/python3.12/site-packages/oslo_config/cfg.py:3549}}
Aug 16 16:39:32.869412 np0000007376 devstack@g-api.service[99756]: DEBUG glance.common.config [None req-a2892897-8147-4f21-b9dd-21f6279660d2 None None] logging_debug_format_suffix = {{(pid=%(process)d) %(funcName)s %(pathname)s:%(lineno)d}} {{(pid=99756) log_opt_values /opt/stack/data/venv/lib/python3.12/site-packages/oslo_config/cfg.py:3549}}
Aug 16 16:39:32.869546 np0000007376 devstack@g-api.service[99756]: DEBUG glance.common.config [None req-a2892897-8147-4f21-b9dd-21f6279660d2 None None] logging_default_format_string = %(color)s%(levelname)s %(name)s [-%(color)s] %(instance)s%(color)s%(message)s {{(pid=99756) log_opt_values /opt/stack/data/venv/lib/python3.12/site-packages/oslo_config/cfg.py:3549}}
Aug 16 16:39:32.869644 np0000007376 devstack@g-api.service[99756]: DEBUG glance.common.config [None req-a2892897-8147-4f21-b9dd-21f6279660d2 None None] logging_exception_prefix = ERROR %(name)s %(instance)s {{(pid=99756) log_opt_values /opt/stack/data/venv/lib/python3.12/site-packages/oslo_config/cfg.py:3549}}
Aug 16 16:39:32.869711 np0000007376 devstack@g-api.service[99756]: DEBUG glance.common.config [None req-a2892897-8147-4f21-b9dd-21f6279660d2 None None] logging_user_identity_format = %(user)s %(project)s %(domain)s %(system_scope)s %(user_domain)s %(project_domain)s {{(pid=99756) log_opt_values /opt/stack/data/venv/lib/python3.12/site-packages/oslo_config/cfg.py:3549}}
Aug 16 16:39:32.869798 np0000007376 devstack@g-api.service[99756]: DEBUG glance.common.config [None req-a2892897-8147-4f21-b9dd-21f6279660d2 None None] max_logfile_count = 30 {{(pid=99756) log_opt_values /opt/stack/data/venv/lib/python3.12/site-packages/oslo_config/cfg.py:3549}}
Aug 16 16:39:32.869900 np0000007376 devstack@g-api.service[99756]: DEBUG glance.common.config [None req-a2892897-8147-4f21-b9dd-21f6279660d2 None None] max_logfile_size_mb = 200 {{(pid=99756) log_opt_values /opt/stack/data/venv/lib/python3.12/site-packages/oslo_config/cfg.py:3549}}
Aug 16 16:39:32.869987 np0000007376 devstack@g-api.service[99756]: DEBUG glance.common.config [None req-a2892897-8147-4f21-b9dd-21f6279660d2 None None] max_request_id_length = 64 {{(pid=99756) log_opt_values /opt/stack/data/venv/lib/python3.12/site-packages/oslo_config/cfg.py:3549}}
Aug 16 16:39:32.870074 np0000007376 devstack@g-api.service[99756]: DEBUG glance.common.config [None req-a2892897-8147-4f21-b9dd-21f6279660d2 None None] metadata_encryption_key = **** {{(pid=99756) log_opt_values /opt/stack/data/venv/lib/python3.12/site-packages/oslo_config/cfg.py:3549}}
Aug 16 16:39:32.870164 np0000007376 devstack@g-api.service[99756]: DEBUG glance.common.config [None req-a2892897-8147-4f21-b9dd-21f6279660d2 None None] node_staging_uri = file:///tmp/staging/ {{(pid=99756) log_opt_values /opt/stack/data/venv/lib/python3.12/site-packages/oslo_config/cfg.py:3549}}
Aug 16 16:39:32.870270 np0000007376 devstack@g-api.service[99756]: DEBUG glance.common.config [None req-a2892897-8147-4f21-b9dd-21f6279660d2 None None] property_protection_file = None {{(pid=99756) log_opt_values /opt/stack/data/venv/lib/python3.12/site-packages/oslo_config/cfg.py:3549}}
Aug 16 16:39:32.870386 np0000007376 devstack@g-api.service[99756]: DEBUG glance.common.config [None req-a2892897-8147-4f21-b9dd-21f6279660d2 None None] property_protection_rule_format = roles {{(pid=99756) log_opt_values /opt/stack/data/venv/lib/python3.12/site-packages/oslo_config/cfg.py:3549}}
Aug 16 16:39:32.870490 np0000007376 devstack@g-api.service[99756]: DEBUG glance.common.config [None req-a2892897-8147-4f21-b9dd-21f6279660d2 None None] public_endpoint = https://10.4.3.119/image {{(pid=99756) log_opt_values /opt/stack/data/venv/lib/python3.12/site-packages/oslo_config/cfg.py:3549}}
Aug 16 16:39:32.870609 np0000007376 devstack@g-api.service[99756]: DEBUG glance.common.config [None req-a2892897-8147-4f21-b9dd-21f6279660d2 None None] publish_errors = False {{(pid=99756) log_opt_values /opt/stack/data/venv/lib/python3.12/site-packages/oslo_config/cfg.py:3549}}
Aug 16 16:39:32.870731 np0000007376 devstack@g-api.service[99756]: DEBUG glance.common.config [None req-a2892897-8147-4f21-b9dd-21f6279660d2 None None] pydev_worker_debug_host = None {{(pid=99756) log_opt_values /opt/stack/data/venv/lib/python3.12/site-packages/oslo_config/cfg.py:3549}}
Aug 16 16:39:32.870829 np0000007376 devstack@g-api.service[99756]: DEBUG glance.common.config [None req-a2892897-8147-4f21-b9dd-21f6279660d2 None None] pydev_worker_debug_port = 5678 {{(pid=99756) log_opt_values /opt/stack/data/venv/lib/python3.12/site-packages/oslo_config/cfg.py:3549}}
Aug 16 16:39:32.870941 np0000007376 devstack@g-api.service[99756]: DEBUG glance.common.config [None req-a2892897-8147-4f21-b9dd-21f6279660d2 None None] rate_limit_burst = 0 {{(pid=99756) log_opt_values /opt/stack/data/venv/lib/python3.12/site-packages/oslo_config/cfg.py:3549}}
Aug 16 16:39:32.871053 np0000007376 devstack@g-api.service[99756]: DEBUG glance.common.config [None req-a2892897-8147-4f21-b9dd-21f6279660d2 None None] rate_limit_except_level = CRITICAL {{(pid=99756) log_opt_values /opt/stack/data/venv/lib/python3.12/site-packages/oslo_config/cfg.py:3549}}
Aug 16 16:39:32.871144 np0000007376 devstack@g-api.service[99756]: DEBUG glance.common.config [None req-a2892897-8147-4f21-b9dd-21f6279660d2 None None] rate_limit_interval = 0 {{(pid=99756) log_opt_values /opt/stack/data/venv/lib/python3.12/site-packages/oslo_config/cfg.py:3549}}
Aug 16 16:39:32.871246 np0000007376 devstack@g-api.service[99756]: DEBUG glance.common.config [None req-a2892897-8147-4f21-b9dd-21f6279660d2 None None] scrub_pool_size = 1 {{(pid=99756) log_opt_values /opt/stack/data/venv/lib/python3.12/site-packages/oslo_config/cfg.py:3549}}
Aug 16 16:39:32.871348 np0000007376 devstack@g-api.service[99756]: DEBUG glance.common.config [None req-a2892897-8147-4f21-b9dd-21f6279660d2 None None] scrub_time = 0 {{(pid=99756) log_opt_values /opt/stack/data/venv/lib/python3.12/site-packages/oslo_config/cfg.py:3549}}
Aug 16 16:39:32.871452 np0000007376 devstack@g-api.service[99756]: DEBUG glance.common.config [None req-a2892897-8147-4f21-b9dd-21f6279660d2 None None] shell_completion = None {{(pid=99756) log_opt_values /opt/stack/data/venv/lib/python3.12/site-packages/oslo_config/cfg.py:3549}}
Aug 16 16:39:32.871569 np0000007376 devstack@g-api.service[99756]: DEBUG glance.common.config [None req-a2892897-8147-4f21-b9dd-21f6279660d2 None None] show_image_direct_url = False {{(pid=99756) log_opt_values /opt/stack/data/venv/lib/python3.12/site-packages/oslo_config/cfg.py:3549}}
Aug 16 16:39:32.871772 np0000007376 devstack@g-api.service[99756]: WARNING oslo_config.cfg [None req-a2892897-8147-4f21-b9dd-21f6279660d2 None None] Deprecated: Option "show_multiple_locations" from group "DEFAULT" is deprecated for removal (Use of this option, deprecated since Newton, is a security risk and will be removed once we figure out a way to satisfy those use cases that currently require it. An earlier announcement that the same functionality can be achieved with greater granularity by using policies is incorrect. You cannot work around this option via policy configuration at the present time, though that is the direction we believe the fix will take. Please keep an eye on the Glance release notes to stay up to date on progress in addressing this issue.). Its value may be silently ignored in the future.
Aug 16 16:39:32.871884 np0000007376 devstack@g-api.service[99756]: DEBUG glance.common.config [None req-a2892897-8147-4f21-b9dd-21f6279660d2 None None] show_multiple_locations = False {{(pid=99756) log_opt_values /opt/stack/data/venv/lib/python3.12/site-packages/oslo_config/cfg.py:3549}}
Aug 16 16:39:32.871983 np0000007376 devstack@g-api.service[99756]: DEBUG glance.common.config [None req-a2892897-8147-4f21-b9dd-21f6279660d2 None None] syslog_log_facility = LOG_USER {{(pid=99756) log_opt_values /opt/stack/data/venv/lib/python3.12/site-packages/oslo_config/cfg.py:3549}}
Aug 16 16:39:32.872075 np0000007376 devstack@g-api.service[99756]: DEBUG glance.common.config [None req-a2892897-8147-4f21-b9dd-21f6279660d2 None None] transport_url = **** {{(pid=99756) log_opt_values /opt/stack/data/venv/lib/python3.12/site-packages/oslo_config/cfg.py:3549}}
Aug 16 16:39:32.872163 np0000007376 devstack@g-api.service[99756]: DEBUG glance.common.config [None req-a2892897-8147-4f21-b9dd-21f6279660d2 None None] use_journal = False {{(pid=99756) log_opt_values /opt/stack/data/venv/lib/python3.12/site-packages/oslo_config/cfg.py:3549}}
Aug 16 16:39:32.872267 np0000007376 devstack@g-api.service[99756]: DEBUG glance.common.config [None req-a2892897-8147-4f21-b9dd-21f6279660d2 None None] use_json = False {{(pid=99756) log_opt_values /opt/stack/data/venv/lib/python3.12/site-packages/oslo_config/cfg.py:3549}}
Aug 16 16:39:32.872390 np0000007376 devstack@g-api.service[99756]: DEBUG glance.common.config [None req-a2892897-8147-4f21-b9dd-21f6279660d2 None None] use_keystone_limits = True {{(pid=99756) log_opt_values /opt/stack/data/venv/lib/python3.12/site-packages/oslo_config/cfg.py:3549}}
Aug 16 16:39:32.872475 np0000007376 devstack@g-api.service[99756]: DEBUG glance.common.config [None req-a2892897-8147-4f21-b9dd-21f6279660d2 None None] use_stderr = False {{(pid=99756) log_opt_values /opt/stack/data/venv/lib/python3.12/site-packages/oslo_config/cfg.py:3549}}
Aug 16 16:39:32.872605 np0000007376 devstack@g-api.service[99756]: DEBUG glance.common.config [None req-a2892897-8147-4f21-b9dd-21f6279660d2 None None] use_syslog = False {{(pid=99756) log_opt_values /opt/stack/data/venv/lib/python3.12/site-packages/oslo_config/cfg.py:3549}}
Aug 16 16:39:32.872701 np0000007376 devstack@g-api.service[99756]: DEBUG glance.common.config [None req-a2892897-8147-4f21-b9dd-21f6279660d2 None None] user_storage_quota = 0 {{(pid=99756) log_opt_values /opt/stack/data/venv/lib/python3.12/site-packages/oslo_config/cfg.py:3549}}
Aug 16 16:39:32.872792 np0000007376 devstack@g-api.service[99756]: DEBUG glance.common.config [None req-a2892897-8147-4f21-b9dd-21f6279660d2 None None] worker_self_reference_url = http://127.0.0.1:60999 {{(pid=99756) log_opt_values /opt/stack/data/venv/lib/python3.12/site-packages/oslo_config/cfg.py:3549}}
Aug 16 16:39:32.872924 np0000007376 devstack@g-api.service[99756]: DEBUG glance.common.config [None req-a2892897-8147-4f21-b9dd-21f6279660d2 None None] oslo_concurrency.disable_process_locking = False {{(pid=99756) log_opt_values /opt/stack/data/venv/lib/python3.12/site-packages/oslo_config/cfg.py:3560}}
Aug 16 16:39:32.873058 np0000007376 devstack@g-api.service[99756]: DEBUG glance.common.config [None req-a2892897-8147-4f21-b9dd-21f6279660d2 None None] oslo_concurrency.lock_path = /opt/stack/data/glance/locks {{(pid=99756) log_opt_values /opt/stack/data/venv/lib/python3.12/site-packages/oslo_config/cfg.py:3560}}
Aug 16 16:39:32.873157 np0000007376 devstack@g-api.service[99756]: DEBUG glance.common.config [None req-a2892897-8147-4f21-b9dd-21f6279660d2 None None] oslo_middleware.enable_proxy_headers_parsing = False {{(pid=99756) log_opt_values /opt/stack/data/venv/lib/python3.12/site-packages/oslo_config/cfg.py:3560}}
Aug 16 16:39:32.873306 np0000007376 devstack@g-api.service[99756]: DEBUG glance.common.config [None req-a2892897-8147-4f21-b9dd-21f6279660d2 None None] oslo_middleware.http_basic_auth_user_file = /etc/htpasswd {{(pid=99756) log_opt_values /opt/stack/data/venv/lib/python3.12/site-packages/oslo_config/cfg.py:3560}}
Aug 16 16:39:32.873427 np0000007376 devstack@g-api.service[99756]: DEBUG glance.common.config [None req-a2892897-8147-4f21-b9dd-21f6279660d2 None None] paste_deploy.config_file = None {{(pid=99756) log_opt_values /opt/stack/data/venv/lib/python3.12/site-packages/oslo_config/cfg.py:3560}}
Aug 16 16:39:32.873547 np0000007376 devstack@g-api.service[99756]: DEBUG glance.common.config [None req-a2892897-8147-4f21-b9dd-21f6279660d2 None None] paste_deploy.flavor = keystone+cachemanagement {{(pid=99756) log_opt_values /opt/stack/data/venv/lib/python3.12/site-packages/oslo_config/cfg.py:3560}}
Aug 16 16:39:32.873681 np0000007376 devstack@g-api.service[99756]: DEBUG glance.common.config [None req-a2892897-8147-4f21-b9dd-21f6279660d2 None None] image_format.container_formats = ['ami', 'ari', 'aki', 'bare', 'ovf', 'ova', 'docker', 'compressed'] {{(pid=99756) log_opt_values /opt/stack/data/venv/lib/python3.12/site-packages/oslo_config/cfg.py:3560}}
Aug 16 16:39:32.873809 np0000007376 devstack@g-api.service[99756]: DEBUG glance.common.config [None req-a2892897-8147-4f21-b9dd-21f6279660d2 None None] image_format.disk_formats = ['ami', 'ari', 'aki', 'vhd', 'vhdx', 'vmdk', 'raw', 'qcow2', 'vdi', 'iso', 'ploop'] {{(pid=99756) log_opt_values /opt/stack/data/venv/lib/python3.12/site-packages/oslo_config/cfg.py:3560}}
Aug 16 16:39:32.873910 np0000007376 devstack@g-api.service[99756]: DEBUG glance.common.config [None req-a2892897-8147-4f21-b9dd-21f6279660d2 None None] image_format.gpt_safety_checks_nonfatal = [] {{(pid=99756) log_opt_values /opt/stack/data/venv/lib/python3.12/site-packages/oslo_config/cfg.py:3560}}
Aug 16 16:39:32.873998 np0000007376 devstack@g-api.service[99756]: DEBUG glance.common.config [None req-a2892897-8147-4f21-b9dd-21f6279660d2 None None] image_format.require_image_format_match = True {{(pid=99756) log_opt_values /opt/stack/data/venv/lib/python3.12/site-packages/oslo_config/cfg.py:3560}}
Aug 16 16:39:32.874092 np0000007376 devstack@g-api.service[99756]: DEBUG glance.common.config [None req-a2892897-8147-4f21-b9dd-21f6279660d2 None None] image_format.vmdk_allowed_types = ['streamOptimized', 'monolithicSparse'] {{(pid=99756) log_opt_values /opt/stack/data/venv/lib/python3.12/site-packages/oslo_config/cfg.py:3560}}
Aug 16 16:39:32.874189 np0000007376 devstack@g-api.service[99756]: DEBUG glance.common.config [None req-a2892897-8147-4f21-b9dd-21f6279660d2 None None] task.task_executor = taskflow {{(pid=99756) log_opt_values /opt/stack/data/venv/lib/python3.12/site-packages/oslo_config/cfg.py:3560}}
Aug 16 16:39:32.874310 np0000007376 devstack@g-api.service[99756]: DEBUG glance.common.config [None req-a2892897-8147-4f21-b9dd-21f6279660d2 None None] task.task_time_to_live = 48 {{(pid=99756) log_opt_values /opt/stack/data/venv/lib/python3.12/site-packages/oslo_config/cfg.py:3560}}
Aug 16 16:39:32.874442 np0000007376 devstack@g-api.service[99756]: DEBUG glance.common.config [None req-a2892897-8147-4f21-b9dd-21f6279660d2 None None] task.work_dir = None {{(pid=99756) log_opt_values /opt/stack/data/venv/lib/python3.12/site-packages/oslo_config/cfg.py:3560}}
Aug 16 16:39:32.874532 np0000007376 devstack@g-api.service[99754]: DEBUG glance.common.config [None req-ad47e274-3157-46cc-ae1b-cf9243968ddd None None] ******************************************************************************** {{(pid=99754) log_opt_values /opt/stack/data/venv/lib/python3.12/site-packages/oslo_config/cfg.py:3533}}
Aug 16 16:39:32.874598 np0000007376 devstack@g-api.service[99756]: DEBUG glance.common.config [None req-a2892897-8147-4f21-b9dd-21f6279660d2 None None] wsgi.python_interpreter = /opt/stack/data/venv/bin/python3 {{(pid=99756) log_opt_values /opt/stack/data/venv/lib/python3.12/site-packages/oslo_config/cfg.py:3560}}
Aug 16 16:39:32.874658 np0000007376 devstack@g-api.service[99754]: DEBUG glance.common.config [None req-ad47e274-3157-46cc-ae1b-cf9243968ddd None None] Configuration options gathered from: {{(pid=99754) log_opt_values /opt/stack/data/venv/lib/python3.12/site-packages/oslo_config/cfg.py:3534}}
Aug 16 16:39:32.874710 np0000007376 devstack@g-api.service[99756]: DEBUG glance.common.config [None req-a2892897-8147-4f21-b9dd-21f6279660d2 None None] wsgi.task_pool_threads = 16 {{(pid=99756) log_opt_values /opt/stack/data/venv/lib/python3.12/site-packages/oslo_config/cfg.py:3560}}
Aug 16 16:39:32.874756 np0000007376 devstack@g-api.service[99756]: DEBUG glance.common.config [None req-a2892897-8147-4f21-b9dd-21f6279660d2 None None] import_filtering_opts.allowed_hosts = [] {{(pid=99756) log_opt_values /opt/stack/data/venv/lib/python3.12/site-packages/oslo_config/cfg.py:3560}}
Aug 16 16:39:32.874857 np0000007376 devstack@g-api.service[99756]: DEBUG glance.common.config [None req-a2892897-8147-4f21-b9dd-21f6279660d2 None None] import_filtering_opts.allowed_ports = [80, 443] {{(pid=99756) log_opt_values /opt/stack/data/venv/lib/python3.12/site-packages/oslo_config/cfg.py:3560}}
Aug 16 16:39:32.874960 np0000007376 devstack@g-api.service[99756]: DEBUG glance.common.config [None req-a2892897-8147-4f21-b9dd-21f6279660d2 None None] import_filtering_opts.allowed_schemes = ['http', 'https'] {{(pid=99756) log_opt_values /opt/stack/data/venv/lib/python3.12/site-packages/oslo_config/cfg.py:3560}}
Aug 16 16:39:32.875054 np0000007376 devstack@g-api.service[99756]: DEBUG glance.common.config [None req-a2892897-8147-4f21-b9dd-21f6279660d2 None None] import_filtering_opts.disallowed_hosts = [] {{(pid=99756) log_opt_values /opt/stack/data/venv/lib/python3.12/site-packages/oslo_config/cfg.py:3560}}
