Jun 26 03:56:25.887401 np0000003692 devstack@g-api.service[99577]: DEBUG glance.api.middleware.version_negotiation [None req-906cf3fb-dfd1-4ad9-85a5-f309cc7bcfec tempest-ServerBootFromVolumeStableRescueTest-1707423302 tempest-ServerBootFromVolumeStableRescueTest-1707423302-project-member] Determining version of request: GET /v2/images/b3c72726-85f5-47e8-8c8d-a3e5f3027193 Accept: */* {{(pid=99577) process_request /opt/stack/glance/glance/api/middleware/version_negotiation.py:44}}
Jun 26 03:56:25.887765 np0000003692 devstack@g-api.service[99577]: DEBUG glance.api.middleware.version_negotiation [None req-906cf3fb-dfd1-4ad9-85a5-f309cc7bcfec tempest-ServerBootFromVolumeStableRescueTest-1707423302 tempest-ServerBootFromVolumeStableRescueTest-1707423302-project-member] Using url versioning {{(pid=99577) process_request /opt/stack/glance/glance/api/middleware/version_negotiation.py:57}}
Jun 26 03:56:25.887823 np0000003692 devstack@g-api.service[99577]: DEBUG glance.api.middleware.version_negotiation [None req-906cf3fb-dfd1-4ad9-85a5-f309cc7bcfec tempest-ServerBootFromVolumeStableRescueTest-1707423302 tempest-ServerBootFromVolumeStableRescueTest-1707423302-project-member] Matched version: v2 {{(pid=99577) process_request /opt/stack/glance/glance/api/middleware/version_negotiation.py:69}}
Jun 26 03:56:25.888007 np0000003692 devstack@g-api.service[99577]: DEBUG glance.api.middleware.version_negotiation [None req-906cf3fb-dfd1-4ad9-85a5-f309cc7bcfec tempest-ServerBootFromVolumeStableRescueTest-1707423302 tempest-ServerBootFromVolumeStableRescueTest-1707423302-project-member] new path /v2/images/b3c72726-85f5-47e8-8c8d-a3e5f3027193 {{(pid=99577) process_request /opt/stack/glance/glance/api/middleware/version_negotiation.py:70}}
Jun 26 03:56:25.900177 np0000003692 devstack@g-api.service[99577]: [pid: 99577|app: 0|req: 75/253] 127.0.0.1 () {44 vars in 1107 bytes} [Fri Jun 26 03:56:25 2026] GET /v2/images/b3c72726-85f5-47e8-8c8d-a3e5f3027193 => generated 1360 bytes in 13 msecs (HTTP/1.1 200) 4 headers in 158 bytes (1 switches on core 0)
Jun 26 03:56:25.942519 np0000003692 devstack@g-api.service[99576]: DEBUG glance.api.middleware.version_negotiation [None req-5a94a29b-52aa-47f3-a8e3-ff8c08ff9d5d tempest-ServerBootFromVolumeStableRescueTest-1707423302 tempest-ServerBootFromVolumeStableRescueTest-1707423302-project-member] Determining version of request: GET /v2/schemas/image Accept: */* {{(pid=99576) process_request /opt/stack/glance/glance/api/middleware/version_negotiation.py:44}}
Jun 26 03:56:25.942937 np0000003692 devstack@g-api.service[99576]: DEBUG glance.api.middleware.version_negotiation [None req-5a94a29b-52aa-47f3-a8e3-ff8c08ff9d5d tempest-ServerBootFromVolumeStableRescueTest-1707423302 tempest-ServerBootFromVolumeStableRescueTest-1707423302-project-member] Using url versioning {{(pid=99576) process_request /opt/stack/glance/glance/api/middleware/version_negotiation.py:57}}
Jun 26 03:56:25.943575 np0000003692 devstack@g-api.service[99576]: DEBUG glance.api.middleware.version_negotiation [None req-5a94a29b-52aa-47f3-a8e3-ff8c08ff9d5d tempest-ServerBootFromVolumeStableRescueTest-1707423302 tempest-ServerBootFromVolumeStableRescueTest-1707423302-project-member] Matched version: v2 {{(pid=99576) process_request /opt/stack/glance/glance/api/middleware/version_negotiation.py:69}}
Jun 26 03:56:25.943575 np0000003692 devstack@g-api.service[99576]: DEBUG glance.api.middleware.version_negotiation [None req-5a94a29b-52aa-47f3-a8e3-ff8c08ff9d5d tempest-ServerBootFromVolumeStableRescueTest-1707423302 tempest-ServerBootFromVolumeStableRescueTest-1707423302-project-member] new path /v2/schemas/image {{(pid=99576) process_request /opt/stack/glance/glance/api/middleware/version_negotiation.py:70}}
Jun 26 03:56:25.949541 np0000003692 devstack@g-api.service[99576]: [pid: 99576|app: 0|req: 91/254] 127.0.0.1 () {44 vars in 1047 bytes} [Fri Jun 26 03:56:25 2026] GET /v2/schemas/image => generated 6083 bytes in 7 msecs (HTTP/1.1 200) 4 headers in 158 bytes (1 switches on core 0)
Jun 26 03:56:25.995953 np0000003692 devstack@g-api.service[99578]: DEBUG glance.api.middleware.version_negotiation [None req-cb958bd9-a2ee-418a-8465-42c715c860a1 tempest-ServerBootFromVolumeStableRescueTest-1707423302 tempest-ServerBootFromVolumeStableRescueTest-1707423302-project-member] Determining version of request: GET /v2/schemas/image Accept: */* {{(pid=99578) process_request /opt/stack/glance/glance/api/middleware/version_negotiation.py:44}}
Jun 26 03:56:25.996119 np0000003692 devstack@g-api.service[99578]: DEBUG glance.api.middleware.version_negotiation [None req-cb958bd9-a2ee-418a-8465-42c715c860a1 tempest-ServerBootFromVolumeStableRescueTest-1707423302 tempest-ServerBootFromVolumeStableRescueTest-1707423302-project-member] Using url versioning {{(pid=99578) process_request /opt/stack/glance/glance/api/middleware/version_negotiation.py:57}}
Jun 26 03:56:25.996226 np0000003692 devstack@g-api.service[99578]: DEBUG glance.api.middleware.version_negotiation [None req-cb958bd9-a2ee-418a-8465-42c715c860a1 tempest-ServerBootFromVolumeStableRescueTest-1707423302 tempest-ServerBootFromVolumeStableRescueTest-1707423302-project-member] Matched version: v2 {{(pid=99578) process_request /opt/stack/glance/glance/api/middleware/version_negotiation.py:69}}
Jun 26 03:56:25.996369 np0000003692 devstack@g-api.service[99578]: DEBUG glance.api.middleware.version_negotiation [None req-cb958bd9-a2ee-418a-8465-42c715c860a1 tempest-ServerBootFromVolumeStableRescueTest-1707423302 tempest-ServerBootFromVolumeStableRescueTest-1707423302-project-member] new path /v2/schemas/image {{(pid=99578) process_request /opt/stack/glance/glance/api/middleware/version_negotiation.py:70}}
Jun 26 03:56:25.998954 np0000003692 devstack@g-api.service[99578]: [pid: 99578|app: 0|req: 89/255] 127.0.0.1 () {44 vars in 1047 bytes} [Fri Jun 26 03:56:25 2026] GET /v2/schemas/image => generated 6083 bytes in 3 msecs (HTTP/1.1 200) 4 headers in 158 bytes (1 switches on core 0)
Jun 26 03:56:26.047694 np0000003692 devstack@g-api.service[99577]: DEBUG glance.api.middleware.version_negotiation [None req-b3005c6e-a3d3-43bf-a629-928791c6671e tempest-ServerBootFromVolumeStableRescueTest-1707423302 tempest-ServerBootFromVolumeStableRescueTest-1707423302-project-member] Determining version of request: PATCH /v2/images/b3c72726-85f5-47e8-8c8d-a3e5f3027193 Accept: */* {{(pid=99577) process_request /opt/stack/glance/glance/api/middleware/version_negotiation.py:44}}
Jun 26 03:56:26.047921 np0000003692 devstack@g-api.service[99577]: DEBUG glance.api.middleware.version_negotiation [None req-b3005c6e-a3d3-43bf-a629-928791c6671e tempest-ServerBootFromVolumeStableRescueTest-1707423302 tempest-ServerBootFromVolumeStableRescueTest-1707423302-project-member] Using url versioning {{(pid=99577) process_request /opt/stack/glance/glance/api/middleware/version_negotiation.py:57}}
Jun 26 03:56:26.048118 np0000003692 devstack@g-api.service[99577]: DEBUG glance.api.middleware.version_negotiation [None req-b3005c6e-a3d3-43bf-a629-928791c6671e tempest-ServerBootFromVolumeStableRescueTest-1707423302 tempest-ServerBootFromVolumeStableRescueTest-1707423302-project-member] Matched version: v2 {{(pid=99577) process_request /opt/stack/glance/glance/api/middleware/version_negotiation.py:69}}
Jun 26 03:56:26.048256 np0000003692 devstack@g-api.service[99577]: DEBUG glance.api.middleware.version_negotiation [None req-b3005c6e-a3d3-43bf-a629-928791c6671e tempest-ServerBootFromVolumeStableRescueTest-1707423302 tempest-ServerBootFromVolumeStableRescueTest-1707423302-project-member] new path /v2/images/b3c72726-85f5-47e8-8c8d-a3e5f3027193 {{(pid=99577) process_request /opt/stack/glance/glance/api/middleware/version_negotiation.py:70}}
Jun 26 03:56:26.279375 np0000003692 devstack@g-api.service[99577]: [pid: 99577|app: 0|req: 76/256] 127.0.0.1 () {46 vars in 1150 bytes} [Fri Jun 26 03:56:26 2026] PATCH /v2/images/b3c72726-85f5-47e8-8c8d-a3e5f3027193 => generated 1471 bytes in 232 msecs (HTTP/1.1 200) 4 headers in 158 bytes (1 switches on core 0)
Jun 26 03:56:26.313803 np0000003692 devstack@g-api.service[99576]: DEBUG glance.api.middleware.version_negotiation [None req-b3005c6e-a3d3-43bf-a629-928791c6671e tempest-ServerBootFromVolumeStableRescueTest-1707423302 tempest-ServerBootFromVolumeStableRescueTest-1707423302-project-member] Determining version of request: GET /v2/images/b3c72726-85f5-47e8-8c8d-a3e5f3027193 Accept: */* {{(pid=99576) process_request /opt/stack/glance/glance/api/middleware/version_negotiation.py:44}}
Jun 26 03:56:26.314207 np0000003692 devstack@g-api.service[99576]: DEBUG glance.api.middleware.version_negotiation [None req-b3005c6e-a3d3-43bf-a629-928791c6671e tempest-ServerBootFromVolumeStableRescueTest-1707423302 tempest-ServerBootFromVolumeStableRescueTest-1707423302-project-member] Using url versioning {{(pid=99576) process_request /opt/stack/glance/glance/api/middleware/version_negotiation.py:57}}
Jun 26 03:56:26.314396 np0000003692 devstack@g-api.service[99576]: DEBUG glance.api.middleware.version_negotiation [None req-b3005c6e-a3d3-43bf-a629-928791c6671e tempest-ServerBootFromVolumeStableRescueTest-1707423302 tempest-ServerBootFromVolumeStableRescueTest-1707423302-project-member] Matched version: v2 {{(pid=99576) process_request /opt/stack/glance/glance/api/middleware/version_negotiation.py:69}}
Jun 26 03:56:26.314556 np0000003692 devstack@g-api.service[99576]: DEBUG glance.api.middleware.version_negotiation [None req-b3005c6e-a3d3-43bf-a629-928791c6671e tempest-ServerBootFromVolumeStableRescueTest-1707423302 tempest-ServerBootFromVolumeStableRescueTest-1707423302-project-member] new path /v2/images/b3c72726-85f5-47e8-8c8d-a3e5f3027193 {{(pid=99576) process_request /opt/stack/glance/glance/api/middleware/version_negotiation.py:70}}
Jun 26 03:56:26.330397 np0000003692 devstack@g-api.service[99576]: [pid: 99576|app: 0|req: 92/257] 127.0.0.1 () {44 vars in 1107 bytes} [Fri Jun 26 03:56:26 2026] GET /v2/images/b3c72726-85f5-47e8-8c8d-a3e5f3027193 => generated 1471 bytes in 17 msecs (HTTP/1.1 200) 4 headers in 158 bytes (1 switches on core 0)
Jun 26 03:56:26.385973 np0000003692 devstack@g-api.service[99578]: DEBUG glance.api.middleware.version_negotiation [None req-b3005c6e-a3d3-43bf-a629-928791c6671e tempest-ServerBootFromVolumeStableRescueTest-1707423302 tempest-ServerBootFromVolumeStableRescueTest-1707423302-project-member] Determining version of request: PUT /v2/images/b3c72726-85f5-47e8-8c8d-a3e5f3027193/file Accept: */* {{(pid=99578) process_request /opt/stack/glance/glance/api/middleware/version_negotiation.py:44}}
Jun 26 03:56:26.386394 np0000003692 devstack@g-api.service[99578]: DEBUG glance.api.middleware.version_negotiation [None req-b3005c6e-a3d3-43bf-a629-928791c6671e tempest-ServerBootFromVolumeStableRescueTest-1707423302 tempest-ServerBootFromVolumeStableRescueTest-1707423302-project-member] Using url versioning {{(pid=99578) process_request /opt/stack/glance/glance/api/middleware/version_negotiation.py:57}}
Jun 26 03:56:26.386736 np0000003692 devstack@g-api.service[99578]: DEBUG glance.api.middleware.version_negotiation [None req-b3005c6e-a3d3-43bf-a629-928791c6671e tempest-ServerBootFromVolumeStableRescueTest-1707423302 tempest-ServerBootFromVolumeStableRescueTest-1707423302-project-member] Matched version: v2 {{(pid=99578) process_request /opt/stack/glance/glance/api/middleware/version_negotiation.py:69}}
Jun 26 03:56:26.386854 np0000003692 devstack@g-api.service[99578]: DEBUG glance.api.middleware.version_negotiation [None req-b3005c6e-a3d3-43bf-a629-928791c6671e tempest-ServerBootFromVolumeStableRescueTest-1707423302 tempest-ServerBootFromVolumeStableRescueTest-1707423302-project-member] new path /v2/images/b3c72726-85f5-47e8-8c8d-a3e5f3027193/file {{(pid=99578) process_request /opt/stack/glance/glance/api/middleware/version_negotiation.py:70}}
Jun 26 03:56:26.465684 np0000003692 devstack@g-api.service[99577]: DEBUG glance.api.middleware.version_negotiation [None req-b3005c6e-a3d3-43bf-a629-928791c6671e tempest-ServerBootFromVolumeStableRescueTest-1707423302 tempest-ServerBootFromVolumeStableRescueTest-1707423302-project-member] Determining version of request: GET /v2/images/b3c72726-85f5-47e8-8c8d-a3e5f3027193 Accept: application/json {{(pid=99577) process_request /opt/stack/glance/glance/api/middleware/version_negotiation.py:44}}
Jun 26 03:56:26.465684 np0000003692 devstack@g-api.service[99577]: DEBUG glance.api.middleware.version_negotiation [None req-b3005c6e-a3d3-43bf-a629-928791c6671e tempest-ServerBootFromVolumeStableRescueTest-1707423302 tempest-ServerBootFromVolumeStableRescueTest-1707423302-project-member] Using url versioning {{(pid=99577) process_request /opt/stack/glance/glance/api/middleware/version_negotiation.py:57}}
Jun 26 03:56:26.465684 np0000003692 devstack@g-api.service[99577]: DEBUG glance.api.middleware.version_negotiation [None req-b3005c6e-a3d3-43bf-a629-928791c6671e tempest-ServerBootFromVolumeStableRescueTest-1707423302 tempest-ServerBootFromVolumeStableRescueTest-1707423302-project-member] Matched version: v2 {{(pid=99577) process_request /opt/stack/glance/glance/api/middleware/version_negotiation.py:69}}
Jun 26 03:56:26.465684 np0000003692 devstack@g-api.service[99577]: DEBUG glance.api.middleware.version_negotiation [None req-b3005c6e-a3d3-43bf-a629-928791c6671e tempest-ServerBootFromVolumeStableRescueTest-1707423302 tempest-ServerBootFromVolumeStableRescueTest-1707423302-project-member] new path /v2/images/b3c72726-85f5-47e8-8c8d-a3e5f3027193 {{(pid=99577) process_request /opt/stack/glance/glance/api/middleware/version_negotiation.py:70}}
Jun 26 03:56:26.478961 np0000003692 devstack@g-api.service[99577]: [pid: 99577|app: 0|req: 77/258] 127.0.0.1 () {40 vars in 830 bytes} [Fri Jun 26 03:56:26 2026] GET /v2/images/b3c72726-85f5-47e8-8c8d-a3e5f3027193 => generated 1471 bytes in 14 msecs (HTTP/1.1 200) 4 headers in 158 bytes (1 switches on core 0)
Jun 26 03:56:26.990147 np0000003692 devstack@g-api.service[99578]: INFO glance.api.v2.image_data [None req-b3005c6e-a3d3-43bf-a629-928791c6671e tempest-ServerBootFromVolumeStableRescueTest-1707423302 tempest-ServerBootFromVolumeStableRescueTest-1707423302-project-member] Unable to create trust: no such option collect_timing in group [keystone_authtoken] Use the existing user token.
Jun 26 03:56:27.038716 np0000003692 devstack@g-api.service[99576]: DEBUG glance.api.middleware.version_negotiation [None req-b3005c6e-a3d3-43bf-a629-928791c6671e tempest-ServerBootFromVolumeStableRescueTest-1707423302 tempest-ServerBootFromVolumeStableRescueTest-1707423302-project-member] Determining version of request: POST /v2/images Accept: application/json {{(pid=99576) process_request /opt/stack/glance/glance/api/middleware/version_negotiation.py:44}}
Jun 26 03:56:27.039925 np0000003692 devstack@g-api.service[99576]: DEBUG glance.api.middleware.version_negotiation [None req-b3005c6e-a3d3-43bf-a629-928791c6671e tempest-ServerBootFromVolumeStableRescueTest-1707423302 tempest-ServerBootFromVolumeStableRescueTest-1707423302-project-member] Using url versioning {{(pid=99576) process_request /opt/stack/glance/glance/api/middleware/version_negotiation.py:57}}
Jun 26 03:56:27.039925 np0000003692 devstack@g-api.service[99576]: DEBUG glance.api.middleware.version_negotiation [None req-b3005c6e-a3d3-43bf-a629-928791c6671e tempest-ServerBootFromVolumeStableRescueTest-1707423302 tempest-ServerBootFromVolumeStableRescueTest-1707423302-project-member] Matched version: v2 {{(pid=99576) process_request /opt/stack/glance/glance/api/middleware/version_negotiation.py:69}}
Jun 26 03:56:27.039925 np0000003692 devstack@g-api.service[99576]: DEBUG glance.api.middleware.version_negotiation [None req-b3005c6e-a3d3-43bf-a629-928791c6671e tempest-ServerBootFromVolumeStableRescueTest-1707423302 tempest-ServerBootFromVolumeStableRescueTest-1707423302-project-member] new path /v2/images {{(pid=99576) process_request /opt/stack/glance/glance/api/middleware/version_negotiation.py:70}}
Jun 26 03:56:27.491149 np0000003692 devstack@g-api.service[99577]: DEBUG glance.api.middleware.version_negotiation [None req-f35b01e1-9934-49f4-ae62-6a3ebca70c49 tempest-ServerBootFromVolumeStableRescueTest-1707423302 tempest-ServerBootFromVolumeStableRescueTest-1707423302-project-member] Determining version of request: GET /v2/images/b3c72726-85f5-47e8-8c8d-a3e5f3027193 Accept: application/json {{(pid=99577) process_request /opt/stack/glance/glance/api/middleware/version_negotiation.py:44}}
Jun 26 03:56:27.491731 np0000003692 devstack@g-api.service[99577]: DEBUG glance.api.middleware.version_negotiation [None req-f35b01e1-9934-49f4-ae62-6a3ebca70c49 tempest-ServerBootFromVolumeStableRescueTest-1707423302 tempest-ServerBootFromVolumeStableRescueTest-1707423302-project-member] Using url versioning {{(pid=99577) process_request /opt/stack/glance/glance/api/middleware/version_negotiation.py:57}}
Jun 26 03:56:27.491731 np0000003692 devstack@g-api.service[99577]: DEBUG glance.api.middleware.version_negotiation [None req-f35b01e1-9934-49f4-ae62-6a3ebca70c49 tempest-ServerBootFromVolumeStableRescueTest-1707423302 tempest-ServerBootFromVolumeStableRescueTest-1707423302-project-member] Matched version: v2 {{(pid=99577) process_request /opt/stack/glance/glance/api/middleware/version_negotiation.py:69}}
Jun 26 03:56:27.491731 np0000003692 devstack@g-api.service[99577]: DEBUG glance.api.middleware.version_negotiation [None req-f35b01e1-9934-49f4-ae62-6a3ebca70c49 tempest-ServerBootFromVolumeStableRescueTest-1707423302 tempest-ServerBootFromVolumeStableRescueTest-1707423302-project-member] new path /v2/images/b3c72726-85f5-47e8-8c8d-a3e5f3027193 {{(pid=99577) process_request /opt/stack/glance/glance/api/middleware/version_negotiation.py:70}}
Jun 26 03:56:27.506010 np0000003692 devstack@g-api.service[99577]: [pid: 99577|app: 0|req: 78/259] 127.0.0.1 () {40 vars in 830 bytes} [Fri Jun 26 03:56:27 2026] GET /v2/images/b3c72726-85f5-47e8-8c8d-a3e5f3027193 => generated 1471 bytes in 15 msecs (HTTP/1.1 200) 4 headers in 158 bytes (1 switches on core 0)
Jun 26 03:56:27.634818 np0000003692 devstack@g-api.service[99578]: DEBUG glance.location [None req-b3005c6e-a3d3-43bf-a629-928791c6671e tempest-ServerBootFromVolumeStableRescueTest-1707423302 tempest-ServerBootFromVolumeStableRescueTest-1707423302-project-member] Enabling in-flight format inspection for qcow2 {{(pid=99578) set_data /opt/stack/glance/glance/location.py:616}}
Jun 26 03:56:27.635593 np0000003692 devstack@g-api.service[99578]: DEBUG glance_store.backend [None req-b3005c6e-a3d3-43bf-a629-928791c6671e tempest-ServerBootFromVolumeStableRescueTest-1707423302 tempest-ServerBootFromVolumeStableRescueTest-1707423302-project-member] Attempting to import store swift {{(pid=99578) _load_store /opt/stack/data/venv/lib/python3.12/site-packages/glance_store/backend.py:215}}
Jun 26 03:56:27.638999 np0000003692 devstack@g-api.service[99578]: DEBUG glance_store.capabilities [None req-b3005c6e-a3d3-43bf-a629-928791c6671e tempest-ServerBootFromVolumeStableRescueTest-1707423302 tempest-ServerBootFromVolumeStableRescueTest-1707423302-project-member] Store glance_store._drivers.swift.store.SingleTenantStore doesn't support updating dynamic storage capabilities. Please overwrite 'update_capabilities' method of the store to implement updating logics if needed. {{(pid=99578) update_capabilities /opt/stack/data/venv/lib/python3.12/site-packages/glance_store/capabilities.py:91}}
Jun 26 03:56:27.639396 np0000003692 devstack@g-api.service[99578]: DEBUG glance_store.driver [None req-b3005c6e-a3d3-43bf-a629-928791c6671e tempest-ServerBootFromVolumeStableRescueTest-1707423302 tempest-ServerBootFromVolumeStableRescueTest-1707423302-project-member] Late loading location class glance_store._drivers.swift.store.StoreLocation {{(pid=99578) get_store_location_class /opt/stack/data/venv/lib/python3.12/site-packages/glance_store/driver.py:134}}
Jun 26 03:56:27.641082 np0000003692 devstack@g-api.service[99578]: DEBUG glance_store.location [None req-b3005c6e-a3d3-43bf-a629-928791c6671e tempest-ServerBootFromVolumeStableRescueTest-1707423302 tempest-ServerBootFromVolumeStableRescueTest-1707423302-project-member] Registering scheme swift+https with {'store': , 'location_class': , 'store_entry': 'swift'} {{(pid=99578) register_scheme_map /opt/stack/data/venv/lib/python3.12/site-packages/glance_store/location.py:146}}
Jun 26 03:56:27.641082 np0000003692 devstack@g-api.service[99578]: DEBUG glance_store.location [None req-b3005c6e-a3d3-43bf-a629-928791c6671e tempest-ServerBootFromVolumeStableRescueTest-1707423302 tempest-ServerBootFromVolumeStableRescueTest-1707423302-project-member] Registering scheme swift+https with {'store': , 'location_class': , 'store_entry': 'swift'} {{(pid=99578) register_scheme_map /opt/stack/data/venv/lib/python3.12/site-packages/glance_store/location.py:146}}
Jun 26 03:56:27.641082 np0000003692 devstack@g-api.service[99578]: DEBUG glance_store.location [None req-b3005c6e-a3d3-43bf-a629-928791c6671e tempest-ServerBootFromVolumeStableRescueTest-1707423302 tempest-ServerBootFromVolumeStableRescueTest-1707423302-project-member] Registering scheme swift with {'store': , 'location_class': , 'store_entry': 'swift'} {{(pid=99578) register_scheme_map /opt/stack/data/venv/lib/python3.12/site-packages/glance_store/location.py:146}}
Jun 26 03:56:27.641082 np0000003692 devstack@g-api.service[99578]: DEBUG glance_store.location [None req-b3005c6e-a3d3-43bf-a629-928791c6671e tempest-ServerBootFromVolumeStableRescueTest-1707423302 tempest-ServerBootFromVolumeStableRescueTest-1707423302-project-member] Registering scheme swift+https with {'store': , 'location_class': , 'store_entry': 'swift'} {{(pid=99578) register_scheme_map /opt/stack/data/venv/lib/python3.12/site-packages/glance_store/location.py:146}}
Jun 26 03:56:27.641082 np0000003692 devstack@g-api.service[99578]: DEBUG glance_store.location [None req-b3005c6e-a3d3-43bf-a629-928791c6671e tempest-ServerBootFromVolumeStableRescueTest-1707423302 tempest-ServerBootFromVolumeStableRescueTest-1707423302-project-member] Registering scheme swift with {'store': , 'location_class': , 'store_entry': 'swift'} {{(pid=99578) register_scheme_map /opt/stack/data/venv/lib/python3.12/site-packages/glance_store/location.py:146}}
Jun 26 03:56:27.641509 np0000003692 devstack@g-api.service[99578]: DEBUG glance_store.location [None req-b3005c6e-a3d3-43bf-a629-928791c6671e tempest-ServerBootFromVolumeStableRescueTest-1707423302 tempest-ServerBootFromVolumeStableRescueTest-1707423302-project-member] Registering scheme swift+http with {'store': , 'location_class': , 'store_entry': 'swift'} {{(pid=99578) register_scheme_map /opt/stack/data/venv/lib/python3.12/site-packages/glance_store/location.py:146}}
Jun 26 03:56:27.641738 np0000003692 devstack@g-api.service[99578]: DEBUG glance_store.location [None req-b3005c6e-a3d3-43bf-a629-928791c6671e tempest-ServerBootFromVolumeStableRescueTest-1707423302 tempest-ServerBootFromVolumeStableRescueTest-1707423302-project-member] Registering scheme swift+https with {'store': , 'location_class': , 'store_entry': 'swift'} {{(pid=99578) register_scheme_map /opt/stack/data/venv/lib/python3.12/site-packages/glance_store/location.py:146}}
Jun 26 03:56:27.642241 np0000003692 devstack@g-api.service[99578]: DEBUG glance_store.location [None req-b3005c6e-a3d3-43bf-a629-928791c6671e tempest-ServerBootFromVolumeStableRescueTest-1707423302 tempest-ServerBootFromVolumeStableRescueTest-1707423302-project-member] Registering scheme swift with {'store': , 'location_class': , 'store_entry': 'swift'} {{(pid=99578) register_scheme_map /opt/stack/data/venv/lib/python3.12/site-packages/glance_store/location.py:146}}
Jun 26 03:56:27.642493 np0000003692 devstack@g-api.service[99578]: DEBUG glance_store.location [None req-b3005c6e-a3d3-43bf-a629-928791c6671e tempest-ServerBootFromVolumeStableRescueTest-1707423302 tempest-ServerBootFromVolumeStableRescueTest-1707423302-project-member] Registering scheme swift+http with {'store': , 'location_class': , 'store_entry': 'swift'} {{(pid=99578) register_scheme_map /opt/stack/data/venv/lib/python3.12/site-packages/glance_store/location.py:146}}
Jun 26 03:56:27.642697 np0000003692 devstack@g-api.service[99578]: DEBUG glance_store.location [None req-b3005c6e-a3d3-43bf-a629-928791c6671e tempest-ServerBootFromVolumeStableRescueTest-1707423302 tempest-ServerBootFromVolumeStableRescueTest-1707423302-project-member] Registering scheme swift+config with {'store': , 'location_class': , 'store_entry': 'swift'} {{(pid=99578) register_scheme_map /opt/stack/data/venv/lib/python3.12/site-packages/glance_store/location.py:146}}
Jun 26 03:56:27.672177 np0000003692 devstack@g-api.service[99576]: [pid: 99576|app: 0|req: 93/260] 127.0.0.1 () {42 vars in 778 bytes} [Fri Jun 26 03:56:27 2026] POST /v2/images => generated 652 bytes in 633 msecs (HTTP/1.1 201) 6 headers in 315 bytes (1 switches on core 0)
Jun 26 03:56:27.682487 np0000003692 devstack@g-api.service[99577]: DEBUG glance.api.middleware.version_negotiation [None req-37848fc8-e48b-4704-a7a0-54764676ec49 tempest-ServerBootFromVolumeStableRescueTest-1707423302 tempest-ServerBootFromVolumeStableRescueTest-1707423302-project-member] Determining version of request: PUT /v2/images/c7d5e800-ff6c-4211-9632-d03012b77b0e/file Accept: {{(pid=99577) process_request /opt/stack/glance/glance/api/middleware/version_negotiation.py:44}}
Jun 26 03:56:27.684756 np0000003692 devstack@g-api.service[99577]: DEBUG glance.api.middleware.version_negotiation [None req-37848fc8-e48b-4704-a7a0-54764676ec49 tempest-ServerBootFromVolumeStableRescueTest-1707423302 tempest-ServerBootFromVolumeStableRescueTest-1707423302-project-member] Using url versioning {{(pid=99577) process_request /opt/stack/glance/glance/api/middleware/version_negotiation.py:57}}
Jun 26 03:56:27.685065 np0000003692 devstack@g-api.service[99577]: DEBUG glance.api.middleware.version_negotiation [None req-37848fc8-e48b-4704-a7a0-54764676ec49 tempest-ServerBootFromVolumeStableRescueTest-1707423302 tempest-ServerBootFromVolumeStableRescueTest-1707423302-project-member] Matched version: v2 {{(pid=99577) process_request /opt/stack/glance/glance/api/middleware/version_negotiation.py:69}}
Jun 26 03:56:27.685296 np0000003692 devstack@g-api.service[99577]: DEBUG glance.api.middleware.version_negotiation [None req-37848fc8-e48b-4704-a7a0-54764676ec49 tempest-ServerBootFromVolumeStableRescueTest-1707423302 tempest-ServerBootFromVolumeStableRescueTest-1707423302-project-member] new path /v2/images/c7d5e800-ff6c-4211-9632-d03012b77b0e/file {{(pid=99577) process_request /opt/stack/glance/glance/api/middleware/version_negotiation.py:70}}
Jun 26 03:56:27.914074 np0000003692 devstack@g-api.service[99578]: DEBUG swiftclient [None req-b3005c6e-a3d3-43bf-a629-928791c6671e tempest-ServerBootFromVolumeStableRescueTest-1707423302 tempest-ServerBootFromVolumeStableRescueTest-1707423302-project-member] REQ: curl -i https://10.4.3.6:8080/v1/AUTH_388ca821ada94b26b97d806cbc96eca3/glance -I -H "X-Auth-Token: gAAAAABqPfhrOQpc..." {{(pid=99578) http_log /opt/stack/data/venv/lib/python3.12/site-packages/swiftclient/client.py:160}}
Jun 26 03:56:27.914074 np0000003692 devstack@g-api.service[99578]: DEBUG swiftclient [None req-b3005c6e-a3d3-43bf-a629-928791c6671e tempest-ServerBootFromVolumeStableRescueTest-1707423302 tempest-ServerBootFromVolumeStableRescueTest-1707423302-project-member] RESP STATUS: 204 No Content {{(pid=99578) http_log /opt/stack/data/venv/lib/python3.12/site-packages/swiftclient/client.py:161}}
Jun 26 03:56:27.914074 np0000003692 devstack@g-api.service[99578]: DEBUG swiftclient [None req-b3005c6e-a3d3-43bf-a629-928791c6671e tempest-ServerBootFromVolumeStableRescueTest-1707423302 tempest-ServerBootFromVolumeStableRescueTest-1707423302-project-member] RESP HEADERS: {'Date': 'Fri, 26 Jun 2026 03:56:27 GMT', 'Server': 'Apache/2.4.58 (Ubuntu)', 'Content-Type': 'text/plain; charset=utf-8', 'X-Container-Object-Count': '5', 'X-Container-Bytes-Used': '87883776', 'X-Timestamp': '1782445808.35241', 'Last-Modified': 'Fri, 26 Jun 2026 03:50:09 GMT', 'Accept-Ranges': 'bytes', 'X-Storage-Policy': 'Policy-0', 'X-Container-Sharding': 'False', 'Vary': 'Accept', 'X-Trans-Id': 'txea72ea6b71ff4e2e83015-006a3df86b', 'X-Openstack-Request-Id': 'txea72ea6b71ff4e2e83015-006a3df86b', 'Connection': 'close'} {{(pid=99578) http_log /opt/stack/data/venv/lib/python3.12/site-packages/swiftclient/client.py:162}}
Jun 26 03:56:27.914074 np0000003692 devstack@g-api.service[99578]: DEBUG glance_store._drivers.swift.store [None req-b3005c6e-a3d3-43bf-a629-928791c6671e tempest-ServerBootFromVolumeStableRescueTest-1707423302 tempest-ServerBootFromVolumeStableRescueTest-1707423302-project-member] Adding image object 'b3c72726-85f5-47e8-8c8d-a3e5f3027193' to Swift {{(pid=99578) add /opt/stack/data/venv/lib/python3.12/site-packages/glance_store/_drivers/swift/store.py:970}}
Jun 26 03:56:27.914074 np0000003692 devstack@g-api.service[99578]: DEBUG glance_store._drivers.swift.store [None req-b3005c6e-a3d3-43bf-a629-928791c6671e tempest-ServerBootFromVolumeStableRescueTest-1707423302 tempest-ServerBootFromVolumeStableRescueTest-1707423302-project-member] Cannot determine image size because it is either not provided in the request or chunked-transfer encoding is used. Adding image as a segmented object to Swift. {{(pid=99578) add /opt/stack/data/venv/lib/python3.12/site-packages/glance_store/_drivers/swift/store.py:994}}
Jun 26 03:56:27.918895 np0000003692 devstack@g-api.service[99578]: DEBUG oslo_utils.imageutils.format_inspector [None req-b3005c6e-a3d3-43bf-a629-928791c6671e tempest-ServerBootFromVolumeStableRescueTest-1707423302 tempest-ServerBootFromVolumeStableRescueTest-1707423302-project-member] Format inspector for vmdk does not match, excluding from consideration (Signature KDMV not found: b'QFI\xfb') {{(pid=99578) _process_chunk /opt/stack/data/venv/lib/python3.12/site-packages/oslo_utils/imageutils/format_inspector.py:1758}}
Jun 26 03:56:27.921560 np0000003692 devstack@g-api.service[99578]: DEBUG oslo_utils.imageutils.format_inspector [None req-b3005c6e-a3d3-43bf-a629-928791c6671e tempest-ServerBootFromVolumeStableRescueTest-1707423302 tempest-ServerBootFromVolumeStableRescueTest-1707423302-project-member] Format inspector for vhdx does not match, excluding from consideration (Region signature not found at 30000) {{(pid=99578) _process_chunk /opt/stack/data/venv/lib/python3.12/site-packages/oslo_utils/imageutils/format_inspector.py:1758}}
Jun 26 03:56:28.188195 np0000003692 devstack@g-api.service[99578]: DEBUG swiftclient [None req-b3005c6e-a3d3-43bf-a629-928791c6671e tempest-ServerBootFromVolumeStableRescueTest-1707423302 tempest-ServerBootFromVolumeStableRescueTest-1707423302-project-member] REQ: curl -i https://10.4.3.6:8080/v1/AUTH_388ca821ada94b26b97d806cbc96eca3/glance/b3c72726-85f5-47e8-8c8d-a3e5f3027193-00001 -X PUT -H "X-Auth-Token: gAAAAABqPfhrOQpc..." {{(pid=99578) http_log /opt/stack/data/venv/lib/python3.12/site-packages/swiftclient/client.py:160}}
Jun 26 03:56:28.188593 np0000003692 devstack@g-api.service[99578]: DEBUG swiftclient [None req-b3005c6e-a3d3-43bf-a629-928791c6671e tempest-ServerBootFromVolumeStableRescueTest-1707423302 tempest-ServerBootFromVolumeStableRescueTest-1707423302-project-member] RESP STATUS: 201 Created {{(pid=99578) http_log /opt/stack/data/venv/lib/python3.12/site-packages/swiftclient/client.py:161}}
Jun 26 03:56:28.188593 np0000003692 devstack@g-api.service[99578]: DEBUG swiftclient [None req-b3005c6e-a3d3-43bf-a629-928791c6671e tempest-ServerBootFromVolumeStableRescueTest-1707423302 tempest-ServerBootFromVolumeStableRescueTest-1707423302-project-member] RESP HEADERS: {'Date': 'Fri, 26 Jun 2026 03:56:28 GMT', 'Server': 'Apache/2.4.58 (Ubuntu)', 'Content-Type': 'text/html; charset=UTF-8', 'Content-Length': '0', 'Etag': '4fa343ee581d8d2e78533191fd1ac3e1', 'Last-Modified': 'Fri, 26 Jun 2026 03:56:28 GMT', 'X-Trans-Id': 'txa7b20adf6917467c884a8-006a3df86b', 'X-Openstack-Request-Id': 'txa7b20adf6917467c884a8-006a3df86b', 'Connection': 'close'} {{(pid=99578) http_log /opt/stack/data/venv/lib/python3.12/site-packages/swiftclient/client.py:162}}
Jun 26 03:56:28.188665 np0000003692 devstack@g-api.service[99578]: DEBUG glance_store._drivers.swift.store [None req-b3005c6e-a3d3-43bf-a629-928791c6671e tempest-ServerBootFromVolumeStableRescueTest-1707423302 tempest-ServerBootFromVolumeStableRescueTest-1707423302-project-member] Wrote chunk b3c72726-85f5-47e8-8c8d-a3e5f3027193-00001 (1/?) of length 23527424 to Swift returning MD5 of content: 4fa343ee581d8d2e78533191fd1ac3e1 {{(pid=99578) add /opt/stack/data/venv/lib/python3.12/site-packages/glance_store/_drivers/swift/store.py:1059}}
Jun 26 03:56:28.188983 np0000003692 devstack@g-api.service[99578]: DEBUG glance_store._drivers.swift.store [None req-b3005c6e-a3d3-43bf-a629-928791c6671e tempest-ServerBootFromVolumeStableRescueTest-1707423302 tempest-ServerBootFromVolumeStableRescueTest-1707423302-project-member] Not writing zero-length chunk. {{(pid=99578) add /opt/stack/data/venv/lib/python3.12/site-packages/glance_store/_drivers/swift/store.py:1028}}
Jun 26 03:56:28.221411 np0000003692 devstack@g-api.service[99578]: DEBUG swiftclient [None req-b3005c6e-a3d3-43bf-a629-928791c6671e tempest-ServerBootFromVolumeStableRescueTest-1707423302 tempest-ServerBootFromVolumeStableRescueTest-1707423302-project-member] REQ: curl -i https://10.4.3.6:8080/v1/AUTH_388ca821ada94b26b97d806cbc96eca3/glance/b3c72726-85f5-47e8-8c8d-a3e5f3027193 -X PUT -H "X-Object-Manifest: glance/b3c72726-85f5-47e8-8c8d-a3e5f3027193-" -H "X-Auth-Token: gAAAAABqPfhrOQpc..." -H "Content-Length: 0" {{(pid=99578) http_log /opt/stack/data/venv/lib/python3.12/site-packages/swiftclient/client.py:160}}
Jun 26 03:56:28.221411 np0000003692 devstack@g-api.service[99578]: DEBUG swiftclient [None req-b3005c6e-a3d3-43bf-a629-928791c6671e tempest-ServerBootFromVolumeStableRescueTest-1707423302 tempest-ServerBootFromVolumeStableRescueTest-1707423302-project-member] RESP STATUS: 201 Created {{(pid=99578) http_log /opt/stack/data/venv/lib/python3.12/site-packages/swiftclient/client.py:161}}
Jun 26 03:56:28.221411 np0000003692 devstack@g-api.service[99578]: DEBUG swiftclient [None req-b3005c6e-a3d3-43bf-a629-928791c6671e tempest-ServerBootFromVolumeStableRescueTest-1707423302 tempest-ServerBootFromVolumeStableRescueTest-1707423302-project-member] RESP HEADERS: {'Date': 'Fri, 26 Jun 2026 03:56:28 GMT', 'Server': 'Apache/2.4.58 (Ubuntu)', 'Content-Type': 'text/html; charset=UTF-8', 'Content-Length': '0', 'Etag': 'd41d8cd98f00b204e9800998ecf8427e', 'Last-Modified': 'Fri, 26 Jun 2026 03:56:29 GMT', 'X-Trans-Id': 'txe0c8df4d119e4d52b2904-006a3df86c', 'X-Openstack-Request-Id': 'txe0c8df4d119e4d52b2904-006a3df86c', 'Connection': 'close'} {{(pid=99578) http_log /opt/stack/data/venv/lib/python3.12/site-packages/swiftclient/client.py:162}}
Jun 26 03:56:28.221660 np0000003692 devstack@g-api.service[99578]: INFO glance.location [None req-b3005c6e-a3d3-43bf-a629-928791c6671e tempest-ServerBootFromVolumeStableRescueTest-1707423302 tempest-ServerBootFromVolumeStableRescueTest-1707423302-project-member] Image format matched and virtual size computed: 1073741824
Jun 26 03:56:28.353653 np0000003692 devstack@g-api.service[99577]: INFO glance.api.v2.image_data [None req-cb292f08-0ee0-4f64-9ca2-483e1f485d0b tempest-VolumesNegativeTest-1979537066 tempest-VolumesNegativeTest-1979537066-project-member] Unable to create trust: no such option collect_timing in group [keystone_authtoken] Use the existing user token.
Jun 26 03:56:28.395839 np0000003692 devstack@g-api.service[99578]: DEBUG glance_store.backend [None req-b3005c6e-a3d3-43bf-a629-928791c6671e tempest-ServerBootFromVolumeStableRescueTest-1707423302 tempest-ServerBootFromVolumeStableRescueTest-1707423302-project-member] Attempting to import store swift {{(pid=99578) _load_store /opt/stack/data/venv/lib/python3.12/site-packages/glance_store/backend.py:215}}
Jun 26 03:56:28.397131 np0000003692 devstack@g-api.service[99578]: DEBUG glance_store.capabilities [None req-b3005c6e-a3d3-43bf-a629-928791c6671e tempest-ServerBootFromVolumeStableRescueTest-1707423302 tempest-ServerBootFromVolumeStableRescueTest-1707423302-project-member] Store glance_store._drivers.swift.store.SingleTenantStore doesn't support updating dynamic storage capabilities. Please overwrite 'update_capabilities' method of the store to implement updating logics if needed. {{(pid=99578) update_capabilities /opt/stack/data/venv/lib/python3.12/site-packages/glance_store/capabilities.py:91}}
Jun 26 03:56:28.397228 np0000003692 devstack@g-api.service[99578]: DEBUG glance_store.driver [None req-b3005c6e-a3d3-43bf-a629-928791c6671e tempest-ServerBootFromVolumeStableRescueTest-1707423302 tempest-ServerBootFromVolumeStableRescueTest-1707423302-project-member] Late loading location class glance_store._drivers.swift.store.StoreLocation {{(pid=99578) get_store_location_class /opt/stack/data/venv/lib/python3.12/site-packages/glance_store/driver.py:134}}
Jun 26 03:56:28.397340 np0000003692 devstack@g-api.service[99578]: DEBUG glance_store.location [None req-b3005c6e-a3d3-43bf-a629-928791c6671e tempest-ServerBootFromVolumeStableRescueTest-1707423302 tempest-ServerBootFromVolumeStableRescueTest-1707423302-project-member] Registering scheme swift+https with {'store': , 'location_class': , 'store_entry': 'swift'} {{(pid=99578) register_scheme_map /opt/stack/data/venv/lib/python3.12/site-packages/glance_store/location.py:146}}
Jun 26 03:56:28.397426 np0000003692 devstack@g-api.service[99578]: DEBUG glance_store.location [None req-b3005c6e-a3d3-43bf-a629-928791c6671e tempest-ServerBootFromVolumeStableRescueTest-1707423302 tempest-ServerBootFromVolumeStableRescueTest-1707423302-project-member] Registering scheme swift+https with {'store': , 'location_class': , 'store_entry': 'swift'} {{(pid=99578) register_scheme_map /opt/stack/data/venv/lib/python3.12/site-packages/glance_store/location.py:146}}
Jun 26 03:56:28.397499 np0000003692 devstack@g-api.service[99578]: DEBUG glance_store.location [None req-b3005c6e-a3d3-43bf-a629-928791c6671e tempest-ServerBootFromVolumeStableRescueTest-1707423302 tempest-ServerBootFromVolumeStableRescueTest-1707423302-project-member] Registering scheme swift with {'store': , 'location_class': , 'store_entry': 'swift'} {{(pid=99578) register_scheme_map /opt/stack/data/venv/lib/python3.12/site-packages/glance_store/location.py:146}}
Jun 26 03:56:28.397571 np0000003692 devstack@g-api.service[99578]: DEBUG glance_store.location [None req-b3005c6e-a3d3-43bf-a629-928791c6671e tempest-ServerBootFromVolumeStableRescueTest-1707423302 tempest-ServerBootFromVolumeStableRescueTest-1707423302-project-member] Registering scheme swift+https with {'store': , 'location_class': , 'store_entry': 'swift'} {{(pid=99578) register_scheme_map /opt/stack/data/venv/lib/python3.12/site-packages/glance_store/location.py:146}}
Jun 26 03:56:28.397676 np0000003692 devstack@g-api.service[99578]: DEBUG glance_store.location [None req-b3005c6e-a3d3-43bf-a629-928791c6671e tempest-ServerBootFromVolumeStableRescueTest-1707423302 tempest-ServerBootFromVolumeStableRescueTest-1707423302-project-member] Registering scheme swift with {'store': , 'location_class': , 'store_entry': 'swift'} {{(pid=99578) register_scheme_map /opt/stack/data/venv/lib/python3.12/site-packages/glance_store/location.py:146}}
Jun 26 03:56:28.397719 np0000003692 devstack@g-api.service[99578]: DEBUG glance_store.location [None req-b3005c6e-a3d3-43bf-a629-928791c6671e tempest-ServerBootFromVolumeStableRescueTest-1707423302 tempest-ServerBootFromVolumeStableRescueTest-1707423302-project-member] Registering scheme swift+http with {'store': , 'location_class': , 'store_entry': 'swift'} {{(pid=99578) register_scheme_map /opt/stack/data/venv/lib/python3.12/site-packages/glance_store/location.py:146}}
Jun 26 03:56:28.397782 np0000003692 devstack@g-api.service[99578]: DEBUG glance_store.location [None req-b3005c6e-a3d3-43bf-a629-928791c6671e tempest-ServerBootFromVolumeStableRescueTest-1707423302 tempest-ServerBootFromVolumeStableRescueTest-1707423302-project-member] Registering scheme swift+https with {'store': , 'location_class': , 'store_entry': 'swift'} {{(pid=99578) register_scheme_map /opt/stack/data/venv/lib/python3.12/site-packages/glance_store/location.py:146}}
Jun 26 03:56:28.397851 np0000003692 devstack@g-api.service[99578]: DEBUG glance_store.location [None req-b3005c6e-a3d3-43bf-a629-928791c6671e tempest-ServerBootFromVolumeStableRescueTest-1707423302 tempest-ServerBootFromVolumeStableRescueTest-1707423302-project-member] Registering scheme swift with {'store': , 'location_class': , 'store_entry': 'swift'} {{(pid=99578) register_scheme_map /opt/stack/data/venv/lib/python3.12/site-packages/glance_store/location.py:146}}
Jun 26 03:56:28.397919 np0000003692 devstack@g-api.service[99578]: DEBUG glance_store.location [None req-b3005c6e-a3d3-43bf-a629-928791c6671e tempest-ServerBootFromVolumeStableRescueTest-1707423302 tempest-ServerBootFromVolumeStableRescueTest-1707423302-project-member] Registering scheme swift+http with {'store': , 'location_class': , 'store_entry': 'swift'} {{(pid=99578) register_scheme_map /opt/stack/data/venv/lib/python3.12/site-packages/glance_store/location.py:146}}
Jun 26 03:56:28.397980 np0000003692 devstack@g-api.service[99578]: DEBUG glance_store.location [None req-b3005c6e-a3d3-43bf-a629-928791c6671e tempest-ServerBootFromVolumeStableRescueTest-1707423302 tempest-ServerBootFromVolumeStableRescueTest-1707423302-project-member] Registering scheme swift+config with {'store': , 'location_class': , 'store_entry': 'swift'} {{(pid=99578) register_scheme_map /opt/stack/data/venv/lib/python3.12/site-packages/glance_store/location.py:146}}
Jun 26 03:56:28.398082 np0000003692 devstack@g-api.service[99578]: DEBUG glance_store.backend [None req-b3005c6e-a3d3-43bf-a629-928791c6671e tempest-ServerBootFromVolumeStableRescueTest-1707423302 tempest-ServerBootFromVolumeStableRescueTest-1707423302-project-member] Skipping store.set_acls... not implemented. {{(pid=99578) set_acls /opt/stack/data/venv/lib/python3.12/site-packages/glance_store/backend.py:507}}
Jun 26 03:56:28.399786 np0000003692 devstack@g-api.service[99578]: [pid: 99578|app: 0|req: 90/261] 127.0.0.1 () {46 vars in 1150 bytes} [Fri Jun 26 03:56:26 2026] PUT /v2/images/b3c72726-85f5-47e8-8c8d-a3e5f3027193/file => generated 0 bytes in 2014 msecs (HTTP/1.1 204) 4 headers in 171 bytes (1 switches on core 0)
Jun 26 03:56:28.452017 np0000003692 devstack@g-api.service[99576]: DEBUG glance.api.middleware.version_negotiation [None req-9b62545d-578d-4291-b8b1-da91f7cc0a9b tempest-VolumesNegativeTest-1979537066 tempest-VolumesNegativeTest-1979537066-project-member] Determining version of request: GET /v2/images/b3c72726-85f5-47e8-8c8d-a3e5f3027193 Accept: */* {{(pid=99576) process_request /opt/stack/glance/glance/api/middleware/version_negotiation.py:44}}
Jun 26 03:56:28.452462 np0000003692 devstack@g-api.service[99576]: DEBUG glance.api.middleware.version_negotiation [None req-9b62545d-578d-4291-b8b1-da91f7cc0a9b tempest-VolumesNegativeTest-1979537066 tempest-VolumesNegativeTest-1979537066-project-member] Using url versioning {{(pid=99576) process_request /opt/stack/glance/glance/api/middleware/version_negotiation.py:57}}
Jun 26 03:56:28.452462 np0000003692 devstack@g-api.service[99576]: DEBUG glance.api.middleware.version_negotiation [None req-9b62545d-578d-4291-b8b1-da91f7cc0a9b tempest-VolumesNegativeTest-1979537066 tempest-VolumesNegativeTest-1979537066-project-member] Matched version: v2 {{(pid=99576) process_request /opt/stack/glance/glance/api/middleware/version_negotiation.py:69}}
Jun 26 03:56:28.452462 np0000003692 devstack@g-api.service[99576]: DEBUG glance.api.middleware.version_negotiation [None req-9b62545d-578d-4291-b8b1-da91f7cc0a9b tempest-VolumesNegativeTest-1979537066 tempest-VolumesNegativeTest-1979537066-project-member] new path /v2/images/b3c72726-85f5-47e8-8c8d-a3e5f3027193 {{(pid=99576) process_request /opt/stack/glance/glance/api/middleware/version_negotiation.py:70}}
Jun 26 03:56:28.464722 np0000003692 devstack@g-api.service[99576]: [pid: 99576|app: 0|req: 94/262] 127.0.0.1 () {44 vars in 1107 bytes} [Fri Jun 26 03:56:28 2026] GET /v2/images/b3c72726-85f5-47e8-8c8d-a3e5f3027193 => generated 1641 bytes in 13 msecs (HTTP/1.1 200) 4 headers in 158 bytes (1 switches on core 0)
Jun 26 03:56:28.497595 np0000003692 devstack@g-api.service[99578]: DEBUG glance.api.middleware.version_negotiation [None req-b3005c6e-a3d3-43bf-a629-928791c6671e tempest-ServerBootFromVolumeStableRescueTest-1707423302 tempest-ServerBootFromVolumeStableRescueTest-1707423302-project-member] Determining version of request: GET /v2/schemas/image Accept: */* {{(pid=99578) process_request /opt/stack/glance/glance/api/middleware/version_negotiation.py:44}}
Jun 26 03:56:28.497806 np0000003692 devstack@g-api.service[99578]: DEBUG glance.api.middleware.version_negotiation [None req-b3005c6e-a3d3-43bf-a629-928791c6671e tempest-ServerBootFromVolumeStableRescueTest-1707423302 tempest-ServerBootFromVolumeStableRescueTest-1707423302-project-member] Using url versioning {{(pid=99578) process_request /opt/stack/glance/glance/api/middleware/version_negotiation.py:57}}
Jun 26 03:56:28.497940 np0000003692 devstack@g-api.service[99578]: DEBUG glance.api.middleware.version_negotiation [None req-b3005c6e-a3d3-43bf-a629-928791c6671e tempest-ServerBootFromVolumeStableRescueTest-1707423302 tempest-ServerBootFromVolumeStableRescueTest-1707423302-project-member] Matched version: v2 {{(pid=99578) process_request /opt/stack/glance/glance/api/middleware/version_negotiation.py:69}}
Jun 26 03:56:28.498068 np0000003692 devstack@g-api.service[99578]: DEBUG glance.api.middleware.version_negotiation [None req-b3005c6e-a3d3-43bf-a629-928791c6671e tempest-ServerBootFromVolumeStableRescueTest-1707423302 tempest-ServerBootFromVolumeStableRescueTest-1707423302-project-member] new path /v2/schemas/image {{(pid=99578) process_request /opt/stack/glance/glance/api/middleware/version_negotiation.py:70}}
Jun 26 03:56:28.501474 np0000003692 devstack@g-api.service[99578]: [pid: 99578|app: 0|req: 91/263] 127.0.0.1 () {44 vars in 1047 bytes} [Fri Jun 26 03:56:28 2026] GET /v2/schemas/image => generated 6083 bytes in 4 msecs (HTTP/1.1 200) 4 headers in 158 bytes (1 switches on core 0)
Jun 26 03:56:28.517245 np0000003692 devstack@g-api.service[99576]: DEBUG glance.api.middleware.version_negotiation [None req-b3005c6e-a3d3-43bf-a629-928791c6671e tempest-ServerBootFromVolumeStableRescueTest-1707423302 tempest-ServerBootFromVolumeStableRescueTest-1707423302-project-member] Determining version of request: GET /v2/images/b3c72726-85f5-47e8-8c8d-a3e5f3027193 Accept: application/json {{(pid=99576) process_request /opt/stack/glance/glance/api/middleware/version_negotiation.py:44}}
Jun 26 03:56:28.517245 np0000003692 devstack@g-api.service[99576]: DEBUG glance.api.middleware.version_negotiation [None req-b3005c6e-a3d3-43bf-a629-928791c6671e tempest-ServerBootFromVolumeStableRescueTest-1707423302 tempest-ServerBootFromVolumeStableRescueTest-1707423302-project-member] Using url versioning {{(pid=99576) process_request /opt/stack/glance/glance/api/middleware/version_negotiation.py:57}}
Jun 26 03:56:28.517245 np0000003692 devstack@g-api.service[99576]: DEBUG glance.api.middleware.version_negotiation [None req-b3005c6e-a3d3-43bf-a629-928791c6671e tempest-ServerBootFromVolumeStableRescueTest-1707423302 tempest-ServerBootFromVolumeStableRescueTest-1707423302-project-member] Matched version: v2 {{(pid=99576) process_request /opt/stack/glance/glance/api/middleware/version_negotiation.py:69}}
Jun 26 03:56:28.517245 np0000003692 devstack@g-api.service[99576]: DEBUG glance.api.middleware.version_negotiation [None req-b3005c6e-a3d3-43bf-a629-928791c6671e tempest-ServerBootFromVolumeStableRescueTest-1707423302 tempest-ServerBootFromVolumeStableRescueTest-1707423302-project-member] new path /v2/images/b3c72726-85f5-47e8-8c8d-a3e5f3027193 {{(pid=99576) process_request /opt/stack/glance/glance/api/middleware/version_negotiation.py:70}}
Jun 26 03:56:28.529817 np0000003692 devstack@g-api.service[99576]: [pid: 99576|app: 0|req: 95/264] 127.0.0.1 () {40 vars in 830 bytes} [Fri Jun 26 03:56:28 2026] GET /v2/images/b3c72726-85f5-47e8-8c8d-a3e5f3027193 => generated 1641 bytes in 14 msecs (HTTP/1.1 200) 4 headers in 158 bytes (1 switches on core 0)
Jun 26 03:56:28.541033 np0000003692 devstack@g-api.service[99578]: DEBUG glance.api.middleware.version_negotiation [None req-b3005c6e-a3d3-43bf-a629-928791c6671e tempest-ServerBootFromVolumeStableRescueTest-1707423302 tempest-ServerBootFromVolumeStableRescueTest-1707423302-project-member] Determining version of request: GET /v2/images/b3c72726-85f5-47e8-8c8d-a3e5f3027193 Accept: application/json {{(pid=99578) process_request /opt/stack/glance/glance/api/middleware/version_negotiation.py:44}}
Jun 26 03:56:28.541239 np0000003692 devstack@g-api.service[99578]: DEBUG glance.api.middleware.version_negotiation [None req-b3005c6e-a3d3-43bf-a629-928791c6671e tempest-ServerBootFromVolumeStableRescueTest-1707423302 tempest-ServerBootFromVolumeStableRescueTest-1707423302-project-member] Using url versioning {{(pid=99578) process_request /opt/stack/glance/glance/api/middleware/version_negotiation.py:57}}
Jun 26 03:56:28.541467 np0000003692 devstack@g-api.service[99578]: DEBUG glance.api.middleware.version_negotiation [None req-b3005c6e-a3d3-43bf-a629-928791c6671e tempest-ServerBootFromVolumeStableRescueTest-1707423302 tempest-ServerBootFromVolumeStableRescueTest-1707423302-project-member] Matched version: v2 {{(pid=99578) process_request /opt/stack/glance/glance/api/middleware/version_negotiation.py:69}}
