Jun 26 03:52:45.359160 np0000003692 devstack@n-api.service[84086]: DEBUG nova.virt.hardware [None req-86f2bd67-2621-4788-9f66-2a0ac387bd36 tempest-AttachSCSIVolumeTestJSON-1216790712 tempest-AttachSCSIVolumeTestJSON-1216790712-project-member] Chose sockets=0, cores=0, threads=0; limits were sockets=65536, cores=65536, threads=65536 {{(pid=84086) get_cpu_topology_constraints /opt/stack/nova/nova/virt/hardware.py:570}}
Jun 26 03:52:45.396073 np0000003692 devstack@n-api.service[84084]: DEBUG nova.policy [None req-874114e1-d13e-4440-a325-2af499286a0e tempest-ServerStableDeviceRescueTest-1544915521 tempest-ServerStableDeviceRescueTest-1544915521-project-member] Policy check for os_compute_api:os-extended-server-attributes failed with credentials {'is_admin': False, 'user_id': 'b005d6cfcc194c29a20f7455474ca338', 'user_domain_id': 'default', 'system_scope': None, 'domain_id': None, 'project_id': 'b4c280a644924458af0cc3e8871d9ba3', 'project_domain_id': 'default', 'roles': ['reader', 'member'], 'is_admin_project': True, 'service_user_id': None, 'service_user_domain_id': None, 'service_project_id': None, 'service_project_domain_id': None, 'service_roles': []} {{(pid=84084) authorize /opt/stack/nova/nova/policy.py:192}}
Jun 26 03:52:45.400189 np0000003692 devstack@n-api.service[84086]: DEBUG oslo_concurrency.lockutils [None req-86f2bd67-2621-4788-9f66-2a0ac387bd36 tempest-AttachSCSIVolumeTestJSON-1216790712 tempest-AttachSCSIVolumeTestJSON-1216790712-project-member] Acquiring lock "00000000-0000-0000-0000-000000000000" by "nova.context.set_target_cell..get_or_set_cached_cell_and_set_connections" {{(pid=84086) inner /opt/stack/data/venv/lib/python3.12/site-packages/oslo_concurrency/lockutils.py:511}}
Jun 26 03:52:45.400398 np0000003692 devstack@n-api.service[84086]: DEBUG oslo_concurrency.lockutils [None req-86f2bd67-2621-4788-9f66-2a0ac387bd36 tempest-AttachSCSIVolumeTestJSON-1216790712 tempest-AttachSCSIVolumeTestJSON-1216790712-project-member] Lock "00000000-0000-0000-0000-000000000000" acquired by "nova.context.set_target_cell..get_or_set_cached_cell_and_set_connections" :: waited 0.000s {{(pid=84086) inner /opt/stack/data/venv/lib/python3.12/site-packages/oslo_concurrency/lockutils.py:524}}
Jun 26 03:52:45.400550 np0000003692 devstack@n-api.service[84086]: DEBUG oslo_concurrency.lockutils [None req-86f2bd67-2621-4788-9f66-2a0ac387bd36 tempest-AttachSCSIVolumeTestJSON-1216790712 tempest-AttachSCSIVolumeTestJSON-1216790712-project-member] Lock "00000000-0000-0000-0000-000000000000" "released" by "nova.context.set_target_cell..get_or_set_cached_cell_and_set_connections" :: held 0.000s {{(pid=84086) inner /opt/stack/data/venv/lib/python3.12/site-packages/oslo_concurrency/lockutils.py:543}}
Jun 26 03:52:45.401145 np0000003692 devstack@n-api.service[84086]: DEBUG oslo_concurrency.lockutils [None req-86f2bd67-2621-4788-9f66-2a0ac387bd36 tempest-AttachSCSIVolumeTestJSON-1216790712 tempest-AttachSCSIVolumeTestJSON-1216790712-project-member] Acquiring lock "96b157ca-7c48-4739-8a3d-16d0aebb7eb6" by "nova.context.set_target_cell..get_or_set_cached_cell_and_set_connections" {{(pid=84086) inner /opt/stack/data/venv/lib/python3.12/site-packages/oslo_concurrency/lockutils.py:511}}
Jun 26 03:52:45.401377 np0000003692 devstack@n-api.service[84086]: DEBUG oslo_concurrency.lockutils [None req-86f2bd67-2621-4788-9f66-2a0ac387bd36 tempest-AttachSCSIVolumeTestJSON-1216790712 tempest-AttachSCSIVolumeTestJSON-1216790712-project-member] Lock "96b157ca-7c48-4739-8a3d-16d0aebb7eb6" acquired by "nova.context.set_target_cell..get_or_set_cached_cell_and_set_connections" :: waited 0.000s {{(pid=84086) inner /opt/stack/data/venv/lib/python3.12/site-packages/oslo_concurrency/lockutils.py:524}}
Jun 26 03:52:45.401531 np0000003692 devstack@n-api.service[84086]: DEBUG oslo_concurrency.lockutils [None req-86f2bd67-2621-4788-9f66-2a0ac387bd36 tempest-AttachSCSIVolumeTestJSON-1216790712 tempest-AttachSCSIVolumeTestJSON-1216790712-project-member] Lock "96b157ca-7c48-4739-8a3d-16d0aebb7eb6" "released" by "nova.context.set_target_cell..get_or_set_cached_cell_and_set_connections" :: held 0.000s {{(pid=84086) inner /opt/stack/data/venv/lib/python3.12/site-packages/oslo_concurrency/lockutils.py:543}}
Jun 26 03:52:45.403301 np0000003692 devstack@n-api.service[84084]: INFO nova.api.openstack.requestlog [None req-874114e1-d13e-4440-a325-2af499286a0e tempest-ServerStableDeviceRescueTest-1544915521 tempest-ServerStableDeviceRescueTest-1544915521-project-member] 10.4.3.6 "GET /compute/v2.1/servers/236b3599-c163-447f-97a6-67d65ebbf8ce" status: 200 len: 1362 microversion: 2.1 time: 0.930568
Jun 26 03:52:45.403648 np0000003692 devstack@n-api.service[84084]: [pid: 84084|app: 0|req: 18/53] 10.4.3.6 () {66 vars in 1340 bytes} [Fri Jun 26 03:52:44 2026] GET /compute/v2.1/servers/236b3599-c163-447f-97a6-67d65ebbf8ce => generated 1362 bytes in 931 msecs (HTTP/1.1 200) 9 headers in 358 bytes (1 switches on core 0)
Jun 26 03:52:45.407054 np0000003692 devstack@n-api.service[84084]: DEBUG nova.api.openstack.wsgi [None req-a8e22c36-2831-4acd-8941-e38ce670b687 tempest-VolumesAssistedSnapshotsTest-173397797 tempest-VolumesAssistedSnapshotsTest-173397797-project-member] Action: 'create', calling method: >, body: {"server": {"name": "tempest-VolumesAssistedSnapshotsTest-server-581714859", "imageRef": "384f28c3-ec62-4863-81b3-8a00bc1dc4cc", "flavorRef": "42", "networks": [{"uuid": "b78daf48-fb41-4330-909b-3282bc0dab32"}], "security_groups": [{"name": "tempest-securitygroup--1891662482"}], "key_name": "tempest-keypair-1067974618", "user_data": "IyEvYmluL3NoCmVjaG8gIlByaW50aW5nIGNpcnJvcyB1c2VyIGF1dGhvcml6ZWQga2V5cyIKY2F0IH5jaXJyb3MvLnNzaC9hdXRob3JpemVkX2tleXMgfHwgdHJ1ZQo="}} {{(pid=84084) _process_stack /opt/stack/nova/nova/api/openstack/wsgi.py:549}}
Jun 26 03:52:45.437444 np0000003692 devstack@n-api.service[84086]: DEBUG nova.quota [None req-86f2bd67-2621-4788-9f66-2a0ac387bd36 tempest-AttachSCSIVolumeTestJSON-1216790712 tempest-AttachSCSIVolumeTestJSON-1216790712-project-member] Getting quotas for project 920725995db540fc9c11e5253bf347ee. Resources: {'ram', 'instances', 'cores'} {{(pid=84086) _get_quotas /opt/stack/nova/nova/quota.py:392}}
Jun 26 03:52:45.445404 np0000003692 devstack@n-api.service[84086]: DEBUG nova.quota [None req-86f2bd67-2621-4788-9f66-2a0ac387bd36 tempest-AttachSCSIVolumeTestJSON-1216790712 tempest-AttachSCSIVolumeTestJSON-1216790712-project-member] Getting quotas for user f7fd95b4ac1f42749e3383185c5ab366 and project 920725995db540fc9c11e5253bf347ee. Resources: {'ram', 'instances', 'cores'} {{(pid=84086) _get_quotas /opt/stack/nova/nova/quota.py:382}}
Jun 26 03:52:45.453477 np0000003692 devstack@n-api.service[84086]: DEBUG nova.compute.api [None req-86f2bd67-2621-4788-9f66-2a0ac387bd36 tempest-AttachSCSIVolumeTestJSON-1216790712 tempest-AttachSCSIVolumeTestJSON-1216790712-project-member] Going to run 1 instances... {{(pid=84086) _provision_instances /opt/stack/nova/nova/compute/api.py:1480}}
Jun 26 03:52:45.455624 np0000003692 devstack@n-api.service[84086]: DEBUG nova.compute.api [None req-86f2bd67-2621-4788-9f66-2a0ac387bd36 tempest-AttachSCSIVolumeTestJSON-1216790712 tempest-AttachSCSIVolumeTestJSON-1216790712-project-member] [instance: fffdd1ec-9625-4f2e-82eb-d0983e19fcf9] block_device_mapping [BlockDeviceMapping(attachment_id=,boot_index=0,connection_info=None,created_at=,delete_on_termination=True,deleted=,deleted_at=,destination_type='local',device_name=None,device_type='disk',disk_bus=None,encrypted=False,encryption_format=None,encryption_options=None,encryption_secret_uuid=None,guest_format=None,id=,image_id='abde0e83-63f9-4f24-b1c7-a4f8b5858e51',instance=,instance_uuid=,no_device=False,snapshot_id=None,source_type='image',tag=None,updated_at=,uuid=,volume_id=None,volume_size=None,volume_type=None)] {{(pid=84086) _bdm_validate_set_size_and_instance /opt/stack/nova/nova/compute/api.py:1942}}
Jun 26 03:52:45.539680 np0000003692 devstack@n-api.service[84086]: INFO nova.api.openstack.requestlog [None req-86f2bd67-2621-4788-9f66-2a0ac387bd36 tempest-AttachSCSIVolumeTestJSON-1216790712 tempest-AttachSCSIVolumeTestJSON-1216790712-project-member] 10.4.3.6 "POST /compute/v2.1/servers" status: 202 len: 401 microversion: 2.1 time: 3.721596
Jun 26 03:52:45.539823 np0000003692 devstack@n-api.service[84086]: [pid: 84086|app: 0|req: 18/54] 10.4.3.6 () {68 vars in 1251 bytes} [Fri Jun 26 03:52:41 2026] POST /compute/v2.1/servers => generated 401 bytes in 3722 msecs (HTTP/1.1 202) 10 headers in 449 bytes (1 switches on core 0)
Jun 26 03:52:45.552764 np0000003692 devstack@n-api.service[84085]: DEBUG nova.policy [None req-8106ab60-ecef-4901-a3b0-5eb9fb1969b7 tempest-DeleteServersTestJSON-225284280 tempest-DeleteServersTestJSON-225284280-project-member] Policy check for os_compute_api:os-extended-server-attributes failed with credentials {'is_admin': False, 'user_id': '7e1d1750c0914950b5c4d09a367239d6', 'user_domain_id': 'default', 'system_scope': None, 'domain_id': None, 'project_id': '7f8d9df289624f748e08a13665bc6971', 'project_domain_id': 'default', 'roles': ['reader', 'member'], 'is_admin_project': True, 'service_user_id': None, 'service_user_domain_id': None, 'service_project_id': None, 'service_project_domain_id': None, 'service_roles': []} {{(pid=84085) authorize /opt/stack/nova/nova/policy.py:192}}
Jun 26 03:52:45.564414 np0000003692 devstack@n-api.service[84085]: INFO nova.api.openstack.requestlog [None req-8106ab60-ecef-4901-a3b0-5eb9fb1969b7 tempest-DeleteServersTestJSON-225284280 tempest-DeleteServersTestJSON-225284280-project-member] 10.4.3.6 "GET /compute/v2.1/servers/38250f40-267a-4ead-9841-2d1e81f006a7" status: 200 len: 1305 microversion: 2.1 time: 1.060124
Jun 26 03:52:45.564414 np0000003692 devstack@n-api.service[84085]: [pid: 84085|app: 0|req: 19/55] 10.4.3.6 () {66 vars in 1340 bytes} [Fri Jun 26 03:52:44 2026] GET /compute/v2.1/servers/38250f40-267a-4ead-9841-2d1e81f006a7 => generated 1305 bytes in 1061 msecs (HTTP/1.1 200) 9 headers in 358 bytes (1 switches on core 0)
Jun 26 03:52:45.566684 np0000003692 devstack@n-api.service[84085]: DEBUG nova.api.openstack.wsgi [None req-ec8c28b9-a329-45aa-9ddc-8278921f50f4 tempest-AttachSCSIVolumeTestJSON-1216790712 tempest-AttachSCSIVolumeTestJSON-1216790712-project-member] Calling method '>' {{(pid=84085) _process_stack /opt/stack/nova/nova/api/openstack/wsgi.py:551}}
Jun 26 03:52:45.569417 np0000003692 devstack@n-api.service[84085]: DEBUG nova.compute.api [None req-ec8c28b9-a329-45aa-9ddc-8278921f50f4 tempest-AttachSCSIVolumeTestJSON-1216790712 tempest-AttachSCSIVolumeTestJSON-1216790712-project-member] [instance: fffdd1ec-9625-4f2e-82eb-d0983e19fcf9] Fetching instance by UUID {{(pid=84085) get /opt/stack/nova/nova/compute/api.py:3069}}
Jun 26 03:52:45.591120 np0000003692 devstack@n-api.service[84084]: DEBUG oslo_concurrency.lockutils [None req-a8e22c36-2831-4acd-8941-e38ce670b687 tempest-VolumesAssistedSnapshotsTest-173397797 tempest-VolumesAssistedSnapshotsTest-173397797-project-member] Acquiring lock "00000000-0000-0000-0000-000000000000" by "nova.context.set_target_cell..get_or_set_cached_cell_and_set_connections" {{(pid=84084) inner /opt/stack/data/venv/lib/python3.12/site-packages/oslo_concurrency/lockutils.py:511}}
Jun 26 03:52:45.591120 np0000003692 devstack@n-api.service[84084]: DEBUG oslo_concurrency.lockutils [None req-a8e22c36-2831-4acd-8941-e38ce670b687 tempest-VolumesAssistedSnapshotsTest-173397797 tempest-VolumesAssistedSnapshotsTest-173397797-project-member] Lock "00000000-0000-0000-0000-000000000000" acquired by "nova.context.set_target_cell..get_or_set_cached_cell_and_set_connections" :: waited 0.001s {{(pid=84084) inner /opt/stack/data/venv/lib/python3.12/site-packages/oslo_concurrency/lockutils.py:524}}
Jun 26 03:52:45.591120 np0000003692 devstack@n-api.service[84084]: DEBUG oslo_concurrency.lockutils [None req-a8e22c36-2831-4acd-8941-e38ce670b687 tempest-VolumesAssistedSnapshotsTest-173397797 tempest-VolumesAssistedSnapshotsTest-173397797-project-member] Lock "00000000-0000-0000-0000-000000000000" "released" by "nova.context.set_target_cell..get_or_set_cached_cell_and_set_connections" :: held 0.002s {{(pid=84084) inner /opt/stack/data/venv/lib/python3.12/site-packages/oslo_concurrency/lockutils.py:543}}
Jun 26 03:52:45.591120 np0000003692 devstack@n-api.service[84084]: DEBUG oslo_concurrency.lockutils [None req-a8e22c36-2831-4acd-8941-e38ce670b687 tempest-VolumesAssistedSnapshotsTest-173397797 tempest-VolumesAssistedSnapshotsTest-173397797-project-member] Acquiring lock "96b157ca-7c48-4739-8a3d-16d0aebb7eb6" by "nova.context.set_target_cell..get_or_set_cached_cell_and_set_connections" {{(pid=84084) inner /opt/stack/data/venv/lib/python3.12/site-packages/oslo_concurrency/lockutils.py:511}}
Jun 26 03:52:45.592426 np0000003692 devstack@n-api.service[84084]: DEBUG oslo_concurrency.lockutils [None req-a8e22c36-2831-4acd-8941-e38ce670b687 tempest-VolumesAssistedSnapshotsTest-173397797 tempest-VolumesAssistedSnapshotsTest-173397797-project-member] Lock "96b157ca-7c48-4739-8a3d-16d0aebb7eb6" acquired by "nova.context.set_target_cell..get_or_set_cached_cell_and_set_connections" :: waited 0.000s {{(pid=84084) inner /opt/stack/data/venv/lib/python3.12/site-packages/oslo_concurrency/lockutils.py:524}}
Jun 26 03:52:45.592426 np0000003692 devstack@n-api.service[84084]: DEBUG oslo_concurrency.lockutils [None req-a8e22c36-2831-4acd-8941-e38ce670b687 tempest-VolumesAssistedSnapshotsTest-173397797 tempest-VolumesAssistedSnapshotsTest-173397797-project-member] Lock "96b157ca-7c48-4739-8a3d-16d0aebb7eb6" "released" by "nova.context.set_target_cell..get_or_set_cached_cell_and_set_connections" :: held 0.001s {{(pid=84084) inner /opt/stack/data/venv/lib/python3.12/site-packages/oslo_concurrency/lockutils.py:543}}
Jun 26 03:52:45.598609 np0000003692 devstack@n-api.service[84084]: WARNING neutronclient.v2_0.client [None req-a8e22c36-2831-4acd-8941-e38ce670b687 tempest-VolumesAssistedSnapshotsTest-173397797 tempest-VolumesAssistedSnapshotsTest-173397797-project-member] The python binding code in neutronclient is deprecated in favor of OpenstackSDK, please use that as this will be removed in a future release.
Jun 26 03:52:45.607123 np0000003692 devstack@n-api.service[84085]: WARNING neutronclient.v2_0.client [None req-ec8c28b9-a329-45aa-9ddc-8278921f50f4 tempest-AttachSCSIVolumeTestJSON-1216790712 tempest-AttachSCSIVolumeTestJSON-1216790712-project-member] The python binding code in neutronclient is deprecated in favor of OpenstackSDK, please use that as this will be removed in a future release.
Jun 26 03:52:45.797428 np0000003692 devstack@n-api.service[84086]: DEBUG nova.api.openstack.wsgi [req-a889f4d2-058b-4051-a9d7-4c706346b0c8 req-f6e47e2c-2bf9-48ad-a42a-3e6cde807832 service nova] Action: 'create', calling method: >, body: {"events": [{"server_uuid": "236b3599-c163-447f-97a6-67d65ebbf8ce", "name": "network-vif-unplugged", "status": "completed", "tag": "c6f69d88-b4b3-4072-b5cb-0965472d70ff"}]} {{(pid=84086) _process_stack /opt/stack/nova/nova/api/openstack/wsgi.py:549}}
Jun 26 03:52:45.809516 np0000003692 devstack@n-api.service[84086]: DEBUG oslo_concurrency.lockutils [req-a889f4d2-058b-4051-a9d7-4c706346b0c8 req-f6e47e2c-2bf9-48ad-a42a-3e6cde807832 service nova] Acquiring lock "96b157ca-7c48-4739-8a3d-16d0aebb7eb6" by "nova.context.set_target_cell..get_or_set_cached_cell_and_set_connections" {{(pid=84086) inner /opt/stack/data/venv/lib/python3.12/site-packages/oslo_concurrency/lockutils.py:511}}
Jun 26 03:52:45.809800 np0000003692 devstack@n-api.service[84086]: DEBUG oslo_concurrency.lockutils [req-a889f4d2-058b-4051-a9d7-4c706346b0c8 req-f6e47e2c-2bf9-48ad-a42a-3e6cde807832 service nova] Lock "96b157ca-7c48-4739-8a3d-16d0aebb7eb6" acquired by "nova.context.set_target_cell..get_or_set_cached_cell_and_set_connections" :: waited 0.000s {{(pid=84086) inner /opt/stack/data/venv/lib/python3.12/site-packages/oslo_concurrency/lockutils.py:524}}
Jun 26 03:52:45.810388 np0000003692 devstack@n-api.service[84086]: DEBUG oslo_concurrency.lockutils [req-a889f4d2-058b-4051-a9d7-4c706346b0c8 req-f6e47e2c-2bf9-48ad-a42a-3e6cde807832 service nova] Lock "96b157ca-7c48-4739-8a3d-16d0aebb7eb6" "released" by "nova.context.set_target_cell..get_or_set_cached_cell_and_set_connections" :: held 0.000s {{(pid=84086) inner /opt/stack/data/venv/lib/python3.12/site-packages/oslo_concurrency/lockutils.py:543}}
Jun 26 03:52:45.823020 np0000003692 devstack@n-api.service[84086]: INFO nova.api.openstack.compute.server_external_events [req-a889f4d2-058b-4051-a9d7-4c706346b0c8 req-f6e47e2c-2bf9-48ad-a42a-3e6cde807832 service nova] Creating event network-vif-unplugged:c6f69d88-b4b3-4072-b5cb-0965472d70ff for instance 236b3599-c163-447f-97a6-67d65ebbf8ce on np0000003692
Jun 26 03:52:45.823445 np0000003692 devstack@n-api.service[84086]: DEBUG oslo_concurrency.lockutils [req-a889f4d2-058b-4051-a9d7-4c706346b0c8 req-f6e47e2c-2bf9-48ad-a42a-3e6cde807832 service nova] Acquiring lock "compute-rpcapi-router" {{(pid=84086) lock /opt/stack/data/venv/lib/python3.12/site-packages/oslo_concurrency/lockutils.py:395}}
Jun 26 03:52:45.823445 np0000003692 devstack@n-api.service[84086]: DEBUG oslo_concurrency.lockutils [req-a889f4d2-058b-4051-a9d7-4c706346b0c8 req-f6e47e2c-2bf9-48ad-a42a-3e6cde807832 service nova] Acquired lock "compute-rpcapi-router" {{(pid=84086) lock /opt/stack/data/venv/lib/python3.12/site-packages/oslo_concurrency/lockutils.py:398}}
Jun 26 03:52:45.824447 np0000003692 devstack@n-api.service[84086]: DEBUG oslo_concurrency.lockutils [None req-bb301d18-5433-4b0a-9784-e72c091ee3b7 None None] Acquiring lock "00000000-0000-0000-0000-000000000000" by "nova.context.set_target_cell..get_or_set_cached_cell_and_set_connections" {{(pid=84086) inner /opt/stack/data/venv/lib/python3.12/site-packages/oslo_concurrency/lockutils.py:511}}
Jun 26 03:52:45.824447 np0000003692 devstack@n-api.service[84086]: DEBUG oslo_concurrency.lockutils [None req-bb301d18-5433-4b0a-9784-e72c091ee3b7 None None] Lock "00000000-0000-0000-0000-000000000000" acquired by "nova.context.set_target_cell..get_or_set_cached_cell_and_set_connections" :: waited 0.000s {{(pid=84086) inner /opt/stack/data/venv/lib/python3.12/site-packages/oslo_concurrency/lockutils.py:524}}
Jun 26 03:52:45.824447 np0000003692 devstack@n-api.service[84086]: DEBUG oslo_concurrency.lockutils [None req-bb301d18-5433-4b0a-9784-e72c091ee3b7 None None] Lock "00000000-0000-0000-0000-000000000000" "released" by "nova.context.set_target_cell..get_or_set_cached_cell_and_set_connections" :: held 0.000s {{(pid=84086) inner /opt/stack/data/venv/lib/python3.12/site-packages/oslo_concurrency/lockutils.py:543}}
Jun 26 03:52:45.824685 np0000003692 devstack@n-api.service[84086]: DEBUG oslo_concurrency.lockutils [None req-bb301d18-5433-4b0a-9784-e72c091ee3b7 None None] Acquiring lock "96b157ca-7c48-4739-8a3d-16d0aebb7eb6" by "nova.context.set_target_cell..get_or_set_cached_cell_and_set_connections" {{(pid=84086) inner /opt/stack/data/venv/lib/python3.12/site-packages/oslo_concurrency/lockutils.py:511}}
Jun 26 03:52:45.824685 np0000003692 devstack@n-api.service[84086]: DEBUG oslo_concurrency.lockutils [None req-bb301d18-5433-4b0a-9784-e72c091ee3b7 None None] Lock "96b157ca-7c48-4739-8a3d-16d0aebb7eb6" acquired by "nova.context.set_target_cell..get_or_set_cached_cell_and_set_connections" :: waited 0.000s {{(pid=84086) inner /opt/stack/data/venv/lib/python3.12/site-packages/oslo_concurrency/lockutils.py:524}}
Jun 26 03:52:45.824777 np0000003692 devstack@n-api.service[84086]: DEBUG oslo_concurrency.lockutils [None req-bb301d18-5433-4b0a-9784-e72c091ee3b7 None None] Lock "96b157ca-7c48-4739-8a3d-16d0aebb7eb6" "released" by "nova.context.set_target_cell..get_or_set_cached_cell_and_set_connections" :: held 0.000s {{(pid=84086) inner /opt/stack/data/venv/lib/python3.12/site-packages/oslo_concurrency/lockutils.py:543}}
Jun 26 03:52:45.833939 np0000003692 devstack@n-api.service[84086]: INFO nova.compute.rpcapi [None req-bb301d18-5433-4b0a-9784-e72c091ee3b7 None None] Automatically selected compute RPC version 6.5 from minimum service version 72
Jun 26 03:52:45.834475 np0000003692 devstack@n-api.service[84086]: DEBUG oslo_concurrency.lockutils [None req-bb301d18-5433-4b0a-9784-e72c091ee3b7 None None] Releasing lock "compute-rpcapi-router" {{(pid=84086) lock /opt/stack/data/venv/lib/python3.12/site-packages/oslo_concurrency/lockutils.py:418}}
Jun 26 03:52:45.835027 np0000003692 devstack@n-api.service[84086]: DEBUG nova.compute.rpcapi [None req-bb301d18-5433-4b0a-9784-e72c091ee3b7 None None] RPC: Sending the message to topic: compute-alt {{(pid=84086) prepare_for_alt_rpcserver /opt/stack/nova/nova/compute/rpcapi.py:595}}
Jun 26 03:52:45.851623 np0000003692 devstack@n-api.service[84086]: INFO nova.api.openstack.requestlog [None req-bb301d18-5433-4b0a-9784-e72c091ee3b7 None None] 10.4.3.6 "POST /compute/v2.1/os-server-external-events" status: 200 len: 185 microversion: 2.1 time: 0.310996
Jun 26 03:52:45.852112 np0000003692 devstack@n-api.service[84086]: [pid: 84086|app: 0|req: 19/56] 10.4.3.6 () {72 vars in 1418 bytes} [Fri Jun 26 03:52:45 2026] POST /compute/v2.1/os-server-external-events => generated 185 bytes in 312 msecs (HTTP/1.1 200) 9 headers in 357 bytes (1 switches on core 0)
Jun 26 03:52:46.335677 np0000003692 devstack@n-api.service[84085]: DEBUG nova.policy [None req-ec8c28b9-a329-45aa-9ddc-8278921f50f4 tempest-AttachSCSIVolumeTestJSON-1216790712 tempest-AttachSCSIVolumeTestJSON-1216790712-project-member] Policy check for os_compute_api:os-extended-server-attributes failed with credentials {'is_admin': False, 'user_id': 'f7fd95b4ac1f42749e3383185c5ab366', 'user_domain_id': 'default', 'system_scope': None, 'domain_id': None, 'project_id': '920725995db540fc9c11e5253bf347ee', 'project_domain_id': 'default', 'roles': ['reader', 'member'], 'is_admin_project': True, 'service_user_id': None, 'service_user_domain_id': None, 'service_project_id': None, 'service_project_domain_id': None, 'service_roles': []} {{(pid=84085) authorize /opt/stack/nova/nova/policy.py:192}}
Jun 26 03:52:46.357281 np0000003692 devstack@n-api.service[84085]: INFO nova.api.openstack.requestlog [None req-ec8c28b9-a329-45aa-9ddc-8278921f50f4 tempest-AttachSCSIVolumeTestJSON-1216790712 tempest-AttachSCSIVolumeTestJSON-1216790712-project-member] 10.4.3.6 "GET /compute/v2.1/servers/fffdd1ec-9625-4f2e-82eb-d0983e19fcf9" status: 200 len: 1236 microversion: 2.1 time: 0.790863
Jun 26 03:52:46.357281 np0000003692 devstack@n-api.service[84085]: [pid: 84085|app: 0|req: 20/57] 10.4.3.6 () {66 vars in 1340 bytes} [Fri Jun 26 03:52:45 2026] GET /compute/v2.1/servers/fffdd1ec-9625-4f2e-82eb-d0983e19fcf9 => generated 1236 bytes in 791 msecs (HTTP/1.1 200) 9 headers in 358 bytes (1 switches on core 0)
Jun 26 03:52:46.379753 np0000003692 devstack@n-api.service[84084]: DEBUG nova.network.neutron [None req-a8e22c36-2831-4acd-8941-e38ce670b687 tempest-VolumesAssistedSnapshotsTest-173397797 tempest-VolumesAssistedSnapshotsTest-173397797-project-member] validate_networks() for [('b78daf48-fb41-4330-909b-3282bc0dab32', None, None, None, None, None)] {{(pid=84084) validate_networks /opt/stack/nova/nova/network/neutron.py:2685}}
Jun 26 03:52:46.379753 np0000003692 devstack@n-api.service[84084]: WARNING neutronclient.v2_0.client [None req-a8e22c36-2831-4acd-8941-e38ce670b687 tempest-VolumesAssistedSnapshotsTest-173397797 tempest-VolumesAssistedSnapshotsTest-173397797-project-member] The python binding code in neutronclient is deprecated in favor of OpenstackSDK, please use that as this will be removed in a future release.
Jun 26 03:52:46.424541 np0000003692 devstack@n-api.service[84086]: DEBUG nova.api.openstack.wsgi [None req-33f76e31-fd51-4fcd-af5c-fc007eb70c45 tempest-ServerStableDeviceRescueTest-1544915521 tempest-ServerStableDeviceRescueTest-1544915521-project-member] Calling method '>' {{(pid=84086) _process_stack /opt/stack/nova/nova/api/openstack/wsgi.py:551}}
Jun 26 03:52:46.427889 np0000003692 devstack@n-api.service[84086]: DEBUG nova.compute.api [None req-33f76e31-fd51-4fcd-af5c-fc007eb70c45 tempest-ServerStableDeviceRescueTest-1544915521 tempest-ServerStableDeviceRescueTest-1544915521-project-member] [instance: 236b3599-c163-447f-97a6-67d65ebbf8ce] Fetching instance by UUID {{(pid=84086) get /opt/stack/nova/nova/compute/api.py:3069}}
Jun 26 03:52:46.435207 np0000003692 devstack@n-api.service[84086]: DEBUG oslo_concurrency.lockutils [None req-33f76e31-fd51-4fcd-af5c-fc007eb70c45 tempest-ServerStableDeviceRescueTest-1544915521 tempest-ServerStableDeviceRescueTest-1544915521-project-member] Acquiring lock "96b157ca-7c48-4739-8a3d-16d0aebb7eb6" by "nova.context.set_target_cell..get_or_set_cached_cell_and_set_connections" {{(pid=84086) inner /opt/stack/data/venv/lib/python3.12/site-packages/oslo_concurrency/lockutils.py:511}}
Jun 26 03:52:46.435552 np0000003692 devstack@n-api.service[84086]: DEBUG oslo_concurrency.lockutils [None req-33f76e31-fd51-4fcd-af5c-fc007eb70c45 tempest-ServerStableDeviceRescueTest-1544915521 tempest-ServerStableDeviceRescueTest-1544915521-project-member] Lock "96b157ca-7c48-4739-8a3d-16d0aebb7eb6" acquired by "nova.context.set_target_cell..get_or_set_cached_cell_and_set_connections" :: waited 0.000s {{(pid=84086) inner /opt/stack/data/venv/lib/python3.12/site-packages/oslo_concurrency/lockutils.py:524}}
Jun 26 03:52:46.435720 np0000003692 devstack@n-api.service[84086]: DEBUG oslo_concurrency.lockutils [None req-33f76e31-fd51-4fcd-af5c-fc007eb70c45 tempest-ServerStableDeviceRescueTest-1544915521 tempest-ServerStableDeviceRescueTest-1544915521-project-member] Lock "96b157ca-7c48-4739-8a3d-16d0aebb7eb6" "released" by "nova.context.set_target_cell..get_or_set_cached_cell_and_set_connections" :: held 0.000s {{(pid=84086) inner /opt/stack/data/venv/lib/python3.12/site-packages/oslo_concurrency/lockutils.py:543}}
Jun 26 03:52:46.436253 np0000003692 devstack@n-api.service[84086]: DEBUG oslo_concurrency.lockutils [None req-33f76e31-fd51-4fcd-af5c-fc007eb70c45 tempest-ServerStableDeviceRescueTest-1544915521 tempest-ServerStableDeviceRescueTest-1544915521-project-member] Acquiring lock "96b157ca-7c48-4739-8a3d-16d0aebb7eb6" by "nova.context.set_target_cell..get_or_set_cached_cell_and_set_connections" {{(pid=84086) inner /opt/stack/data/venv/lib/python3.12/site-packages/oslo_concurrency/lockutils.py:511}}
Jun 26 03:52:46.436584 np0000003692 devstack@n-api.service[84086]: DEBUG oslo_concurrency.lockutils [None req-33f76e31-fd51-4fcd-af5c-fc007eb70c45 tempest-ServerStableDeviceRescueTest-1544915521 tempest-ServerStableDeviceRescueTest-1544915521-project-member] Lock "96b157ca-7c48-4739-8a3d-16d0aebb7eb6" acquired by "nova.context.set_target_cell..get_or_set_cached_cell_and_set_connections" :: waited 0.000s {{(pid=84086) inner /opt/stack/data/venv/lib/python3.12/site-packages/oslo_concurrency/lockutils.py:524}}
Jun 26 03:52:46.436900 np0000003692 devstack@n-api.service[84086]: DEBUG oslo_concurrency.lockutils [None req-33f76e31-fd51-4fcd-af5c-fc007eb70c45 tempest-ServerStableDeviceRescueTest-1544915521 tempest-ServerStableDeviceRescueTest-1544915521-project-member] Lock "96b157ca-7c48-4739-8a3d-16d0aebb7eb6" "released" by "nova.context.set_target_cell..get_or_set_cached_cell_and_set_connections" :: held 0.000s {{(pid=84086) inner /opt/stack/data/venv/lib/python3.12/site-packages/oslo_concurrency/lockutils.py:543}}
Jun 26 03:52:46.475119 np0000003692 devstack@n-api.service[84086]: WARNING neutronclient.v2_0.client [None req-33f76e31-fd51-4fcd-af5c-fc007eb70c45 tempest-ServerStableDeviceRescueTest-1544915521 tempest-ServerStableDeviceRescueTest-1544915521-project-member] The python binding code in neutronclient is deprecated in favor of OpenstackSDK, please use that as this will be removed in a future release.
Jun 26 03:52:46.584003 np0000003692 devstack@n-api.service[84085]: DEBUG nova.api.openstack.wsgi [None req-40801f2e-f1e1-4415-b674-46d663771ecb tempest-DeleteServersTestJSON-225284280 tempest-DeleteServersTestJSON-225284280-project-member] Calling method '>' {{(pid=84085) _process_stack /opt/stack/nova/nova/api/openstack/wsgi.py:551}}
Jun 26 03:52:46.585847 np0000003692 devstack@n-api.service[84085]: DEBUG nova.compute.api [None req-40801f2e-f1e1-4415-b674-46d663771ecb tempest-DeleteServersTestJSON-225284280 tempest-DeleteServersTestJSON-225284280-project-member] [instance: 38250f40-267a-4ead-9841-2d1e81f006a7] Fetching instance by UUID {{(pid=84085) get /opt/stack/nova/nova/compute/api.py:3069}}
Jun 26 03:52:46.591106 np0000003692 devstack@n-api.service[84085]: DEBUG oslo_concurrency.lockutils [None req-40801f2e-f1e1-4415-b674-46d663771ecb tempest-DeleteServersTestJSON-225284280 tempest-DeleteServersTestJSON-225284280-project-member] Acquiring lock "96b157ca-7c48-4739-8a3d-16d0aebb7eb6" by "nova.context.set_target_cell..get_or_set_cached_cell_and_set_connections" {{(pid=84085) inner /opt/stack/data/venv/lib/python3.12/site-packages/oslo_concurrency/lockutils.py:511}}
Jun 26 03:52:46.591419 np0000003692 devstack@n-api.service[84085]: DEBUG oslo_concurrency.lockutils [None req-40801f2e-f1e1-4415-b674-46d663771ecb tempest-DeleteServersTestJSON-225284280 tempest-DeleteServersTestJSON-225284280-project-member] Lock "96b157ca-7c48-4739-8a3d-16d0aebb7eb6" acquired by "nova.context.set_target_cell..get_or_set_cached_cell_and_set_connections" :: waited 0.000s {{(pid=84085) inner /opt/stack/data/venv/lib/python3.12/site-packages/oslo_concurrency/lockutils.py:524}}
Jun 26 03:52:46.591711 np0000003692 devstack@n-api.service[84085]: DEBUG oslo_concurrency.lockutils [None req-40801f2e-f1e1-4415-b674-46d663771ecb tempest-DeleteServersTestJSON-225284280 tempest-DeleteServersTestJSON-225284280-project-member] Lock "96b157ca-7c48-4739-8a3d-16d0aebb7eb6" "released" by "nova.context.set_target_cell..get_or_set_cached_cell_and_set_connections" :: held 0.000s {{(pid=84085) inner /opt/stack/data/venv/lib/python3.12/site-packages/oslo_concurrency/lockutils.py:543}}
Jun 26 03:52:46.592090 np0000003692 devstack@n-api.service[84085]: DEBUG oslo_concurrency.lockutils [None req-40801f2e-f1e1-4415-b674-46d663771ecb tempest-DeleteServersTestJSON-225284280 tempest-DeleteServersTestJSON-225284280-project-member] Acquiring lock "96b157ca-7c48-4739-8a3d-16d0aebb7eb6" by "nova.context.set_target_cell..get_or_set_cached_cell_and_set_connections" {{(pid=84085) inner /opt/stack/data/venv/lib/python3.12/site-packages/oslo_concurrency/lockutils.py:511}}
Jun 26 03:52:46.592420 np0000003692 devstack@n-api.service[84085]: DEBUG oslo_concurrency.lockutils [None req-40801f2e-f1e1-4415-b674-46d663771ecb tempest-DeleteServersTestJSON-225284280 tempest-DeleteServersTestJSON-225284280-project-member] Lock "96b157ca-7c48-4739-8a3d-16d0aebb7eb6" acquired by "nova.context.set_target_cell..get_or_set_cached_cell_and_set_connections" :: waited 0.000s {{(pid=84085) inner /opt/stack/data/venv/lib/python3.12/site-packages/oslo_concurrency/lockutils.py:524}}
Jun 26 03:52:46.592949 np0000003692 devstack@n-api.service[84085]: DEBUG oslo_concurrency.lockutils [None req-40801f2e-f1e1-4415-b674-46d663771ecb tempest-DeleteServersTestJSON-225284280 tempest-DeleteServersTestJSON-225284280-project-member] Lock "96b157ca-7c48-4739-8a3d-16d0aebb7eb6" "released" by "nova.context.set_target_cell..get_or_set_cached_cell_and_set_connections" :: held 0.000s {{(pid=84085) inner /opt/stack/data/venv/lib/python3.12/site-packages/oslo_concurrency/lockutils.py:543}}
Jun 26 03:52:46.611460 np0000003692 devstack@n-api.service[84085]: WARNING neutronclient.v2_0.client [None req-40801f2e-f1e1-4415-b674-46d663771ecb tempest-DeleteServersTestJSON-225284280 tempest-DeleteServersTestJSON-225284280-project-member] The python binding code in neutronclient is deprecated in favor of OpenstackSDK, please use that as this will be removed in a future release.
Jun 26 03:52:47.615728 np0000003692 devstack@n-api.service[84086]: DEBUG nova.policy [None req-33f76e31-fd51-4fcd-af5c-fc007eb70c45 tempest-ServerStableDeviceRescueTest-1544915521 tempest-ServerStableDeviceRescueTest-1544915521-project-member] Policy check for os_compute_api:os-extended-server-attributes failed with credentials {'is_admin': False, 'user_id': 'b005d6cfcc194c29a20f7455474ca338', 'user_domain_id': 'default', 'system_scope': None, 'domain_id': None, 'project_id': 'b4c280a644924458af0cc3e8871d9ba3', 'project_domain_id': 'default', 'roles': ['reader', 'member'], 'is_admin_project': True, 'service_user_id': None, 'service_user_domain_id': None, 'service_project_id': None, 'service_project_domain_id': None, 'service_roles': []} {{(pid=84086) authorize /opt/stack/nova/nova/policy.py:192}}
Jun 26 03:52:47.626455 np0000003692 devstack@n-api.service[84086]: INFO nova.api.openstack.requestlog [None req-33f76e31-fd51-4fcd-af5c-fc007eb70c45 tempest-ServerStableDeviceRescueTest-1544915521 tempest-ServerStableDeviceRescueTest-1544915521-project-member] 10.4.3.6 "GET /compute/v2.1/servers/236b3599-c163-447f-97a6-67d65ebbf8ce" status: 200 len: 1362 microversion: 2.1 time: 1.204279
Jun 26 03:52:47.626815 np0000003692 devstack@n-api.service[84086]: [pid: 84086|app: 0|req: 20/58] 10.4.3.6 () {66 vars in 1340 bytes} [Fri Jun 26 03:52:46 2026] GET /compute/v2.1/servers/236b3599-c163-447f-97a6-67d65ebbf8ce => generated 1362 bytes in 1205 msecs (HTTP/1.1 200) 9 headers in 358 bytes (1 switches on core 0)
Jun 26 03:52:47.629276 np0000003692 devstack@n-api.service[84086]: DEBUG nova.api.openstack.wsgi [None req-9b2a18d4-93f6-47a0-9937-752830660f25 tempest-AttachSCSIVolumeTestJSON-1216790712 tempest-AttachSCSIVolumeTestJSON-1216790712-project-member] Calling method '>' {{(pid=84086) _process_stack /opt/stack/nova/nova/api/openstack/wsgi.py:551}}
Jun 26 03:52:47.630861 np0000003692 devstack@n-api.service[84086]: DEBUG nova.compute.api [None req-9b2a18d4-93f6-47a0-9937-752830660f25 tempest-AttachSCSIVolumeTestJSON-1216790712 tempest-AttachSCSIVolumeTestJSON-1216790712-project-member] [instance: fffdd1ec-9625-4f2e-82eb-d0983e19fcf9] Fetching instance by UUID {{(pid=84086) get /opt/stack/nova/nova/compute/api.py:3069}}
Jun 26 03:52:47.637689 np0000003692 devstack@n-api.service[84086]: DEBUG oslo_concurrency.lockutils [None req-9b2a18d4-93f6-47a0-9937-752830660f25 tempest-AttachSCSIVolumeTestJSON-1216790712 tempest-AttachSCSIVolumeTestJSON-1216790712-project-member] Acquiring lock "96b157ca-7c48-4739-8a3d-16d0aebb7eb6" by "nova.context.set_target_cell..get_or_set_cached_cell_and_set_connections" {{(pid=84086) inner /opt/stack/data/venv/lib/python3.12/site-packages/oslo_concurrency/lockutils.py:511}}
Jun 26 03:52:47.638055 np0000003692 devstack@n-api.service[84086]: DEBUG oslo_concurrency.lockutils [None req-9b2a18d4-93f6-47a0-9937-752830660f25 tempest-AttachSCSIVolumeTestJSON-1216790712 tempest-AttachSCSIVolumeTestJSON-1216790712-project-member] Lock "96b157ca-7c48-4739-8a3d-16d0aebb7eb6" acquired by "nova.context.set_target_cell..get_or_set_cached_cell_and_set_connections" :: waited 0.001s {{(pid=84086) inner /opt/stack/data/venv/lib/python3.12/site-packages/oslo_concurrency/lockutils.py:524}}
Jun 26 03:52:47.638328 np0000003692 devstack@n-api.service[84086]: DEBUG oslo_concurrency.lockutils [None req-9b2a18d4-93f6-47a0-9937-752830660f25 tempest-AttachSCSIVolumeTestJSON-1216790712 tempest-AttachSCSIVolumeTestJSON-1216790712-project-member] Lock "96b157ca-7c48-4739-8a3d-16d0aebb7eb6" "released" by "nova.context.set_target_cell..get_or_set_cached_cell_and_set_connections" :: held 0.000s {{(pid=84086) inner /opt/stack/data/venv/lib/python3.12/site-packages/oslo_concurrency/lockutils.py:543}}
Jun 26 03:52:47.638847 np0000003692 devstack@n-api.service[84086]: DEBUG oslo_concurrency.lockutils [None req-9b2a18d4-93f6-47a0-9937-752830660f25 tempest-AttachSCSIVolumeTestJSON-1216790712 tempest-AttachSCSIVolumeTestJSON-1216790712-project-member] Acquiring lock "96b157ca-7c48-4739-8a3d-16d0aebb7eb6" by "nova.context.set_target_cell..get_or_set_cached_cell_and_set_connections" {{(pid=84086) inner /opt/stack/data/venv/lib/python3.12/site-packages/oslo_concurrency/lockutils.py:511}}
Jun 26 03:52:47.639240 np0000003692 devstack@n-api.service[84086]: DEBUG oslo_concurrency.lockutils [None req-9b2a18d4-93f6-47a0-9937-752830660f25 tempest-AttachSCSIVolumeTestJSON-1216790712 tempest-AttachSCSIVolumeTestJSON-1216790712-project-member] Lock "96b157ca-7c48-4739-8a3d-16d0aebb7eb6" acquired by "nova.context.set_target_cell..get_or_set_cached_cell_and_set_connections" :: waited 0.000s {{(pid=84086) inner /opt/stack/data/venv/lib/python3.12/site-packages/oslo_concurrency/lockutils.py:524}}
Jun 26 03:52:47.639585 np0000003692 devstack@n-api.service[84086]: DEBUG oslo_concurrency.lockutils [None req-9b2a18d4-93f6-47a0-9937-752830660f25 tempest-AttachSCSIVolumeTestJSON-1216790712 tempest-AttachSCSIVolumeTestJSON-1216790712-project-member] Lock "96b157ca-7c48-4739-8a3d-16d0aebb7eb6" "released" by "nova.context.set_target_cell..get_or_set_cached_cell_and_set_connections" :: held 0.000s {{(pid=84086) inner /opt/stack/data/venv/lib/python3.12/site-packages/oslo_concurrency/lockutils.py:543}}
Jun 26 03:52:47.663073 np0000003692 devstack@n-api.service[84086]: WARNING neutronclient.v2_0.client [None req-9b2a18d4-93f6-47a0-9937-752830660f25 tempest-AttachSCSIVolumeTestJSON-1216790712 tempest-AttachSCSIVolumeTestJSON-1216790712-project-member] The python binding code in neutronclient is deprecated in favor of OpenstackSDK, please use that as this will be removed in a future release.
Jun 26 03:52:47.663360 np0000003692 devstack@n-api.service[84085]: DEBUG nova.policy [None req-40801f2e-f1e1-4415-b674-46d663771ecb tempest-DeleteServersTestJSON-225284280 tempest-DeleteServersTestJSON-225284280-project-member] Policy check for os_compute_api:os-extended-server-attributes failed with credentials {'is_admin': False, 'user_id': '7e1d1750c0914950b5c4d09a367239d6', 'user_domain_id': 'default', 'system_scope': None, 'domain_id': None, 'project_id': '7f8d9df289624f748e08a13665bc6971', 'project_domain_id': 'default', 'roles': ['reader', 'member'], 'is_admin_project': True, 'service_user_id': None, 'service_user_domain_id': None, 'service_project_id': None, 'service_project_domain_id': None, 'service_roles': []} {{(pid=84085) authorize /opt/stack/nova/nova/policy.py:192}}
Jun 26 03:52:47.672366 np0000003692 devstack@n-api.service[84085]: INFO nova.api.openstack.requestlog [None req-40801f2e-f1e1-4415-b674-46d663771ecb tempest-DeleteServersTestJSON-225284280 tempest-DeleteServersTestJSON-225284280-project-member] 10.4.3.6 "GET /compute/v2.1/servers/38250f40-267a-4ead-9841-2d1e81f006a7" status: 200 len: 1305 microversion: 2.1 time: 1.090335
Jun 26 03:52:47.672734 np0000003692 devstack@n-api.service[84085]: [pid: 84085|app: 0|req: 21/59] 10.4.3.6 () {66 vars in 1340 bytes} [Fri Jun 26 03:52:46 2026] GET /compute/v2.1/servers/38250f40-267a-4ead-9841-2d1e81f006a7 => generated 1305 bytes in 1091 msecs (HTTP/1.1 200) 9 headers in 358 bytes (1 switches on core 0)
Jun 26 03:52:47.675520 np0000003692 devstack@n-api.service[84085]: DEBUG nova.api.openstack.wsgi [req-a9715493-19bb-4372-94e5-9329d1acfd31 req-ecb86bbb-3cb4-42e4-9df6-4063d07dc509 service nova] Action: 'create', calling method: >, body: {"events": [{"server_uuid": "38250f40-267a-4ead-9841-2d1e81f006a7", "name": "network-vif-unplugged", "status": "completed", "tag": "9a709c95-c9fa-4c30-8711-4f83efc30ae2"}]} {{(pid=84085) _process_stack /opt/stack/nova/nova/api/openstack/wsgi.py:549}}
Jun 26 03:52:47.684506 np0000003692 devstack@n-api.service[84085]: DEBUG oslo_concurrency.lockutils [req-a9715493-19bb-4372-94e5-9329d1acfd31 req-ecb86bbb-3cb4-42e4-9df6-4063d07dc509 service nova] Acquiring lock "96b157ca-7c48-4739-8a3d-16d0aebb7eb6" by "nova.context.set_target_cell..get_or_set_cached_cell_and_set_connections" {{(pid=84085) inner /opt/stack/data/venv/lib/python3.12/site-packages/oslo_concurrency/lockutils.py:511}}
Jun 26 03:52:47.684755 np0000003692 devstack@n-api.service[84085]: DEBUG oslo_concurrency.lockutils [req-a9715493-19bb-4372-94e5-9329d1acfd31 req-ecb86bbb-3cb4-42e4-9df6-4063d07dc509 service nova] Lock "96b157ca-7c48-4739-8a3d-16d0aebb7eb6" acquired by "nova.context.set_target_cell..get_or_set_cached_cell_and_set_connections" :: waited 0.000s {{(pid=84085) inner /opt/stack/data/venv/lib/python3.12/site-packages/oslo_concurrency/lockutils.py:524}}
Jun 26 03:52:47.684939 np0000003692 devstack@n-api.service[84085]: DEBUG oslo_concurrency.lockutils [req-a9715493-19bb-4372-94e5-9329d1acfd31 req-ecb86bbb-3cb4-42e4-9df6-4063d07dc509 service nova] Lock "96b157ca-7c48-4739-8a3d-16d0aebb7eb6" "released" by "nova.context.set_target_cell..get_or_set_cached_cell_and_set_connections" :: held 0.000s {{(pid=84085) inner /opt/stack/data/venv/lib/python3.12/site-packages/oslo_concurrency/lockutils.py:543}}
Jun 26 03:52:47.715583 np0000003692 devstack@n-api.service[84085]: INFO nova.api.openstack.compute.server_external_events [req-a9715493-19bb-4372-94e5-9329d1acfd31 req-ecb86bbb-3cb4-42e4-9df6-4063d07dc509 service nova] Creating event network-vif-unplugged:9a709c95-c9fa-4c30-8711-4f83efc30ae2 for instance 38250f40-267a-4ead-9841-2d1e81f006a7 on np0000003692
Jun 26 03:52:47.716182 np0000003692 devstack@n-api.service[84085]: DEBUG nova.compute.rpcapi [req-a9715493-19bb-4372-94e5-9329d1acfd31 req-ecb86bbb-3cb4-42e4-9df6-4063d07dc509 service nova] RPC: Sending the message to topic: compute-alt {{(pid=84085) prepare_for_alt_rpcserver /opt/stack/nova/nova/compute/rpcapi.py:595}}
Jun 26 03:52:47.724467 np0000003692 devstack@n-api.service[84085]: INFO nova.api.openstack.requestlog [req-a9715493-19bb-4372-94e5-9329d1acfd31 req-ecb86bbb-3cb4-42e4-9df6-4063d07dc509 service nova] 10.4.3.6 "POST /compute/v2.1/os-server-external-events" status: 200 len: 185 microversion: 2.1 time: 0.050519
Jun 26 03:52:47.725193 np0000003692 devstack@n-api.service[84085]: [pid: 84085|app: 0|req: 22/60] 10.4.3.6 () {72 vars in 1418 bytes} [Fri Jun 26 03:52:47 2026] POST /compute/v2.1/os-server-external-events => generated 185 bytes in 52 msecs (HTTP/1.1 200) 9 headers in 357 bytes (1 switches on core 0)
Jun 26 03:52:47.865748 np0000003692 devstack@n-api.service[84084]: WARNING neutronclient.v2_0.client [None req-a8e22c36-2831-4acd-8941-e38ce670b687 tempest-VolumesAssistedSnapshotsTest-173397797 tempest-VolumesAssistedSnapshotsTest-173397797-project-member] The python binding code in neutronclient is deprecated in favor of OpenstackSDK, please use that as this will be removed in a future release.
Jun 26 03:52:48.189269 np0000003692 devstack@n-api.service[84085]: DEBUG nova.api.openstack.wsgi [None req-bb749570-7f99-4f91-baa3-965805d41bb3 tempest-TaggedBootDevicesTest-1259330369 tempest-TaggedBootDevicesTest-1259330369-project-member] Action: 'create', calling method: >, body: {"keypair": {"name": "tempest-keypair-156487771", "public_key": "ecdsa-sha2-nistp384 AAAAE2VjZHNhLXNoYTItbmlzdHAzODQAAAAIbmlzdHAzODQAAABhBFQ9MSbCiPjKQskqusSqWbW4PPg3T1lcn9BmpDlXuSriY94RgJrwkUVTL9whGaJlkl7dvUzkbLyiZb115EuC2zuIS4oTqBuQUetPN1S6XU//yy0NDKqZus2RUZ/lnk4wcg=="}} {{(pid=84085) _process_stack /opt/stack/nova/nova/api/openstack/wsgi.py:549}}
Jun 26 03:52:48.209230 np0000003692 devstack@n-api.service[84085]: DEBUG nova.quota [None req-bb749570-7f99-4f91-baa3-965805d41bb3 tempest-TaggedBootDevicesTest-1259330369 tempest-TaggedBootDevicesTest-1259330369-project-member] Getting quotas for project b9ab533c772e43d1bb365f9d3e140014. Resources: {'key_pairs'} {{(pid=84085) _get_quotas /opt/stack/nova/nova/quota.py:392}}
Jun 26 03:52:48.217002 np0000003692 devstack@n-api.service[84085]: DEBUG nova.quota [None req-bb749570-7f99-4f91-baa3-965805d41bb3 tempest-TaggedBootDevicesTest-1259330369 tempest-TaggedBootDevicesTest-1259330369-project-member] Getting quotas for user 542a795d4f2a4f16ae1f78b25b825690 and project b9ab533c772e43d1bb365f9d3e140014. Resources: {'key_pairs'} {{(pid=84085) _get_quotas /opt/stack/nova/nova/quota.py:382}}
Jun 26 03:52:48.246855 np0000003692 devstack@n-api.service[84085]: INFO nova.api.openstack.requestlog [None req-bb749570-7f99-4f91-baa3-965805d41bb3 tempest-TaggedBootDevicesTest-1259330369 tempest-TaggedBootDevicesTest-1259330369-project-member] 10.4.3.6 "POST /compute/v2.1/os-keypairs" status: 201 len: 400 microversion: 2.32 time: 0.062040
Jun 26 03:52:48.247643 np0000003692 devstack@n-api.service[84085]: [pid: 84085|app: 0|req: 23/61] 10.4.3.6 () {70 vars in 1304 bytes} [Fri Jun 26 03:52:48 2026] POST /compute/v2.1/os-keypairs => generated 400 bytes in 63 msecs (HTTP/1.1 201) 9 headers in 364 bytes (1 switches on core 0)
Jun 26 03:52:48.286067 np0000003692 devstack@n-api.service[84086]: DEBUG nova.policy [None req-9b2a18d4-93f6-47a0-9937-752830660f25 tempest-AttachSCSIVolumeTestJSON-1216790712 tempest-AttachSCSIVolumeTestJSON-1216790712-project-member] Policy check for os_compute_api:os-extended-server-attributes failed with credentials {'is_admin': False, 'user_id': 'f7fd95b4ac1f42749e3383185c5ab366', 'user_domain_id': 'default', 'system_scope': None, 'domain_id': None, 'project_id': '920725995db540fc9c11e5253bf347ee', 'project_domain_id': 'default', 'roles': ['reader', 'member'], 'is_admin_project': True, 'service_user_id': None, 'service_user_domain_id': None, 'service_project_id': None, 'service_project_domain_id': None, 'service_roles': []} {{(pid=84086) authorize /opt/stack/nova/nova/policy.py:192}}
Jun 26 03:52:48.300665 np0000003692 devstack@n-api.service[84086]: INFO nova.api.openstack.requestlog [None req-9b2a18d4-93f6-47a0-9937-752830660f25 tempest-AttachSCSIVolumeTestJSON-1216790712 tempest-AttachSCSIVolumeTestJSON-1216790712-project-member] 10.4.3.6 "GET /compute/v2.1/servers/fffdd1ec-9625-4f2e-82eb-d0983e19fcf9" status: 200 len: 1232 microversion: 2.1 time: 0.673237
Jun 26 03:52:48.301306 np0000003692 devstack@n-api.service[84086]: [pid: 84086|app: 0|req: 21/62] 10.4.3.6 () {66 vars in 1340 bytes} [Fri Jun 26 03:52:47 2026] GET /compute/v2.1/servers/fffdd1ec-9625-4f2e-82eb-d0983e19fcf9 => generated 1232 bytes in 674 msecs (HTTP/1.1 200) 9 headers in 358 bytes (1 switches on core 0)
Jun 26 03:52:48.339074 np0000003692 devstack@n-api.service[84085]: DEBUG nova.api.openstack.wsgi [None req-bb5dc685-9596-4f66-9c8b-09afb55f0b98 tempest-TaggedBootDevicesTest_v242-1321576688 tempest-TaggedBootDevicesTest_v242-1321576688-project-member] Action: 'create', calling method: >, body: {"keypair": {"name": "tempest-keypair-2048710020", "public_key": "ecdsa-sha2-nistp384 AAAAE2VjZHNhLXNoYTItbmlzdHAzODQAAAAIbmlzdHAzODQAAABhBLdrtm9gY/nZ+ND+jPWevuKcFfiNJDse8WnEHHjdAZxZvzfihAWdpnl+Voj2WHqAqgaUTz0KgiK0SA7wUzRvdzqv46wAM/t7hTGH70HCKN9v2XFvsI3umvCUiNmnEEOvDw=="}} {{(pid=84085) _process_stack /opt/stack/nova/nova/api/openstack/wsgi.py:549}}
Jun 26 03:52:48.361694 np0000003692 devstack@n-api.service[84085]: DEBUG nova.quota [None req-bb5dc685-9596-4f66-9c8b-09afb55f0b98 tempest-TaggedBootDevicesTest_v242-1321576688 tempest-TaggedBootDevicesTest_v242-1321576688-project-member] Getting quotas for project 46d16bb070ab4f9a9e35ecc9e217b7e9. Resources: {'key_pairs'} {{(pid=84085) _get_quotas /opt/stack/nova/nova/quota.py:392}}
Jun 26 03:52:48.367948 np0000003692 devstack@n-api.service[84085]: DEBUG nova.quota [None req-bb5dc685-9596-4f66-9c8b-09afb55f0b98 tempest-TaggedBootDevicesTest_v242-1321576688 tempest-TaggedBootDevicesTest_v242-1321576688-project-member] Getting quotas for user fe3502bdc4aa4bad8f3911373b77522b and project 46d16bb070ab4f9a9e35ecc9e217b7e9. Resources: {'key_pairs'} {{(pid=84085) _get_quotas /opt/stack/nova/nova/quota.py:382}}
Jun 26 03:52:48.402365 np0000003692 devstack@n-api.service[84085]: INFO nova.api.openstack.requestlog [None req-bb5dc685-9596-4f66-9c8b-09afb55f0b98 tempest-TaggedBootDevicesTest_v242-1321576688 tempest-TaggedBootDevicesTest_v242-1321576688-project-member] 10.4.3.6 "POST /compute/v2.1/os-keypairs" status: 201 len: 401 microversion: 2.42 time: 0.065701
Jun 26 03:52:48.402644 np0000003692 devstack@n-api.service[84085]: [pid: 84085|app: 0|req: 24/63] 10.4.3.6 () {70 vars in 1304 bytes} [Fri Jun 26 03:52:48 2026] POST /compute/v2.1/os-keypairs => generated 401 bytes in 66 msecs (HTTP/1.1 201) 9 headers in 364 bytes (1 switches on core 0)
Jun 26 03:52:48.652162 np0000003692 devstack@n-api.service[84086]: DEBUG nova.api.openstack.wsgi [None req-d5f5219f-b757-494f-bee7-a94f45db8a46 tempest-ServerStableDeviceRescueTest-1544915521 tempest-ServerStableDeviceRescueTest-1544915521-project-member] Calling method '>' {{(pid=84086) _process_stack /opt/stack/nova/nova/api/openstack/wsgi.py:551}}
Jun 26 03:52:48.653840 np0000003692 devstack@n-api.service[84086]: DEBUG nova.compute.api [None req-d5f5219f-b757-494f-bee7-a94f45db8a46 tempest-ServerStableDeviceRescueTest-1544915521 tempest-ServerStableDeviceRescueTest-1544915521-project-member] [instance: 236b3599-c163-447f-97a6-67d65ebbf8ce] Fetching instance by UUID {{(pid=84086) get /opt/stack/nova/nova/compute/api.py:3069}}
Jun 26 03:52:48.661227 np0000003692 devstack@n-api.service[84086]: DEBUG oslo_concurrency.lockutils [None req-d5f5219f-b757-494f-bee7-a94f45db8a46 tempest-ServerStableDeviceRescueTest-1544915521 tempest-ServerStableDeviceRescueTest-1544915521-project-member] Acquiring lock "96b157ca-7c48-4739-8a3d-16d0aebb7eb6" by "nova.context.set_target_cell..get_or_set_cached_cell_and_set_connections" {{(pid=84086) inner /opt/stack/data/venv/lib/python3.12/site-packages/oslo_concurrency/lockutils.py:511}}
Jun 26 03:52:48.661981 np0000003692 devstack@n-api.service[84086]: DEBUG oslo_concurrency.lockutils [None req-d5f5219f-b757-494f-bee7-a94f45db8a46 tempest-ServerStableDeviceRescueTest-1544915521 tempest-ServerStableDeviceRescueTest-1544915521-project-member] Lock "96b157ca-7c48-4739-8a3d-16d0aebb7eb6" acquired by "nova.context.set_target_cell..get_or_set_cached_cell_and_set_connections" :: waited 0.000s {{(pid=84086) inner /opt/stack/data/venv/lib/python3.12/site-packages/oslo_concurrency/lockutils.py:524}}
