Jun 26 03:49:11.011081 np0000003692 devstack@neutron-api.service[87469]: INFO ovsdbapp.backend.ovs_idl.vlog [None req-31f1f96d-6d39-403a-96d1-7b84c18abfa1 None None] ssl:10.4.3.6:6642: connected
Jun 26 03:49:11.014236 np0000003692 devstack@neutron-api.service[87471]: DEBUG ovsdbapp.backend.ovs_idl [None req-a47f3e25-715f-444a-a7b5-6e0946b4ca7f None None] Created lookup_table index Chassis.name {{(pid=87471) autocreate_indices /opt/stack/data/venv/lib/python3.12/site-packages/ovsdbapp/backend/ovs_idl/__init__.py:87}}
Jun 26 03:49:11.014424 np0000003692 devstack@neutron-api.service[87471]: DEBUG ovsdbapp.backend.ovs_idl [None req-a47f3e25-715f-444a-a7b5-6e0946b4ca7f None None] Created lookup_table index Port_Binding.logical_port {{(pid=87471) autocreate_indices /opt/stack/data/venv/lib/python3.12/site-packages/ovsdbapp/backend/ovs_idl/__init__.py:87}}
Jun 26 03:49:11.014592 np0000003692 devstack@neutron-api.service[87471]: DEBUG ovsdbapp.backend.ovs_idl [None req-a47f3e25-715f-444a-a7b5-6e0946b4ca7f None None] Created schema index Chassis_Private.name {{(pid=87471) autocreate_indices /opt/stack/data/venv/lib/python3.12/site-packages/ovsdbapp/backend/ovs_idl/__init__.py:106}}
Jun 26 03:49:11.014737 np0000003692 devstack@neutron-api.service[87471]: DEBUG ovsdbapp.backend.ovs_idl [None req-a47f3e25-715f-444a-a7b5-6e0946b4ca7f None None] Created schema index Datapath_Binding.tunnel_key {{(pid=87471) autocreate_indices /opt/stack/data/venv/lib/python3.12/site-packages/ovsdbapp/backend/ovs_idl/__init__.py:106}}
Jun 26 03:49:11.018316 np0000003692 devstack@neutron-api.service[87471]: INFO ovsdbapp.backend.ovs_idl.vlog [None req-a47f3e25-715f-444a-a7b5-6e0946b4ca7f None None] ssl:10.4.3.6:6642: connecting...
Jun 26 03:49:11.024196 np0000003692 devstack@neutron-api.service[87471]: INFO ovsdbapp.backend.ovs_idl.vlog [None req-a47f3e25-715f-444a-a7b5-6e0946b4ca7f None None] ssl:10.4.3.6:6642: connected
Jun 26 03:49:11.037011 np0000003692 devstack@neutron-api.service[87469]: DEBUG neutron.common.ovn.hash_ring_manager [None req-31f1f96d-6d39-403a-96d1-7b84c18abfa1 None None] Allow caching, nodes 3>=3 {{(pid=87469) _wait_startup_before_caching /opt/stack/neutron/neutron/common/ovn/hash_ring_manager.py:71}}
Jun 26 03:49:11.041547 np0000003692 devstack@neutron-api.service[87469]: DEBUG neutron.common.ovn.hash_ring_manager [None req-31f1f96d-6d39-403a-96d1-7b84c18abfa1 None None] Hash Ring loaded. 3 active nodes. 0 offline nodes {{(pid=87469) _load_hash_ring /opt/stack/neutron/neutron/common/ovn/hash_ring_manager.py:110}}
Jun 26 03:49:11.041843 np0000003692 devstack@neutron-api.service[87469]: DEBUG neutron.plugins.ml2.drivers.ovn.mech_driver.ovsdb.ovsdb_monitor [None req-31f1f96d-6d39-403a-96d1-7b84c18abfa1 None None] ChassisOVNAgentWriteEvent : Matched Chassis_Private, create, None None {{(pid=87469) matches /opt/stack/neutron/neutron/plugins/ml2/drivers/ovn/mech_driver/ovsdb/ovsdb_monitor.py:64}}
Jun 26 03:49:11.041957 np0000003692 devstack@neutron-api.service[87469]: DEBUG neutron.plugins.ml2.drivers.ovn.mech_driver.ovsdb.ovsdb_monitor [None req-31f1f96d-6d39-403a-96d1-7b84c18abfa1 None None] ChassisAgentWriteEvent : Matched Chassis_Private, create, None None {{(pid=87469) matches /opt/stack/neutron/neutron/plugins/ml2/drivers/ovn/mech_driver/ovsdb/ovsdb_monitor.py:64}}
Jun 26 03:49:11.043925 np0000003692 devstack@neutron-api.service[87469]: INFO neutron.plugins.ml2.drivers.ovn.mech_driver.mech_driver [None req-31f1f96d-6d39-403a-96d1-7b84c18abfa1 None None] WorkerService process has finished the post initialization
Jun 26 03:49:11.044375 np0000003692 devstack@neutron-api.service[87469]: DEBUG oslo_concurrency.processutils [None req-31f1f96d-6d39-403a-96d1-7b84c18abfa1 None None] Running cmd (subprocess): ovsdb-client transact ssl:10.4.3.6:6641 --timeout 180 -p /opt/stack/data/CA/int-ca/private/devstack-cert.key -c /opt/stack/data/CA/int-ca/devstack-cert.crt -C /opt/stack/data/CA/int-ca/ca-chain.pem ["OVN_Northbound", {"op": "wait", "timeout": 0, "table": "Port_Group", "where": [["name", "==", "pvlan_pg_drop"]], "until": "==", "rows": []}, {"op": "insert", "table": "ACL", "row": {"action": "drop", "direction": "to-lport", "match": "outport == @pvlan_pg_drop && ip", "priority": 1010}, "uuid-name": "pvlandroptoport"}, {"op": "insert", "table": "ACL", "row": {"action": "drop", "direction": "from-lport", "match": "inport == @pvlan_pg_drop && ip", "priority": 1010}, "uuid-name": "pvlandropfromport"}, {"op": "insert", "table": "Port_Group", "row": {"name": "pvlan_pg_drop", "acls": ["set", [["named-uuid", "pvlandroptoport"], ["named-uuid", "pvlandropfromport"]]]}}] {{(pid=87469) execute /opt/stack/data/venv/lib/python3.12/site-packages/oslo_concurrency/processutils.py:440}}
Jun 26 03:49:11.059777 np0000003692 devstack@neutron-api.service[87471]: DEBUG neutron.common.ovn.hash_ring_manager [None req-a47f3e25-715f-444a-a7b5-6e0946b4ca7f None None] Allow caching, nodes 3>=3 {{(pid=87471) _wait_startup_before_caching /opt/stack/neutron/neutron/common/ovn/hash_ring_manager.py:71}}
Jun 26 03:49:11.065164 np0000003692 devstack@neutron-api.service[87471]: DEBUG neutron.common.ovn.hash_ring_manager [None req-a47f3e25-715f-444a-a7b5-6e0946b4ca7f None None] Hash Ring loaded. 3 active nodes. 0 offline nodes {{(pid=87471) _load_hash_ring /opt/stack/neutron/neutron/common/ovn/hash_ring_manager.py:110}}
Jun 26 03:49:11.065569 np0000003692 devstack@neutron-api.service[87471]: DEBUG neutron.plugins.ml2.drivers.ovn.mech_driver.ovsdb.ovsdb_monitor [None req-a47f3e25-715f-444a-a7b5-6e0946b4ca7f None None] ChassisOVNAgentWriteEvent : Matched Chassis_Private, create, None None {{(pid=87471) matches /opt/stack/neutron/neutron/plugins/ml2/drivers/ovn/mech_driver/ovsdb/ovsdb_monitor.py:64}}
Jun 26 03:49:11.066039 np0000003692 devstack@neutron-api.service[87471]: DEBUG neutron.plugins.ml2.drivers.ovn.mech_driver.ovsdb.ovsdb_monitor [None req-a47f3e25-715f-444a-a7b5-6e0946b4ca7f None None] ChassisAgentWriteEvent : Matched Chassis_Private, create, None None {{(pid=87471) matches /opt/stack/neutron/neutron/plugins/ml2/drivers/ovn/mech_driver/ovsdb/ovsdb_monitor.py:64}}
Jun 26 03:49:11.066239 np0000003692 devstack@neutron-api.service[87471]: DEBUG neutron.plugins.ml2.drivers.ovn.mech_driver.ovsdb.ovsdb_monitor [None req-a47f3e25-715f-444a-a7b5-6e0946b4ca7f None None] Hash Ring: Node 8e7400c8c974573292e4a12b98e5948c (host: np0000003692) handling event "create" for row af8d557b-2b7a-4741-a13b-60865827cc3c (table: Chassis_Private) {{(pid=87471) notify /opt/stack/neutron/neutron/plugins/ml2/drivers/ovn/mech_driver/ovsdb/ovsdb_monitor.py:1015}}
Jun 26 03:49:11.068696 np0000003692 devstack@neutron-api.service[87471]: INFO neutron.plugins.ml2.drivers.ovn.mech_driver.mech_driver [None req-a47f3e25-715f-444a-a7b5-6e0946b4ca7f None None] WorkerService process has finished the post initialization
Jun 26 03:49:11.069854 np0000003692 devstack@neutron-api.service[87471]: DEBUG oslo_concurrency.processutils [None req-a47f3e25-715f-444a-a7b5-6e0946b4ca7f None None] Running cmd (subprocess): ovsdb-client transact ssl:10.4.3.6:6641 --timeout 180 -p /opt/stack/data/CA/int-ca/private/devstack-cert.key -c /opt/stack/data/CA/int-ca/devstack-cert.crt -C /opt/stack/data/CA/int-ca/ca-chain.pem ["OVN_Northbound", {"op": "wait", "timeout": 0, "table": "Port_Group", "where": [["name", "==", "pvlan_pg_drop"]], "until": "==", "rows": []}, {"op": "insert", "table": "ACL", "row": {"action": "drop", "direction": "to-lport", "match": "outport == @pvlan_pg_drop && ip", "priority": 1010}, "uuid-name": "pvlandroptoport"}, {"op": "insert", "table": "ACL", "row": {"action": "drop", "direction": "from-lport", "match": "inport == @pvlan_pg_drop && ip", "priority": 1010}, "uuid-name": "pvlandropfromport"}, {"op": "insert", "table": "Port_Group", "row": {"name": "pvlan_pg_drop", "acls": ["set", [["named-uuid", "pvlandroptoport"], ["named-uuid", "pvlandropfromport"]]]}}] {{(pid=87471) execute /opt/stack/data/venv/lib/python3.12/site-packages/oslo_concurrency/processutils.py:440}}
Jun 26 03:49:11.073759 np0000003692 devstack@neutron-api.service[87469]: DEBUG oslo_concurrency.processutils [None req-31f1f96d-6d39-403a-96d1-7b84c18abfa1 None None] CMD "ovsdb-client transact ssl:10.4.3.6:6641 --timeout 180 -p /opt/stack/data/CA/int-ca/private/devstack-cert.key -c /opt/stack/data/CA/int-ca/devstack-cert.crt -C /opt/stack/data/CA/int-ca/ca-chain.pem ["OVN_Northbound", {"op": "wait", "timeout": 0, "table": "Port_Group", "where": [["name", "==", "pvlan_pg_drop"]], "until": "==", "rows": []}, {"op": "insert", "table": "ACL", "row": {"action": "drop", "direction": "to-lport", "match": "outport == @pvlan_pg_drop && ip", "priority": 1010}, "uuid-name": "pvlandroptoport"}, {"op": "insert", "table": "ACL", "row": {"action": "drop", "direction": "from-lport", "match": "inport == @pvlan_pg_drop && ip", "priority": 1010}, "uuid-name": "pvlandropfromport"}, {"op": "insert", "table": "Port_Group", "row": {"name": "pvlan_pg_drop", "acls": ["set", [["named-uuid", "pvlandroptoport"], ["named-uuid", "pvlandropfromport"]]]}}]" returned: 0 in 0.029s {{(pid=87469) execute /opt/stack/data/venv/lib/python3.12/site-packages/oslo_concurrency/processutils.py:468}}
Jun 26 03:49:11.075717 np0000003692 devstack@neutron-api.service[87469]: WSGI app 0 (mountpoint='') ready in 7 seconds on interpreter 0x7fd76f2a3668 pid: 87469 (default app)
Jun 26 03:49:11.096988 np0000003692 devstack@neutron-api.service[87471]: DEBUG oslo_concurrency.processutils [None req-a47f3e25-715f-444a-a7b5-6e0946b4ca7f None None] CMD "ovsdb-client transact ssl:10.4.3.6:6641 --timeout 180 -p /opt/stack/data/CA/int-ca/private/devstack-cert.key -c /opt/stack/data/CA/int-ca/devstack-cert.crt -C /opt/stack/data/CA/int-ca/ca-chain.pem ["OVN_Northbound", {"op": "wait", "timeout": 0, "table": "Port_Group", "where": [["name", "==", "pvlan_pg_drop"]], "until": "==", "rows": []}, {"op": "insert", "table": "ACL", "row": {"action": "drop", "direction": "to-lport", "match": "outport == @pvlan_pg_drop && ip", "priority": 1010}, "uuid-name": "pvlandroptoport"}, {"op": "insert", "table": "ACL", "row": {"action": "drop", "direction": "from-lport", "match": "inport == @pvlan_pg_drop && ip", "priority": 1010}, "uuid-name": "pvlandropfromport"}, {"op": "insert", "table": "Port_Group", "row": {"name": "pvlan_pg_drop", "acls": ["set", [["named-uuid", "pvlandroptoport"], ["named-uuid", "pvlandropfromport"]]]}}]" returned: 0 in 0.027s {{(pid=87471) execute /opt/stack/data/venv/lib/python3.12/site-packages/oslo_concurrency/processutils.py:468}}
Jun 26 03:49:11.099806 np0000003692 devstack@neutron-api.service[87471]: WSGI app 0 (mountpoint='') ready in 7 seconds on interpreter 0x7fd76f2a3668 pid: 87471 (default app)
Jun 26 03:49:12.836144 np0000003692 devstack@neutron-api.service[87471]: DEBUG neutron.plugins.ml2.drivers.ovn.mech_driver.ovsdb.ovsdb_monitor [-] Hash Ring: Node 8e7400c8c974573292e4a12b98e5948c (host: np0000003692) handling event "update" for row e9fe0df1-4e33-4669-b3f8-aa9309917a29 (table: Connection) {{(pid=87471) notify /opt/stack/neutron/neutron/plugins/ml2/drivers/ovn/mech_driver/ovsdb/ovsdb_monitor.py:1015}}
Jun 26 03:49:12.841393 np0000003692 devstack@neutron-api.service[87470]: DEBUG neutron.common.ovn.hash_ring_manager [-] Allow caching, nodes 3>=3 {{(pid=87470) _wait_startup_before_caching /opt/stack/neutron/neutron/common/ovn/hash_ring_manager.py:71}}
Jun 26 03:49:12.841393 np0000003692 devstack@neutron-api.service[87470]: DEBUG neutron.plugins.ml2.drivers.ovn.mech_driver.ovsdb.ovsdb_monitor [-] Hash Ring: Node b8377f9d89c35d0792d3e27aca74e9e0 (host: np0000003692) handling event "update" for row e9fe0df1-4e33-4669-b3f8-aa9309917a29 (table: Connection) {{(pid=87470) notify /opt/stack/neutron/neutron/plugins/ml2/drivers/ovn/mech_driver/ovsdb/ovsdb_monitor.py:1015}}
Jun 26 03:49:15.055052 np0000003692 devstack@neutron-api.service[87470]: DEBUG neutron.api.wsgi [None req-ed16d23e-8c9c-46db-a5f0-c535776e3b49 admin admin] Missing Content-Type {{(pid=87470) get_content_type /opt/stack/neutron/neutron/api/wsgi.py:80}}
Jun 26 03:49:15.055767 np0000003692 devstack@neutron-api.service[87470]: DEBUG neutron.api.wsgi [None req-ed16d23e-8c9c-46db-a5f0-c535776e3b49 admin admin] https://10.4.3.6/networking/v2.0/extensions returned with HTTP 200 {{(pid=87470) __call__ /opt/stack/neutron/neutron/api/wsgi.py:540}}
Jun 26 03:49:15.056100 np0000003692 devstack@neutron-api.service[87470]: [pid: 87470|app: 0|req: 2/2] 10.4.3.6 () {64 vars in 1278 bytes} [Fri Jun 26 03:49:14 2026] GET /networking/v2.0/extensions => generated 16171 bytes in 568 msecs (HTTP/1.1 200) 4 headers in 159 bytes (1 switches on core 0)
Jun 26 03:49:15.416535 np0000003692 devstack@neutron-api.service[87469]: DEBUG neutron.api.v2.base [None req-cc4d30cd-6957-4543-9d97-4aa8989d390f admin admin] Request body: {'subnetpool': {'name': 'shared-default-subnetpool-v4', 'prefixes': ['10.1.0.0/20'], 'is_default': True, 'shared': True, 'default_prefixlen': 26}} {{(pid=87469) prepare_request_body /opt/stack/neutron/neutron/api/v2/base.py:727}}
Jun 26 03:49:15.632138 np0000003692 devstack@neutron-api.service[87469]: DEBUG neutron.policy [None req-cc4d30cd-6957-4543-9d97-4aa8989d390f admin admin] Loaded default policies from ['neutron'] under neutron.policies entry points {{(pid=87469) register_rules /opt/stack/neutron/neutron/policy.py:65}}
Jun 26 03:49:15.778343 np0000003692 devstack@neutron-api.service[87469]: DEBUG neutron_lib.callbacks.manager [None req-cc4d30cd-6957-4543-9d97-4aa8989d390f admin admin] Publish callbacks ['neutron.objects.securitygroup.RbacNeutronDbObjectMixin.validate_rbac_policy_change-2567123153379', 'neutron.objects.address_group.RbacNeutronDbObjectMixin.validate_rbac_policy_change-2567123163016', 'neutron.objects.network.RbacNeutronDbObjectMixin.validate_rbac_policy_change-2567122986438', 'neutron.objects.qos.policy.RbacNeutronDbObjectMixin.validate_rbac_policy_change-2567122991118', 'neutron.objects.subnetpool.RbacNeutronDbObjectMixin.validate_rbac_policy_change-2567123499575', 'neutron.objects.address_scope.RbacNeutronDbObjectMixin.validate_rbac_policy_change-2567123495102', 'neutron.plugins.ml2.plugin.External_net_db_mixin._process_ext_policy_create-101821', 'neutron.plugins.ml2.plugin.NeutronDbPluginV2.validate_network_rbac_policy_change-124245'] for rbac-policy (None), before_create {{(pid=87469) _notify_loop /opt/stack/data/venv/lib/python3.12/site-packages/neutron_lib/callbacks/manager.py:184}}
Jun 26 03:49:15.822857 np0000003692 devstack@neutron-api.service[87469]: DEBUG neutron_lib.callbacks.manager [None req-cc4d30cd-6957-4543-9d97-4aa8989d390f admin admin] Publish callbacks [] for subnetpool (None), before_response {{(pid=87469) _notify_loop /opt/stack/data/venv/lib/python3.12/site-packages/neutron_lib/callbacks/manager.py:184}}
Jun 26 03:49:15.823431 np0000003692 devstack@neutron-api.service[87469]: [pid: 87469|app: 0|req: 1/3] 10.4.3.6 () {68 vars in 1322 bytes} [Fri Jun 26 03:49:15 2026] POST /networking/v2.0/subnetpools => generated 533 bytes in 506 msecs (HTTP/1.1 201) 4 headers in 162 bytes (1 switches on core 0)
Jun 26 03:49:16.191276 np0000003692 devstack@neutron-api.service[87471]: DEBUG neutron.api.v2.base [None req-d35586a9-14d2-4549-af30-4bf6ba3d8024 admin admin] Request body: {'subnetpool': {'name': 'shared-default-subnetpool-v6', 'prefixes': ['fd21:e10c:70e0::/56'], 'is_default': True, 'shared': True, 'default_prefixlen': 64}} {{(pid=87471) prepare_request_body /opt/stack/neutron/neutron/api/v2/base.py:727}}
Jun 26 03:49:16.359983 np0000003692 devstack@neutron-api.service[87471]: DEBUG neutron.policy [None req-d35586a9-14d2-4549-af30-4bf6ba3d8024 admin admin] Loaded default policies from ['neutron'] under neutron.policies entry points {{(pid=87471) register_rules /opt/stack/neutron/neutron/policy.py:65}}
Jun 26 03:49:16.487016 np0000003692 devstack@neutron-api.service[87471]: DEBUG neutron_lib.callbacks.manager [None req-d35586a9-14d2-4549-af30-4bf6ba3d8024 admin admin] Publish callbacks ['neutron.objects.securitygroup.RbacNeutronDbObjectMixin.validate_rbac_policy_change-2567122997130', 'neutron.objects.address_group.RbacNeutronDbObjectMixin.validate_rbac_policy_change-2567123199340', 'neutron.objects.network.RbacNeutronDbObjectMixin.validate_rbac_policy_change-2567123027747', 'neutron.objects.qos.policy.RbacNeutronDbObjectMixin.validate_rbac_policy_change-2567123019244', 'neutron.objects.subnetpool.RbacNeutronDbObjectMixin.validate_rbac_policy_change-2567123020394', 'neutron.objects.address_scope.RbacNeutronDbObjectMixin.validate_rbac_policy_change-2567123467263', 'neutron.plugins.ml2.plugin.External_net_db_mixin._process_ext_policy_create-421249', 'neutron.plugins.ml2.plugin.NeutronDbPluginV2.validate_network_rbac_policy_change-423577'] for rbac-policy (None), before_create {{(pid=87471) _notify_loop /opt/stack/data/venv/lib/python3.12/site-packages/neutron_lib/callbacks/manager.py:184}}
Jun 26 03:49:16.532910 np0000003692 devstack@neutron-api.service[87471]: DEBUG neutron_lib.callbacks.manager [None req-d35586a9-14d2-4549-af30-4bf6ba3d8024 admin admin] Publish callbacks [] for subnetpool (None), before_response {{(pid=87471) _notify_loop /opt/stack/data/venv/lib/python3.12/site-packages/neutron_lib/callbacks/manager.py:184}}
Jun 26 03:49:16.533403 np0000003692 devstack@neutron-api.service[87471]: [pid: 87471|app: 0|req: 1/4] 10.4.3.6 () {68 vars in 1322 bytes} [Fri Jun 26 03:49:16 2026] POST /networking/v2.0/subnetpools => generated 543 bytes in 439 msecs (HTTP/1.1 201) 4 headers in 162 bytes (1 switches on core 0)
Jun 26 03:49:16.755244 np0000003692 devstack@neutron-api.service[87470]: DEBUG neutron.api.v2.base [None req-a9b7ea7d-25c6-457d-8579-64d926425d58 admin admin] Request body: {'network': {'name': 'private', 'admin_state_up': True}} {{(pid=87470) prepare_request_body /opt/stack/neutron/neutron/api/v2/base.py:727}}
Jun 26 03:49:16.783767 np0000003692 devstack@neutron-api.service[87470]: DEBUG neutron.pecan_wsgi.hooks.quota_enforcement [None req-a9b7ea7d-25c6-457d-8579-64d926425d58 admin admin] Made reservation on behalf of 5e50ba5907b7494bb334342c822a4c71 for: {'network': 1} {{(pid=87470) before /opt/stack/neutron/neutron/pecan_wsgi/hooks/quota_enforcement.py:66}}
Jun 26 03:49:16.947674 np0000003692 devstack@neutron-api.service[87470]: DEBUG neutron.policy [None req-a9b7ea7d-25c6-457d-8579-64d926425d58 admin admin] Loaded default policies from ['neutron'] under neutron.policies entry points {{(pid=87470) register_rules /opt/stack/neutron/neutron/policy.py:65}}
Jun 26 03:49:17.039879 np0000003692 devstack@neutron-api.service[87470]: DEBUG neutron_lib.callbacks.manager [None req-a9b7ea7d-25c6-457d-8579-64d926425d58 admin admin] Publish callbacks ['neutron.plugins.ml2.plugin.SecurityGroupDbMixin._ensure_default_security_group_handler-62112'] for network (None), before_create {{(pid=87470) _notify_loop /opt/stack/data/venv/lib/python3.12/site-packages/neutron_lib/callbacks/manager.py:184}}
Jun 26 03:49:17.060539 np0000003692 devstack@neutron-api.service[87470]: DEBUG neutron_lib.callbacks.manager [None req-a9b7ea7d-25c6-457d-8579-64d926425d58 admin admin] Publish callbacks [] for security_group (None), before_create {{(pid=87470) _notify_loop /opt/stack/data/venv/lib/python3.12/site-packages/neutron_lib/callbacks/manager.py:184}}
Jun 26 03:49:17.156392 np0000003692 devstack@neutron-api.service[87470]: DEBUG neutron_lib.callbacks.manager [None req-a9b7ea7d-25c6-457d-8579-64d926425d58 admin admin] Publish callbacks ['neutron.plugins.ml2.drivers.ovn.mech_driver.mech_driver.OVNMechanismDriver._create_security_group_precommit-16526875'] for security_group (598e6c6b-4e26-4ed1-92bc-c3468155a3b3), precommit_create {{(pid=87470) _notify_loop /opt/stack/data/venv/lib/python3.12/site-packages/neutron_lib/callbacks/manager.py:184}}
Jun 26 03:49:17.156567 np0000003692 devstack@neutron-api.service[87470]: DEBUG neutron.db.ovn_revision_numbers_db [None req-a9b7ea7d-25c6-457d-8579-64d926425d58 admin admin] create_initial_revision uuid=598e6c6b-4e26-4ed1-92bc-c3468155a3b3, type=security_groups, rev=-1 {{(pid=87470) create_initial_revision /opt/stack/neutron/neutron/db/ovn_revision_numbers_db.py:98}}
Jun 26 03:49:17.159004 np0000003692 devstack@neutron-api.service[87470]: DEBUG neutron.db.ovn_revision_numbers_db [None req-a9b7ea7d-25c6-457d-8579-64d926425d58 admin admin] create_initial_revision uuid=0aca0d8b-d7d2-4273-8a50-2e024f45df98, type=security_group_rules, rev=-1 {{(pid=87470) create_initial_revision /opt/stack/neutron/neutron/db/ovn_revision_numbers_db.py:98}}
Jun 26 03:49:17.160162 np0000003692 devstack@neutron-api.service[87470]: DEBUG neutron.db.ovn_revision_numbers_db [None req-a9b7ea7d-25c6-457d-8579-64d926425d58 admin admin] create_initial_revision uuid=0b61f102-f425-43c6-8e59-115349380fd0, type=security_group_rules, rev=-1 {{(pid=87470) create_initial_revision /opt/stack/neutron/neutron/db/ovn_revision_numbers_db.py:98}}
Jun 26 03:49:17.161159 np0000003692 devstack@neutron-api.service[87470]: DEBUG neutron.db.ovn_revision_numbers_db [None req-a9b7ea7d-25c6-457d-8579-64d926425d58 admin admin] create_initial_revision uuid=b03a0f92-e3cb-425c-8748-633653192aaf, type=security_group_rules, rev=-1 {{(pid=87470) create_initial_revision /opt/stack/neutron/neutron/db/ovn_revision_numbers_db.py:98}}
Jun 26 03:49:17.162130 np0000003692 devstack@neutron-api.service[87470]: DEBUG neutron.db.ovn_revision_numbers_db [None req-a9b7ea7d-25c6-457d-8579-64d926425d58 admin admin] create_initial_revision uuid=e3ac4293-fa38-40d2-8449-e304edca0c66, type=security_group_rules, rev=-1 {{(pid=87470) create_initial_revision /opt/stack/neutron/neutron/db/ovn_revision_numbers_db.py:98}}
Jun 26 03:49:17.167896 np0000003692 devstack@neutron-api.service[87470]: DEBUG neutron_lib.callbacks.manager [None req-a9b7ea7d-25c6-457d-8579-64d926425d58 admin admin] Publish callbacks ['neutron.plugins.ml2.drivers.ovn.mech_driver.mech_driver.OVNMechanismDriver._create_security_group-16526849', 'neutron.plugins.ml2.ovo_rpc._ObjectChangeHandler.handle_event-15223261'] for security_group (598e6c6b-4e26-4ed1-92bc-c3468155a3b3), after_create {{(pid=87470) _notify_loop /opt/stack/data/venv/lib/python3.12/site-packages/neutron_lib/callbacks/manager.py:184}}
Jun 26 03:49:17.168781 np0000003692 devstack@neutron-api.service[87470]: DEBUG ovsdbapp.backend.ovs_idl.transaction [-] Running txn n=1 command(idx=0): PgAddCommand(_result=None, name=pg_598e6c6b_4e26_4ed1_92bc_c3468155a3b3, may_exist=False, columns={'acls': [], 'external_ids': {'neutron:security_group_id': '598e6c6b-4e26-4ed1-92bc-c3468155a3b3'}}) {{(pid=87470) do_commit /opt/stack/data/venv/lib/python3.12/site-packages/ovsdbapp/backend/ovs_idl/transaction.py:89}}
Jun 26 03:49:17.169891 np0000003692 devstack@neutron-api.service[87470]: DEBUG ovsdbapp.backend.ovs_idl.transaction [-] Running txn n=1 command(idx=1): PgAclAddCommand(_result=None, entity=pg_598e6c6b_4e26_4ed1_92bc_c3468155a3b3, direction=from-lport, priority=1002, match=inport == @pg_598e6c6b_4e26_4ed1_92bc_c3468155a3b3 && ip6, action=allow-related, log=False, may_exist=True, severity=[], name=[], meter=[], external_ids={'neutron:security_group_rule_id': '0aca0d8b-d7d2-4273-8a50-2e024f45df98'}) {{(pid=87470) do_commit /opt/stack/data/venv/lib/python3.12/site-packages/ovsdbapp/backend/ovs_idl/transaction.py:89}}
Jun 26 03:49:17.170346 np0000003692 devstack@neutron-api.service[87470]: DEBUG ovsdbapp.backend.ovs_idl.transaction [-] Running txn n=1 command(idx=2): PgAclAddCommand(_result=None, entity=pg_598e6c6b_4e26_4ed1_92bc_c3468155a3b3, direction=to-lport, priority=1002, match=outport == @pg_598e6c6b_4e26_4ed1_92bc_c3468155a3b3 && ip6 && ip6.src == $pg_598e6c6b_4e26_4ed1_92bc_c3468155a3b3_ip6, action=allow-related, log=False, may_exist=True, severity=[], name=[], meter=[], external_ids={'neutron:security_group_rule_id': '0b61f102-f425-43c6-8e59-115349380fd0'}) {{(pid=87470) do_commit /opt/stack/data/venv/lib/python3.12/site-packages/ovsdbapp/backend/ovs_idl/transaction.py:89}}
Jun 26 03:49:17.170682 np0000003692 devstack@neutron-api.service[87470]: DEBUG ovsdbapp.backend.ovs_idl.transaction [-] Running txn n=1 command(idx=3): PgAclAddCommand(_result=None, entity=pg_598e6c6b_4e26_4ed1_92bc_c3468155a3b3, direction=from-lport, priority=1002, match=inport == @pg_598e6c6b_4e26_4ed1_92bc_c3468155a3b3 && ip4, action=allow-related, log=False, may_exist=True, severity=[], name=[], meter=[], external_ids={'neutron:security_group_rule_id': 'b03a0f92-e3cb-425c-8748-633653192aaf'}) {{(pid=87470) do_commit /opt/stack/data/venv/lib/python3.12/site-packages/ovsdbapp/backend/ovs_idl/transaction.py:89}}
Jun 26 03:49:17.170896 np0000003692 devstack@neutron-api.service[87470]: DEBUG ovsdbapp.backend.ovs_idl.transaction [-] Running txn n=1 command(idx=4): PgAclAddCommand(_result=None, entity=pg_598e6c6b_4e26_4ed1_92bc_c3468155a3b3, direction=to-lport, priority=1002, match=outport == @pg_598e6c6b_4e26_4ed1_92bc_c3468155a3b3 && ip4 && ip4.src == $pg_598e6c6b_4e26_4ed1_92bc_c3468155a3b3_ip4, action=allow-related, log=False, may_exist=True, severity=[], name=[], meter=[], external_ids={'neutron:security_group_rule_id': 'e3ac4293-fa38-40d2-8449-e304edca0c66'}) {{(pid=87470) do_commit /opt/stack/data/venv/lib/python3.12/site-packages/ovsdbapp/backend/ovs_idl/transaction.py:89}}
Jun 26 03:49:17.176246 np0000003692 devstack@neutron-api.service[87470]: DEBUG neutron.plugins.ml2.drivers.ovn.mech_driver.ovsdb.ovsdb_monitor [-] Hash Ring: Node b8377f9d89c35d0792d3e27aca74e9e0 (host: np0000003692) handling event "create" for row 1fa329ca-ae94-4203-b8c6-a662e5a4632a (table: ACL) {{(pid=87470) notify /opt/stack/neutron/neutron/plugins/ml2/drivers/ovn/mech_driver/ovsdb/ovsdb_monitor.py:1015}}
Jun 26 03:49:17.176408 np0000003692 devstack@neutron-api.service[87470]: DEBUG neutron.plugins.ml2.drivers.ovn.mech_driver.ovsdb.ovsdb_monitor [-] Hash Ring: Node b8377f9d89c35d0792d3e27aca74e9e0 (host: np0000003692) handling event "create" for row 962a3f84-2ee8-48cb-9f1b-4ed2eb8d231c (table: ACL) {{(pid=87470) notify /opt/stack/neutron/neutron/plugins/ml2/drivers/ovn/mech_driver/ovsdb/ovsdb_monitor.py:1015}}
Jun 26 03:49:17.176998 np0000003692 devstack@neutron-api.service[87470]: DEBUG neutron.plugins.ml2.drivers.ovn.mech_driver.ovsdb.ovsdb_monitor [-] Hash Ring: Node b8377f9d89c35d0792d3e27aca74e9e0 (host: np0000003692) handling event "create" for row 9eb0c3cc-db05-474d-bbb5-f7f8e9d1f874 (table: ACL) {{(pid=87470) notify /opt/stack/neutron/neutron/plugins/ml2/drivers/ovn/mech_driver/ovsdb/ovsdb_monitor.py:1015}}
Jun 26 03:49:17.176998 np0000003692 devstack@neutron-api.service[87470]: DEBUG neutron.plugins.ml2.drivers.ovn.mech_driver.ovsdb.ovsdb_monitor [-] Hash Ring: Node b8377f9d89c35d0792d3e27aca74e9e0 (host: np0000003692) handling event "create" for row fac845ae-025c-416c-9569-901ed5620b36 (table: ACL) {{(pid=87470) notify /opt/stack/neutron/neutron/plugins/ml2/drivers/ovn/mech_driver/ovsdb/ovsdb_monitor.py:1015}}
Jun 26 03:49:17.176998 np0000003692 devstack@neutron-api.service[87470]: DEBUG neutron.plugins.ml2.drivers.ovn.mech_driver.ovsdb.ovsdb_monitor [-] Hash Ring: Node b8377f9d89c35d0792d3e27aca74e9e0 (host: np0000003692) handling event "create" for row 0c6a201c-ffd5-4616-82d6-e8a965640240 (table: Port_Group) {{(pid=87470) notify /opt/stack/neutron/neutron/plugins/ml2/drivers/ovn/mech_driver/ovsdb/ovsdb_monitor.py:1015}}
Jun 26 03:49:17.178492 np0000003692 devstack@neutron-api.service[87471]: DEBUG neutron.plugins.ml2.drivers.ovn.mech_driver.ovsdb.ovsdb_monitor [-] Hash Ring: Node 8e7400c8c974573292e4a12b98e5948c (host: np0000003692) handling event "create" for row 1fa329ca-ae94-4203-b8c6-a662e5a4632a (table: ACL) {{(pid=87471) notify /opt/stack/neutron/neutron/plugins/ml2/drivers/ovn/mech_driver/ovsdb/ovsdb_monitor.py:1015}}
Jun 26 03:49:17.178492 np0000003692 devstack@neutron-api.service[87471]: DEBUG neutron.plugins.ml2.drivers.ovn.mech_driver.ovsdb.ovsdb_monitor [-] Hash Ring: Node 8e7400c8c974573292e4a12b98e5948c (host: np0000003692) handling event "create" for row 962a3f84-2ee8-48cb-9f1b-4ed2eb8d231c (table: ACL) {{(pid=87471) notify /opt/stack/neutron/neutron/plugins/ml2/drivers/ovn/mech_driver/ovsdb/ovsdb_monitor.py:1015}}
Jun 26 03:49:17.178492 np0000003692 devstack@neutron-api.service[87471]: DEBUG neutron.plugins.ml2.drivers.ovn.mech_driver.ovsdb.ovsdb_monitor [-] Hash Ring: Node 8e7400c8c974573292e4a12b98e5948c (host: np0000003692) handling event "create" for row 9eb0c3cc-db05-474d-bbb5-f7f8e9d1f874 (table: ACL) {{(pid=87471) notify /opt/stack/neutron/neutron/plugins/ml2/drivers/ovn/mech_driver/ovsdb/ovsdb_monitor.py:1015}}
Jun 26 03:49:17.182301 np0000003692 devstack@neutron-api.service[87469]: DEBUG neutron.plugins.ml2.drivers.ovn.mech_driver.ovsdb.ovsdb_monitor [-] Hash Ring: Node 66c9416474305cb58f7226fabface737 (host: np0000003692) handling event "create" for row fac845ae-025c-416c-9569-901ed5620b36 (table: ACL) {{(pid=87469) notify /opt/stack/neutron/neutron/plugins/ml2/drivers/ovn/mech_driver/ovsdb/ovsdb_monitor.py:1015}}
Jun 26 03:49:17.206064 np0000003692 devstack@neutron-api.service[87470]: INFO neutron.db.ovn_revision_numbers_db [None req-a9b7ea7d-25c6-457d-8579-64d926425d58 admin admin] Successfully bumped revision number for resource 598e6c6b-4e26-4ed1-92bc-c3468155a3b3 (type: security_groups) to 1
Jun 26 03:49:17.219714 np0000003692 devstack@neutron-api.service[87470]: INFO neutron.db.ovn_revision_numbers_db [None req-a9b7ea7d-25c6-457d-8579-64d926425d58 admin admin] Successfully bumped revision number for resource 0aca0d8b-d7d2-4273-8a50-2e024f45df98 (type: security_group_rules) to 0
Jun 26 03:49:17.230606 np0000003692 devstack@neutron-api.service[87470]: INFO neutron.db.ovn_revision_numbers_db [None req-a9b7ea7d-25c6-457d-8579-64d926425d58 admin admin] Successfully bumped revision number for resource 0b61f102-f425-43c6-8e59-115349380fd0 (type: security_group_rules) to 0
Jun 26 03:49:17.241369 np0000003692 devstack@neutron-api.service[87470]: INFO neutron.db.ovn_revision_numbers_db [None req-a9b7ea7d-25c6-457d-8579-64d926425d58 admin admin] Successfully bumped revision number for resource b03a0f92-e3cb-425c-8748-633653192aaf (type: security_group_rules) to 0
Jun 26 03:49:17.257633 np0000003692 devstack@neutron-api.service[87470]: INFO neutron.db.ovn_revision_numbers_db [None req-a9b7ea7d-25c6-457d-8579-64d926425d58 admin admin] Successfully bumped revision number for resource e3ac4293-fa38-40d2-8449-e304edca0c66 (type: security_group_rules) to 0
Jun 26 03:49:17.279175 np0000003692 devstack@neutron-api.service[87470]: DEBUG neutron.api.rpc.handlers.resources_rpc [None req-a9b7ea7d-25c6-457d-8579-64d926425d58 admin admin] Pushing event updated for resources: {'SecurityGroup': ['ID=598e6c6b-4e26-4ed1-92bc-c3468155a3b3,revision_number=1']} {{(pid=87470) push /opt/stack/neutron/neutron/api/rpc/handlers/resources_rpc.py:237}}
Jun 26 03:49:17.285876 np0000003692 devstack@neutron-api.service[87470]: DEBUG ovsdbapp.backend.ovs_idl.transaction [-] Running txn n=1 command(idx=0): CheckLivenessCommand(_result=None) {{(pid=87470) do_commit /opt/stack/data/venv/lib/python3.12/site-packages/ovsdbapp/backend/ovs_idl/transaction.py:89}}
Jun 26 03:49:17.287927 np0000003692 devstack@neutron-api.service[87470]: DEBUG neutron.plugins.ml2.drivers.ovn.mech_driver.ovsdb.ovsdb_monitor [-] Hash Ring: Node b8377f9d89c35d0792d3e27aca74e9e0 (host: np0000003692) handling event "update" for row 3c1fd210-6226-4504-90d1-ccc48b569b37 (table: NB_Global) {{(pid=87470) notify /opt/stack/neutron/neutron/plugins/ml2/drivers/ovn/mech_driver/ovsdb/ovsdb_monitor.py:1015}}
Jun 26 03:49:17.290281 np0000003692 devstack@neutron-api.service[87470]: DEBUG neutron.api.rpc.callbacks.version_manager [None req-a9b7ea7d-25c6-457d-8579-64d926425d58 admin admin] Tracked resource versions report:
Jun 26 03:49:17.290281 np0000003692 devstack@neutron-api.service[87470]: pushed versions:
Jun 26 03:49:17.290281 np0000003692 devstack@neutron-api.service[87470]: { 'AddressGroup': {'1.2'},
Jun 26 03:49:17.290281 np0000003692 devstack@neutron-api.service[87470]: 'Agent': {'1.1'},
Jun 26 03:49:17.290281 np0000003692 devstack@neutron-api.service[87470]: 'ConntrackHelper': {'1.0'},
Jun 26 03:49:17.290281 np0000003692 devstack@neutron-api.service[87470]: 'LocalIPAssociation': {'1.0'},
Jun 26 03:49:17.290281 np0000003692 devstack@neutron-api.service[87470]: 'Log': {'1.0'},
Jun 26 03:49:17.290281 np0000003692 devstack@neutron-api.service[87470]: 'NDPProxy': {'1.0'},
Jun 26 03:49:17.290281 np0000003692 devstack@neutron-api.service[87470]: 'Network': {'1.3'},
Jun 26 03:49:17.290281 np0000003692 devstack@neutron-api.service[87470]: 'Port': {'1.11'},
Jun 26 03:49:17.290281 np0000003692 devstack@neutron-api.service[87470]: 'PortForwarding': {'1.3'},
Jun 26 03:49:17.290281 np0000003692 devstack@neutron-api.service[87470]: 'QosPolicy': {'1.10'},
Jun 26 03:49:17.290281 np0000003692 devstack@neutron-api.service[87470]: 'SecurityGroup': {'1.6'},
Jun 26 03:49:17.290281 np0000003692 devstack@neutron-api.service[87470]: 'SecurityGroupRule': {'1.3'},
Jun 26 03:49:17.290281 np0000003692 devstack@neutron-api.service[87470]: 'SubPort': {'1.0'},
Jun 26 03:49:17.290281 np0000003692 devstack@neutron-api.service[87470]: 'Subnet': {'1.2'},
Jun 26 03:49:17.290281 np0000003692 devstack@neutron-api.service[87470]: 'Trunk': {'1.1'}}
Jun 26 03:49:17.290281 np0000003692 devstack@neutron-api.service[87470]: consumer versions:
Jun 26 03:49:17.290281 np0000003692 devstack@neutron-api.service[87470]: {}
Jun 26 03:49:17.290281 np0000003692 devstack@neutron-api.service[87470]: {{(pid=87470) report /opt/stack/neutron/neutron/api/rpc/callbacks/version_manager.py:183}}
Jun 26 03:49:17.295281 np0000003692 devstack@neutron-api.service[87471]: DEBUG neutron.plugins.ml2.drivers.ovn.mech_driver.ovsdb.ovsdb_monitor [-] Hash Ring: Node 8e7400c8c974573292e4a12b98e5948c (host: np0000003692) handling event "update" for row 3c1fd210-6226-4504-90d1-ccc48b569b37 (table: NB_Global) {{(pid=87471) notify /opt/stack/neutron/neutron/plugins/ml2/drivers/ovn/mech_driver/ovsdb/ovsdb_monitor.py:1015}}
Jun 26 03:49:17.295281 np0000003692 devstack@neutron-api.service[87471]: DEBUG neutron.plugins.ml2.drivers.ovn.mech_driver.ovsdb.ovsdb_monitor [-] ChassisAgentWriteEvent : Matched Chassis_Private, update, None None {{(pid=87471) matches /opt/stack/neutron/neutron/plugins/ml2/drivers/ovn/mech_driver/ovsdb/ovsdb_monitor.py:64}}
Jun 26 03:49:17.295281 np0000003692 devstack@neutron-api.service[87471]: DEBUG neutron.plugins.ml2.drivers.ovn.mech_driver.ovsdb.ovsdb_monitor [-] Hash Ring: Node 8e7400c8c974573292e4a12b98e5948c (host: np0000003692) handling event "update" for row af8d557b-2b7a-4741-a13b-60865827cc3c (table: Chassis_Private) {{(pid=87471) notify /opt/stack/neutron/neutron/plugins/ml2/drivers/ovn/mech_driver/ovsdb/ovsdb_monitor.py:1015}}
Jun 26 03:49:17.296279 np0000003692 devstack@neutron-api.service[87469]: DEBUG neutron.plugins.ml2.drivers.ovn.mech_driver.ovsdb.ovsdb_monitor [-] ChassisAgentWriteEvent : Matched Chassis_Private, update, None None {{(pid=87469) matches /opt/stack/neutron/neutron/plugins/ml2/drivers/ovn/mech_driver/ovsdb/ovsdb_monitor.py:64}}
Jun 26 03:49:17.296881 np0000003692 devstack@neutron-api.service[87471]: DEBUG neutron.plugins.ml2.drivers.ovn.mech_driver.ovsdb.ovsdb_monitor [-] Hash Ring: Node 8e7400c8c974573292e4a12b98e5948c (host: np0000003692) handling event "update" for row 3c1fd210-6226-4504-90d1-ccc48b569b37 (table: NB_Global) {{(pid=87471) notify /opt/stack/neutron/neutron/plugins/ml2/drivers/ovn/mech_driver/ovsdb/ovsdb_monitor.py:1015}}
Jun 26 03:49:17.297579 np0000003692 devstack@neutron-api.service[87471]: DEBUG neutron.plugins.ml2.drivers.ovn.mech_driver.ovsdb.ovsdb_monitor [-] Hash Ring: Node 8e7400c8c974573292e4a12b98e5948c (host: np0000003692) handling event "update" for row 3c1fd210-6226-4504-90d1-ccc48b569b37 (table: NB_Global) {{(pid=87471) notify /opt/stack/neutron/neutron/plugins/ml2/drivers/ovn/mech_driver/ovsdb/ovsdb_monitor.py:1015}}
Jun 26 03:49:17.298002 np0000003692 devstack@neutron-api.service[87470]: DEBUG neutron.plugins.ml2.drivers.ovn.mech_driver.ovsdb.ovsdb_monitor [-] Hash Ring: Node b8377f9d89c35d0792d3e27aca74e9e0 (host: np0000003692) handling event "update" for row 3c1fd210-6226-4504-90d1-ccc48b569b37 (table: NB_Global) {{(pid=87470) notify /opt/stack/neutron/neutron/plugins/ml2/drivers/ovn/mech_driver/ovsdb/ovsdb_monitor.py:1015}}
Jun 26 03:49:17.299492 np0000003692 devstack@neutron-api.service[87471]: DEBUG neutron.plugins.ml2.drivers.ovn.mech_driver.ovsdb.ovsdb_monitor [-] Hash Ring: Node 8e7400c8c974573292e4a12b98e5948c (host: np0000003692) handling event "update" for row 3c1fd210-6226-4504-90d1-ccc48b569b37 (table: NB_Global) {{(pid=87471) notify /opt/stack/neutron/neutron/plugins/ml2/drivers/ovn/mech_driver/ovsdb/ovsdb_monitor.py:1015}}
Jun 26 03:49:17.299900 np0000003692 devstack@neutron-api.service[87470]: DEBUG neutron.plugins.ml2.drivers.ovn.mech_driver.ovsdb.ovsdb_monitor [-] ChassisAgentWriteEvent : Matched Chassis_Private, update, None None {{(pid=87470) matches /opt/stack/neutron/neutron/plugins/ml2/drivers/ovn/mech_driver/ovsdb/ovsdb_monitor.py:64}}
Jun 26 03:49:17.301328 np0000003692 devstack@neutron-api.service[87471]: DEBUG neutron.plugins.ml2.drivers.ovn.mech_driver.ovsdb.ovsdb_monitor [-] ChassisOVNAgentWriteEvent : Matched Chassis_Private, update, None None {{(pid=87471) matches /opt/stack/neutron/neutron/plugins/ml2/drivers/ovn/mech_driver/ovsdb/ovsdb_monitor.py:64}}
Jun 26 03:49:17.301617 np0000003692 devstack@neutron-api.service[87469]: DEBUG neutron.plugins.ml2.drivers.ovn.mech_driver.ovsdb.ovsdb_monitor [-] ChassisOVNAgentWriteEvent : Matched Chassis_Private, update, None None {{(pid=87469) matches /opt/stack/neutron/neutron/plugins/ml2/drivers/ovn/mech_driver/ovsdb/ovsdb_monitor.py:64}}
Jun 26 03:49:17.301727 np0000003692 devstack@neutron-api.service[87471]: DEBUG neutron.plugins.ml2.drivers.ovn.mech_driver.ovsdb.ovsdb_monitor [-] Hash Ring: Node 8e7400c8c974573292e4a12b98e5948c (host: np0000003692) handling event "update" for row af8d557b-2b7a-4741-a13b-60865827cc3c (table: Chassis_Private) {{(pid=87471) notify /opt/stack/neutron/neutron/plugins/ml2/drivers/ovn/mech_driver/ovsdb/ovsdb_monitor.py:1015}}
Jun 26 03:49:17.305932 np0000003692 devstack@neutron-api.service[87470]: DEBUG neutron.plugins.ml2.drivers.ovn.mech_driver.ovsdb.ovsdb_monitor [-] Hash Ring: Node b8377f9d89c35d0792d3e27aca74e9e0 (host: np0000003692) handling event "update" for row 3c1fd210-6226-4504-90d1-ccc48b569b37 (table: NB_Global) {{(pid=87470) notify /opt/stack/neutron/neutron/plugins/ml2/drivers/ovn/mech_driver/ovsdb/ovsdb_monitor.py:1015}}
Jun 26 03:49:17.308406 np0000003692 devstack@neutron-api.service[87470]: DEBUG neutron.plugins.ml2.drivers.ovn.mech_driver.ovsdb.ovsdb_monitor [-] Hash Ring: Node b8377f9d89c35d0792d3e27aca74e9e0 (host: np0000003692) handling event "update" for row 3c1fd210-6226-4504-90d1-ccc48b569b37 (table: NB_Global) {{(pid=87470) notify /opt/stack/neutron/neutron/plugins/ml2/drivers/ovn/mech_driver/ovsdb/ovsdb_monitor.py:1015}}
Jun 26 03:49:17.312024 np0000003692 devstack@neutron-api.service[87470]: DEBUG neutron.common.ovn.hash_ring_manager [-] Allow caching, nodes 3>=3 {{(pid=87470) _wait_startup_before_caching /opt/stack/neutron/neutron/common/ovn/hash_ring_manager.py:71}}
Jun 26 03:49:17.312555 np0000003692 devstack@neutron-api.service[87470]: DEBUG neutron.plugins.ml2.drivers.ovn.mech_driver.ovsdb.ovsdb_monitor [-] Hash Ring: Node b8377f9d89c35d0792d3e27aca74e9e0 (host: np0000003692) handling event "update" for row af8d557b-2b7a-4741-a13b-60865827cc3c (table: Chassis_Private) {{(pid=87470) notify /opt/stack/neutron/neutron/plugins/ml2/drivers/ovn/mech_driver/ovsdb/ovsdb_monitor.py:1015}}
Jun 26 03:49:17.313741 np0000003692 devstack@neutron-api.service[87470]: DEBUG neutron.plugins.ml2.drivers.ovn.mech_driver.ovsdb.ovsdb_monitor [-] ChassisOVNAgentWriteEvent : Matched Chassis_Private, update, None None {{(pid=87470) matches /opt/stack/neutron/neutron/plugins/ml2/drivers/ovn/mech_driver/ovsdb/ovsdb_monitor.py:64}}
Jun 26 03:49:17.314268 np0000003692 devstack@neutron-api.service[87470]: DEBUG neutron.plugins.ml2.drivers.ovn.mech_driver.ovsdb.ovsdb_monitor [-] Hash Ring: Node b8377f9d89c35d0792d3e27aca74e9e0 (host: np0000003692) handling event "update" for row af8d557b-2b7a-4741-a13b-60865827cc3c (table: Chassis_Private) {{(pid=87470) notify /opt/stack/neutron/neutron/plugins/ml2/drivers/ovn/mech_driver/ovsdb/ovsdb_monitor.py:1015}}
Jun 26 03:49:17.349979 np0000003692 devstack@neutron-api.service[87470]: DEBUG neutron.plugins.ml2.drivers.helpers [None req-a9b7ea7d-25c6-457d-8579-64d926425d58 admin admin] geneve segment allocate from pool success with {'geneve_vni': 7872} {{(pid=87470) allocate_partially_specified_segment /opt/stack/neutron/neutron/plugins/ml2/drivers/helpers.py:142}}
Jun 26 03:49:17.364884 np0000003692 devstack@neutron-api.service[87470]: DEBUG neutron_lib.callbacks.manager [None req-a9b7ea7d-25c6-457d-8579-64d926425d58 admin admin] Publish callbacks ['neutron.services.segments.db._add_segment_host_mapping_for_segment-8785196530458', 'neutron.plugins.ml2.plugin.Ml2Plugin._handle_segment_change-326042'] for segment (44b66e6b-7608-4690-bcf3-d5b1063f5a59), precommit_create {{(pid=87470) _notify_loop /opt/stack/data/venv/lib/python3.12/site-packages/neutron_lib/callbacks/manager.py:184}}
Jun 26 03:49:17.365161 np0000003692 devstack@neutron-api.service[87470]: INFO neutron.db.segments_db [None req-a9b7ea7d-25c6-457d-8579-64d926425d58 admin admin] Added segment 44b66e6b-7608-4690-bcf3-d5b1063f5a59 of type geneve for network 1c4fc85e-b01b-417e-b7a8-8b9a96ede5ef
Jun 26 03:49:17.426985 np0000003692 devstack@neutron-api.service[87470]: DEBUG neutron_lib.callbacks.manager [None req-a9b7ea7d-25c6-457d-8579-64d926425d58 admin admin] Publish callbacks ['neutron.services.auto_allocate.db._ensure_external_network_default_value_callback-8785194842092'] for network (1c4fc85e-b01b-417e-b7a8-8b9a96ede5ef), precommit_create {{(pid=87470) _notify_loop /opt/stack/data/venv/lib/python3.12/site-packages/neutron_lib/callbacks/manager.py:184}}
Jun 26 03:49:17.451568 np0000003692 devstack@neutron-api.service[87470]: DEBUG neutron.plugins.ml2.drivers.ovn.mech_driver.mech_driver [None req-a9b7ea7d-25c6-457d-8579-64d926425d58 admin admin] Validating network segment with type geneve, segmentation ID 7872, physical network None {{(pid=87470) _validate_network_segments /opt/stack/neutron/neutron/plugins/ml2/drivers/ovn/mech_driver/mech_driver.py:646}}
Jun 26 03:49:17.451754 np0000003692 devstack@neutron-api.service[87470]: DEBUG neutron.db.ovn_revision_numbers_db [None req-a9b7ea7d-25c6-457d-8579-64d926425d58 admin admin] create_initial_revision uuid=1c4fc85e-b01b-417e-b7a8-8b9a96ede5ef, type=networks, rev=-1 {{(pid=87470) create_initial_revision /opt/stack/neutron/neutron/db/ovn_revision_numbers_db.py:98}}
Jun 26 03:49:17.473074 np0000003692 devstack@neutron-api.service[87470]: DEBUG neutron_lib.callbacks.manager [None req-a9b7ea7d-25c6-457d-8579-64d926425d58 admin admin] Publish callbacks ['neutron.plugins.ml2.ovo_rpc._ObjectChangeHandler.handle_event-15223250'] for network (1c4fc85e-b01b-417e-b7a8-8b9a96ede5ef), after_create {{(pid=87470) _notify_loop /opt/stack/data/venv/lib/python3.12/site-packages/neutron_lib/callbacks/manager.py:184}}
Jun 26 03:49:17.534129 np0000003692 devstack@neutron-api.service[87470]: DEBUG neutron.api.rpc.handlers.resources_rpc [None req-a9b7ea7d-25c6-457d-8579-64d926425d58 admin admin] Pushing event updated for resources: {'Network': ['ID=1c4fc85e-b01b-417e-b7a8-8b9a96ede5ef,revision_number=1']} {{(pid=87470) push /opt/stack/neutron/neutron/api/rpc/handlers/resources_rpc.py:237}}
Jun 26 03:49:17.543414 np0000003692 devstack@neutron-api.service[87470]: DEBUG ovsdbapp.backend.ovs_idl.transaction [-] Running txn n=1 command(idx=0): AddNetworkCommand(_result=None, network_uuid=1c4fc85e-b01b-417e-b7a8-8b9a96ede5ef, may_exist=True, columns={'external_ids': {'neutron:network_name': 'private', 'neutron:mtu': '1372', 'neutron:revision_number': '1', 'neutron:availability_zone_hints': '', 'neutron:provnet-network-type': 'geneve'}, 'other_config': {'mcast_snoop': 'false', 'mcast_flood_unregistered': 'false', 'vlan-passthru': 'false'}}) {{(pid=87470) do_commit /opt/stack/data/venv/lib/python3.12/site-packages/ovsdbapp/backend/ovs_idl/transaction.py:89}}
Jun 26 03:49:17.543580 np0000003692 devstack@neutron-api.service[87470]: DEBUG neutron.common.ovn.utils [-] OVS persist_uuid supported=True {{(pid=87470) ovs_persist_uuid_supported /opt/stack/neutron/neutron/common/ovn/utils.py:1544}}
Jun 26 03:49:17.547064 np0000003692 devstack@neutron-api.service[87470]: DEBUG neutron.plugins.ml2.drivers.ovn.mech_driver.ovsdb.ovsdb_monitor [-] Hash Ring: Node b8377f9d89c35d0792d3e27aca74e9e0 (host: np0000003692) handling event "create" for row 1c4fc85e-b01b-417e-b7a8-8b9a96ede5ef (table: Logical_Switch) {{(pid=87470) notify /opt/stack/neutron/neutron/plugins/ml2/drivers/ovn/mech_driver/ovsdb/ovsdb_monitor.py:1015}}
Jun 26 03:49:17.548035 np0000003692 devstack@neutron-api.service[87471]: DEBUG neutron.plugins.ml2.drivers.ovn.mech_driver.ovsdb.ovsdb_monitor [-] Hash Ring: Node 8e7400c8c974573292e4a12b98e5948c (host: np0000003692) handling event "create" for row 1c4fc85e-b01b-417e-b7a8-8b9a96ede5ef (table: Logical_Switch) {{(pid=87471) notify /opt/stack/neutron/neutron/plugins/ml2/drivers/ovn/mech_driver/ovsdb/ovsdb_monitor.py:1015}}
Jun 26 03:49:17.554947 np0000003692 devstack@neutron-api.service[87469]: DEBUG neutron.plugins.ml2.drivers.ovn.mech_driver.ovsdb.ovsdb_monitor [-] Hash Ring: Node 66c9416474305cb58f7226fabface737 (host: np0000003692) handling event "create" for row 16ea1cd6-17d7-42af-89c8-cec878930507 (table: Datapath_Binding) {{(pid=87469) notify /opt/stack/neutron/neutron/plugins/ml2/drivers/ovn/mech_driver/ovsdb/ovsdb_monitor.py:1015}}
Jun 26 03:49:17.562970 np0000003692 devstack@neutron-api.service[87470]: DEBUG neutron.plugins.ml2.drivers.ovn.mech_driver.ovsdb.ovsdb_monitor [-] Hash Ring: Node b8377f9d89c35d0792d3e27aca74e9e0 (host: np0000003692) handling event "create" for row 16ea1cd6-17d7-42af-89c8-cec878930507 (table: Datapath_Binding) {{(pid=87470) notify /opt/stack/neutron/neutron/plugins/ml2/drivers/ovn/mech_driver/ovsdb/ovsdb_monitor.py:1015}}
Jun 26 03:49:17.584242 np0000003692 devstack@neutron-api.service[87470]: INFO neutron.db.ovn_revision_numbers_db [None req-a9b7ea7d-25c6-457d-8579-64d926425d58 admin admin] Successfully bumped revision number for resource 1c4fc85e-b01b-417e-b7a8-8b9a96ede5ef (type: networks) to 1
Jun 26 03:49:17.644937 np0000003692 devstack@neutron-api.service[87470]: DEBUG neutron_lib.callbacks.manager [None req-a9b7ea7d-25c6-457d-8579-64d926425d58 admin admin] Publish callbacks ['neutron.plugins.ml2.plugin.SecurityGroupDbMixin._ensure_default_security_group_handler-62112'] for port (None), before_create {{(pid=87470) _notify_loop /opt/stack/data/venv/lib/python3.12/site-packages/neutron_lib/callbacks/manager.py:184}}
Jun 26 03:49:17.741181 np0000003692 devstack@neutron-api.service[87470]: DEBUG neutron_lib.callbacks.manager [None req-a9b7ea7d-25c6-457d-8579-64d926425d58 admin admin] Publish callbacks ['neutron.plugins.ml2.drivers.ovn.mech_driver.mech_driver.OVNMechanismDriver._validate_allowed_address_pairs-16526995'] for allowed_address_pair (f77fa87b-db36-494b-97bc-d5676d079354), before_create {{(pid=87470) _notify_loop /opt/stack/data/venv/lib/python3.12/site-packages/neutron_lib/callbacks/manager.py:184}}
Jun 26 03:49:17.741775 np0000003692 devstack@neutron-api.service[87470]: DEBUG neutron_lib.callbacks.manager [None req-a9b7ea7d-25c6-457d-8579-64d926425d58 admin admin] Publish callbacks [] for port (f77fa87b-db36-494b-97bc-d5676d079354), precommit_create {{(pid=87470) _notify_loop /opt/stack/data/venv/lib/python3.12/site-packages/neutron_lib/callbacks/manager.py:184}}
Jun 26 03:49:17.741944 np0000003692 devstack@neutron-api.service[87470]: DEBUG neutron.plugins.ml2.drivers.ovn.mech_driver.mech_driver [None req-a9b7ea7d-25c6-457d-8579-64d926425d58 admin admin] No provisioning block for port f77fa87b-db36-494b-97bc-d5676d079354 since it does not have a host {{(pid=87470) _is_port_provisioning_required /opt/stack/neutron/neutron/plugins/ml2/drivers/ovn/mech_driver/mech_driver.py:899}}
Jun 26 03:49:17.742052 np0000003692 devstack@neutron-api.service[87470]: DEBUG neutron.db.ovn_revision_numbers_db [None req-a9b7ea7d-25c6-457d-8579-64d926425d58 admin admin] create_initial_revision uuid=f77fa87b-db36-494b-97bc-d5676d079354, type=ports, rev=-1 {{(pid=87470) create_initial_revision /opt/stack/neutron/neutron/db/ovn_revision_numbers_db.py:98}}
Jun 26 03:49:17.793760 np0000003692 devstack@neutron-api.service[87470]: DEBUG neutron_lib.callbacks.manager [None req-a9b7ea7d-25c6-457d-8579-64d926425d58 admin admin] Publish callbacks ['neutron.plugins.ml2.ovo_rpc._ObjectChangeHandler.handle_event-15223082'] for port (f77fa87b-db36-494b-97bc-d5676d079354), after_create {{(pid=87470) _notify_loop /opt/stack/data/venv/lib/python3.12/site-packages/neutron_lib/callbacks/manager.py:184}}
Jun 26 03:49:17.841691 np0000003692 devstack@neutron-api.service[87470]: DEBUG neutron.api.rpc.handlers.resources_rpc [None req-a9b7ea7d-25c6-457d-8579-64d926425d58 admin admin] Pushing event updated for resources: {'Port': ['ID=f77fa87b-db36-494b-97bc-d5676d079354,revision_number=1']} {{(pid=87470) push /opt/stack/neutron/neutron/api/rpc/handlers/resources_rpc.py:237}}
Jun 26 03:49:17.876533 np0000003692 devstack@neutron-api.service[87470]: DEBUG neutron.plugins.ml2.drivers.ovn.mech_driver.ovsdb.commands [None req-a9b7ea7d-25c6-457d-8579-64d926425d58 admin admin] Converting tag [] to a tag_request {{(pid=87470) _tag_column_to_tag_request /opt/stack/neutron/neutron/plugins/ml2/drivers/ovn/mech_driver/ovsdb/commands.py:205}}
