Aug 26 08:58:43.858463 np0000008153 devstack@c-api.service[100237]: INFO cinder.api.openstack.wsgi [None req-1ed904e2-0ad3-45bc-8bfc-713708bb211d tempest-VolumeTypesAccessTest-2064377855 tempest-VolumeTypesAccessTest-2064377855-project-admin] GET https://10.4.3.236/volume/v3/types/822a5271-8f13-40b6-bdff-3b1bc6280db9
Aug 26 08:58:43.859360 np0000008153 devstack@c-api.service[100237]: DEBUG cinder.api.openstack.wsgi [None req-1ed904e2-0ad3-45bc-8bfc-713708bb211d tempest-VolumeTypesAccessTest-2064377855 tempest-VolumeTypesAccessTest-2064377855-project-admin] Empty body provided in request {{(pid=100237) get_body /opt/stack/cinder/cinder/api/openstack/wsgi.py:725}}
Aug 26 08:58:43.859546 np0000008153 devstack@c-api.service[100237]: DEBUG cinder.api.openstack.wsgi [None req-1ed904e2-0ad3-45bc-8bfc-713708bb211d tempest-VolumeTypesAccessTest-2064377855 tempest-VolumeTypesAccessTest-2064377855-project-admin] Calling method 'show' {{(pid=100237) _process_stack /opt/stack/cinder/cinder/api/openstack/wsgi.py:878}}
Aug 26 08:58:43.871136 np0000008153 devstack@c-api.service[100237]: INFO cinder.api.openstack.wsgi [None req-1ed904e2-0ad3-45bc-8bfc-713708bb211d tempest-VolumeTypesAccessTest-2064377855 tempest-VolumeTypesAccessTest-2064377855-project-admin] https://10.4.3.236/volume/v3/types/822a5271-8f13-40b6-bdff-3b1bc6280db9 returned with HTTP 404
Aug 26 08:58:43.871911 np0000008153 devstack@c-api.service[100237]: [pid: 100237|app: 0|req: 62/234] 10.4.3.236 () {66 vars in 1342 bytes} [Wed Aug 26 08:58:43 2026] GET /volume/v3/types/822a5271-8f13-40b6-bdff-3b1bc6280db9 => generated 114 bytes in 19 msecs (HTTP/1.1 404) 7 headers in 292 bytes (1 switches on core 0)
Aug 26 08:58:43.884581 np0000008153 devstack@c-api.service[100236]: DEBUG cinder.api.middleware.request_id [None req-043270bf-646d-4a18-b8f3-370f8be5e2fa None None] RequestId filter calling following filter/app {{(pid=100236) _context_setter /opt/stack/cinder/cinder/api/middleware/request_id.py:62}}
Aug 26 08:58:43.887691 np0000008153 devstack@c-api.service[100236]: INFO cinder.api.openstack.wsgi [None req-043270bf-646d-4a18-b8f3-370f8be5e2fa tempest-VolumeTypesAccessTest-2064377855 tempest-VolumeTypesAccessTest-2064377855-project-admin] POST https://10.4.3.236/volume/v3/types
Aug 26 08:58:43.888741 np0000008153 devstack@c-api.service[100236]: DEBUG cinder.api.openstack.wsgi [None req-043270bf-646d-4a18-b8f3-370f8be5e2fa tempest-VolumeTypesAccessTest-2064377855 tempest-VolumeTypesAccessTest-2064377855-project-admin] Action: 'create', calling method: _create, body: {"volume_type": {"name": "tempest-VolumeTypesAccessTest-volume-type-1535848920", "os-volume-type-access:is_public": false}} {{(pid=100236) _process_stack /opt/stack/cinder/cinder/api/openstack/wsgi.py:876}}
Aug 26 08:58:43.914773 np0000008153 devstack@c-api.service[100236]: INFO cinder.api.openstack.wsgi [None req-043270bf-646d-4a18-b8f3-370f8be5e2fa tempest-VolumeTypesAccessTest-2064377855 tempest-VolumeTypesAccessTest-2064377855-project-admin] https://10.4.3.236/volume/v3/types returned with HTTP 200
Aug 26 08:58:43.914974 np0000008153 devstack@c-api.service[100236]: [pid: 100236|app: 0|req: 59/235] 10.4.3.236 () {68 vars in 1253 bytes} [Wed Aug 26 08:58:43 2026] POST /volume/v3/types => generated 229 bytes in 31 msecs (HTTP/1.1 200) 7 headers in 285 bytes (1 switches on core 0)
Aug 26 08:58:43.931706 np0000008153 devstack@c-api.service[100239]: DEBUG cinder.api.middleware.request_id [None req-368641eb-7456-4946-8eb6-f51c04e02409 None None] RequestId filter calling following filter/app {{(pid=100239) _context_setter /opt/stack/cinder/cinder/api/middleware/request_id.py:62}}
Aug 26 08:58:43.934230 np0000008153 devstack@c-api.service[100239]: INFO cinder.api.openstack.wsgi [None req-368641eb-7456-4946-8eb6-f51c04e02409 tempest-VolumeTypesAccessTest-2064377855 tempest-VolumeTypesAccessTest-2064377855-project-admin] POST https://10.4.3.236/volume/v3/types/0c66b1c5-6f56-46e6-98db-e5ea0635e1b7/action
Aug 26 08:58:43.935004 np0000008153 devstack@c-api.service[100239]: DEBUG cinder.api.openstack.wsgi [None req-368641eb-7456-4946-8eb6-f51c04e02409 tempest-VolumeTypesAccessTest-2064377855 tempest-VolumeTypesAccessTest-2064377855-project-admin] Action body: b'{"addProjectAccess": {"project": "abf2317b56684d17bd33b6405c2d07b0"}}' {{(pid=100239) get_method /opt/stack/cinder/cinder/api/openstack/wsgi.py:993}}
Aug 26 08:58:43.936014 np0000008153 devstack@c-api.service[100239]: DEBUG cinder.api.openstack.wsgi [None req-368641eb-7456-4946-8eb6-f51c04e02409 tempest-VolumeTypesAccessTest-2064377855 tempest-VolumeTypesAccessTest-2064377855-project-admin] Action: 'action', calling method: _addProjectAccess, body: {"addProjectAccess": {"project": "abf2317b56684d17bd33b6405c2d07b0"}} {{(pid=100239) _process_stack /opt/stack/cinder/cinder/api/openstack/wsgi.py:876}}
Aug 26 08:58:43.986721 np0000008153 devstack@c-api.service[100239]: INFO cinder.api.openstack.wsgi [None req-368641eb-7456-4946-8eb6-f51c04e02409 tempest-VolumeTypesAccessTest-2064377855 tempest-VolumeTypesAccessTest-2064377855-project-admin] https://10.4.3.236/volume/v3/types/0c66b1c5-6f56-46e6-98db-e5ea0635e1b7/action returned with HTTP 202
Aug 26 08:58:43.987502 np0000008153 devstack@c-api.service[100239]: [pid: 100239|app: 0|req: 58/236] 10.4.3.236 () {68 vars in 1384 bytes} [Wed Aug 26 08:58:43 2026] POST /volume/v3/types/0c66b1c5-6f56-46e6-98db-e5ea0635e1b7/action => generated 0 bytes in 58 msecs (HTTP/1.1 202) 6 headers in 233 bytes (1 switches on core 0)
Aug 26 08:58:44.000158 np0000008153 devstack@c-api.service[100237]: DEBUG cinder.api.middleware.request_id [None req-9ffa61f7-bfd8-4667-923d-daf15bfee8dc None None] RequestId filter calling following filter/app {{(pid=100237) _context_setter /opt/stack/cinder/cinder/api/middleware/request_id.py:62}}
Aug 26 08:58:44.002983 np0000008153 devstack@c-api.service[100237]: INFO cinder.api.openstack.wsgi [None req-9ffa61f7-bfd8-4667-923d-daf15bfee8dc tempest-VolumeTypesAccessTest-2064377855 tempest-VolumeTypesAccessTest-2064377855-project-admin] POST https://10.4.3.236/volume/v3/types/0c66b1c5-6f56-46e6-98db-e5ea0635e1b7/action
Aug 26 08:58:44.003971 np0000008153 devstack@c-api.service[100237]: DEBUG cinder.api.openstack.wsgi [None req-9ffa61f7-bfd8-4667-923d-daf15bfee8dc tempest-VolumeTypesAccessTest-2064377855 tempest-VolumeTypesAccessTest-2064377855-project-admin] Action body: b'{"addProjectAccess": {"project": "bcc1848d77a1414b897e02cd79d4b003"}}' {{(pid=100237) get_method /opt/stack/cinder/cinder/api/openstack/wsgi.py:993}}
Aug 26 08:58:44.004184 np0000008153 devstack@c-api.service[100237]: DEBUG cinder.api.openstack.wsgi [None req-9ffa61f7-bfd8-4667-923d-daf15bfee8dc tempest-VolumeTypesAccessTest-2064377855 tempest-VolumeTypesAccessTest-2064377855-project-admin] Action: 'action', calling method: _addProjectAccess, body: {"addProjectAccess": {"project": "bcc1848d77a1414b897e02cd79d4b003"}} {{(pid=100237) _process_stack /opt/stack/cinder/cinder/api/openstack/wsgi.py:876}}
Aug 26 08:58:44.067570 np0000008153 devstack@c-api.service[100237]: INFO cinder.api.openstack.wsgi [None req-9ffa61f7-bfd8-4667-923d-daf15bfee8dc tempest-VolumeTypesAccessTest-2064377855 tempest-VolumeTypesAccessTest-2064377855-project-admin] https://10.4.3.236/volume/v3/types/0c66b1c5-6f56-46e6-98db-e5ea0635e1b7/action returned with HTTP 202
Aug 26 08:58:44.067570 np0000008153 devstack@c-api.service[100237]: [pid: 100237|app: 0|req: 63/237] 10.4.3.236 () {68 vars in 1384 bytes} [Wed Aug 26 08:58:43 2026] POST /volume/v3/types/0c66b1c5-6f56-46e6-98db-e5ea0635e1b7/action => generated 0 bytes in 67 msecs (HTTP/1.1 202) 6 headers in 233 bytes (1 switches on core 0)
Aug 26 08:58:44.075642 np0000008153 devstack@c-api.service[100236]: DEBUG cinder.api.middleware.request_id [None req-a8fb25cb-2f3e-407f-a8bc-459c8e5b949c None None] RequestId filter calling following filter/app {{(pid=100236) _context_setter /opt/stack/cinder/cinder/api/middleware/request_id.py:62}}
Aug 26 08:58:44.078179 np0000008153 devstack@c-api.service[100236]: INFO cinder.api.openstack.wsgi [None req-a8fb25cb-2f3e-407f-a8bc-459c8e5b949c tempest-VolumeTypesAccessTest-2064377855 tempest-VolumeTypesAccessTest-2064377855-project-admin] GET https://10.4.3.236/volume/v3/types/0c66b1c5-6f56-46e6-98db-e5ea0635e1b7/os-volume-type-access
Aug 26 08:58:44.078865 np0000008153 devstack@c-api.service[100236]: DEBUG cinder.api.openstack.wsgi [None req-a8fb25cb-2f3e-407f-a8bc-459c8e5b949c tempest-VolumeTypesAccessTest-2064377855 tempest-VolumeTypesAccessTest-2064377855-project-admin] Empty body provided in request {{(pid=100236) get_body /opt/stack/cinder/cinder/api/openstack/wsgi.py:725}}
Aug 26 08:58:44.078865 np0000008153 devstack@c-api.service[100236]: DEBUG cinder.api.openstack.wsgi [None req-a8fb25cb-2f3e-407f-a8bc-459c8e5b949c tempest-VolumeTypesAccessTest-2064377855 tempest-VolumeTypesAccessTest-2064377855-project-admin] Calling method 'index' {{(pid=100236) _process_stack /opt/stack/cinder/cinder/api/openstack/wsgi.py:878}}
Aug 26 08:58:44.094243 np0000008153 devstack@c-api.service[100236]: INFO cinder.api.openstack.wsgi [None req-a8fb25cb-2f3e-407f-a8bc-459c8e5b949c tempest-VolumeTypesAccessTest-2064377855 tempest-VolumeTypesAccessTest-2064377855-project-admin] https://10.4.3.236/volume/v3/types/0c66b1c5-6f56-46e6-98db-e5ea0635e1b7/os-volume-type-access returned with HTTP 200
Aug 26 08:58:44.094808 np0000008153 devstack@c-api.service[100236]: [pid: 100236|app: 0|req: 60/238] 10.4.3.236 () {66 vars in 1408 bytes} [Wed Aug 26 08:58:44 2026] GET /volume/v3/types/0c66b1c5-6f56-46e6-98db-e5ea0635e1b7/os-volume-type-access => generated 244 bytes in 20 msecs (HTTP/1.1 200) 7 headers in 285 bytes (1 switches on core 0)
Aug 26 08:58:44.105169 np0000008153 devstack@c-api.service[100239]: DEBUG cinder.api.middleware.request_id [None req-50f56805-212d-44f2-a5bd-3a868779ebc0 None None] RequestId filter calling following filter/app {{(pid=100239) _context_setter /opt/stack/cinder/cinder/api/middleware/request_id.py:62}}
Aug 26 08:58:44.108202 np0000008153 devstack@c-api.service[100239]: INFO cinder.api.openstack.wsgi [None req-50f56805-212d-44f2-a5bd-3a868779ebc0 tempest-VolumeTypesAccessTest-2064377855 tempest-VolumeTypesAccessTest-2064377855-project-admin] POST https://10.4.3.236/volume/v3/types/0c66b1c5-6f56-46e6-98db-e5ea0635e1b7/action
Aug 26 08:58:44.108664 np0000008153 devstack@c-api.service[100239]: DEBUG cinder.api.openstack.wsgi [None req-50f56805-212d-44f2-a5bd-3a868779ebc0 tempest-VolumeTypesAccessTest-2064377855 tempest-VolumeTypesAccessTest-2064377855-project-admin] Action body: b'{"removeProjectAccess": {"project": "bcc1848d77a1414b897e02cd79d4b003"}}' {{(pid=100239) get_method /opt/stack/cinder/cinder/api/openstack/wsgi.py:993}}
Aug 26 08:58:44.108885 np0000008153 devstack@c-api.service[100239]: DEBUG cinder.api.openstack.wsgi [None req-50f56805-212d-44f2-a5bd-3a868779ebc0 tempest-VolumeTypesAccessTest-2064377855 tempest-VolumeTypesAccessTest-2064377855-project-admin] Action: 'action', calling method: _removeProjectAccess, body: {"removeProjectAccess": {"project": "bcc1848d77a1414b897e02cd79d4b003"}} {{(pid=100239) _process_stack /opt/stack/cinder/cinder/api/openstack/wsgi.py:876}}
Aug 26 08:58:44.133855 np0000008153 devstack@c-api.service[100239]: INFO cinder.api.openstack.wsgi [None req-50f56805-212d-44f2-a5bd-3a868779ebc0 tempest-VolumeTypesAccessTest-2064377855 tempest-VolumeTypesAccessTest-2064377855-project-admin] https://10.4.3.236/volume/v3/types/0c66b1c5-6f56-46e6-98db-e5ea0635e1b7/action returned with HTTP 202
Aug 26 08:58:44.134577 np0000008153 devstack@c-api.service[100239]: [pid: 100239|app: 0|req: 59/239] 10.4.3.236 () {68 vars in 1384 bytes} [Wed Aug 26 08:58:44 2026] POST /volume/v3/types/0c66b1c5-6f56-46e6-98db-e5ea0635e1b7/action => generated 0 bytes in 30 msecs (HTTP/1.1 202) 6 headers in 233 bytes (1 switches on core 0)
Aug 26 08:58:44.139246 np0000008153 devstack@c-api.service[100238]: INFO cinder.api.openstack.wsgi [None req-754e522b-78bd-4a38-a9a6-19ee393d1a1d tempest-SnapshotsActionsTest-1924101371 tempest-SnapshotsActionsTest-1924101371-project-member] POST https://10.4.3.236/volume/v3/volumes
Aug 26 08:58:44.139922 np0000008153 devstack@c-api.service[100238]: DEBUG cinder.api.openstack.wsgi [None req-754e522b-78bd-4a38-a9a6-19ee393d1a1d tempest-SnapshotsActionsTest-1924101371 tempest-SnapshotsActionsTest-1924101371-project-member] Action: 'create', calling method: create, body: {"volume": {"size": 1, "name": "tempest-SnapshotsActionsTest-Volume-153622142"}} {{(pid=100238) _process_stack /opt/stack/cinder/cinder/api/openstack/wsgi.py:876}}
Aug 26 08:58:44.142091 np0000008153 devstack@c-api.service[100238]: DEBUG cinder.api.v3.volumes [None req-754e522b-78bd-4a38-a9a6-19ee393d1a1d tempest-SnapshotsActionsTest-1924101371 tempest-SnapshotsActionsTest-1924101371-project-member] Create volume request body: {'volume': {'size': 1, 'name': 'tempest-SnapshotsActionsTest-Volume-153622142'}} {{(pid=100238) create /opt/stack/cinder/cinder/api/v3/volumes.py:368}}
Aug 26 08:58:44.142305 np0000008153 devstack@c-api.service[100238]: INFO cinder.api.v3.volumes [None req-754e522b-78bd-4a38-a9a6-19ee393d1a1d tempest-SnapshotsActionsTest-1924101371 tempest-SnapshotsActionsTest-1924101371-project-member] Create volume of 1 GB
Aug 26 08:58:44.146553 np0000008153 devstack@c-api.service[100237]: DEBUG cinder.api.middleware.request_id [None req-3db1f87f-0341-40ba-a7aa-c58f8050bfd9 None None] RequestId filter calling following filter/app {{(pid=100237) _context_setter /opt/stack/cinder/cinder/api/middleware/request_id.py:62}}
Aug 26 08:58:44.149343 np0000008153 devstack@c-api.service[100237]: INFO cinder.api.openstack.wsgi [None req-3db1f87f-0341-40ba-a7aa-c58f8050bfd9 tempest-VolumeTypesAccessTest-2064377855 tempest-VolumeTypesAccessTest-2064377855-project-admin] POST https://10.4.3.236/volume/v3/types/0c66b1c5-6f56-46e6-98db-e5ea0635e1b7/action
Aug 26 08:58:44.150201 np0000008153 devstack@c-api.service[100237]: DEBUG cinder.api.openstack.wsgi [None req-3db1f87f-0341-40ba-a7aa-c58f8050bfd9 tempest-VolumeTypesAccessTest-2064377855 tempest-VolumeTypesAccessTest-2064377855-project-admin] Action body: b'{"removeProjectAccess": {"project": "abf2317b56684d17bd33b6405c2d07b0"}}' {{(pid=100237) get_method /opt/stack/cinder/cinder/api/openstack/wsgi.py:993}}
Aug 26 08:58:44.150201 np0000008153 devstack@c-api.service[100237]: DEBUG cinder.api.openstack.wsgi [None req-3db1f87f-0341-40ba-a7aa-c58f8050bfd9 tempest-VolumeTypesAccessTest-2064377855 tempest-VolumeTypesAccessTest-2064377855-project-admin] Action: 'action', calling method: _removeProjectAccess, body: {"removeProjectAccess": {"project": "abf2317b56684d17bd33b6405c2d07b0"}} {{(pid=100237) _process_stack /opt/stack/cinder/cinder/api/openstack/wsgi.py:876}}
Aug 26 08:58:44.159942 np0000008153 devstack@c-api.service[100238]: INFO cinder.volume.api [None req-754e522b-78bd-4a38-a9a6-19ee393d1a1d tempest-SnapshotsActionsTest-1924101371 tempest-SnapshotsActionsTest-1924101371-project-member] Availability Zones retrieved successfully.
Aug 26 08:58:44.170890 np0000008153 devstack@c-api.service[100238]: DEBUG cinder.volume.api [None req-754e522b-78bd-4a38-a9a6-19ee393d1a1d tempest-SnapshotsActionsTest-1924101371 tempest-SnapshotsActionsTest-1924101371-project-member] Flow 'volume_create_api' (c25e92e4-9411-4c1c-8bce-6c7adb71e50c) transitioned into state 'RUNNING' from state 'PENDING' {{(pid=100238) _flow_receiver /opt/stack/data/venv/lib/python3.12/site-packages/taskflow/listeners/logging.py:160}}
Aug 26 08:58:44.170890 np0000008153 devstack@c-api.service[100238]: DEBUG cinder.volume.api [None req-754e522b-78bd-4a38-a9a6-19ee393d1a1d tempest-SnapshotsActionsTest-1924101371 tempest-SnapshotsActionsTest-1924101371-project-member] Task 'cinder.volume.flows.api.create_volume.ExtractVolumeRequestTask;volume:create' (936fba9d-d7d9-452b-8229-93d2e870756f) transitioned into state 'RUNNING' from state 'PENDING' {{(pid=100238) _task_receiver /opt/stack/data/venv/lib/python3.12/site-packages/taskflow/listeners/logging.py:242}}
Aug 26 08:58:44.171734 np0000008153 devstack@c-api.service[100238]: DEBUG cinder.volume.flows.api.create_volume [None req-754e522b-78bd-4a38-a9a6-19ee393d1a1d tempest-SnapshotsActionsTest-1924101371 tempest-SnapshotsActionsTest-1924101371-project-member] Validating volume size '1' using validate_int {{(pid=100238) _extract_size /opt/stack/cinder/cinder/volume/flows/api/create_volume.py:226}}
Aug 26 08:58:44.181395 np0000008153 devstack@c-api.service[100237]: INFO cinder.api.openstack.wsgi [None req-3db1f87f-0341-40ba-a7aa-c58f8050bfd9 tempest-VolumeTypesAccessTest-2064377855 tempest-VolumeTypesAccessTest-2064377855-project-admin] https://10.4.3.236/volume/v3/types/0c66b1c5-6f56-46e6-98db-e5ea0635e1b7/action returned with HTTP 202
Aug 26 08:58:44.182124 np0000008153 devstack@c-api.service[100237]: [pid: 100237|app: 0|req: 64/240] 10.4.3.236 () {68 vars in 1384 bytes} [Wed Aug 26 08:58:44 2026] POST /volume/v3/types/0c66b1c5-6f56-46e6-98db-e5ea0635e1b7/action => generated 0 bytes in 38 msecs (HTTP/1.1 202) 6 headers in 233 bytes (1 switches on core 0)
Aug 26 08:58:44.200356 np0000008153 devstack@c-api.service[100236]: DEBUG cinder.api.middleware.request_id [None req-29ff421c-7870-457c-8375-22817c7b00a9 None None] RequestId filter calling following filter/app {{(pid=100236) _context_setter /opt/stack/cinder/cinder/api/middleware/request_id.py:62}}
Aug 26 08:58:44.202591 np0000008153 devstack@c-api.service[100236]: INFO cinder.api.openstack.wsgi [None req-29ff421c-7870-457c-8375-22817c7b00a9 tempest-VolumeTypesAccessTest-2064377855 tempest-VolumeTypesAccessTest-2064377855-project-admin] DELETE https://10.4.3.236/volume/v3/types/0c66b1c5-6f56-46e6-98db-e5ea0635e1b7
Aug 26 08:58:44.202703 np0000008153 devstack@c-api.service[100239]: DEBUG cinder.api.middleware.request_id [None req-dca66165-c708-434e-8179-60645e838533 None None] RequestId filter calling following filter/app {{(pid=100239) _context_setter /opt/stack/cinder/cinder/api/middleware/request_id.py:62}}
Aug 26 08:58:44.203362 np0000008153 devstack@c-api.service[100236]: DEBUG cinder.api.openstack.wsgi [None req-29ff421c-7870-457c-8375-22817c7b00a9 tempest-VolumeTypesAccessTest-2064377855 tempest-VolumeTypesAccessTest-2064377855-project-admin] Empty body provided in request {{(pid=100236) get_body /opt/stack/cinder/cinder/api/openstack/wsgi.py:725}}
Aug 26 08:58:44.203362 np0000008153 devstack@c-api.service[100236]: DEBUG cinder.api.openstack.wsgi [None req-29ff421c-7870-457c-8375-22817c7b00a9 tempest-VolumeTypesAccessTest-2064377855 tempest-VolumeTypesAccessTest-2064377855-project-admin] Calling method '_delete' {{(pid=100236) _process_stack /opt/stack/cinder/cinder/api/openstack/wsgi.py:878}}
Aug 26 08:58:44.205119 np0000008153 devstack@c-api.service[100239]: INFO cinder.api.openstack.wsgi [None req-dca66165-c708-434e-8179-60645e838533 tempest-DeleteServersTestJSON-265706224 tempest-DeleteServersTestJSON-265706224-project-member] GET https://10.4.3.236/volume/v3/volumes/e49f2cb8-9bb7-4ff1-976c-db41725b4cf1
Aug 26 08:58:44.205319 np0000008153 devstack@c-api.service[100239]: DEBUG cinder.api.openstack.wsgi [None req-dca66165-c708-434e-8179-60645e838533 tempest-DeleteServersTestJSON-265706224 tempest-DeleteServersTestJSON-265706224-project-member] Empty body provided in request {{(pid=100239) get_body /opt/stack/cinder/cinder/api/openstack/wsgi.py:725}}
Aug 26 08:58:44.205568 np0000008153 devstack@c-api.service[100239]: DEBUG cinder.api.openstack.wsgi [None req-dca66165-c708-434e-8179-60645e838533 tempest-DeleteServersTestJSON-265706224 tempest-DeleteServersTestJSON-265706224-project-member] Calling method 'show' {{(pid=100239) _process_stack /opt/stack/cinder/cinder/api/openstack/wsgi.py:878}}
Aug 26 08:58:44.222582 np0000008153 devstack@c-api.service[100239]: /opt/stack/data/venv/lib/python3.12/site-packages/oslo_context/context.py:102: DeprecationWarning: Policy enforcement is depending on the value of is_admin. This key is deprecated. Please update your policy file to use the standard policy values.
Aug 26 08:58:44.222582 np0000008153 devstack@c-api.service[100239]: warnings.warn(
Aug 26 08:58:44.226100 np0000008153 devstack@c-api.service[100238]: DEBUG cinder.volume.api [None req-754e522b-78bd-4a38-a9a6-19ee393d1a1d tempest-SnapshotsActionsTest-1924101371 tempest-SnapshotsActionsTest-1924101371-project-member] Task 'cinder.volume.flows.api.create_volume.ExtractVolumeRequestTask;volume:create' (936fba9d-d7d9-452b-8229-93d2e870756f) transitioned into state 'SUCCESS' from state 'RUNNING' with result '{'size': 1, 'snapshot_id': None, 'source_volid': None, 'volume_type': VolumeType(created_at=2026-08-26T08:56:14Z,deleted=False,deleted_at=None,description=None,extra_specs={volume_backend_name='storpool'},id=1da3a1a4-979f-48bc-a441-41b6d899c6e1,is_public=True,name='storpool',projects=[],qos_specs=,qos_specs_id=None,updated_at=None), 'volume_type_id': '1da3a1a4-979f-48bc-a441-41b6d899c6e1', 'encryption_key_id': None, 'qos_specs': None, 'consistencygroup_id': None, 'cgsnapshot_id': None, 'group_id': None, 'replication_status': 'disabled', 'refresh_az': False, 'backup_id': None, 'multiattach': False, 'availability_zones': ['nova']}' {{(pid=100238) _task_receiver /opt/stack/data/venv/lib/python3.12/site-packages/taskflow/listeners/logging.py:218}}
Aug 26 08:58:44.228188 np0000008153 devstack@c-api.service[100238]: DEBUG cinder.volume.api [None req-754e522b-78bd-4a38-a9a6-19ee393d1a1d tempest-SnapshotsActionsTest-1924101371 tempest-SnapshotsActionsTest-1924101371-project-member] Task 'cinder.volume.flows.api.create_volume.QuotaReserveTask;volume:create' (4045efee-24eb-4b28-99d0-24a1319900fa) transitioned into state 'RUNNING' from state 'PENDING' {{(pid=100238) _task_receiver /opt/stack/data/venv/lib/python3.12/site-packages/taskflow/listeners/logging.py:242}}
Aug 26 08:58:44.232617 np0000008153 devstack@c-api.service[100239]: INFO cinder.volume.api [None req-dca66165-c708-434e-8179-60645e838533 tempest-DeleteServersTestJSON-265706224 tempest-DeleteServersTestJSON-265706224-project-member] Volume info retrieved successfully.
Aug 26 08:58:44.242948 np0000008153 devstack@c-api.service[100239]: INFO cinder.api.openstack.wsgi [None req-dca66165-c708-434e-8179-60645e838533 tempest-DeleteServersTestJSON-265706224 tempest-DeleteServersTestJSON-265706224-project-member] https://10.4.3.236/volume/v3/volumes/e49f2cb8-9bb7-4ff1-976c-db41725b4cf1 returned with HTTP 200
Aug 26 08:58:44.243710 np0000008153 devstack@c-api.service[100239]: [pid: 100239|app: 0|req: 60/241] 10.4.3.236 () {66 vars in 1348 bytes} [Wed Aug 26 08:58:44 2026] GET /volume/v3/volumes/e49f2cb8-9bb7-4ff1-976c-db41725b4cf1 => generated 844 bytes in 41 msecs (HTTP/1.1 200) 7 headers in 285 bytes (1 switches on core 0)
Aug 26 08:58:44.270774 np0000008153 devstack@c-api.service[100236]: INFO cinder.api.openstack.wsgi [None req-29ff421c-7870-457c-8375-22817c7b00a9 tempest-VolumeTypesAccessTest-2064377855 tempest-VolumeTypesAccessTest-2064377855-project-admin] https://10.4.3.236/volume/v3/types/0c66b1c5-6f56-46e6-98db-e5ea0635e1b7 returned with HTTP 202
Aug 26 08:58:44.271326 np0000008153 devstack@c-api.service[100236]: [pid: 100236|app: 0|req: 61/242] 10.4.3.236 () {66 vars in 1345 bytes} [Wed Aug 26 08:58:44 2026] DELETE /volume/v3/types/0c66b1c5-6f56-46e6-98db-e5ea0635e1b7 => generated 0 bytes in 72 msecs (HTTP/1.1 202) 6 headers in 233 bytes (1 switches on core 0)
Aug 26 08:58:44.280920 np0000008153 devstack@c-api.service[100237]: DEBUG cinder.api.middleware.request_id [None req-12e9c579-ca8c-4048-9644-3c511c8ac0f2 None None] RequestId filter calling following filter/app {{(pid=100237) _context_setter /opt/stack/cinder/cinder/api/middleware/request_id.py:62}}
Aug 26 08:58:44.282946 np0000008153 devstack@c-api.service[100239]: DEBUG cinder.api.middleware.request_id [None req-d85636c6-0f22-4aff-8db5-a06c7f5f4b00 None None] RequestId filter calling following filter/app {{(pid=100239) _context_setter /opt/stack/cinder/cinder/api/middleware/request_id.py:62}}
Aug 26 08:58:44.283913 np0000008153 devstack@c-api.service[100237]: INFO cinder.api.openstack.wsgi [None req-12e9c579-ca8c-4048-9644-3c511c8ac0f2 tempest-ServersNegativeTestJSON-2134845538 tempest-ServersNegativeTestJSON-2134845538-project-member] POST https://10.4.3.236/volume/v3/volumes
Aug 26 08:58:44.283913 np0000008153 devstack@c-api.service[100237]: DEBUG cinder.api.openstack.wsgi [None req-12e9c579-ca8c-4048-9644-3c511c8ac0f2 tempest-ServersNegativeTestJSON-2134845538 tempest-ServersNegativeTestJSON-2134845538-project-member] Action: 'create', calling method: create, body: {"volume": {"size": 1, "display_name": "tempest-ServersNegativeTestJSON-volume-1666360258"}} {{(pid=100237) _process_stack /opt/stack/cinder/cinder/api/openstack/wsgi.py:876}}
Aug 26 08:58:44.285920 np0000008153 devstack@c-api.service[100239]: INFO cinder.api.openstack.wsgi [None req-d85636c6-0f22-4aff-8db5-a06c7f5f4b00 tempest-VolumeTypesAccessTest-2064377855 tempest-VolumeTypesAccessTest-2064377855-project-admin] GET https://10.4.3.236/volume/v3/types/0c66b1c5-6f56-46e6-98db-e5ea0635e1b7
Aug 26 08:58:44.286165 np0000008153 devstack@c-api.service[100239]: DEBUG cinder.api.openstack.wsgi [None req-d85636c6-0f22-4aff-8db5-a06c7f5f4b00 tempest-VolumeTypesAccessTest-2064377855 tempest-VolumeTypesAccessTest-2064377855-project-admin] Empty body provided in request {{(pid=100239) get_body /opt/stack/cinder/cinder/api/openstack/wsgi.py:725}}
Aug 26 08:58:44.286374 np0000008153 devstack@c-api.service[100239]: DEBUG cinder.api.openstack.wsgi [None req-d85636c6-0f22-4aff-8db5-a06c7f5f4b00 tempest-VolumeTypesAccessTest-2064377855 tempest-VolumeTypesAccessTest-2064377855-project-admin] Calling method 'show' {{(pid=100239) _process_stack /opt/stack/cinder/cinder/api/openstack/wsgi.py:878}}
Aug 26 08:58:44.291000 np0000008153 devstack@c-api.service[100237]: DEBUG cinder.api.v3.volumes [None req-12e9c579-ca8c-4048-9644-3c511c8ac0f2 tempest-ServersNegativeTestJSON-2134845538 tempest-ServersNegativeTestJSON-2134845538-project-member] Create volume request body: {'volume': {'size': 1, 'display_name': 'tempest-ServersNegativeTestJSON-volume-1666360258'}} {{(pid=100237) create /opt/stack/cinder/cinder/api/v3/volumes.py:368}}
Aug 26 08:58:44.291164 np0000008153 devstack@c-api.service[100237]: INFO cinder.api.v3.volumes [None req-12e9c579-ca8c-4048-9644-3c511c8ac0f2 tempest-ServersNegativeTestJSON-2134845538 tempest-ServersNegativeTestJSON-2134845538-project-member] Create volume of 1 GB
Aug 26 08:58:44.293195 np0000008153 devstack@c-api.service[100239]: INFO cinder.api.openstack.wsgi [None req-d85636c6-0f22-4aff-8db5-a06c7f5f4b00 tempest-VolumeTypesAccessTest-2064377855 tempest-VolumeTypesAccessTest-2064377855-project-admin] https://10.4.3.236/volume/v3/types/0c66b1c5-6f56-46e6-98db-e5ea0635e1b7 returned with HTTP 404
Aug 26 08:58:44.294148 np0000008153 devstack@c-api.service[100239]: [pid: 100239|app: 0|req: 61/243] 10.4.3.236 () {66 vars in 1342 bytes} [Wed Aug 26 08:58:44 2026] GET /volume/v3/types/0c66b1c5-6f56-46e6-98db-e5ea0635e1b7 => generated 114 bytes in 12 msecs (HTTP/1.1 404) 7 headers in 292 bytes (1 switches on core 0)
Aug 26 08:58:44.298265 np0000008153 devstack@c-api.service[100237]: INFO cinder.volume.api [None req-12e9c579-ca8c-4048-9644-3c511c8ac0f2 tempest-ServersNegativeTestJSON-2134845538 tempest-ServersNegativeTestJSON-2134845538-project-member] Availability Zones retrieved successfully.
Aug 26 08:58:44.309363 np0000008153 devstack@c-api.service[100237]: DEBUG cinder.volume.api [None req-12e9c579-ca8c-4048-9644-3c511c8ac0f2 tempest-ServersNegativeTestJSON-2134845538 tempest-ServersNegativeTestJSON-2134845538-project-member] Flow 'volume_create_api' (01244884-fbc3-4c55-a00d-03e1750ca943) transitioned into state 'RUNNING' from state 'PENDING' {{(pid=100237) _flow_receiver /opt/stack/data/venv/lib/python3.12/site-packages/taskflow/listeners/logging.py:160}}
Aug 26 08:58:44.316043 np0000008153 devstack@c-api.service[100237]: DEBUG cinder.volume.api [None req-12e9c579-ca8c-4048-9644-3c511c8ac0f2 tempest-ServersNegativeTestJSON-2134845538 tempest-ServersNegativeTestJSON-2134845538-project-member] Task 'cinder.volume.flows.api.create_volume.ExtractVolumeRequestTask;volume:create' (1cc650b0-70c6-432b-8178-ba0af3b1f87f) transitioned into state 'RUNNING' from state 'PENDING' {{(pid=100237) _task_receiver /opt/stack/data/venv/lib/python3.12/site-packages/taskflow/listeners/logging.py:242}}
Aug 26 08:58:44.316043 np0000008153 devstack@c-api.service[100237]: DEBUG cinder.volume.flows.api.create_volume [None req-12e9c579-ca8c-4048-9644-3c511c8ac0f2 tempest-ServersNegativeTestJSON-2134845538 tempest-ServersNegativeTestJSON-2134845538-project-member] Validating volume size '1' using validate_int {{(pid=100237) _extract_size /opt/stack/cinder/cinder/volume/flows/api/create_volume.py:226}}
Aug 26 08:58:44.342789 np0000008153 devstack@c-api.service[100238]: DEBUG cinder.quota [None req-754e522b-78bd-4a38-a9a6-19ee393d1a1d tempest-SnapshotsActionsTest-1924101371 tempest-SnapshotsActionsTest-1924101371-project-member] Created reservations ['72a8d21f-d49c-425f-97ac-089f70e73b04', 'dfeaa995-59c7-4228-ab55-1820961f0c31', '1fd97e37-513a-4992-8773-c250a803a326', '15dc93e3-e6e2-42ad-947b-a8c970036247'] {{(pid=100238) reserve /opt/stack/cinder/cinder/quota.py:752}}
Aug 26 08:58:44.346203 np0000008153 devstack@c-api.service[100238]: DEBUG cinder.volume.api [None req-754e522b-78bd-4a38-a9a6-19ee393d1a1d tempest-SnapshotsActionsTest-1924101371 tempest-SnapshotsActionsTest-1924101371-project-member] Task 'cinder.volume.flows.api.create_volume.QuotaReserveTask;volume:create' (4045efee-24eb-4b28-99d0-24a1319900fa) transitioned into state 'SUCCESS' from state 'RUNNING' with result '{'reservations': ['72a8d21f-d49c-425f-97ac-089f70e73b04', 'dfeaa995-59c7-4228-ab55-1820961f0c31', '1fd97e37-513a-4992-8773-c250a803a326', '15dc93e3-e6e2-42ad-947b-a8c970036247']}' {{(pid=100238) _task_receiver /opt/stack/data/venv/lib/python3.12/site-packages/taskflow/listeners/logging.py:218}}
Aug 26 08:58:44.347475 np0000008153 devstack@c-api.service[100238]: DEBUG cinder.volume.api [None req-754e522b-78bd-4a38-a9a6-19ee393d1a1d tempest-SnapshotsActionsTest-1924101371 tempest-SnapshotsActionsTest-1924101371-project-member] Task 'cinder.volume.flows.api.create_volume.EntryCreateTask;volume:create' (ca036070-682f-49ff-97d3-07f0c0d3b30a) transitioned into state 'RUNNING' from state 'PENDING' {{(pid=100238) _task_receiver /opt/stack/data/venv/lib/python3.12/site-packages/taskflow/listeners/logging.py:242}}
Aug 26 08:58:44.366705 np0000008153 devstack@c-api.service[100237]: DEBUG cinder.volume.api [None req-12e9c579-ca8c-4048-9644-3c511c8ac0f2 tempest-ServersNegativeTestJSON-2134845538 tempest-ServersNegativeTestJSON-2134845538-project-member] Task 'cinder.volume.flows.api.create_volume.ExtractVolumeRequestTask;volume:create' (1cc650b0-70c6-432b-8178-ba0af3b1f87f) transitioned into state 'SUCCESS' from state 'RUNNING' with result '{'size': 1, 'snapshot_id': None, 'source_volid': None, 'volume_type': VolumeType(created_at=2026-08-26T08:56:14Z,deleted=False,deleted_at=None,description=None,extra_specs={volume_backend_name='storpool'},id=1da3a1a4-979f-48bc-a441-41b6d899c6e1,is_public=True,name='storpool',projects=[],qos_specs=,qos_specs_id=None,updated_at=None), 'volume_type_id': '1da3a1a4-979f-48bc-a441-41b6d899c6e1', 'encryption_key_id': None, 'qos_specs': None, 'consistencygroup_id': None, 'cgsnapshot_id': None, 'group_id': None, 'replication_status': 'disabled', 'refresh_az': False, 'backup_id': None, 'multiattach': False, 'availability_zones': ['nova']}' {{(pid=100237) _task_receiver /opt/stack/data/venv/lib/python3.12/site-packages/taskflow/listeners/logging.py:218}}
Aug 26 08:58:44.367922 np0000008153 devstack@c-api.service[100237]: DEBUG cinder.volume.api [None req-12e9c579-ca8c-4048-9644-3c511c8ac0f2 tempest-ServersNegativeTestJSON-2134845538 tempest-ServersNegativeTestJSON-2134845538-project-member] Task 'cinder.volume.flows.api.create_volume.QuotaReserveTask;volume:create' (b194f59b-6fa0-4920-9961-904a7b18db75) transitioned into state 'RUNNING' from state 'PENDING' {{(pid=100237) _task_receiver /opt/stack/data/venv/lib/python3.12/site-packages/taskflow/listeners/logging.py:242}}
Aug 26 08:58:44.379405 np0000008153 devstack@c-api.service[100238]: DEBUG cinder.volume.api [None req-754e522b-78bd-4a38-a9a6-19ee393d1a1d tempest-SnapshotsActionsTest-1924101371 tempest-SnapshotsActionsTest-1924101371-project-member] Task 'cinder.volume.flows.api.create_volume.EntryCreateTask;volume:create' (ca036070-682f-49ff-97d3-07f0c0d3b30a) transitioned into state 'SUCCESS' from state 'RUNNING' with result '{'volume_id': '26d1886d-9f4a-40fc-989a-f4a4b85c7268', 'volume_properties': VolumeProperties(attach_status='detached',availability_zone='nova',cgsnapshot_id=None,consistencygroup_id=None,display_description=None,display_name='tempest-SnapshotsActionsTest-Volume-153622142',encryption_key_id=None,group_id=None,group_type_id=,metadata={},multiattach=False,project_id='1ede726052674c58874af9ef48328fbf',qos_specs=None,replication_status=,reservations=['72a8d21f-d49c-425f-97ac-089f70e73b04','dfeaa995-59c7-4228-ab55-1820961f0c31','1fd97e37-513a-4992-8773-c250a803a326','15dc93e3-e6e2-42ad-947b-a8c970036247'],size=1,snapshot_id=None,source_replicaid=,source_volid=None,status='creating',user_id='215cb7249281458b928d462a6d86b65e',volume_type_id=1da3a1a4-979f-48bc-a441-41b6d899c6e1), 'volume': Volume(_name_id=None,admin_metadata=,attach_status='detached',availability_zone='nova',bootable=False,cluster=,cluster_name=None,consistencygroup=,consistencygroup_id=None,created_at=2026-08-26T08:58:44Z,deleted=False,deleted_at=None,display_description=None,display_name='tempest-SnapshotsActionsTest-Volume-153622142',ec2_id=None,encryption_key_id=None,glance_metadata=,group=,group_id=None,host=None,id=26d1886d-9f4a-40fc-989a-f4a4b85c7268,launched_at=None,metadata={},migration_status=None,multiattach=False,previous_status=None,project_id='1ede726052674c58874af9ef48328fbf',provider_auth=None,provider_geometry=None,provider_id=None,provider_location=None,replication_driver_data=None,replication_extended_status=None,replication_status=None,scheduled_at=None,service_uuid=None,shared_targets=True,size=1,snapshot_id=None,snapshots=,source_volid=None,status='creating',terminated_at=None,updated_at=None,use_quota=True,user_id='215cb7249281458b928d462a6d86b65e',volume_attachment=VolumeAttachmentList,volume_type=VolumeType(1da3a1a4-979f-48bc-a441-41b6d899c6e1),volume_type_id=1da3a1a4-979f-48bc-a441-41b6d899c6e1)}' {{(pid=100238) _task_receiver /opt/stack/data/venv/lib/python3.12/site-packages/taskflow/listeners/logging.py:218}}
Aug 26 08:58:44.380702 np0000008153 devstack@c-api.service[100238]: DEBUG cinder.volume.api [None req-754e522b-78bd-4a38-a9a6-19ee393d1a1d tempest-SnapshotsActionsTest-1924101371 tempest-SnapshotsActionsTest-1924101371-project-member] Task 'cinder.volume.flows.api.create_volume.QuotaCommitTask;volume:create' (948fc17f-5d61-4096-bf15-9627f4133b6e) transitioned into state 'RUNNING' from state 'PENDING' {{(pid=100238) _task_receiver /opt/stack/data/venv/lib/python3.12/site-packages/taskflow/listeners/logging.py:242}}
Aug 26 08:58:44.406999 np0000008153 devstack@c-api.service[100238]: DEBUG cinder.volume.api [None req-754e522b-78bd-4a38-a9a6-19ee393d1a1d tempest-SnapshotsActionsTest-1924101371 tempest-SnapshotsActionsTest-1924101371-project-member] Task 'cinder.volume.flows.api.create_volume.QuotaCommitTask;volume:create' (948fc17f-5d61-4096-bf15-9627f4133b6e) transitioned into state 'SUCCESS' from state 'RUNNING' with result '{'volume_properties': VolumeProperties(attach_status='detached',availability_zone='nova',cgsnapshot_id=None,consistencygroup_id=None,display_description=None,display_name='tempest-SnapshotsActionsTest-Volume-153622142',encryption_key_id=None,group_id=None,group_type_id=,metadata={},multiattach=False,project_id='1ede726052674c58874af9ef48328fbf',qos_specs=None,replication_status=,reservations=['72a8d21f-d49c-425f-97ac-089f70e73b04','dfeaa995-59c7-4228-ab55-1820961f0c31','1fd97e37-513a-4992-8773-c250a803a326','15dc93e3-e6e2-42ad-947b-a8c970036247'],size=1,snapshot_id=None,source_replicaid=,source_volid=None,status='creating',user_id='215cb7249281458b928d462a6d86b65e',volume_type_id=1da3a1a4-979f-48bc-a441-41b6d899c6e1)}' {{(pid=100238) _task_receiver /opt/stack/data/venv/lib/python3.12/site-packages/taskflow/listeners/logging.py:218}}
Aug 26 08:58:44.407737 np0000008153 devstack@c-api.service[100238]: DEBUG cinder.volume.api [None req-754e522b-78bd-4a38-a9a6-19ee393d1a1d tempest-SnapshotsActionsTest-1924101371 tempest-SnapshotsActionsTest-1924101371-project-member] Task 'cinder.volume.flows.api.create_volume.VolumeCastTask;volume:create' (ace6cbf2-a3c2-4d0f-9114-4ba9037086ce) transitioned into state 'RUNNING' from state 'PENDING' {{(pid=100238) _task_receiver /opt/stack/data/venv/lib/python3.12/site-packages/taskflow/listeners/logging.py:242}}
Aug 26 08:58:44.424227 np0000008153 devstack@c-api.service[100238]: DEBUG cinder.volume.api [None req-754e522b-78bd-4a38-a9a6-19ee393d1a1d tempest-SnapshotsActionsTest-1924101371 tempest-SnapshotsActionsTest-1924101371-project-member] Task 'cinder.volume.flows.api.create_volume.VolumeCastTask;volume:create' (ace6cbf2-a3c2-4d0f-9114-4ba9037086ce) transitioned into state 'SUCCESS' from state 'RUNNING' with result 'None' {{(pid=100238) _task_receiver /opt/stack/data/venv/lib/python3.12/site-packages/taskflow/listeners/logging.py:218}}
Aug 26 08:58:44.425668 np0000008153 devstack@c-api.service[100238]: DEBUG cinder.volume.api [None req-754e522b-78bd-4a38-a9a6-19ee393d1a1d tempest-SnapshotsActionsTest-1924101371 tempest-SnapshotsActionsTest-1924101371-project-member] Flow 'volume_create_api' (c25e92e4-9411-4c1c-8bce-6c7adb71e50c) transitioned into state 'SUCCESS' from state 'RUNNING' {{(pid=100238) _flow_receiver /opt/stack/data/venv/lib/python3.12/site-packages/taskflow/listeners/logging.py:160}}
Aug 26 08:58:44.426177 np0000008153 devstack@c-api.service[100238]: INFO cinder.volume.api [None req-754e522b-78bd-4a38-a9a6-19ee393d1a1d tempest-SnapshotsActionsTest-1924101371 tempest-SnapshotsActionsTest-1924101371-project-member] Create volume request issued successfully.
Aug 26 08:58:44.426706 np0000008153 devstack@c-api.service[100238]: INFO cinder.api.openstack.wsgi [None req-754e522b-78bd-4a38-a9a6-19ee393d1a1d tempest-SnapshotsActionsTest-1924101371 tempest-SnapshotsActionsTest-1924101371-project-member] https://10.4.3.236/volume/v3/volumes returned with HTTP 202
Aug 26 08:58:44.427202 np0000008153 devstack@c-api.service[100238]: [pid: 100238|app: 0|req: 58/244] 10.4.3.236 () {68 vars in 1258 bytes} [Wed Aug 26 08:58:43 2026] POST /volume/v3/volumes => generated 750 bytes in 719 msecs (HTTP/1.1 202) 7 headers in 291 bytes (1 switches on core 0)
Aug 26 08:58:44.446877 np0000008153 devstack@c-api.service[100236]: DEBUG cinder.api.middleware.request_id [None req-e3d18993-e75b-4c32-98a7-e0c5a0d2b89c None None] RequestId filter calling following filter/app {{(pid=100236) _context_setter /opt/stack/cinder/cinder/api/middleware/request_id.py:62}}
Aug 26 08:58:44.450412 np0000008153 devstack@c-api.service[100236]: INFO cinder.api.openstack.wsgi [None req-e3d18993-e75b-4c32-98a7-e0c5a0d2b89c tempest-SnapshotsActionsTest-1924101371 tempest-SnapshotsActionsTest-1924101371-project-member] GET https://10.4.3.236/volume/v3/volumes/26d1886d-9f4a-40fc-989a-f4a4b85c7268
Aug 26 08:58:44.450412 np0000008153 devstack@c-api.service[100236]: DEBUG cinder.api.openstack.wsgi [None req-e3d18993-e75b-4c32-98a7-e0c5a0d2b89c tempest-SnapshotsActionsTest-1924101371 tempest-SnapshotsActionsTest-1924101371-project-member] Empty body provided in request {{(pid=100236) get_body /opt/stack/cinder/cinder/api/openstack/wsgi.py:725}}
Aug 26 08:58:44.450412 np0000008153 devstack@c-api.service[100236]: DEBUG cinder.api.openstack.wsgi [None req-e3d18993-e75b-4c32-98a7-e0c5a0d2b89c tempest-SnapshotsActionsTest-1924101371 tempest-SnapshotsActionsTest-1924101371-project-member] Calling method 'show' {{(pid=100236) _process_stack /opt/stack/cinder/cinder/api/openstack/wsgi.py:878}}
Aug 26 08:58:44.460770 np0000008153 devstack@c-api.service[100236]: /opt/stack/data/venv/lib/python3.12/site-packages/oslo_context/context.py:102: DeprecationWarning: Policy enforcement is depending on the value of is_admin. This key is deprecated. Please update your policy file to use the standard policy values.
Aug 26 08:58:44.460770 np0000008153 devstack@c-api.service[100236]: warnings.warn(
Aug 26 08:58:44.466514 np0000008153 devstack@c-api.service[100236]: INFO cinder.volume.api [None req-e3d18993-e75b-4c32-98a7-e0c5a0d2b89c tempest-SnapshotsActionsTest-1924101371 tempest-SnapshotsActionsTest-1924101371-project-member] Volume info retrieved successfully.
Aug 26 08:58:44.470367 np0000008153 devstack@c-api.service[100237]: DEBUG cinder.quota [None req-12e9c579-ca8c-4048-9644-3c511c8ac0f2 tempest-ServersNegativeTestJSON-2134845538 tempest-ServersNegativeTestJSON-2134845538-project-member] Created reservations ['3526194b-84bd-4418-baf8-b89d96cc21a0', 'c24ea85a-2842-4688-bf07-d18cea454076', '78ac4daa-ca0c-480a-ad41-e7392e4148cf', '8e75392a-e67a-464e-9ade-1841a149b076'] {{(pid=100237) reserve /opt/stack/cinder/cinder/quota.py:752}}
Aug 26 08:58:44.471296 np0000008153 devstack@c-api.service[100237]: DEBUG cinder.volume.api [None req-12e9c579-ca8c-4048-9644-3c511c8ac0f2 tempest-ServersNegativeTestJSON-2134845538 tempest-ServersNegativeTestJSON-2134845538-project-member] Task 'cinder.volume.flows.api.create_volume.QuotaReserveTask;volume:create' (b194f59b-6fa0-4920-9961-904a7b18db75) transitioned into state 'SUCCESS' from state 'RUNNING' with result '{'reservations': ['3526194b-84bd-4418-baf8-b89d96cc21a0', 'c24ea85a-2842-4688-bf07-d18cea454076', '78ac4daa-ca0c-480a-ad41-e7392e4148cf', '8e75392a-e67a-464e-9ade-1841a149b076']}' {{(pid=100237) _task_receiver /opt/stack/data/venv/lib/python3.12/site-packages/taskflow/listeners/logging.py:218}}
Aug 26 08:58:44.472309 np0000008153 devstack@c-api.service[100237]: DEBUG cinder.volume.api [None req-12e9c579-ca8c-4048-9644-3c511c8ac0f2 tempest-ServersNegativeTestJSON-2134845538 tempest-ServersNegativeTestJSON-2134845538-project-member] Task 'cinder.volume.flows.api.create_volume.EntryCreateTask;volume:create' (d1112747-c4ae-4d69-8939-77ee28cbf5e2) transitioned into state 'RUNNING' from state 'PENDING' {{(pid=100237) _task_receiver /opt/stack/data/venv/lib/python3.12/site-packages/taskflow/listeners/logging.py:242}}
Aug 26 08:58:44.475072 np0000008153 devstack@c-api.service[100236]: INFO cinder.api.openstack.wsgi [None req-e3d18993-e75b-4c32-98a7-e0c5a0d2b89c tempest-SnapshotsActionsTest-1924101371 tempest-SnapshotsActionsTest-1924101371-project-member] https://10.4.3.236/volume/v3/volumes/26d1886d-9f4a-40fc-989a-f4a4b85c7268 returned with HTTP 200
Aug 26 08:58:44.475683 np0000008153 devstack@c-api.service[100236]: [pid: 100236|app: 0|req: 62/245] 10.4.3.236 () {66 vars in 1348 bytes} [Wed Aug 26 08:58:44 2026] GET /volume/v3/volumes/26d1886d-9f4a-40fc-989a-f4a4b85c7268 => generated 818 bytes in 30 msecs (HTTP/1.1 200) 7 headers in 285 bytes (1 switches on core 0)
Aug 26 08:58:44.508007 np0000008153 devstack@c-api.service[100237]: DEBUG cinder.volume.api [None req-12e9c579-ca8c-4048-9644-3c511c8ac0f2 tempest-ServersNegativeTestJSON-2134845538 tempest-ServersNegativeTestJSON-2134845538-project-member] Task 'cinder.volume.flows.api.create_volume.EntryCreateTask;volume:create' (d1112747-c4ae-4d69-8939-77ee28cbf5e2) transitioned into state 'SUCCESS' from state 'RUNNING' with result '{'volume_id': '5459f8a7-0c33-4d2d-943e-4fbaa6b64c98', 'volume_properties': VolumeProperties(attach_status='detached',availability_zone='nova',cgsnapshot_id=None,consistencygroup_id=None,display_description=None,display_name='tempest-ServersNegativeTestJSON-volume-1666360258',encryption_key_id=None,group_id=None,group_type_id=,metadata={},multiattach=False,project_id='3b91231df3464357a4cf2e232727dbab',qos_specs=None,replication_status=,reservations=['3526194b-84bd-4418-baf8-b89d96cc21a0','c24ea85a-2842-4688-bf07-d18cea454076','78ac4daa-ca0c-480a-ad41-e7392e4148cf','8e75392a-e67a-464e-9ade-1841a149b076'],size=1,snapshot_id=None,source_replicaid=,source_volid=None,status='creating',user_id='280c05237ced46f08754e54f38a0398f',volume_type_id=1da3a1a4-979f-48bc-a441-41b6d899c6e1), 'volume': Volume(_name_id=None,admin_metadata=,attach_status='detached',availability_zone='nova',bootable=False,cluster=,cluster_name=None,consistencygroup=,consistencygroup_id=None,created_at=2026-08-26T08:58:44Z,deleted=False,deleted_at=None,display_description=None,display_name='tempest-ServersNegativeTestJSON-volume-1666360258',ec2_id=None,encryption_key_id=None,glance_metadata=,group=,group_id=None,host=None,id=5459f8a7-0c33-4d2d-943e-4fbaa6b64c98,launched_at=None,metadata={},migration_status=None,multiattach=False,previous_status=None,project_id='3b91231df3464357a4cf2e232727dbab',provider_auth=None,provider_geometry=None,provider_id=None,provider_location=None,replication_driver_data=None,replication_extended_status=None,replication_status=None,scheduled_at=None,service_uuid=None,shared_targets=True,size=1,snapshot_id=None,snapshots=,source_volid=None,status='creating',terminated_at=None,updated_at=None,use_quota=True,user_id='280c05237ced46f08754e54f38a0398f',volume_attachment=VolumeAttachmentList,volume_type=VolumeType(1da3a1a4-979f-48bc-a441-41b6d899c6e1),volume_type_id=1da3a1a4-979f-48bc-a441-41b6d899c6e1)}' {{(pid=100237) _task_receiver /opt/stack/data/venv/lib/python3.12/site-packages/taskflow/listeners/logging.py:218}}
Aug 26 08:58:44.512217 np0000008153 devstack@c-api.service[100237]: DEBUG cinder.volume.api [None req-12e9c579-ca8c-4048-9644-3c511c8ac0f2 tempest-ServersNegativeTestJSON-2134845538 tempest-ServersNegativeTestJSON-2134845538-project-member] Task 'cinder.volume.flows.api.create_volume.QuotaCommitTask;volume:create' (4bef8f2d-838f-4f82-b3e8-8f04e56ba136) transitioned into state 'RUNNING' from state 'PENDING' {{(pid=100237) _task_receiver /opt/stack/data/venv/lib/python3.12/site-packages/taskflow/listeners/logging.py:242}}
Aug 26 08:58:44.556125 np0000008153 devstack@c-api.service[100237]: DEBUG cinder.volume.api [None req-12e9c579-ca8c-4048-9644-3c511c8ac0f2 tempest-ServersNegativeTestJSON-2134845538 tempest-ServersNegativeTestJSON-2134845538-project-member] Task 'cinder.volume.flows.api.create_volume.QuotaCommitTask;volume:create' (4bef8f2d-838f-4f82-b3e8-8f04e56ba136) transitioned into state 'SUCCESS' from state 'RUNNING' with result '{'volume_properties': VolumeProperties(attach_status='detached',availability_zone='nova',cgsnapshot_id=None,consistencygroup_id=None,display_description=None,display_name='tempest-ServersNegativeTestJSON-volume-1666360258',encryption_key_id=None,group_id=None,group_type_id=,metadata={},multiattach=False,project_id='3b91231df3464357a4cf2e232727dbab',qos_specs=None,replication_status=,reservations=['3526194b-84bd-4418-baf8-b89d96cc21a0','c24ea85a-2842-4688-bf07-d18cea454076','78ac4daa-ca0c-480a-ad41-e7392e4148cf','8e75392a-e67a-464e-9ade-1841a149b076'],size=1,snapshot_id=None,source_replicaid=,source_volid=None,status='creating',user_id='280c05237ced46f08754e54f38a0398f',volume_type_id=1da3a1a4-979f-48bc-a441-41b6d899c6e1)}' {{(pid=100237) _task_receiver /opt/stack/data/venv/lib/python3.12/site-packages/taskflow/listeners/logging.py:218}}
Aug 26 08:58:44.558937 np0000008153 devstack@c-api.service[100237]: DEBUG cinder.volume.api [None req-12e9c579-ca8c-4048-9644-3c511c8ac0f2 tempest-ServersNegativeTestJSON-2134845538 tempest-ServersNegativeTestJSON-2134845538-project-member] Task 'cinder.volume.flows.api.create_volume.VolumeCastTask;volume:create' (def96567-5528-4afa-9fcd-f2e722c531bb) transitioned into state 'RUNNING' from state 'PENDING' {{(pid=100237) _task_receiver /opt/stack/data/venv/lib/python3.12/site-packages/taskflow/listeners/logging.py:242}}
Aug 26 08:58:44.576024 np0000008153 devstack@c-api.service[100237]: DEBUG cinder.volume.api [None req-12e9c579-ca8c-4048-9644-3c511c8ac0f2 tempest-ServersNegativeTestJSON-2134845538 tempest-ServersNegativeTestJSON-2134845538-project-member] Task 'cinder.volume.flows.api.create_volume.VolumeCastTask;volume:create' (def96567-5528-4afa-9fcd-f2e722c531bb) transitioned into state 'SUCCESS' from state 'RUNNING' with result 'None' {{(pid=100237) _task_receiver /opt/stack/data/venv/lib/python3.12/site-packages/taskflow/listeners/logging.py:218}}
Aug 26 08:58:44.577062 np0000008153 devstack@c-api.service[100237]: DEBUG cinder.volume.api [None req-12e9c579-ca8c-4048-9644-3c511c8ac0f2 tempest-ServersNegativeTestJSON-2134845538 tempest-ServersNegativeTestJSON-2134845538-project-member] Flow 'volume_create_api' (01244884-fbc3-4c55-a00d-03e1750ca943) transitioned into state 'SUCCESS' from state 'RUNNING' {{(pid=100237) _flow_receiver /opt/stack/data/venv/lib/python3.12/site-packages/taskflow/listeners/logging.py:160}}
Aug 26 08:58:44.577335 np0000008153 devstack@c-api.service[100237]: INFO cinder.volume.api [None req-12e9c579-ca8c-4048-9644-3c511c8ac0f2 tempest-ServersNegativeTestJSON-2134845538 tempest-ServersNegativeTestJSON-2134845538-project-member] Create volume request issued successfully.
Aug 26 08:58:44.578717 np0000008153 devstack@c-api.service[100237]: INFO cinder.api.openstack.wsgi [None req-12e9c579-ca8c-4048-9644-3c511c8ac0f2 tempest-ServersNegativeTestJSON-2134845538 tempest-ServersNegativeTestJSON-2134845538-project-member] https://10.4.3.236/volume/v3/volumes returned with HTTP 202
