Aug 26 08:55:56.316064 np0000008153 nova-scheduler[96665]: DEBUG cotyledon.oslo_config_glue [-] workarounds.disable_libvirt_livesnapshot = False {{(pid=96665) log_opt_values /opt/stack/data/venv/lib/python3.12/site-packages/oslo_config/cfg.py:3560}}
Aug 26 08:55:56.316064 np0000008153 nova-scheduler[96665]: DEBUG cotyledon.oslo_config_glue [-] workarounds.disable_rootwrap = False {{(pid=96665) log_opt_values /opt/stack/data/venv/lib/python3.12/site-packages/oslo_config/cfg.py:3560}}
Aug 26 08:55:56.316064 np0000008153 nova-scheduler[96665]: DEBUG cotyledon.oslo_config_glue [-] workarounds.enable_numa_live_migration = False {{(pid=96665) log_opt_values /opt/stack/data/venv/lib/python3.12/site-packages/oslo_config/cfg.py:3560}}
Aug 26 08:55:56.316323 np0000008153 nova-scheduler[96665]: DEBUG cotyledon.oslo_config_glue [-] workarounds.enable_qemu_monitor_announce_self = False {{(pid=96665) log_opt_values /opt/stack/data/venv/lib/python3.12/site-packages/oslo_config/cfg.py:3560}}
Aug 26 08:55:56.316323 np0000008153 nova-scheduler[96665]: DEBUG cotyledon.oslo_config_glue [-] workarounds.ensure_libvirt_rbd_instance_dir_cleanup = False {{(pid=96665) log_opt_values /opt/stack/data/venv/lib/python3.12/site-packages/oslo_config/cfg.py:3560}}
Aug 26 08:55:56.316323 np0000008153 nova-scheduler[96665]: DEBUG cotyledon.oslo_config_glue [-] workarounds.handle_virt_lifecycle_events = True {{(pid=96665) log_opt_values /opt/stack/data/venv/lib/python3.12/site-packages/oslo_config/cfg.py:3560}}
Aug 26 08:55:56.316323 np0000008153 nova-scheduler[96665]: DEBUG cotyledon.oslo_config_glue [-] workarounds.libvirt_disable_apic = False {{(pid=96665) log_opt_values /opt/stack/data/venv/lib/python3.12/site-packages/oslo_config/cfg.py:3560}}
Aug 26 08:55:56.316323 np0000008153 nova-scheduler[96665]: DEBUG cotyledon.oslo_config_glue [-] workarounds.never_download_image_if_on_rbd = False {{(pid=96665) log_opt_values /opt/stack/data/venv/lib/python3.12/site-packages/oslo_config/cfg.py:3560}}
Aug 26 08:55:56.316323 np0000008153 nova-scheduler[96665]: DEBUG cotyledon.oslo_config_glue [-] workarounds.qemu_monitor_announce_self_count = 3 {{(pid=96665) log_opt_values /opt/stack/data/venv/lib/python3.12/site-packages/oslo_config/cfg.py:3560}}
Aug 26 08:55:56.316323 np0000008153 nova-scheduler[96665]: DEBUG cotyledon.oslo_config_glue [-] workarounds.qemu_monitor_announce_self_interval = 1 {{(pid=96665) log_opt_values /opt/stack/data/venv/lib/python3.12/site-packages/oslo_config/cfg.py:3560}}
Aug 26 08:55:56.316323 np0000008153 nova-scheduler[96665]: DEBUG cotyledon.oslo_config_glue [-] workarounds.reserve_disk_resource_for_image_cache = False {{(pid=96665) log_opt_values /opt/stack/data/venv/lib/python3.12/site-packages/oslo_config/cfg.py:3560}}
Aug 26 08:55:56.316323 np0000008153 nova-scheduler[96665]: DEBUG cotyledon.oslo_config_glue [-] workarounds.skip_cpu_compare_at_startup = False {{(pid=96665) log_opt_values /opt/stack/data/venv/lib/python3.12/site-packages/oslo_config/cfg.py:3560}}
Aug 26 08:55:56.316609 np0000008153 nova-scheduler[96665]: DEBUG cotyledon.oslo_config_glue [-] workarounds.skip_cpu_compare_on_dest = False {{(pid=96665) log_opt_values /opt/stack/data/venv/lib/python3.12/site-packages/oslo_config/cfg.py:3560}}
Aug 26 08:55:56.316609 np0000008153 nova-scheduler[96665]: DEBUG cotyledon.oslo_config_glue [-] workarounds.skip_hypervisor_version_check_on_lm = False {{(pid=96665) log_opt_values /opt/stack/data/venv/lib/python3.12/site-packages/oslo_config/cfg.py:3560}}
Aug 26 08:55:56.316609 np0000008153 nova-scheduler[96665]: DEBUG cotyledon.oslo_config_glue [-] workarounds.skip_reserve_in_use_ironic_nodes = False {{(pid=96665) log_opt_values /opt/stack/data/venv/lib/python3.12/site-packages/oslo_config/cfg.py:3560}}
Aug 26 08:55:56.316609 np0000008153 nova-scheduler[96665]: DEBUG cotyledon.oslo_config_glue [-] workarounds.unified_limits_count_pcpu_as_vcpu = False {{(pid=96665) log_opt_values /opt/stack/data/venv/lib/python3.12/site-packages/oslo_config/cfg.py:3560}}
Aug 26 08:55:56.316609 np0000008153 nova-scheduler[96665]: DEBUG cotyledon.oslo_config_glue [-] workarounds.wait_for_vif_plugged_event_during_hard_reboot = [] {{(pid=96665) log_opt_values /opt/stack/data/venv/lib/python3.12/site-packages/oslo_config/cfg.py:3560}}
Aug 26 08:55:56.316609 np0000008153 nova-scheduler[96665]: DEBUG cotyledon.oslo_config_glue [-] wsgi.api_paste_config = /etc/nova/api-paste.ini {{(pid=96665) log_opt_values /opt/stack/data/venv/lib/python3.12/site-packages/oslo_config/cfg.py:3560}}
Aug 26 08:55:56.316609 np0000008153 nova-scheduler[96665]: DEBUG cotyledon.oslo_config_glue [-] wsgi.secure_proxy_ssl_header = None {{(pid=96665) log_opt_values /opt/stack/data/venv/lib/python3.12/site-packages/oslo_config/cfg.py:3560}}
Aug 26 08:55:56.316609 np0000008153 nova-scheduler[96665]: DEBUG cotyledon.oslo_config_glue [-] zvm.ca_file = None {{(pid=96665) log_opt_values /opt/stack/data/venv/lib/python3.12/site-packages/oslo_config/cfg.py:3560}}
Aug 26 08:55:56.316609 np0000008153 nova-scheduler[96665]: DEBUG cotyledon.oslo_config_glue [-] zvm.cloud_connector_url = None {{(pid=96665) log_opt_values /opt/stack/data/venv/lib/python3.12/site-packages/oslo_config/cfg.py:3560}}
Aug 26 08:55:56.316901 np0000008153 nova-scheduler[96665]: DEBUG cotyledon.oslo_config_glue [-] zvm.image_tmp_path = /opt/stack/data/nova/images {{(pid=96665) log_opt_values /opt/stack/data/venv/lib/python3.12/site-packages/oslo_config/cfg.py:3560}}
Aug 26 08:55:56.316901 np0000008153 nova-scheduler[96665]: DEBUG cotyledon.oslo_config_glue [-] zvm.reachable_timeout = 300 {{(pid=96665) log_opt_values /opt/stack/data/venv/lib/python3.12/site-packages/oslo_config/cfg.py:3560}}
Aug 26 08:55:56.316901 np0000008153 nova-scheduler[96665]: DEBUG cotyledon.oslo_config_glue [-] oslo_versionedobjects.fatal_exception_format_errors = False {{(pid=96665) log_opt_values /opt/stack/data/venv/lib/python3.12/site-packages/oslo_config/cfg.py:3560}}
Aug 26 08:55:56.316901 np0000008153 nova-scheduler[96665]: DEBUG cotyledon.oslo_config_glue [-] oslo_middleware.http_basic_auth_user_file = /etc/htpasswd {{(pid=96665) log_opt_values /opt/stack/data/venv/lib/python3.12/site-packages/oslo_config/cfg.py:3560}}
Aug 26 08:55:56.316901 np0000008153 nova-scheduler[96665]: DEBUG cotyledon.oslo_config_glue [-] oslo_messaging_metrics.metrics_buffer_size = 1000 {{(pid=96665) log_opt_values /opt/stack/data/venv/lib/python3.12/site-packages/oslo_config/cfg.py:3560}}
Aug 26 08:55:56.316901 np0000008153 nova-scheduler[96665]: DEBUG cotyledon.oslo_config_glue [-] oslo_messaging_metrics.metrics_enabled = False {{(pid=96665) log_opt_values /opt/stack/data/venv/lib/python3.12/site-packages/oslo_config/cfg.py:3560}}
Aug 26 08:55:56.316901 np0000008153 nova-scheduler[96665]: DEBUG cotyledon.oslo_config_glue [-] oslo_messaging_metrics.metrics_process_name = {{(pid=96665) log_opt_values /opt/stack/data/venv/lib/python3.12/site-packages/oslo_config/cfg.py:3560}}
Aug 26 08:55:56.316901 np0000008153 nova-scheduler[96665]: DEBUG cotyledon.oslo_config_glue [-] oslo_messaging_metrics.metrics_socket_file = /var/tmp/metrics_collector.sock {{(pid=96665) log_opt_values /opt/stack/data/venv/lib/python3.12/site-packages/oslo_config/cfg.py:3560}}
Aug 26 08:55:56.317149 np0000008153 nova-scheduler[96665]: DEBUG cotyledon.oslo_config_glue [-] oslo_messaging_metrics.metrics_thread_stop_timeout = 10 {{(pid=96665) log_opt_values /opt/stack/data/venv/lib/python3.12/site-packages/oslo_config/cfg.py:3560}}
Aug 26 08:55:56.317149 np0000008153 nova-scheduler[96665]: DEBUG cotyledon.oslo_config_glue [-] profiler.connection_string = messaging:// {{(pid=96665) log_opt_values /opt/stack/data/venv/lib/python3.12/site-packages/oslo_config/cfg.py:3560}}
Aug 26 08:55:56.317149 np0000008153 nova-scheduler[96665]: DEBUG cotyledon.oslo_config_glue [-] profiler.enabled = False {{(pid=96665) log_opt_values /opt/stack/data/venv/lib/python3.12/site-packages/oslo_config/cfg.py:3560}}
Aug 26 08:55:56.317149 np0000008153 nova-scheduler[96665]: DEBUG cotyledon.oslo_config_glue [-] profiler.es_doc_type = notification {{(pid=96665) log_opt_values /opt/stack/data/venv/lib/python3.12/site-packages/oslo_config/cfg.py:3560}}
Aug 26 08:55:56.317149 np0000008153 nova-scheduler[96665]: DEBUG cotyledon.oslo_config_glue [-] profiler.es_scroll_size = 10000 {{(pid=96665) log_opt_values /opt/stack/data/venv/lib/python3.12/site-packages/oslo_config/cfg.py:3560}}
Aug 26 08:55:56.317149 np0000008153 nova-scheduler[96665]: DEBUG cotyledon.oslo_config_glue [-] profiler.es_scroll_time = 2m {{(pid=96665) log_opt_values /opt/stack/data/venv/lib/python3.12/site-packages/oslo_config/cfg.py:3560}}
Aug 26 08:55:56.317149 np0000008153 nova-scheduler[96665]: DEBUG cotyledon.oslo_config_glue [-] profiler.filter_error_trace = False {{(pid=96665) log_opt_values /opt/stack/data/venv/lib/python3.12/site-packages/oslo_config/cfg.py:3560}}
Aug 26 08:55:56.317149 np0000008153 nova-scheduler[96665]: DEBUG cotyledon.oslo_config_glue [-] profiler.hmac_keys = **** {{(pid=96665) log_opt_values /opt/stack/data/venv/lib/python3.12/site-packages/oslo_config/cfg.py:3560}}
Aug 26 08:55:56.317149 np0000008153 nova-scheduler[96665]: DEBUG cotyledon.oslo_config_glue [-] profiler.sentinel_service_name = mymaster {{(pid=96665) log_opt_values /opt/stack/data/venv/lib/python3.12/site-packages/oslo_config/cfg.py:3560}}
Aug 26 08:55:56.317416 np0000008153 nova-scheduler[96665]: DEBUG cotyledon.oslo_config_glue [-] profiler.socket_timeout = 0.1 {{(pid=96665) log_opt_values /opt/stack/data/venv/lib/python3.12/site-packages/oslo_config/cfg.py:3560}}
Aug 26 08:55:56.317416 np0000008153 nova-scheduler[96665]: DEBUG cotyledon.oslo_config_glue [-] profiler.trace_requests = False {{(pid=96665) log_opt_values /opt/stack/data/venv/lib/python3.12/site-packages/oslo_config/cfg.py:3560}}
Aug 26 08:55:56.317416 np0000008153 nova-scheduler[96665]: DEBUG cotyledon.oslo_config_glue [-] profiler.trace_sqlalchemy = False {{(pid=96665) log_opt_values /opt/stack/data/venv/lib/python3.12/site-packages/oslo_config/cfg.py:3560}}
Aug 26 08:55:56.317416 np0000008153 nova-scheduler[96665]: DEBUG cotyledon.oslo_config_glue [-] profiler_jaeger.process_tags = {} {{(pid=96665) log_opt_values /opt/stack/data/venv/lib/python3.12/site-packages/oslo_config/cfg.py:3560}}
Aug 26 08:55:56.317416 np0000008153 nova-scheduler[96665]: DEBUG cotyledon.oslo_config_glue [-] profiler_jaeger.service_name_prefix = None {{(pid=96665) log_opt_values /opt/stack/data/venv/lib/python3.12/site-packages/oslo_config/cfg.py:3560}}
Aug 26 08:55:56.317416 np0000008153 nova-scheduler[96665]: DEBUG cotyledon.oslo_config_glue [-] profiler_otlp.service_name_prefix = None {{(pid=96665) log_opt_values /opt/stack/data/venv/lib/python3.12/site-packages/oslo_config/cfg.py:3560}}
Aug 26 08:55:56.317416 np0000008153 nova-scheduler[96665]: DEBUG cotyledon.oslo_config_glue [-] oslo_messaging_rabbit.amqp_auto_delete = False {{(pid=96665) log_opt_values /opt/stack/data/venv/lib/python3.12/site-packages/oslo_config/cfg.py:3560}}
Aug 26 08:55:56.317416 np0000008153 nova-scheduler[96665]: DEBUG cotyledon.oslo_config_glue [-] oslo_messaging_rabbit.amqp_durable_queues = False {{(pid=96665) log_opt_values /opt/stack/data/venv/lib/python3.12/site-packages/oslo_config/cfg.py:3560}}
Aug 26 08:55:56.317416 np0000008153 nova-scheduler[96665]: DEBUG cotyledon.oslo_config_glue [-] oslo_messaging_rabbit.conn_pool_min_size = 2 {{(pid=96665) log_opt_values /opt/stack/data/venv/lib/python3.12/site-packages/oslo_config/cfg.py:3560}}
Aug 26 08:55:56.317697 np0000008153 nova-scheduler[96665]: DEBUG cotyledon.oslo_config_glue [-] oslo_messaging_rabbit.conn_pool_ttl = 1200 {{(pid=96665) log_opt_values /opt/stack/data/venv/lib/python3.12/site-packages/oslo_config/cfg.py:3560}}
Aug 26 08:55:56.317697 np0000008153 nova-scheduler[96665]: DEBUG cotyledon.oslo_config_glue [-] oslo_messaging_rabbit.direct_mandatory_flag = True {{(pid=96665) log_opt_values /opt/stack/data/venv/lib/python3.12/site-packages/oslo_config/cfg.py:3560}}
Aug 26 08:55:56.317697 np0000008153 nova-scheduler[96665]: DEBUG cotyledon.oslo_config_glue [-] oslo_messaging_rabbit.enable_cancel_on_failover = False {{(pid=96665) log_opt_values /opt/stack/data/venv/lib/python3.12/site-packages/oslo_config/cfg.py:3560}}
Aug 26 08:55:56.317697 np0000008153 nova-scheduler[96665]: DEBUG cotyledon.oslo_config_glue [-] oslo_messaging_rabbit.heartbeat_rate = 3 {{(pid=96665) log_opt_values /opt/stack/data/venv/lib/python3.12/site-packages/oslo_config/cfg.py:3560}}
Aug 26 08:55:56.317697 np0000008153 nova-scheduler[96665]: DEBUG cotyledon.oslo_config_glue [-] oslo_messaging_rabbit.heartbeat_timeout_threshold = 60 {{(pid=96665) log_opt_values /opt/stack/data/venv/lib/python3.12/site-packages/oslo_config/cfg.py:3560}}
Aug 26 08:55:56.317697 np0000008153 nova-scheduler[96665]: DEBUG cotyledon.oslo_config_glue [-] oslo_messaging_rabbit.hostname = np0000008153 {{(pid=96665) log_opt_values /opt/stack/data/venv/lib/python3.12/site-packages/oslo_config/cfg.py:3560}}
Aug 26 08:55:56.317697 np0000008153 nova-scheduler[96665]: DEBUG cotyledon.oslo_config_glue [-] oslo_messaging_rabbit.kombu_compression = None {{(pid=96665) log_opt_values /opt/stack/data/venv/lib/python3.12/site-packages/oslo_config/cfg.py:3560}}
Aug 26 08:55:56.317697 np0000008153 nova-scheduler[96665]: DEBUG cotyledon.oslo_config_glue [-] oslo_messaging_rabbit.kombu_failover_strategy = round-robin {{(pid=96665) log_opt_values /opt/stack/data/venv/lib/python3.12/site-packages/oslo_config/cfg.py:3560}}
Aug 26 08:55:56.317697 np0000008153 nova-scheduler[96665]: DEBUG cotyledon.oslo_config_glue [-] oslo_messaging_rabbit.kombu_missing_consumer_retry_timeout = 60 {{(pid=96665) log_opt_values /opt/stack/data/venv/lib/python3.12/site-packages/oslo_config/cfg.py:3560}}
Aug 26 08:55:56.318087 np0000008153 nova-scheduler[96665]: DEBUG cotyledon.oslo_config_glue [-] oslo_messaging_rabbit.kombu_reconnect_delay = 1.0 {{(pid=96665) log_opt_values /opt/stack/data/venv/lib/python3.12/site-packages/oslo_config/cfg.py:3560}}
Aug 26 08:55:56.318087 np0000008153 nova-scheduler[96665]: DEBUG cotyledon.oslo_config_glue [-] oslo_messaging_rabbit.kombu_reconnect_splay = 0.0 {{(pid=96665) log_opt_values /opt/stack/data/venv/lib/python3.12/site-packages/oslo_config/cfg.py:3560}}
Aug 26 08:55:56.318087 np0000008153 nova-scheduler[96665]: DEBUG cotyledon.oslo_config_glue [-] oslo_messaging_rabbit.processname = nova-scheduler {{(pid=96665) log_opt_values /opt/stack/data/venv/lib/python3.12/site-packages/oslo_config/cfg.py:3560}}
Aug 26 08:55:56.318087 np0000008153 nova-scheduler[96665]: DEBUG cotyledon.oslo_config_glue [-] oslo_messaging_rabbit.rabbit_ha_queues = False {{(pid=96665) log_opt_values /opt/stack/data/venv/lib/python3.12/site-packages/oslo_config/cfg.py:3560}}
Aug 26 08:55:56.318087 np0000008153 nova-scheduler[96665]: DEBUG cotyledon.oslo_config_glue [-] oslo_messaging_rabbit.rabbit_interval_max = 30 {{(pid=96665) log_opt_values /opt/stack/data/venv/lib/python3.12/site-packages/oslo_config/cfg.py:3560}}
Aug 26 08:55:56.318087 np0000008153 nova-scheduler[96665]: DEBUG cotyledon.oslo_config_glue [-] oslo_messaging_rabbit.rabbit_login_method = AMQPLAIN {{(pid=96665) log_opt_values /opt/stack/data/venv/lib/python3.12/site-packages/oslo_config/cfg.py:3560}}
Aug 26 08:55:56.318087 np0000008153 nova-scheduler[96665]: DEBUG cotyledon.oslo_config_glue [-] oslo_messaging_rabbit.rabbit_qos_prefetch_count = 0 {{(pid=96665) log_opt_values /opt/stack/data/venv/lib/python3.12/site-packages/oslo_config/cfg.py:3560}}
Aug 26 08:55:56.318087 np0000008153 nova-scheduler[96665]: DEBUG cotyledon.oslo_config_glue [-] oslo_messaging_rabbit.rabbit_quorum_delivery_limit = 0 {{(pid=96665) log_opt_values /opt/stack/data/venv/lib/python3.12/site-packages/oslo_config/cfg.py:3560}}
Aug 26 08:55:56.318087 np0000008153 nova-scheduler[96665]: DEBUG cotyledon.oslo_config_glue [-] oslo_messaging_rabbit.rabbit_quorum_max_memory_bytes = 0 {{(pid=96665) log_opt_values /opt/stack/data/venv/lib/python3.12/site-packages/oslo_config/cfg.py:3560}}
Aug 26 08:55:56.318495 np0000008153 nova-scheduler[96665]: DEBUG cotyledon.oslo_config_glue [-] oslo_messaging_rabbit.rabbit_quorum_max_memory_length = 0 {{(pid=96665) log_opt_values /opt/stack/data/venv/lib/python3.12/site-packages/oslo_config/cfg.py:3560}}
Aug 26 08:55:56.318495 np0000008153 nova-scheduler[96665]: DEBUG cotyledon.oslo_config_glue [-] oslo_messaging_rabbit.rabbit_quorum_queue = False {{(pid=96665) log_opt_values /opt/stack/data/venv/lib/python3.12/site-packages/oslo_config/cfg.py:3560}}
Aug 26 08:55:56.318495 np0000008153 nova-scheduler[96665]: DEBUG cotyledon.oslo_config_glue [-] oslo_messaging_rabbit.rabbit_retry_backoff = 2 {{(pid=96665) log_opt_values /opt/stack/data/venv/lib/python3.12/site-packages/oslo_config/cfg.py:3560}}
Aug 26 08:55:56.318495 np0000008153 nova-scheduler[96665]: DEBUG cotyledon.oslo_config_glue [-] oslo_messaging_rabbit.rabbit_retry_interval = 1 {{(pid=96665) log_opt_values /opt/stack/data/venv/lib/python3.12/site-packages/oslo_config/cfg.py:3560}}
Aug 26 08:55:56.318495 np0000008153 nova-scheduler[96665]: DEBUG cotyledon.oslo_config_glue [-] oslo_messaging_rabbit.rabbit_stream_fanout = False {{(pid=96665) log_opt_values /opt/stack/data/venv/lib/python3.12/site-packages/oslo_config/cfg.py:3560}}
Aug 26 08:55:56.318495 np0000008153 nova-scheduler[96665]: DEBUG cotyledon.oslo_config_glue [-] oslo_messaging_rabbit.rabbit_transient_queues_ttl = 1800 {{(pid=96665) log_opt_values /opt/stack/data/venv/lib/python3.12/site-packages/oslo_config/cfg.py:3560}}
Aug 26 08:55:56.318495 np0000008153 nova-scheduler[96665]: DEBUG cotyledon.oslo_config_glue [-] oslo_messaging_rabbit.rabbit_transient_quorum_queue = False {{(pid=96665) log_opt_values /opt/stack/data/venv/lib/python3.12/site-packages/oslo_config/cfg.py:3560}}
Aug 26 08:55:56.318495 np0000008153 nova-scheduler[96665]: DEBUG cotyledon.oslo_config_glue [-] oslo_messaging_rabbit.rpc_conn_pool_size = 30 {{(pid=96665) log_opt_values /opt/stack/data/venv/lib/python3.12/site-packages/oslo_config/cfg.py:3560}}
Aug 26 08:55:56.318495 np0000008153 nova-scheduler[96665]: DEBUG cotyledon.oslo_config_glue [-] oslo_messaging_rabbit.ssl = False {{(pid=96665) log_opt_values /opt/stack/data/venv/lib/python3.12/site-packages/oslo_config/cfg.py:3560}}
Aug 26 08:55:56.318791 np0000008153 nova-scheduler[96665]: DEBUG cotyledon.oslo_config_glue [-] oslo_messaging_rabbit.ssl_ca_file = {{(pid=96665) log_opt_values /opt/stack/data/venv/lib/python3.12/site-packages/oslo_config/cfg.py:3560}}
Aug 26 08:55:56.318791 np0000008153 nova-scheduler[96665]: DEBUG cotyledon.oslo_config_glue [-] oslo_messaging_rabbit.ssl_cert_file = {{(pid=96665) log_opt_values /opt/stack/data/venv/lib/python3.12/site-packages/oslo_config/cfg.py:3560}}
Aug 26 08:55:56.318791 np0000008153 nova-scheduler[96665]: DEBUG cotyledon.oslo_config_glue [-] oslo_messaging_rabbit.ssl_enforce_fips_mode = False {{(pid=96665) log_opt_values /opt/stack/data/venv/lib/python3.12/site-packages/oslo_config/cfg.py:3560}}
Aug 26 08:55:56.318791 np0000008153 nova-scheduler[96665]: DEBUG cotyledon.oslo_config_glue [-] oslo_messaging_rabbit.ssl_enforce_hostname_verification = True {{(pid=96665) log_opt_values /opt/stack/data/venv/lib/python3.12/site-packages/oslo_config/cfg.py:3560}}
Aug 26 08:55:56.318791 np0000008153 nova-scheduler[96665]: DEBUG cotyledon.oslo_config_glue [-] oslo_messaging_rabbit.ssl_key_file = {{(pid=96665) log_opt_values /opt/stack/data/venv/lib/python3.12/site-packages/oslo_config/cfg.py:3560}}
Aug 26 08:55:56.318791 np0000008153 nova-scheduler[96665]: DEBUG cotyledon.oslo_config_glue [-] oslo_messaging_rabbit.ssl_version = {{(pid=96665) log_opt_values /opt/stack/data/venv/lib/python3.12/site-packages/oslo_config/cfg.py:3560}}
Aug 26 08:55:56.318791 np0000008153 nova-scheduler[96665]: DEBUG cotyledon.oslo_config_glue [-] oslo_messaging_rabbit.use_queue_manager = False {{(pid=96665) log_opt_values /opt/stack/data/venv/lib/python3.12/site-packages/oslo_config/cfg.py:3560}}
Aug 26 08:55:56.318791 np0000008153 nova-scheduler[96665]: DEBUG cotyledon.oslo_config_glue [-] oslo_messaging_notifications.driver = ['messagingv2'] {{(pid=96665) log_opt_values /opt/stack/data/venv/lib/python3.12/site-packages/oslo_config/cfg.py:3560}}
Aug 26 08:55:56.318791 np0000008153 nova-scheduler[96665]: DEBUG cotyledon.oslo_config_glue [-] oslo_messaging_notifications.retry = -1 {{(pid=96665) log_opt_values /opt/stack/data/venv/lib/python3.12/site-packages/oslo_config/cfg.py:3560}}
Aug 26 08:55:56.320340 np0000008153 nova-scheduler[96665]: DEBUG cotyledon.oslo_config_glue [-] oslo_messaging_notifications.topics = ['notifications'] {{(pid=96665) log_opt_values /opt/stack/data/venv/lib/python3.12/site-packages/oslo_config/cfg.py:3560}}
Aug 26 08:55:56.320340 np0000008153 nova-scheduler[96665]: DEBUG cotyledon.oslo_config_glue [-] oslo_messaging_notifications.transport_url = **** {{(pid=96665) log_opt_values /opt/stack/data/venv/lib/python3.12/site-packages/oslo_config/cfg.py:3560}}
Aug 26 08:55:56.320340 np0000008153 nova-scheduler[96665]: DEBUG cotyledon.oslo_config_glue [-] oslo_limit.auth_section = None {{(pid=96665) log_opt_values /opt/stack/data/venv/lib/python3.12/site-packages/oslo_config/cfg.py:3560}}
Aug 26 08:55:56.320340 np0000008153 nova-scheduler[96665]: DEBUG cotyledon.oslo_config_glue [-] oslo_limit.auth_type = None {{(pid=96665) log_opt_values /opt/stack/data/venv/lib/python3.12/site-packages/oslo_config/cfg.py:3560}}
Aug 26 08:55:56.320340 np0000008153 nova-scheduler[96665]: DEBUG cotyledon.oslo_config_glue [-] oslo_limit.cafile = None {{(pid=96665) log_opt_values /opt/stack/data/venv/lib/python3.12/site-packages/oslo_config/cfg.py:3560}}
Aug 26 08:55:56.320340 np0000008153 nova-scheduler[96665]: DEBUG cotyledon.oslo_config_glue [-] oslo_limit.certfile = None {{(pid=96665) log_opt_values /opt/stack/data/venv/lib/python3.12/site-packages/oslo_config/cfg.py:3560}}
Aug 26 08:55:56.320340 np0000008153 nova-scheduler[96665]: DEBUG cotyledon.oslo_config_glue [-] oslo_limit.collect_timing = False {{(pid=96665) log_opt_values /opt/stack/data/venv/lib/python3.12/site-packages/oslo_config/cfg.py:3560}}
Aug 26 08:55:56.320340 np0000008153 nova-scheduler[96665]: DEBUG cotyledon.oslo_config_glue [-] oslo_limit.connect_retries = None {{(pid=96665) log_opt_values /opt/stack/data/venv/lib/python3.12/site-packages/oslo_config/cfg.py:3560}}
Aug 26 08:55:56.320340 np0000008153 nova-scheduler[96665]: DEBUG cotyledon.oslo_config_glue [-] oslo_limit.connect_retry_delay = None {{(pid=96665) log_opt_values /opt/stack/data/venv/lib/python3.12/site-packages/oslo_config/cfg.py:3560}}
Aug 26 08:55:56.320755 np0000008153 nova-scheduler[96665]: DEBUG cotyledon.oslo_config_glue [-] oslo_limit.endpoint_id = None {{(pid=96665) log_opt_values /opt/stack/data/venv/lib/python3.12/site-packages/oslo_config/cfg.py:3560}}
Aug 26 08:55:56.320755 np0000008153 nova-scheduler[96665]: DEBUG cotyledon.oslo_config_glue [-] oslo_limit.endpoint_interface = public {{(pid=96665) log_opt_values /opt/stack/data/venv/lib/python3.12/site-packages/oslo_config/cfg.py:3560}}
Aug 26 08:55:56.320755 np0000008153 nova-scheduler[96665]: DEBUG cotyledon.oslo_config_glue [-] oslo_limit.endpoint_override = None {{(pid=96665) log_opt_values /opt/stack/data/venv/lib/python3.12/site-packages/oslo_config/cfg.py:3560}}
Aug 26 08:55:56.320755 np0000008153 nova-scheduler[96665]: DEBUG cotyledon.oslo_config_glue [-] oslo_limit.endpoint_region_name = None {{(pid=96665) log_opt_values /opt/stack/data/venv/lib/python3.12/site-packages/oslo_config/cfg.py:3560}}
Aug 26 08:55:56.320755 np0000008153 nova-scheduler[96665]: DEBUG cotyledon.oslo_config_glue [-] oslo_limit.endpoint_service_name = None {{(pid=96665) log_opt_values /opt/stack/data/venv/lib/python3.12/site-packages/oslo_config/cfg.py:3560}}
Aug 26 08:55:56.320755 np0000008153 nova-scheduler[96665]: DEBUG cotyledon.oslo_config_glue [-] oslo_limit.endpoint_service_type = None {{(pid=96665) log_opt_values /opt/stack/data/venv/lib/python3.12/site-packages/oslo_config/cfg.py:3560}}
Aug 26 08:55:56.320755 np0000008153 nova-scheduler[96665]: DEBUG cotyledon.oslo_config_glue [-] oslo_limit.insecure = False {{(pid=96665) log_opt_values /opt/stack/data/venv/lib/python3.12/site-packages/oslo_config/cfg.py:3560}}
Aug 26 08:55:56.320755 np0000008153 nova-scheduler[96665]: DEBUG cotyledon.oslo_config_glue [-] oslo_limit.keyfile = None {{(pid=96665) log_opt_values /opt/stack/data/venv/lib/python3.12/site-packages/oslo_config/cfg.py:3560}}
Aug 26 08:55:56.320755 np0000008153 nova-scheduler[96665]: DEBUG cotyledon.oslo_config_glue [-] oslo_limit.max_version = None {{(pid=96665) log_opt_values /opt/stack/data/venv/lib/python3.12/site-packages/oslo_config/cfg.py:3560}}
Aug 26 08:55:56.321125 np0000008153 nova-scheduler[96665]: DEBUG cotyledon.oslo_config_glue [-] oslo_limit.min_version = None {{(pid=96665) log_opt_values /opt/stack/data/venv/lib/python3.12/site-packages/oslo_config/cfg.py:3560}}
Aug 26 08:55:56.321125 np0000008153 nova-scheduler[96665]: DEBUG cotyledon.oslo_config_glue [-] oslo_limit.region_name = None {{(pid=96665) log_opt_values /opt/stack/data/venv/lib/python3.12/site-packages/oslo_config/cfg.py:3560}}
Aug 26 08:55:56.321125 np0000008153 nova-scheduler[96665]: DEBUG cotyledon.oslo_config_glue [-] oslo_limit.retriable_status_codes = None {{(pid=96665) log_opt_values /opt/stack/data/venv/lib/python3.12/site-packages/oslo_config/cfg.py:3560}}
Aug 26 08:55:56.321125 np0000008153 nova-scheduler[96665]: DEBUG cotyledon.oslo_config_glue [-] oslo_limit.service_name = None {{(pid=96665) log_opt_values /opt/stack/data/venv/lib/python3.12/site-packages/oslo_config/cfg.py:3560}}
Aug 26 08:55:56.321125 np0000008153 nova-scheduler[96665]: DEBUG cotyledon.oslo_config_glue [-] oslo_limit.service_type = None {{(pid=96665) log_opt_values /opt/stack/data/venv/lib/python3.12/site-packages/oslo_config/cfg.py:3560}}
Aug 26 08:55:56.321125 np0000008153 nova-scheduler[96665]: DEBUG cotyledon.oslo_config_glue [-] oslo_limit.split_loggers = False {{(pid=96665) log_opt_values /opt/stack/data/venv/lib/python3.12/site-packages/oslo_config/cfg.py:3560}}
Aug 26 08:55:56.321125 np0000008153 nova-scheduler[96665]: DEBUG cotyledon.oslo_config_glue [-] oslo_limit.status_code_retries = None {{(pid=96665) log_opt_values /opt/stack/data/venv/lib/python3.12/site-packages/oslo_config/cfg.py:3560}}
Aug 26 08:55:56.321125 np0000008153 nova-scheduler[96665]: DEBUG cotyledon.oslo_config_glue [-] oslo_limit.status_code_retry_delay = None {{(pid=96665) log_opt_values /opt/stack/data/venv/lib/python3.12/site-packages/oslo_config/cfg.py:3560}}
Aug 26 08:55:56.321125 np0000008153 nova-scheduler[96665]: DEBUG cotyledon.oslo_config_glue [-] oslo_limit.timeout = None {{(pid=96665) log_opt_values /opt/stack/data/venv/lib/python3.12/site-packages/oslo_config/cfg.py:3560}}
Aug 26 08:55:56.321423 np0000008153 nova-scheduler[96665]: DEBUG cotyledon.oslo_config_glue [-] oslo_limit.valid_interfaces = None {{(pid=96665) log_opt_values /opt/stack/data/venv/lib/python3.12/site-packages/oslo_config/cfg.py:3560}}
Aug 26 08:55:56.321423 np0000008153 nova-scheduler[96665]: DEBUG cotyledon.oslo_config_glue [-] oslo_limit.version = None {{(pid=96665) log_opt_values /opt/stack/data/venv/lib/python3.12/site-packages/oslo_config/cfg.py:3560}}
Aug 26 08:55:56.321423 np0000008153 nova-scheduler[96665]: DEBUG cotyledon.oslo_config_glue [-] oslo_reports.file_event_handler = None {{(pid=96665) log_opt_values /opt/stack/data/venv/lib/python3.12/site-packages/oslo_config/cfg.py:3560}}
Aug 26 08:55:56.321423 np0000008153 nova-scheduler[96665]: DEBUG cotyledon.oslo_config_glue [-] oslo_reports.file_event_handler_interval = 1 {{(pid=96665) log_opt_values /opt/stack/data/venv/lib/python3.12/site-packages/oslo_config/cfg.py:3560}}
Aug 26 08:55:56.321423 np0000008153 nova-scheduler[96665]: DEBUG cotyledon.oslo_config_glue [-] oslo_reports.log_dir = None {{(pid=96665) log_opt_values /opt/stack/data/venv/lib/python3.12/site-packages/oslo_config/cfg.py:3560}}
Aug 26 08:55:56.321423 np0000008153 nova-scheduler[96665]: DEBUG cotyledon.oslo_config_glue [-] ******************************************************************************** {{(pid=96665) log_opt_values /opt/stack/data/venv/lib/python3.12/site-packages/oslo_config/cfg.py:3567}}
Aug 26 08:55:56.321423 np0000008153 nova-scheduler[96665]: DEBUG cotyledon._service_worker [-] Run service ServiceWrapper(3) [96665] {{(pid=96665) wait_forever /opt/stack/data/venv/lib/python3.12/site-packages/cotyledon/_service_worker.py:218}}
Aug 26 08:55:56.321423 np0000008153 nova-scheduler[96665]: INFO nova.service [-] Starting scheduler node (version 33.1.0)
Aug 26 08:55:56.321423 np0000008153 nova-scheduler[96665]: INFO dbcounter [None req-6333ca1f-e6b5-48d6-bf4e-31764904e665 None None] Registered counter for database nova_cell0
Aug 26 08:55:56.321810 np0000008153 nova-scheduler[96623]: DEBUG oslo_db.sqlalchemy.engines [None req-076bb52f-1697-4bd1-ae03-9cdc1d1c804c None None] MySQL server mode set to STRICT_TRANS_TABLES,STRICT_ALL_TABLES,NO_ZERO_IN_DATE,NO_ZERO_DATE,ERROR_FOR_DIVISION_BY_ZERO,TRADITIONAL,NO_ENGINE_SUBSTITUTION {{(pid=96623) _check_effective_sql_mode /opt/stack/data/venv/lib/python3.12/site-packages/oslo_db/sqlalchemy/engines.py:325}}
Aug 26 08:55:56.321879 np0000008153 nova-scheduler[96631]: DEBUG oslo_db.sqlalchemy.engines [None req-3226b05e-1c78-4797-bf05-99319e6408e0 None None] MySQL server mode set to STRICT_TRANS_TABLES,STRICT_ALL_TABLES,NO_ZERO_IN_DATE,NO_ZERO_DATE,ERROR_FOR_DIVISION_BY_ZERO,TRADITIONAL,NO_ENGINE_SUBSTITUTION {{(pid=96631) _check_effective_sql_mode /opt/stack/data/venv/lib/python3.12/site-packages/oslo_db/sqlalchemy/engines.py:325}}
Aug 26 08:55:56.321924 np0000008153 nova-scheduler[96623]: DEBUG dbcounter [-] [96623] Writer thread running {{(pid=96623) stat_writer /opt/stack/data/venv/lib/python3.12/site-packages/dbcounter.py:102}}
Aug 26 08:55:56.321975 np0000008153 nova-scheduler[96631]: DEBUG dbcounter [-] [96631] Writer thread running {{(pid=96631) stat_writer /opt/stack/data/venv/lib/python3.12/site-packages/dbcounter.py:102}}
Aug 26 08:55:56.326110 np0000008153 nova-scheduler[96623]: DEBUG nova.service [None req-076bb52f-1697-4bd1-ae03-9cdc1d1c804c None None] Creating RPC server for service: nova-scheduler on topic: scheduler {{(pid=96623) start /opt/stack/nova/nova/service.py:262}}
Aug 26 08:55:56.329316 np0000008153 nova-scheduler[96631]: DEBUG nova.service [None req-3226b05e-1c78-4797-bf05-99319e6408e0 None None] Creating RPC server for service: nova-scheduler on topic: scheduler {{(pid=96631) start /opt/stack/nova/nova/service.py:262}}
Aug 26 08:55:56.345100 np0000008153 nova-scheduler[96626]: DEBUG oslo_db.sqlalchemy.engines [None req-3cf04e83-ae73-465f-9c21-2e7f96bcd30c None None] MySQL server mode set to STRICT_TRANS_TABLES,STRICT_ALL_TABLES,NO_ZERO_IN_DATE,NO_ZERO_DATE,ERROR_FOR_DIVISION_BY_ZERO,TRADITIONAL,NO_ENGINE_SUBSTITUTION {{(pid=96626) _check_effective_sql_mode /opt/stack/data/venv/lib/python3.12/site-packages/oslo_db/sqlalchemy/engines.py:325}}
Aug 26 08:55:56.348136 np0000008153 nova-scheduler[96665]: DEBUG oslo_db.sqlalchemy.engines [None req-6333ca1f-e6b5-48d6-bf4e-31764904e665 None None] MySQL server mode set to STRICT_TRANS_TABLES,STRICT_ALL_TABLES,NO_ZERO_IN_DATE,NO_ZERO_DATE,ERROR_FOR_DIVISION_BY_ZERO,TRADITIONAL,NO_ENGINE_SUBSTITUTION {{(pid=96665) _check_effective_sql_mode /opt/stack/data/venv/lib/python3.12/site-packages/oslo_db/sqlalchemy/engines.py:325}}
Aug 26 08:55:56.354839 np0000008153 nova-scheduler[96631]: DEBUG nova.service [None req-3226b05e-1c78-4797-bf05-99319e6408e0 None None] Join ServiceGroup membership for this service scheduler {{(pid=96631) start /opt/stack/nova/nova/service.py:288}}
Aug 26 08:55:56.355056 np0000008153 nova-scheduler[96631]: DEBUG nova.servicegroup.drivers.db [None req-3226b05e-1c78-4797-bf05-99319e6408e0 None None] DB_Driver: join new ServiceGroup member np0000008153 to the scheduler group, service = {{(pid=96631) join /opt/stack/nova/nova/servicegroup/drivers/db.py:44}}
Aug 26 08:55:56.356308 np0000008153 nova-scheduler[96623]: DEBUG nova.service [None req-076bb52f-1697-4bd1-ae03-9cdc1d1c804c None None] Join ServiceGroup membership for this service scheduler {{(pid=96623) start /opt/stack/nova/nova/service.py:288}}
Aug 26 08:55:56.356725 np0000008153 nova-scheduler[96623]: DEBUG nova.servicegroup.drivers.db [None req-076bb52f-1697-4bd1-ae03-9cdc1d1c804c None None] DB_Driver: join new ServiceGroup member np0000008153 to the scheduler group, service = {{(pid=96623) join /opt/stack/nova/nova/servicegroup/drivers/db.py:44}}
Aug 26 08:55:56.357388 np0000008153 nova-scheduler[96626]: DEBUG dbcounter [-] [96626] Writer thread running {{(pid=96626) stat_writer /opt/stack/data/venv/lib/python3.12/site-packages/dbcounter.py:102}}
Aug 26 08:55:56.358177 np0000008153 nova-scheduler[96665]: DEBUG dbcounter [-] [96665] Writer thread running {{(pid=96665) stat_writer /opt/stack/data/venv/lib/python3.12/site-packages/dbcounter.py:102}}
Aug 26 08:55:56.360780 np0000008153 nova-scheduler[96626]: DEBUG nova.service [None req-3cf04e83-ae73-465f-9c21-2e7f96bcd30c None None] Creating RPC server for service: nova-scheduler on topic: scheduler {{(pid=96626) start /opt/stack/nova/nova/service.py:262}}
Aug 26 08:55:56.361288 np0000008153 nova-scheduler[96665]: DEBUG nova.service [None req-6333ca1f-e6b5-48d6-bf4e-31764904e665 None None] Creating RPC server for service: nova-scheduler on topic: scheduler {{(pid=96665) start /opt/stack/nova/nova/service.py:262}}
Aug 26 08:55:56.382669 np0000008153 nova-scheduler[96626]: DEBUG nova.service [None req-3cf04e83-ae73-465f-9c21-2e7f96bcd30c None None] Join ServiceGroup membership for this service scheduler {{(pid=96626) start /opt/stack/nova/nova/service.py:288}}
Aug 26 08:55:56.382975 np0000008153 nova-scheduler[96626]: DEBUG nova.servicegroup.drivers.db [None req-3cf04e83-ae73-465f-9c21-2e7f96bcd30c None None] DB_Driver: join new ServiceGroup member np0000008153 to the scheduler group, service = {{(pid=96626) join /opt/stack/nova/nova/servicegroup/drivers/db.py:44}}
Aug 26 08:55:56.390193 np0000008153 nova-scheduler[96665]: DEBUG nova.service [None req-6333ca1f-e6b5-48d6-bf4e-31764904e665 None None] Join ServiceGroup membership for this service scheduler {{(pid=96665) start /opt/stack/nova/nova/service.py:288}}
Aug 26 08:55:56.390698 np0000008153 nova-scheduler[96665]: DEBUG nova.servicegroup.drivers.db [None req-6333ca1f-e6b5-48d6-bf4e-31764904e665 None None] DB_Driver: join new ServiceGroup member np0000008153 to the scheduler group, service = {{(pid=96665) join /opt/stack/nova/nova/servicegroup/drivers/db.py:44}}
Aug 26 08:56:01.371742 np0000008153 nova-scheduler[96631]: DEBUG oslo.service.backend._threading.loopingcall [-] Fixed interval looping call 'nova.servicegroup.drivers.db.DbDriver._report_state' sleeping for 119.98 seconds {{(pid=96631) _run_loop /opt/stack/data/venv/lib/python3.12/site-packages/oslo_service/backend/_threading/loopingcall.py:125}}
Aug 26 08:56:01.372258 np0000008153 nova-scheduler[96623]: DEBUG oslo.service.backend._threading.loopingcall [-] Fixed interval looping call 'nova.servicegroup.drivers.db.DbDriver._report_state' sleeping for 119.99 seconds {{(pid=96623) _run_loop /opt/stack/data/venv/lib/python3.12/site-packages/oslo_service/backend/_threading/loopingcall.py:125}}
Aug 26 08:56:01.393366 np0000008153 nova-scheduler[96626]: DEBUG oslo.service.backend._threading.loopingcall [-] Fixed interval looping call 'nova.servicegroup.drivers.db.DbDriver._report_state' sleeping for 119.99 seconds {{(pid=96626) _run_loop /opt/stack/data/venv/lib/python3.12/site-packages/oslo_service/backend/_threading/loopingcall.py:125}}
Aug 26 08:56:01.402018 np0000008153 nova-scheduler[96665]: DEBUG oslo.service.backend._threading.loopingcall [-] Fixed interval looping call 'nova.servicegroup.drivers.db.DbDriver._report_state' sleeping for 119.99 seconds {{(pid=96665) _run_loop /opt/stack/data/venv/lib/python3.12/site-packages/oslo_service/backend/_threading/loopingcall.py:125}}
Aug 26 08:56:04.898212 np0000008153 nova-scheduler[95419]: DEBUG dbcounter [-] [95419] Writing DB stats nova_api:SELECT=3 {{(pid=95419) stat_writer /opt/stack/data/venv/lib/python3.12/site-packages/dbcounter.py:115}}
Aug 26 08:56:05.030874 np0000008153 nova-scheduler[95419]: DEBUG dbcounter [-] [95419] Writing DB stats nova_cell0:SELECT=1 {{(pid=95419) stat_writer /opt/stack/data/venv/lib/python3.12/site-packages/dbcounter.py:115}}
Aug 26 08:56:05.034892 np0000008153 nova-scheduler[95419]: DEBUG dbcounter [-] [95419] Writing DB stats nova_cell1:SELECT=1 {{(pid=95419) stat_writer /opt/stack/data/venv/lib/python3.12/site-packages/dbcounter.py:115}}
Aug 26 08:56:11.365732 np0000008153 nova-scheduler[96631]: DEBUG dbcounter [-] [96631] Writing DB stats nova_cell0:SELECT=5,nova_cell0:INSERT=1,nova_cell0:UPDATE=1 {{(pid=96631) stat_writer /opt/stack/data/venv/lib/python3.12/site-packages/dbcounter.py:115}}
Aug 26 08:56:11.367051 np0000008153 nova-scheduler[96623]: DEBUG dbcounter [-] [96623] Writing DB stats nova_cell0:SELECT=4,nova_cell0:INSERT=1,nova_cell0:UPDATE=1 {{(pid=96623) stat_writer /opt/stack/data/venv/lib/python3.12/site-packages/dbcounter.py:115}}
Aug 26 08:56:11.390477 np0000008153 nova-scheduler[96626]: DEBUG dbcounter [-] [96626] Writing DB stats nova_cell0:SELECT=3 {{(pid=96626) stat_writer /opt/stack/data/venv/lib/python3.12/site-packages/dbcounter.py:115}}
Aug 26 08:56:11.399111 np0000008153 nova-scheduler[96665]: DEBUG dbcounter [-] [96665] Writing DB stats nova_cell0:SELECT=3 {{(pid=96665) stat_writer /opt/stack/data/venv/lib/python3.12/site-packages/dbcounter.py:115}}
Aug 26 08:56:12.393750 np0000008153 nova-scheduler[96665]: DEBUG oslo.service.backend._threading.loopingcall [None req-bedb3f19-db33-42b2-b44a-d6e36e444030 None None] Dynamic interval looping call 'nova.service.Service.periodic_tasks' sleeping for 60.00 seconds {{(pid=96665) _run_loop /opt/stack/data/venv/lib/python3.12/site-packages/oslo_service/backend/_threading/loopingcall.py:125}}
Aug 26 08:56:40.385015 np0000008153 nova-scheduler[96626]: DEBUG oslo.service.backend._threading.loopingcall [None req-3f345fbe-78f5-4bbb-a182-e59a80c28831 None None] Dynamic interval looping call 'nova.service.Service.periodic_tasks' sleeping for 60.00 seconds {{(pid=96626) _run_loop /opt/stack/data/venv/lib/python3.12/site-packages/oslo_service/backend/_threading/loopingcall.py:125}}
Aug 26 08:56:43.359471 np0000008153 nova-scheduler[96623]: DEBUG oslo.service.backend._threading.loopingcall [None req-1c3dc670-3729-4fe8-a064-15f61c64cf4b None None] Dynamic interval looping call 'nova.service.Service.periodic_tasks' sleeping for 60.00 seconds {{(pid=96623) _run_loop /opt/stack/data/venv/lib/python3.12/site-packages/oslo_service/backend/_threading/loopingcall.py:125}}
Aug 26 08:56:47.357320 np0000008153 nova-scheduler[96631]: DEBUG oslo.service.backend._threading.loopingcall [None req-f60e79e8-03e5-46f1-8c95-6149056d0eec None None] Dynamic interval looping call 'nova.service.Service.periodic_tasks' sleeping for 60.00 seconds {{(pid=96631) _run_loop /opt/stack/data/venv/lib/python3.12/site-packages/oslo_service/backend/_threading/loopingcall.py:125}}
Aug 26 08:57:12.393936 np0000008153 nova-scheduler[96665]: DEBUG oslo.service.backend._threading.loopingcall [None req-bedb3f19-db33-42b2-b44a-d6e36e444030 None None] Dynamic interval looping call 'nova.service.Service.periodic_tasks' sleeping for 60.00 seconds {{(pid=96665) _run_loop /opt/stack/data/venv/lib/python3.12/site-packages/oslo_service/backend/_threading/loopingcall.py:125}}
Aug 26 08:57:40.385515 np0000008153 nova-scheduler[96626]: DEBUG oslo.service.backend._threading.loopingcall [None req-3f345fbe-78f5-4bbb-a182-e59a80c28831 None None] Dynamic interval looping call 'nova.service.Service.periodic_tasks' sleeping for 60.00 seconds {{(pid=96626) _run_loop /opt/stack/data/venv/lib/python3.12/site-packages/oslo_service/backend/_threading/loopingcall.py:125}}
Aug 26 08:57:43.360034 np0000008153 nova-scheduler[96623]: DEBUG oslo.service.backend._threading.loopingcall [None req-1c3dc670-3729-4fe8-a064-15f61c64cf4b None None] Dynamic interval looping call 'nova.service.Service.periodic_tasks' sleeping for 60.00 seconds {{(pid=96623) _run_loop /opt/stack/data/venv/lib/python3.12/site-packages/oslo_service/backend/_threading/loopingcall.py:125}}
Aug 26 08:57:47.358397 np0000008153 nova-scheduler[96631]: DEBUG oslo.service.backend._threading.loopingcall [None req-f60e79e8-03e5-46f1-8c95-6149056d0eec None None] Dynamic interval looping call 'nova.service.Service.periodic_tasks' sleeping for 60.00 seconds {{(pid=96631) _run_loop /opt/stack/data/venv/lib/python3.12/site-packages/oslo_service/backend/_threading/loopingcall.py:125}}
Aug 26 08:58:01.361107 np0000008153 nova-scheduler[96631]: DEBUG oslo.service.backend._threading.loopingcall [-] Fixed interval looping call 'nova.servicegroup.drivers.db.DbDriver._report_state' sleeping for 119.99 seconds {{(pid=96631) _run_loop /opt/stack/data/venv/lib/python3.12/site-packages/oslo_service/backend/_threading/loopingcall.py:125}}
Aug 26 08:58:01.367482 np0000008153 nova-scheduler[96623]: DEBUG oslo.service.backend._threading.loopingcall [-] Fixed interval looping call 'nova.servicegroup.drivers.db.DbDriver._report_state' sleeping for 120.00 seconds {{(pid=96623) _run_loop /opt/stack/data/venv/lib/python3.12/site-packages/oslo_service/backend/_threading/loopingcall.py:125}}
Aug 26 08:58:01.388679 np0000008153 nova-scheduler[96626]: DEBUG oslo.service.backend._threading.loopingcall [-] Fixed interval looping call 'nova.servicegroup.drivers.db.DbDriver._report_state' sleeping for 120.00 seconds {{(pid=96626) _run_loop /opt/stack/data/venv/lib/python3.12/site-packages/oslo_service/backend/_threading/loopingcall.py:125}}
Aug 26 08:58:01.396127 np0000008153 nova-scheduler[96665]: DEBUG oslo.service.backend._threading.loopingcall [-] Fixed interval looping call 'nova.servicegroup.drivers.db.DbDriver._report_state' sleeping for 120.00 seconds {{(pid=96665) _run_loop /opt/stack/data/venv/lib/python3.12/site-packages/oslo_service/backend/_threading/loopingcall.py:125}}
Aug 26 08:58:11.355314 np0000008153 nova-scheduler[96631]: DEBUG dbcounter [-] [96631] Writing DB stats nova_cell0:SELECT=1,nova_cell0:UPDATE=1 {{(pid=96631) stat_writer /opt/stack/data/venv/lib/python3.12/site-packages/dbcounter.py:115}}
Aug 26 08:58:11.365419 np0000008153 nova-scheduler[96623]: DEBUG dbcounter [-] [96623] Writing DB stats nova_cell0:SELECT=1 {{(pid=96623) stat_writer /opt/stack/data/venv/lib/python3.12/site-packages/dbcounter.py:115}}
Aug 26 08:58:11.387938 np0000008153 nova-scheduler[96626]: DEBUG dbcounter [-] [96626] Writing DB stats nova_cell0:SELECT=1 {{(pid=96626) stat_writer /opt/stack/data/venv/lib/python3.12/site-packages/dbcounter.py:115}}
Aug 26 08:58:11.394456 np0000008153 nova-scheduler[96665]: DEBUG dbcounter [-] [96665] Writing DB stats nova_cell0:SELECT=1 {{(pid=96665) stat_writer /opt/stack/data/venv/lib/python3.12/site-packages/dbcounter.py:115}}
Aug 26 08:58:12.394798 np0000008153 nova-scheduler[96665]: DEBUG oslo.service.backend._threading.loopingcall [None req-bedb3f19-db33-42b2-b44a-d6e36e444030 None None] Dynamic interval looping call 'nova.service.Service.periodic_tasks' sleeping for 60.00 seconds {{(pid=96665) _run_loop /opt/stack/data/venv/lib/python3.12/site-packages/oslo_service/backend/_threading/loopingcall.py:125}}
Aug 26 08:58:17.404931 np0000008153 nova-scheduler[96631]: DEBUG nova.scheduler.manager [None req-066f1b03-f63f-4177-86b2-225e84e43a0e tempest-DeleteServersTestJSON-265706224 tempest-DeleteServersTestJSON-265706224-project-member] Starting to schedule for instances: ['17be7324-4fbf-4458-8918-ba3e209e1553'] {{(pid=96631) select_destinations /opt/stack/nova/nova/scheduler/manager.py:197}}
Aug 26 08:58:17.405342 np0000008153 nova-scheduler[96631]: DEBUG nova.scheduler.request_filter [None req-066f1b03-f63f-4177-86b2-225e84e43a0e tempest-DeleteServersTestJSON-265706224 tempest-DeleteServersTestJSON-265706224-project-member] compute_status_filter request filter added forbidden trait COMPUTE_STATUS_DISABLED {{(pid=96631) compute_status_filter /opt/stack/nova/nova/scheduler/request_filter.py:258}}
Aug 26 08:58:17.405342 np0000008153 nova-scheduler[96631]: DEBUG nova.scheduler.request_filter [None req-066f1b03-f63f-4177-86b2-225e84e43a0e tempest-DeleteServersTestJSON-265706224 tempest-DeleteServersTestJSON-265706224-project-member] Request filter 'compute_status_filter' took 0.0 seconds {{(pid=96631) wrapper /opt/stack/nova/nova/scheduler/request_filter.py:51}}
Aug 26 08:58:17.405427 np0000008153 nova-scheduler[96631]: DEBUG nova.scheduler.request_filter [None req-066f1b03-f63f-4177-86b2-225e84e43a0e tempest-DeleteServersTestJSON-265706224 tempest-DeleteServersTestJSON-265706224-project-member] Request filter 'accelerators_filter' took 0.0 seconds {{(pid=96631) wrapper /opt/stack/nova/nova/scheduler/request_filter.py:51}}
Aug 26 08:58:17.405726 np0000008153 nova-scheduler[96631]: DEBUG nova.scheduler.request_filter [None req-066f1b03-f63f-4177-86b2-225e84e43a0e tempest-DeleteServersTestJSON-265706224 tempest-DeleteServersTestJSON-265706224-project-member] Request filter 'packed_virtqueue_filter' took 0.0 seconds {{(pid=96631) wrapper /opt/stack/nova/nova/scheduler/request_filter.py:51}}
Aug 26 08:58:17.405982 np0000008153 nova-scheduler[96631]: DEBUG nova.scheduler.request_filter [None req-066f1b03-f63f-4177-86b2-225e84e43a0e tempest-DeleteServersTestJSON-265706224 tempest-DeleteServersTestJSON-265706224-project-member] Request filter 'remote_managed_ports_filter' took 0.0 seconds {{(pid=96631) wrapper /opt/stack/nova/nova/scheduler/request_filter.py:51}}
Aug 26 08:58:17.406089 np0000008153 nova-scheduler[96631]: DEBUG nova.scheduler.request_filter [None req-066f1b03-f63f-4177-86b2-225e84e43a0e tempest-DeleteServersTestJSON-265706224 tempest-DeleteServersTestJSON-265706224-project-member] ephemeral_encryption_filter skipped {{(pid=96631) ephemeral_encryption_filter /opt/stack/nova/nova/scheduler/request_filter.py:431}}
Aug 26 08:58:17.406238 np0000008153 nova-scheduler[96631]: DEBUG nova.scheduler.request_filter [None req-066f1b03-f63f-4177-86b2-225e84e43a0e tempest-DeleteServersTestJSON-265706224 tempest-DeleteServersTestJSON-265706224-project-member] virtio_sound_filter skipped {{(pid=96631) virtio_sound_filter /opt/stack/nova/nova/scheduler/request_filter.py:465}}
Aug 26 08:58:17.406858 np0000008153 nova-scheduler[96631]: DEBUG nova.scheduler.request_filter [None req-066f1b03-f63f-4177-86b2-225e84e43a0e tempest-DeleteServersTestJSON-265706224 tempest-DeleteServersTestJSON-265706224-project-member] tpm_secret_security_filter skipped {{(pid=96631) tpm_secret_security_filter /opt/stack/nova/nova/scheduler/request_filter.py:482}}
Aug 26 08:58:17.407266 np0000008153 nova-scheduler[96631]: DEBUG oslo_concurrency.lockutils [None req-066f1b03-f63f-4177-86b2-225e84e43a0e tempest-DeleteServersTestJSON-265706224 tempest-DeleteServersTestJSON-265706224-project-member] Acquiring lock "00000000-0000-0000-0000-000000000000" by "nova.context.set_target_cell..get_or_set_cached_cell_and_set_connections" {{(pid=96631) inner /opt/stack/data/venv/lib/python3.12/site-packages/oslo_concurrency/lockutils.py:512}}
Aug 26 08:58:17.407449 np0000008153 nova-scheduler[96631]: DEBUG oslo_concurrency.lockutils [None req-066f1b03-f63f-4177-86b2-225e84e43a0e tempest-DeleteServersTestJSON-265706224 tempest-DeleteServersTestJSON-265706224-project-member] Lock "00000000-0000-0000-0000-000000000000" acquired by "nova.context.set_target_cell..get_or_set_cached_cell_and_set_connections" :: waited 0.000s {{(pid=96631) inner /opt/stack/data/venv/lib/python3.12/site-packages/oslo_concurrency/lockutils.py:525}}
Aug 26 08:58:17.408037 np0000008153 nova-scheduler[96631]: DEBUG oslo_concurrency.lockutils [None req-066f1b03-f63f-4177-86b2-225e84e43a0e tempest-DeleteServersTestJSON-265706224 tempest-DeleteServersTestJSON-265706224-project-member] Lock "00000000-0000-0000-0000-000000000000" "released" by "nova.context.set_target_cell..get_or_set_cached_cell_and_set_connections" :: held 0.001s {{(pid=96631) inner /opt/stack/data/venv/lib/python3.12/site-packages/oslo_concurrency/lockutils.py:544}}
Aug 26 08:58:17.408283 np0000008153 nova-scheduler[96631]: INFO nova.thread_pool_factory [None req-066f1b03-f63f-4177-86b2-225e84e43a0e tempest-DeleteServersTestJSON-265706224 tempest-DeleteServersTestJSON-265706224-project-member] The cell_worker thread pool ForkProcess-3.cell_worker is initialized
Aug 26 08:58:17.409239 np0000008153 nova-scheduler[96631]: DEBUG oslo_concurrency.lockutils [None req-066f1b03-f63f-4177-86b2-225e84e43a0e tempest-DeleteServersTestJSON-265706224 tempest-DeleteServersTestJSON-265706224-project-member] Acquiring lock "c1f897f2-3092-40b4-82f4-89dc6d2e857a" by "nova.context.set_target_cell..get_or_set_cached_cell_and_set_connections" {{(pid=96631) inner /opt/stack/data/venv/lib/python3.12/site-packages/oslo_concurrency/lockutils.py:512}}
Aug 26 08:58:17.410536 np0000008153 nova-scheduler[96631]: INFO dbcounter [None req-066f1b03-f63f-4177-86b2-225e84e43a0e tempest-DeleteServersTestJSON-265706224 tempest-DeleteServersTestJSON-265706224-project-member] Registered counter for database nova_cell0
Aug 26 08:58:17.412590 np0000008153 nova-scheduler[96631]: DEBUG oslo_concurrency.lockutils [None req-066f1b03-f63f-4177-86b2-225e84e43a0e tempest-DeleteServersTestJSON-265706224 tempest-DeleteServersTestJSON-265706224-project-member] Lock "c1f897f2-3092-40b4-82f4-89dc6d2e857a" acquired by "nova.context.set_target_cell..get_or_set_cached_cell_and_set_connections" :: waited 0.001s {{(pid=96631) inner /opt/stack/data/venv/lib/python3.12/site-packages/oslo_concurrency/lockutils.py:525}}
