Jun 15 01:17:05.839091 np0000002804 devstack@g-api.service[99003]: DEBUG glance.api.middleware.version_negotiation [None req-24da76c7-5e22-40fa-8319-f71af1ca85cc tempest-ServersNegativeTestJSON-1968854703 tempest-ServersNegativeTestJSON-1968854703-project-member] Determining version of request: GET /v2/images/04d35e95-3423-4f20-8e08-9436a155ab4e Accept: application/json {{(pid=99003) process_request /opt/stack/glance/glance/api/middleware/version_negotiation.py:44}}
Jun 15 01:17:05.839510 np0000002804 devstack@g-api.service[99003]: DEBUG glance.api.middleware.version_negotiation [None req-24da76c7-5e22-40fa-8319-f71af1ca85cc tempest-ServersNegativeTestJSON-1968854703 tempest-ServersNegativeTestJSON-1968854703-project-member] Using url versioning {{(pid=99003) process_request /opt/stack/glance/glance/api/middleware/version_negotiation.py:57}}
Jun 15 01:17:05.839668 np0000002804 devstack@g-api.service[99003]: DEBUG glance.api.middleware.version_negotiation [None req-24da76c7-5e22-40fa-8319-f71af1ca85cc tempest-ServersNegativeTestJSON-1968854703 tempest-ServersNegativeTestJSON-1968854703-project-member] Matched version: v2 {{(pid=99003) process_request /opt/stack/glance/glance/api/middleware/version_negotiation.py:69}}
Jun 15 01:17:05.839898 np0000002804 devstack@g-api.service[99003]: DEBUG glance.api.middleware.version_negotiation [None req-24da76c7-5e22-40fa-8319-f71af1ca85cc tempest-ServersNegativeTestJSON-1968854703 tempest-ServersNegativeTestJSON-1968854703-project-member] new path /v2/images/04d35e95-3423-4f20-8e08-9436a155ab4e {{(pid=99003) process_request /opt/stack/glance/glance/api/middleware/version_negotiation.py:70}}
Jun 15 01:17:05.852903 np0000002804 devstack@g-api.service[99003]: [pid: 99003|app: 0|req: 227/454] 127.0.0.1 () {40 vars in 838 bytes} [Mon Jun 15 01:17:05 2026] GET /v2/images/04d35e95-3423-4f20-8e08-9436a155ab4e => generated 1300 bytes in 14 msecs (HTTP/1.1 200) 4 headers in 158 bytes (1 switches on core 0)
Jun 15 01:17:06.348833 np0000002804 devstack@g-api.service[99002]: DEBUG glance.api.middleware.version_negotiation [None req-24da76c7-5e22-40fa-8319-f71af1ca85cc tempest-ServersNegativeTestJSON-1968854703 tempest-ServersNegativeTestJSON-1968854703-project-member] Determining version of request: GET /v2/images/04d35e95-3423-4f20-8e08-9436a155ab4e Accept: */* {{(pid=99002) process_request /opt/stack/glance/glance/api/middleware/version_negotiation.py:44}}
Jun 15 01:17:06.348833 np0000002804 devstack@g-api.service[99002]: DEBUG glance.api.middleware.version_negotiation [None req-24da76c7-5e22-40fa-8319-f71af1ca85cc tempest-ServersNegativeTestJSON-1968854703 tempest-ServersNegativeTestJSON-1968854703-project-member] Using url versioning {{(pid=99002) process_request /opt/stack/glance/glance/api/middleware/version_negotiation.py:57}}
Jun 15 01:17:06.348833 np0000002804 devstack@g-api.service[99002]: DEBUG glance.api.middleware.version_negotiation [None req-24da76c7-5e22-40fa-8319-f71af1ca85cc tempest-ServersNegativeTestJSON-1968854703 tempest-ServersNegativeTestJSON-1968854703-project-member] Matched version: v2 {{(pid=99002) process_request /opt/stack/glance/glance/api/middleware/version_negotiation.py:69}}
Jun 15 01:17:06.348833 np0000002804 devstack@g-api.service[99002]: DEBUG glance.api.middleware.version_negotiation [None req-24da76c7-5e22-40fa-8319-f71af1ca85cc tempest-ServersNegativeTestJSON-1968854703 tempest-ServersNegativeTestJSON-1968854703-project-member] new path /v2/images/04d35e95-3423-4f20-8e08-9436a155ab4e {{(pid=99002) process_request /opt/stack/glance/glance/api/middleware/version_negotiation.py:70}}
Jun 15 01:17:06.361453 np0000002804 devstack@g-api.service[99002]: [pid: 99002|app: 0|req: 228/455] 127.0.0.1 () {44 vars in 1115 bytes} [Mon Jun 15 01:17:06 2026] GET /v2/images/04d35e95-3423-4f20-8e08-9436a155ab4e => generated 1300 bytes in 14 msecs (HTTP/1.1 200) 4 headers in 158 bytes (1 switches on core 0)
Jun 15 01:17:06.394455 np0000002804 devstack@g-api.service[99003]: DEBUG glance.api.middleware.version_negotiation [None req-cffcdc1f-1081-4302-a841-2b3b3ee66961 tempest-TestStampPattern-870738171 tempest-TestStampPattern-870738171-project-member] Determining version of request: GET /v2/schemas/image Accept: */* {{(pid=99003) process_request /opt/stack/glance/glance/api/middleware/version_negotiation.py:44}}
Jun 15 01:17:06.394599 np0000002804 devstack@g-api.service[99003]: DEBUG glance.api.middleware.version_negotiation [None req-cffcdc1f-1081-4302-a841-2b3b3ee66961 tempest-TestStampPattern-870738171 tempest-TestStampPattern-870738171-project-member] Using url versioning {{(pid=99003) process_request /opt/stack/glance/glance/api/middleware/version_negotiation.py:57}}
Jun 15 01:17:06.394767 np0000002804 devstack@g-api.service[99003]: DEBUG glance.api.middleware.version_negotiation [None req-cffcdc1f-1081-4302-a841-2b3b3ee66961 tempest-TestStampPattern-870738171 tempest-TestStampPattern-870738171-project-member] Matched version: v2 {{(pid=99003) process_request /opt/stack/glance/glance/api/middleware/version_negotiation.py:69}}
Jun 15 01:17:06.394943 np0000002804 devstack@g-api.service[99003]: DEBUG glance.api.middleware.version_negotiation [None req-cffcdc1f-1081-4302-a841-2b3b3ee66961 tempest-TestStampPattern-870738171 tempest-TestStampPattern-870738171-project-member] new path /v2/schemas/image {{(pid=99003) process_request /opt/stack/glance/glance/api/middleware/version_negotiation.py:70}}
Jun 15 01:17:06.397969 np0000002804 devstack@g-api.service[99003]: [pid: 99003|app: 0|req: 228/456] 127.0.0.1 () {44 vars in 1055 bytes} [Mon Jun 15 01:17:06 2026] GET /v2/schemas/image => generated 6083 bytes in 3 msecs (HTTP/1.1 200) 4 headers in 158 bytes (1 switches on core 0)
Jun 15 01:17:06.861775 np0000002804 devstack@g-api.service[99002]: DEBUG glance.api.middleware.version_negotiation [None req-03a7ed10-3885-4267-ab00-695023f884b5 tempest-TestStampPattern-870738171 tempest-TestStampPattern-870738171-project-member] Determining version of request: GET /v2/images/04d35e95-3423-4f20-8e08-9436a155ab4e Accept: application/json {{(pid=99002) process_request /opt/stack/glance/glance/api/middleware/version_negotiation.py:44}}
Jun 15 01:17:06.861775 np0000002804 devstack@g-api.service[99002]: DEBUG glance.api.middleware.version_negotiation [None req-03a7ed10-3885-4267-ab00-695023f884b5 tempest-TestStampPattern-870738171 tempest-TestStampPattern-870738171-project-member] Using url versioning {{(pid=99002) process_request /opt/stack/glance/glance/api/middleware/version_negotiation.py:57}}
Jun 15 01:17:06.861775 np0000002804 devstack@g-api.service[99002]: DEBUG glance.api.middleware.version_negotiation [None req-03a7ed10-3885-4267-ab00-695023f884b5 tempest-TestStampPattern-870738171 tempest-TestStampPattern-870738171-project-member] Matched version: v2 {{(pid=99002) process_request /opt/stack/glance/glance/api/middleware/version_negotiation.py:69}}
Jun 15 01:17:06.861775 np0000002804 devstack@g-api.service[99002]: DEBUG glance.api.middleware.version_negotiation [None req-03a7ed10-3885-4267-ab00-695023f884b5 tempest-TestStampPattern-870738171 tempest-TestStampPattern-870738171-project-member] new path /v2/images/04d35e95-3423-4f20-8e08-9436a155ab4e {{(pid=99002) process_request /opt/stack/glance/glance/api/middleware/version_negotiation.py:70}}
Jun 15 01:17:06.874887 np0000002804 devstack@g-api.service[99002]: [pid: 99002|app: 0|req: 229/457] 127.0.0.1 () {40 vars in 838 bytes} [Mon Jun 15 01:17:06 2026] GET /v2/images/04d35e95-3423-4f20-8e08-9436a155ab4e => generated 1300 bytes in 14 msecs (HTTP/1.1 200) 4 headers in 158 bytes (1 switches on core 0)
Jun 15 01:17:07.882641 np0000002804 devstack@g-api.service[99003]: DEBUG glance.api.middleware.version_negotiation [None req-03a7ed10-3885-4267-ab00-695023f884b5 tempest-TestStampPattern-870738171 tempest-TestStampPattern-870738171-project-member] Determining version of request: GET /v2/images/04d35e95-3423-4f20-8e08-9436a155ab4e Accept: application/json {{(pid=99003) process_request /opt/stack/glance/glance/api/middleware/version_negotiation.py:44}}
Jun 15 01:17:07.883248 np0000002804 devstack@g-api.service[99003]: DEBUG glance.api.middleware.version_negotiation [None req-03a7ed10-3885-4267-ab00-695023f884b5 tempest-TestStampPattern-870738171 tempest-TestStampPattern-870738171-project-member] Using url versioning {{(pid=99003) process_request /opt/stack/glance/glance/api/middleware/version_negotiation.py:57}}
Jun 15 01:17:07.883248 np0000002804 devstack@g-api.service[99003]: DEBUG glance.api.middleware.version_negotiation [None req-03a7ed10-3885-4267-ab00-695023f884b5 tempest-TestStampPattern-870738171 tempest-TestStampPattern-870738171-project-member] Matched version: v2 {{(pid=99003) process_request /opt/stack/glance/glance/api/middleware/version_negotiation.py:69}}
Jun 15 01:17:07.883248 np0000002804 devstack@g-api.service[99003]: DEBUG glance.api.middleware.version_negotiation [None req-03a7ed10-3885-4267-ab00-695023f884b5 tempest-TestStampPattern-870738171 tempest-TestStampPattern-870738171-project-member] new path /v2/images/04d35e95-3423-4f20-8e08-9436a155ab4e {{(pid=99003) process_request /opt/stack/glance/glance/api/middleware/version_negotiation.py:70}}
Jun 15 01:17:07.894201 np0000002804 devstack@g-api.service[99003]: [pid: 99003|app: 0|req: 229/458] 127.0.0.1 () {40 vars in 838 bytes} [Mon Jun 15 01:17:07 2026] GET /v2/images/04d35e95-3423-4f20-8e08-9436a155ab4e => generated 1300 bytes in 12 msecs (HTTP/1.1 200) 4 headers in 158 bytes (1 switches on core 0)
Jun 15 01:17:08.905327 np0000002804 devstack@g-api.service[99002]: DEBUG glance.api.middleware.version_negotiation [None req-7a2f1907-16bc-491c-9bdd-262c51bdbec7 tempest-TestStampPattern-870738171 tempest-TestStampPattern-870738171-project-member] Determining version of request: GET /v2/images/04d35e95-3423-4f20-8e08-9436a155ab4e Accept: application/json {{(pid=99002) process_request /opt/stack/glance/glance/api/middleware/version_negotiation.py:44}}
Jun 15 01:17:08.905829 np0000002804 devstack@g-api.service[99002]: DEBUG glance.api.middleware.version_negotiation [None req-7a2f1907-16bc-491c-9bdd-262c51bdbec7 tempest-TestStampPattern-870738171 tempest-TestStampPattern-870738171-project-member] Using url versioning {{(pid=99002) process_request /opt/stack/glance/glance/api/middleware/version_negotiation.py:57}}
Jun 15 01:17:08.905829 np0000002804 devstack@g-api.service[99002]: DEBUG glance.api.middleware.version_negotiation [None req-7a2f1907-16bc-491c-9bdd-262c51bdbec7 tempest-TestStampPattern-870738171 tempest-TestStampPattern-870738171-project-member] Matched version: v2 {{(pid=99002) process_request /opt/stack/glance/glance/api/middleware/version_negotiation.py:69}}
Jun 15 01:17:08.905829 np0000002804 devstack@g-api.service[99002]: DEBUG glance.api.middleware.version_negotiation [None req-7a2f1907-16bc-491c-9bdd-262c51bdbec7 tempest-TestStampPattern-870738171 tempest-TestStampPattern-870738171-project-member] new path /v2/images/04d35e95-3423-4f20-8e08-9436a155ab4e {{(pid=99002) process_request /opt/stack/glance/glance/api/middleware/version_negotiation.py:70}}
Jun 15 01:17:08.933932 np0000002804 devstack@g-api.service[99002]: [pid: 99002|app: 0|req: 230/459] 127.0.0.1 () {40 vars in 838 bytes} [Mon Jun 15 01:17:08 2026] GET /v2/images/04d35e95-3423-4f20-8e08-9436a155ab4e => generated 1300 bytes in 29 msecs (HTTP/1.1 200) 4 headers in 158 bytes (1 switches on core 0)
Jun 15 01:17:09.946487 np0000002804 devstack@g-api.service[99003]: DEBUG glance.api.middleware.version_negotiation [None req-7f43e5b5-9fd1-4304-ba80-b37be5d5e1af tempest-TestStampPattern-870738171 tempest-TestStampPattern-870738171-project-member] Determining version of request: GET /v2/images/04d35e95-3423-4f20-8e08-9436a155ab4e Accept: application/json {{(pid=99003) process_request /opt/stack/glance/glance/api/middleware/version_negotiation.py:44}}
Jun 15 01:17:09.946487 np0000002804 devstack@g-api.service[99003]: DEBUG glance.api.middleware.version_negotiation [None req-7f43e5b5-9fd1-4304-ba80-b37be5d5e1af tempest-TestStampPattern-870738171 tempest-TestStampPattern-870738171-project-member] Using url versioning {{(pid=99003) process_request /opt/stack/glance/glance/api/middleware/version_negotiation.py:57}}
Jun 15 01:17:09.946487 np0000002804 devstack@g-api.service[99003]: DEBUG glance.api.middleware.version_negotiation [None req-7f43e5b5-9fd1-4304-ba80-b37be5d5e1af tempest-TestStampPattern-870738171 tempest-TestStampPattern-870738171-project-member] Matched version: v2 {{(pid=99003) process_request /opt/stack/glance/glance/api/middleware/version_negotiation.py:69}}
Jun 15 01:17:09.946487 np0000002804 devstack@g-api.service[99003]: DEBUG glance.api.middleware.version_negotiation [None req-7f43e5b5-9fd1-4304-ba80-b37be5d5e1af tempest-TestStampPattern-870738171 tempest-TestStampPattern-870738171-project-member] new path /v2/images/04d35e95-3423-4f20-8e08-9436a155ab4e {{(pid=99003) process_request /opt/stack/glance/glance/api/middleware/version_negotiation.py:70}}
Jun 15 01:17:09.959066 np0000002804 devstack@g-api.service[99003]: [pid: 99003|app: 0|req: 230/460] 127.0.0.1 () {40 vars in 838 bytes} [Mon Jun 15 01:17:09 2026] GET /v2/images/04d35e95-3423-4f20-8e08-9436a155ab4e => generated 1300 bytes in 13 msecs (HTTP/1.1 200) 4 headers in 158 bytes (1 switches on core 0)
Jun 15 01:17:10.031328 np0000002804 devstack@g-api.service[99002]: DEBUG glance.api.middleware.version_negotiation [None req-ae35c614-224a-4a82-bd95-ce85cbc49ac6 tempest-TestStampPattern-870738171 tempest-TestStampPattern-870738171-project-member] Determining version of request: GET /v2/images/04d35e95-3423-4f20-8e08-9436a155ab4e Accept: */* {{(pid=99002) process_request /opt/stack/glance/glance/api/middleware/version_negotiation.py:44}}
Jun 15 01:17:10.031819 np0000002804 devstack@g-api.service[99002]: DEBUG glance.api.middleware.version_negotiation [None req-ae35c614-224a-4a82-bd95-ce85cbc49ac6 tempest-TestStampPattern-870738171 tempest-TestStampPattern-870738171-project-member] Using url versioning {{(pid=99002) process_request /opt/stack/glance/glance/api/middleware/version_negotiation.py:57}}
Jun 15 01:17:10.031819 np0000002804 devstack@g-api.service[99002]: DEBUG glance.api.middleware.version_negotiation [None req-ae35c614-224a-4a82-bd95-ce85cbc49ac6 tempest-TestStampPattern-870738171 tempest-TestStampPattern-870738171-project-member] Matched version: v2 {{(pid=99002) process_request /opt/stack/glance/glance/api/middleware/version_negotiation.py:69}}
Jun 15 01:17:10.032369 np0000002804 devstack@g-api.service[99002]: DEBUG glance.api.middleware.version_negotiation [None req-ae35c614-224a-4a82-bd95-ce85cbc49ac6 tempest-TestStampPattern-870738171 tempest-TestStampPattern-870738171-project-member] new path /v2/images/04d35e95-3423-4f20-8e08-9436a155ab4e {{(pid=99002) process_request /opt/stack/glance/glance/api/middleware/version_negotiation.py:70}}
Jun 15 01:17:10.052093 np0000002804 devstack@g-api.service[99002]: [pid: 99002|app: 0|req: 231/461] 127.0.0.1 () {44 vars in 1115 bytes} [Mon Jun 15 01:17:10 2026] GET /v2/images/04d35e95-3423-4f20-8e08-9436a155ab4e => generated 1300 bytes in 21 msecs (HTTP/1.1 200) 4 headers in 158 bytes (1 switches on core 0)
Jun 15 01:17:10.121016 np0000002804 devstack@g-api.service[99003]: DEBUG glance.api.middleware.version_negotiation [None req-804fb214-b9e4-4f70-9183-e75ded4758f1 tempest-TestStampPattern-870738171 tempest-TestStampPattern-870738171-project-member] Determining version of request: GET /v2/schemas/image Accept: */* {{(pid=99003) process_request /opt/stack/glance/glance/api/middleware/version_negotiation.py:44}}
Jun 15 01:17:10.121016 np0000002804 devstack@g-api.service[99003]: DEBUG glance.api.middleware.version_negotiation [None req-804fb214-b9e4-4f70-9183-e75ded4758f1 tempest-TestStampPattern-870738171 tempest-TestStampPattern-870738171-project-member] Using url versioning {{(pid=99003) process_request /opt/stack/glance/glance/api/middleware/version_negotiation.py:57}}
Jun 15 01:17:10.121016 np0000002804 devstack@g-api.service[99003]: DEBUG glance.api.middleware.version_negotiation [None req-804fb214-b9e4-4f70-9183-e75ded4758f1 tempest-TestStampPattern-870738171 tempest-TestStampPattern-870738171-project-member] Matched version: v2 {{(pid=99003) process_request /opt/stack/glance/glance/api/middleware/version_negotiation.py:69}}
Jun 15 01:17:10.121016 np0000002804 devstack@g-api.service[99003]: DEBUG glance.api.middleware.version_negotiation [None req-804fb214-b9e4-4f70-9183-e75ded4758f1 tempest-TestStampPattern-870738171 tempest-TestStampPattern-870738171-project-member] new path /v2/schemas/image {{(pid=99003) process_request /opt/stack/glance/glance/api/middleware/version_negotiation.py:70}}
Jun 15 01:17:10.124668 np0000002804 devstack@g-api.service[99003]: [pid: 99003|app: 0|req: 231/462] 127.0.0.1 () {44 vars in 1055 bytes} [Mon Jun 15 01:17:10 2026] GET /v2/schemas/image => generated 6083 bytes in 5 msecs (HTTP/1.1 200) 4 headers in 158 bytes (1 switches on core 0)
Jun 15 01:17:10.186312 np0000002804 devstack@g-api.service[99002]: DEBUG glance.api.middleware.version_negotiation [None req-03a7ed10-3885-4267-ab00-695023f884b5 tempest-TestStampPattern-870738171 tempest-TestStampPattern-870738171-project-member] Determining version of request: GET /v2/schemas/image Accept: */* {{(pid=99002) process_request /opt/stack/glance/glance/api/middleware/version_negotiation.py:44}}
Jun 15 01:17:10.186611 np0000002804 devstack@g-api.service[99002]: DEBUG glance.api.middleware.version_negotiation [None req-03a7ed10-3885-4267-ab00-695023f884b5 tempest-TestStampPattern-870738171 tempest-TestStampPattern-870738171-project-member] Using url versioning {{(pid=99002) process_request /opt/stack/glance/glance/api/middleware/version_negotiation.py:57}}
Jun 15 01:17:10.186950 np0000002804 devstack@g-api.service[99002]: DEBUG glance.api.middleware.version_negotiation [None req-03a7ed10-3885-4267-ab00-695023f884b5 tempest-TestStampPattern-870738171 tempest-TestStampPattern-870738171-project-member] Matched version: v2 {{(pid=99002) process_request /opt/stack/glance/glance/api/middleware/version_negotiation.py:69}}
Jun 15 01:17:10.187093 np0000002804 devstack@g-api.service[99002]: DEBUG glance.api.middleware.version_negotiation [None req-03a7ed10-3885-4267-ab00-695023f884b5 tempest-TestStampPattern-870738171 tempest-TestStampPattern-870738171-project-member] new path /v2/schemas/image {{(pid=99002) process_request /opt/stack/glance/glance/api/middleware/version_negotiation.py:70}}
Jun 15 01:17:10.190231 np0000002804 devstack@g-api.service[99002]: [pid: 99002|app: 0|req: 232/463] 127.0.0.1 () {44 vars in 1055 bytes} [Mon Jun 15 01:17:10 2026] GET /v2/schemas/image => generated 6083 bytes in 4 msecs (HTTP/1.1 200) 4 headers in 158 bytes (1 switches on core 0)
Jun 15 01:17:10.259592 np0000002804 devstack@g-api.service[99003]: DEBUG glance.api.middleware.version_negotiation [None req-03a7ed10-3885-4267-ab00-695023f884b5 tempest-TestStampPattern-870738171 tempest-TestStampPattern-870738171-project-member] Determining version of request: PATCH /v2/images/04d35e95-3423-4f20-8e08-9436a155ab4e Accept: */* {{(pid=99003) process_request /opt/stack/glance/glance/api/middleware/version_negotiation.py:44}}
Jun 15 01:17:10.259768 np0000002804 devstack@g-api.service[99003]: DEBUG glance.api.middleware.version_negotiation [None req-03a7ed10-3885-4267-ab00-695023f884b5 tempest-TestStampPattern-870738171 tempest-TestStampPattern-870738171-project-member] Using url versioning {{(pid=99003) process_request /opt/stack/glance/glance/api/middleware/version_negotiation.py:57}}
Jun 15 01:17:10.259822 np0000002804 devstack@g-api.service[99003]: DEBUG glance.api.middleware.version_negotiation [None req-03a7ed10-3885-4267-ab00-695023f884b5 tempest-TestStampPattern-870738171 tempest-TestStampPattern-870738171-project-member] Matched version: v2 {{(pid=99003) process_request /opt/stack/glance/glance/api/middleware/version_negotiation.py:69}}
Jun 15 01:17:10.259944 np0000002804 devstack@g-api.service[99003]: DEBUG glance.api.middleware.version_negotiation [None req-03a7ed10-3885-4267-ab00-695023f884b5 tempest-TestStampPattern-870738171 tempest-TestStampPattern-870738171-project-member] new path /v2/images/04d35e95-3423-4f20-8e08-9436a155ab4e {{(pid=99003) process_request /opt/stack/glance/glance/api/middleware/version_negotiation.py:70}}
Jun 15 01:17:10.433367 np0000002804 devstack@g-api.service[99003]: [pid: 99003|app: 0|req: 232/464] 127.0.0.1 () {46 vars in 1158 bytes} [Mon Jun 15 01:17:10 2026] PATCH /v2/images/04d35e95-3423-4f20-8e08-9436a155ab4e => generated 1411 bytes in 174 msecs (HTTP/1.1 200) 4 headers in 158 bytes (1 switches on core 0)
Jun 15 01:17:10.481224 np0000002804 devstack@g-api.service[99002]: DEBUG glance.api.middleware.version_negotiation [None req-03a7ed10-3885-4267-ab00-695023f884b5 tempest-TestStampPattern-870738171 tempest-TestStampPattern-870738171-project-member] Determining version of request: GET /v2/images/04d35e95-3423-4f20-8e08-9436a155ab4e Accept: */* {{(pid=99002) process_request /opt/stack/glance/glance/api/middleware/version_negotiation.py:44}}
Jun 15 01:17:10.481620 np0000002804 devstack@g-api.service[99002]: DEBUG glance.api.middleware.version_negotiation [None req-03a7ed10-3885-4267-ab00-695023f884b5 tempest-TestStampPattern-870738171 tempest-TestStampPattern-870738171-project-member] Using url versioning {{(pid=99002) process_request /opt/stack/glance/glance/api/middleware/version_negotiation.py:57}}
Jun 15 01:17:10.481831 np0000002804 devstack@g-api.service[99002]: DEBUG glance.api.middleware.version_negotiation [None req-03a7ed10-3885-4267-ab00-695023f884b5 tempest-TestStampPattern-870738171 tempest-TestStampPattern-870738171-project-member] Matched version: v2 {{(pid=99002) process_request /opt/stack/glance/glance/api/middleware/version_negotiation.py:69}}
Jun 15 01:17:10.482138 np0000002804 devstack@g-api.service[99002]: DEBUG glance.api.middleware.version_negotiation [None req-03a7ed10-3885-4267-ab00-695023f884b5 tempest-TestStampPattern-870738171 tempest-TestStampPattern-870738171-project-member] new path /v2/images/04d35e95-3423-4f20-8e08-9436a155ab4e {{(pid=99002) process_request /opt/stack/glance/glance/api/middleware/version_negotiation.py:70}}
Jun 15 01:17:10.498946 np0000002804 devstack@g-api.service[99002]: [pid: 99002|app: 0|req: 233/465] 127.0.0.1 () {44 vars in 1115 bytes} [Mon Jun 15 01:17:10 2026] GET /v2/images/04d35e95-3423-4f20-8e08-9436a155ab4e => generated 1411 bytes in 18 msecs (HTTP/1.1 200) 4 headers in 158 bytes (1 switches on core 0)
Jun 15 01:17:10.575473 np0000002804 devstack@g-api.service[99003]: DEBUG glance.api.middleware.version_negotiation [None req-03a7ed10-3885-4267-ab00-695023f884b5 tempest-TestStampPattern-870738171 tempest-TestStampPattern-870738171-project-member] Determining version of request: PUT /v2/images/04d35e95-3423-4f20-8e08-9436a155ab4e/file Accept: */* {{(pid=99003) process_request /opt/stack/glance/glance/api/middleware/version_negotiation.py:44}}
Jun 15 01:17:10.575746 np0000002804 devstack@g-api.service[99003]: DEBUG glance.api.middleware.version_negotiation [None req-03a7ed10-3885-4267-ab00-695023f884b5 tempest-TestStampPattern-870738171 tempest-TestStampPattern-870738171-project-member] Using url versioning {{(pid=99003) process_request /opt/stack/glance/glance/api/middleware/version_negotiation.py:57}}
Jun 15 01:17:10.575915 np0000002804 devstack@g-api.service[99003]: DEBUG glance.api.middleware.version_negotiation [None req-03a7ed10-3885-4267-ab00-695023f884b5 tempest-TestStampPattern-870738171 tempest-TestStampPattern-870738171-project-member] Matched version: v2 {{(pid=99003) process_request /opt/stack/glance/glance/api/middleware/version_negotiation.py:69}}
Jun 15 01:17:10.576014 np0000002804 devstack@g-api.service[99003]: DEBUG glance.api.middleware.version_negotiation [None req-03a7ed10-3885-4267-ab00-695023f884b5 tempest-TestStampPattern-870738171 tempest-TestStampPattern-870738171-project-member] new path /v2/images/04d35e95-3423-4f20-8e08-9436a155ab4e/file {{(pid=99003) process_request /opt/stack/glance/glance/api/middleware/version_negotiation.py:70}}
Jun 15 01:17:10.971646 np0000002804 devstack@g-api.service[99002]: DEBUG glance.api.middleware.version_negotiation [None req-03a7ed10-3885-4267-ab00-695023f884b5 tempest-TestStampPattern-870738171 tempest-TestStampPattern-870738171-project-member] Determining version of request: GET /v2/images/04d35e95-3423-4f20-8e08-9436a155ab4e Accept: application/json {{(pid=99002) process_request /opt/stack/glance/glance/api/middleware/version_negotiation.py:44}}
Jun 15 01:17:10.972112 np0000002804 devstack@g-api.service[99002]: DEBUG glance.api.middleware.version_negotiation [None req-03a7ed10-3885-4267-ab00-695023f884b5 tempest-TestStampPattern-870738171 tempest-TestStampPattern-870738171-project-member] Using url versioning {{(pid=99002) process_request /opt/stack/glance/glance/api/middleware/version_negotiation.py:57}}
Jun 15 01:17:10.972112 np0000002804 devstack@g-api.service[99002]: DEBUG glance.api.middleware.version_negotiation [None req-03a7ed10-3885-4267-ab00-695023f884b5 tempest-TestStampPattern-870738171 tempest-TestStampPattern-870738171-project-member] Matched version: v2 {{(pid=99002) process_request /opt/stack/glance/glance/api/middleware/version_negotiation.py:69}}
Jun 15 01:17:10.972285 np0000002804 devstack@g-api.service[99002]: DEBUG glance.api.middleware.version_negotiation [None req-03a7ed10-3885-4267-ab00-695023f884b5 tempest-TestStampPattern-870738171 tempest-TestStampPattern-870738171-project-member] new path /v2/images/04d35e95-3423-4f20-8e08-9436a155ab4e {{(pid=99002) process_request /opt/stack/glance/glance/api/middleware/version_negotiation.py:70}}
Jun 15 01:17:10.997734 np0000002804 devstack@g-api.service[99002]: [pid: 99002|app: 0|req: 234/466] 127.0.0.1 () {40 vars in 838 bytes} [Mon Jun 15 01:17:10 2026] GET /v2/images/04d35e95-3423-4f20-8e08-9436a155ab4e => generated 1411 bytes in 26 msecs (HTTP/1.1 200) 4 headers in 158 bytes (1 switches on core 0)
Jun 15 01:17:11.322950 np0000002804 devstack@g-api.service[99003]: INFO glance.api.v2.image_data [None req-03a7ed10-3885-4267-ab00-695023f884b5 tempest-TestStampPattern-870738171 tempest-TestStampPattern-870738171-project-member] Unable to create trust: no such option collect_timing in group [keystone_authtoken] Use the existing user token.
Jun 15 01:17:12.009648 np0000002804 devstack@g-api.service[99002]: DEBUG glance.api.middleware.version_negotiation [None req-090c0112-16f3-4cd5-a66e-242ee19b851a tempest-TestStampPattern-870738171 tempest-TestStampPattern-870738171-project-member] Determining version of request: GET /v2/images/04d35e95-3423-4f20-8e08-9436a155ab4e Accept: application/json {{(pid=99002) process_request /opt/stack/glance/glance/api/middleware/version_negotiation.py:44}}
Jun 15 01:17:12.010040 np0000002804 devstack@g-api.service[99002]: DEBUG glance.api.middleware.version_negotiation [None req-090c0112-16f3-4cd5-a66e-242ee19b851a tempest-TestStampPattern-870738171 tempest-TestStampPattern-870738171-project-member] Using url versioning {{(pid=99002) process_request /opt/stack/glance/glance/api/middleware/version_negotiation.py:57}}
Jun 15 01:17:12.010155 np0000002804 devstack@g-api.service[99002]: DEBUG glance.api.middleware.version_negotiation [None req-090c0112-16f3-4cd5-a66e-242ee19b851a tempest-TestStampPattern-870738171 tempest-TestStampPattern-870738171-project-member] Matched version: v2 {{(pid=99002) process_request /opt/stack/glance/glance/api/middleware/version_negotiation.py:69}}
Jun 15 01:17:12.010273 np0000002804 devstack@g-api.service[99002]: DEBUG glance.api.middleware.version_negotiation [None req-090c0112-16f3-4cd5-a66e-242ee19b851a tempest-TestStampPattern-870738171 tempest-TestStampPattern-870738171-project-member] new path /v2/images/04d35e95-3423-4f20-8e08-9436a155ab4e {{(pid=99002) process_request /opt/stack/glance/glance/api/middleware/version_negotiation.py:70}}
Jun 15 01:17:12.026895 np0000002804 devstack@g-api.service[99003]: DEBUG glance.location [None req-03a7ed10-3885-4267-ab00-695023f884b5 tempest-TestStampPattern-870738171 tempest-TestStampPattern-870738171-project-member] Enabling in-flight format inspection for qcow2 {{(pid=99003) set_data /opt/stack/glance/glance/location.py:616}}
Jun 15 01:17:12.027669 np0000002804 devstack@g-api.service[99002]: DEBUG dbcounter [-] [99002] Writing DB stats glance:SELECT=167,glance:INSERT=3,glance:UPDATE=77,glance:DELETE=2 {{(pid=99002) stat_writer /opt/stack/data/venv/lib/python3.12/site-packages/dbcounter.py:115}}
Jun 15 01:17:12.030992 np0000002804 devstack@g-api.service[99003]: DEBUG glance_store.backend [None req-03a7ed10-3885-4267-ab00-695023f884b5 tempest-TestStampPattern-870738171 tempest-TestStampPattern-870738171-project-member] Attempting to import store swift {{(pid=99003) _load_store /opt/stack/data/venv/lib/python3.12/site-packages/glance_store/backend.py:215}}
Jun 15 01:17:12.034509 np0000002804 devstack@g-api.service[99003]: DEBUG glance_store.capabilities [None req-03a7ed10-3885-4267-ab00-695023f884b5 tempest-TestStampPattern-870738171 tempest-TestStampPattern-870738171-project-member] Store glance_store._drivers.swift.store.SingleTenantStore doesn't support updating dynamic storage capabilities. Please overwrite 'update_capabilities' method of the store to implement updating logics if needed. {{(pid=99003) update_capabilities /opt/stack/data/venv/lib/python3.12/site-packages/glance_store/capabilities.py:91}}
Jun 15 01:17:12.035771 np0000002804 devstack@g-api.service[99003]: DEBUG glance_store.driver [None req-03a7ed10-3885-4267-ab00-695023f884b5 tempest-TestStampPattern-870738171 tempest-TestStampPattern-870738171-project-member] Late loading location class glance_store._drivers.swift.store.StoreLocation {{(pid=99003) get_store_location_class /opt/stack/data/venv/lib/python3.12/site-packages/glance_store/driver.py:134}}
Jun 15 01:17:12.036066 np0000002804 devstack@g-api.service[99003]: DEBUG glance_store.location [None req-03a7ed10-3885-4267-ab00-695023f884b5 tempest-TestStampPattern-870738171 tempest-TestStampPattern-870738171-project-member] Registering scheme swift+https with {'store': , 'location_class': , 'store_entry': 'swift'} {{(pid=99003) register_scheme_map /opt/stack/data/venv/lib/python3.12/site-packages/glance_store/location.py:146}}
Jun 15 01:17:12.036290 np0000002804 devstack@g-api.service[99003]: DEBUG glance_store.location [None req-03a7ed10-3885-4267-ab00-695023f884b5 tempest-TestStampPattern-870738171 tempest-TestStampPattern-870738171-project-member] Registering scheme swift+https with {'store': , 'location_class': , 'store_entry': 'swift'} {{(pid=99003) register_scheme_map /opt/stack/data/venv/lib/python3.12/site-packages/glance_store/location.py:146}}
Jun 15 01:17:12.036539 np0000002804 devstack@g-api.service[99003]: DEBUG glance_store.location [None req-03a7ed10-3885-4267-ab00-695023f884b5 tempest-TestStampPattern-870738171 tempest-TestStampPattern-870738171-project-member] Registering scheme swift with {'store': , 'location_class': , 'store_entry': 'swift'} {{(pid=99003) register_scheme_map /opt/stack/data/venv/lib/python3.12/site-packages/glance_store/location.py:146}}
Jun 15 01:17:12.037440 np0000002804 devstack@g-api.service[99003]: DEBUG glance_store.location [None req-03a7ed10-3885-4267-ab00-695023f884b5 tempest-TestStampPattern-870738171 tempest-TestStampPattern-870738171-project-member] Registering scheme swift+https with {'store': , 'location_class': , 'store_entry': 'swift'} {{(pid=99003) register_scheme_map /opt/stack/data/venv/lib/python3.12/site-packages/glance_store/location.py:146}}
Jun 15 01:17:12.037440 np0000002804 devstack@g-api.service[99003]: DEBUG glance_store.location [None req-03a7ed10-3885-4267-ab00-695023f884b5 tempest-TestStampPattern-870738171 tempest-TestStampPattern-870738171-project-member] Registering scheme swift with {'store': , 'location_class': , 'store_entry': 'swift'} {{(pid=99003) register_scheme_map /opt/stack/data/venv/lib/python3.12/site-packages/glance_store/location.py:146}}
Jun 15 01:17:12.037440 np0000002804 devstack@g-api.service[99003]: DEBUG glance_store.location [None req-03a7ed10-3885-4267-ab00-695023f884b5 tempest-TestStampPattern-870738171 tempest-TestStampPattern-870738171-project-member] Registering scheme swift+http with {'store': , 'location_class': , 'store_entry': 'swift'} {{(pid=99003) register_scheme_map /opt/stack/data/venv/lib/python3.12/site-packages/glance_store/location.py:146}}
Jun 15 01:17:12.037440 np0000002804 devstack@g-api.service[99003]: DEBUG glance_store.location [None req-03a7ed10-3885-4267-ab00-695023f884b5 tempest-TestStampPattern-870738171 tempest-TestStampPattern-870738171-project-member] Registering scheme swift+https with {'store': , 'location_class': , 'store_entry': 'swift'} {{(pid=99003) register_scheme_map /opt/stack/data/venv/lib/python3.12/site-packages/glance_store/location.py:146}}
Jun 15 01:17:12.038833 np0000002804 devstack@g-api.service[99003]: DEBUG glance_store.location [None req-03a7ed10-3885-4267-ab00-695023f884b5 tempest-TestStampPattern-870738171 tempest-TestStampPattern-870738171-project-member] Registering scheme swift with {'store': , 'location_class': , 'store_entry': 'swift'} {{(pid=99003) register_scheme_map /opt/stack/data/venv/lib/python3.12/site-packages/glance_store/location.py:146}}
Jun 15 01:17:12.039064 np0000002804 devstack@g-api.service[99003]: DEBUG glance_store.location [None req-03a7ed10-3885-4267-ab00-695023f884b5 tempest-TestStampPattern-870738171 tempest-TestStampPattern-870738171-project-member] Registering scheme swift+http with {'store': , 'location_class': , 'store_entry': 'swift'} {{(pid=99003) register_scheme_map /opt/stack/data/venv/lib/python3.12/site-packages/glance_store/location.py:146}}
Jun 15 01:17:12.041116 np0000002804 devstack@g-api.service[99003]: DEBUG glance_store.location [None req-03a7ed10-3885-4267-ab00-695023f884b5 tempest-TestStampPattern-870738171 tempest-TestStampPattern-870738171-project-member] Registering scheme swift+config with {'store': , 'location_class': , 'store_entry': 'swift'} {{(pid=99003) register_scheme_map /opt/stack/data/venv/lib/python3.12/site-packages/glance_store/location.py:146}}
Jun 15 01:17:12.049473 np0000002804 devstack@g-api.service[99002]: [pid: 99002|app: 0|req: 235/467] 127.0.0.1 () {40 vars in 838 bytes} [Mon Jun 15 01:17:12 2026] GET /v2/images/04d35e95-3423-4f20-8e08-9436a155ab4e => generated 1411 bytes in 40 msecs (HTTP/1.1 200) 4 headers in 158 bytes (1 switches on core 0)
Jun 15 01:17:12.342246 np0000002804 devstack@g-api.service[99003]: DEBUG swiftclient [None req-03a7ed10-3885-4267-ab00-695023f884b5 tempest-TestStampPattern-870738171 tempest-TestStampPattern-870738171-project-member] REQ: curl -i https://10.4.3.201:8080/v1/AUTH_496799e28e984347a59cd654340cd44f/glance -I -H "X-Auth-Token: gAAAAABqL1KYQNHQ..." {{(pid=99003) http_log /opt/stack/data/venv/lib/python3.12/site-packages/swiftclient/client.py:160}}
Jun 15 01:17:12.342689 np0000002804 devstack@g-api.service[99003]: DEBUG swiftclient [None req-03a7ed10-3885-4267-ab00-695023f884b5 tempest-TestStampPattern-870738171 tempest-TestStampPattern-870738171-project-member] RESP STATUS: 204 No Content {{(pid=99003) http_log /opt/stack/data/venv/lib/python3.12/site-packages/swiftclient/client.py:161}}
Jun 15 01:17:12.342689 np0000002804 devstack@g-api.service[99003]: DEBUG swiftclient [None req-03a7ed10-3885-4267-ab00-695023f884b5 tempest-TestStampPattern-870738171 tempest-TestStampPattern-870738171-project-member] RESP HEADERS: {'Date': 'Mon, 15 Jun 2026 01:17:12 GMT', 'Server': 'Apache/2.4.58 (Ubuntu)', 'Content-Type': 'text/plain; charset=utf-8', 'X-Container-Object-Count': '5', 'X-Container-Bytes-Used': '87883776', 'X-Timestamp': '1781485590.85440', 'Last-Modified': 'Mon, 15 Jun 2026 01:06:31 GMT', 'Accept-Ranges': 'bytes', 'X-Storage-Policy': 'Policy-0', 'X-Container-Sharding': 'False', 'Vary': 'Accept', 'X-Trans-Id': 'txf1d80bed2e4f459dba931-006a2f5298', 'X-Openstack-Request-Id': 'txf1d80bed2e4f459dba931-006a2f5298', 'Connection': 'close'} {{(pid=99003) http_log /opt/stack/data/venv/lib/python3.12/site-packages/swiftclient/client.py:162}}
Jun 15 01:17:12.343877 np0000002804 devstack@g-api.service[99003]: DEBUG glance_store._drivers.swift.store [None req-03a7ed10-3885-4267-ab00-695023f884b5 tempest-TestStampPattern-870738171 tempest-TestStampPattern-870738171-project-member] Adding image object '04d35e95-3423-4f20-8e08-9436a155ab4e' to Swift {{(pid=99003) add /opt/stack/data/venv/lib/python3.12/site-packages/glance_store/_drivers/swift/store.py:970}}
Jun 15 01:17:12.343877 np0000002804 devstack@g-api.service[99003]: DEBUG glance_store._drivers.swift.store [None req-03a7ed10-3885-4267-ab00-695023f884b5 tempest-TestStampPattern-870738171 tempest-TestStampPattern-870738171-project-member] Cannot determine image size because it is either not provided in the request or chunked-transfer encoding is used. Adding image as a segmented object to Swift. {{(pid=99003) add /opt/stack/data/venv/lib/python3.12/site-packages/glance_store/_drivers/swift/store.py:994}}
Jun 15 01:17:12.351317 np0000002804 devstack@g-api.service[99003]: DEBUG oslo_utils.imageutils.format_inspector [None req-03a7ed10-3885-4267-ab00-695023f884b5 tempest-TestStampPattern-870738171 tempest-TestStampPattern-870738171-project-member] Format inspector for vmdk does not match, excluding from consideration (Signature KDMV not found: b'QFI\xfb') {{(pid=99003) _process_chunk /opt/stack/data/venv/lib/python3.12/site-packages/oslo_utils/imageutils/format_inspector.py:1758}}
Jun 15 01:17:12.354817 np0000002804 devstack@g-api.service[99003]: DEBUG oslo_utils.imageutils.format_inspector [None req-03a7ed10-3885-4267-ab00-695023f884b5 tempest-TestStampPattern-870738171 tempest-TestStampPattern-870738171-project-member] Format inspector for vhdx does not match, excluding from consideration (Region signature not found at 30000) {{(pid=99003) _process_chunk /opt/stack/data/venv/lib/python3.12/site-packages/oslo_utils/imageutils/format_inspector.py:1758}}
Jun 15 01:17:13.026616 np0000002804 devstack@g-api.service[99003]: DEBUG swiftclient [None req-03a7ed10-3885-4267-ab00-695023f884b5 tempest-TestStampPattern-870738171 tempest-TestStampPattern-870738171-project-member] REQ: curl -i https://10.4.3.201:8080/v1/AUTH_496799e28e984347a59cd654340cd44f/glance/04d35e95-3423-4f20-8e08-9436a155ab4e-00001 -X PUT -H "X-Auth-Token: gAAAAABqL1KYQNHQ..." {{(pid=99003) http_log /opt/stack/data/venv/lib/python3.12/site-packages/swiftclient/client.py:160}}
Jun 15 01:17:13.029956 np0000002804 devstack@g-api.service[99003]: DEBUG swiftclient [None req-03a7ed10-3885-4267-ab00-695023f884b5 tempest-TestStampPattern-870738171 tempest-TestStampPattern-870738171-project-member] RESP STATUS: 201 Created {{(pid=99003) http_log /opt/stack/data/venv/lib/python3.12/site-packages/swiftclient/client.py:161}}
Jun 15 01:17:13.030242 np0000002804 devstack@g-api.service[99003]: DEBUG swiftclient [None req-03a7ed10-3885-4267-ab00-695023f884b5 tempest-TestStampPattern-870738171 tempest-TestStampPattern-870738171-project-member] RESP HEADERS: {'Date': 'Mon, 15 Jun 2026 01:17:13 GMT', 'Server': 'Apache/2.4.58 (Ubuntu)', 'Content-Type': 'text/html; charset=UTF-8', 'Content-Length': '0', 'Etag': 'cb493d40c65404d1641efed5f80b3d98', 'Last-Modified': 'Mon, 15 Jun 2026 01:17:13 GMT', 'X-Trans-Id': 'txc73521f5e43a4b2a94cb4-006a2f5298', 'X-Openstack-Request-Id': 'txc73521f5e43a4b2a94cb4-006a2f5298', 'Connection': 'close'} {{(pid=99003) http_log /opt/stack/data/venv/lib/python3.12/site-packages/swiftclient/client.py:162}}
Jun 15 01:17:13.030530 np0000002804 devstack@g-api.service[99003]: DEBUG glance_store._drivers.swift.store [None req-03a7ed10-3885-4267-ab00-695023f884b5 tempest-TestStampPattern-870738171 tempest-TestStampPattern-870738171-project-member] Wrote chunk 04d35e95-3423-4f20-8e08-9436a155ab4e-00001 (1/?) of length 53739520 to Swift returning MD5 of content: cb493d40c65404d1641efed5f80b3d98 {{(pid=99003) add /opt/stack/data/venv/lib/python3.12/site-packages/glance_store/_drivers/swift/store.py:1059}}
Jun 15 01:17:13.030773 np0000002804 devstack@g-api.service[99003]: DEBUG glance_store._drivers.swift.store [None req-03a7ed10-3885-4267-ab00-695023f884b5 tempest-TestStampPattern-870738171 tempest-TestStampPattern-870738171-project-member] Not writing zero-length chunk. {{(pid=99003) add /opt/stack/data/venv/lib/python3.12/site-packages/glance_store/_drivers/swift/store.py:1028}}
Jun 15 01:17:13.059941 np0000002804 devstack@g-api.service[99002]: DEBUG glance.api.middleware.version_negotiation [None req-d00e3444-fcbc-4de8-b689-b78dc487eacf tempest-TestStampPattern-870738171 tempest-TestStampPattern-870738171-project-member] Determining version of request: GET /v2/images/04d35e95-3423-4f20-8e08-9436a155ab4e Accept: application/json {{(pid=99002) process_request /opt/stack/glance/glance/api/middleware/version_negotiation.py:44}}
Jun 15 01:17:13.060305 np0000002804 devstack@g-api.service[99002]: DEBUG glance.api.middleware.version_negotiation [None req-d00e3444-fcbc-4de8-b689-b78dc487eacf tempest-TestStampPattern-870738171 tempest-TestStampPattern-870738171-project-member] Using url versioning {{(pid=99002) process_request /opt/stack/glance/glance/api/middleware/version_negotiation.py:57}}
Jun 15 01:17:13.060305 np0000002804 devstack@g-api.service[99002]: DEBUG glance.api.middleware.version_negotiation [None req-d00e3444-fcbc-4de8-b689-b78dc487eacf tempest-TestStampPattern-870738171 tempest-TestStampPattern-870738171-project-member] Matched version: v2 {{(pid=99002) process_request /opt/stack/glance/glance/api/middleware/version_negotiation.py:69}}
Jun 15 01:17:13.060667 np0000002804 devstack@g-api.service[99002]: DEBUG glance.api.middleware.version_negotiation [None req-d00e3444-fcbc-4de8-b689-b78dc487eacf tempest-TestStampPattern-870738171 tempest-TestStampPattern-870738171-project-member] new path /v2/images/04d35e95-3423-4f20-8e08-9436a155ab4e {{(pid=99002) process_request /opt/stack/glance/glance/api/middleware/version_negotiation.py:70}}
Jun 15 01:17:13.065573 np0000002804 devstack@g-api.service[99003]: DEBUG swiftclient [None req-03a7ed10-3885-4267-ab00-695023f884b5 tempest-TestStampPattern-870738171 tempest-TestStampPattern-870738171-project-member] REQ: curl -i https://10.4.3.201:8080/v1/AUTH_496799e28e984347a59cd654340cd44f/glance/04d35e95-3423-4f20-8e08-9436a155ab4e -X PUT -H "X-Object-Manifest: glance/04d35e95-3423-4f20-8e08-9436a155ab4e-" -H "X-Auth-Token: gAAAAABqL1KYQNHQ..." -H "Content-Length: 0" {{(pid=99003) http_log /opt/stack/data/venv/lib/python3.12/site-packages/swiftclient/client.py:160}}
Jun 15 01:17:13.067011 np0000002804 devstack@g-api.service[99003]: DEBUG swiftclient [None req-03a7ed10-3885-4267-ab00-695023f884b5 tempest-TestStampPattern-870738171 tempest-TestStampPattern-870738171-project-member] RESP STATUS: 201 Created {{(pid=99003) http_log /opt/stack/data/venv/lib/python3.12/site-packages/swiftclient/client.py:161}}
Jun 15 01:17:13.069776 np0000002804 devstack@g-api.service[99003]: DEBUG swiftclient [None req-03a7ed10-3885-4267-ab00-695023f884b5 tempest-TestStampPattern-870738171 tempest-TestStampPattern-870738171-project-member] RESP HEADERS: {'Date': 'Mon, 15 Jun 2026 01:17:13 GMT', 'Server': 'Apache/2.4.58 (Ubuntu)', 'Content-Type': 'text/html; charset=UTF-8', 'Content-Length': '0', 'Etag': 'd41d8cd98f00b204e9800998ecf8427e', 'Last-Modified': 'Mon, 15 Jun 2026 01:17:14 GMT', 'X-Trans-Id': 'txee9fd64fa44f4bdaaad98-006a2f5299', 'X-Openstack-Request-Id': 'txee9fd64fa44f4bdaaad98-006a2f5299', 'Connection': 'close'} {{(pid=99003) http_log /opt/stack/data/venv/lib/python3.12/site-packages/swiftclient/client.py:162}}
Jun 15 01:17:13.069776 np0000002804 devstack@g-api.service[99003]: INFO glance.location [None req-03a7ed10-3885-4267-ab00-695023f884b5 tempest-TestStampPattern-870738171 tempest-TestStampPattern-870738171-project-member] Image format matched and virtual size computed: 1073741824
Jun 15 01:17:13.075052 np0000002804 devstack@g-api.service[99002]: [pid: 99002|app: 0|req: 236/468] 127.0.0.1 () {40 vars in 838 bytes} [Mon Jun 15 01:17:13 2026] GET /v2/images/04d35e95-3423-4f20-8e08-9436a155ab4e => generated 1411 bytes in 15 msecs (HTTP/1.1 200) 4 headers in 158 bytes (1 switches on core 0)
Jun 15 01:17:13.117323 np0000002804 devstack@g-api.service[99003]: DEBUG glance_store.backend [None req-03a7ed10-3885-4267-ab00-695023f884b5 tempest-TestStampPattern-870738171 tempest-TestStampPattern-870738171-project-member] Attempting to import store swift {{(pid=99003) _load_store /opt/stack/data/venv/lib/python3.12/site-packages/glance_store/backend.py:215}}
Jun 15 01:17:13.118936 np0000002804 devstack@g-api.service[99003]: DEBUG glance_store.capabilities [None req-03a7ed10-3885-4267-ab00-695023f884b5 tempest-TestStampPattern-870738171 tempest-TestStampPattern-870738171-project-member] Store glance_store._drivers.swift.store.SingleTenantStore doesn't support updating dynamic storage capabilities. Please overwrite 'update_capabilities' method of the store to implement updating logics if needed. {{(pid=99003) update_capabilities /opt/stack/data/venv/lib/python3.12/site-packages/glance_store/capabilities.py:91}}
Jun 15 01:17:13.118936 np0000002804 devstack@g-api.service[99003]: DEBUG glance_store.driver [None req-03a7ed10-3885-4267-ab00-695023f884b5 tempest-TestStampPattern-870738171 tempest-TestStampPattern-870738171-project-member] Late loading location class glance_store._drivers.swift.store.StoreLocation {{(pid=99003) get_store_location_class /opt/stack/data/venv/lib/python3.12/site-packages/glance_store/driver.py:134}}
Jun 15 01:17:13.118936 np0000002804 devstack@g-api.service[99003]: DEBUG glance_store.location [None req-03a7ed10-3885-4267-ab00-695023f884b5 tempest-TestStampPattern-870738171 tempest-TestStampPattern-870738171-project-member] Registering scheme swift+https with {'store': , 'location_class': , 'store_entry': 'swift'} {{(pid=99003) register_scheme_map /opt/stack/data/venv/lib/python3.12/site-packages/glance_store/location.py:146}}
Jun 15 01:17:13.119193 np0000002804 devstack@g-api.service[99003]: DEBUG glance_store.location [None req-03a7ed10-3885-4267-ab00-695023f884b5 tempest-TestStampPattern-870738171 tempest-TestStampPattern-870738171-project-member] Registering scheme swift+https with {'store': , 'location_class': , 'store_entry': 'swift'} {{(pid=99003) register_scheme_map /opt/stack/data/venv/lib/python3.12/site-packages/glance_store/location.py:146}}
Jun 15 01:17:13.119193 np0000002804 devstack@g-api.service[99003]: DEBUG glance_store.location [None req-03a7ed10-3885-4267-ab00-695023f884b5 tempest-TestStampPattern-870738171 tempest-TestStampPattern-870738171-project-member] Registering scheme swift with {'store': , 'location_class': , 'store_entry': 'swift'} {{(pid=99003) register_scheme_map /opt/stack/data/venv/lib/python3.12/site-packages/glance_store/location.py:146}}
Jun 15 01:17:13.119193 np0000002804 devstack@g-api.service[99003]: DEBUG glance_store.location [None req-03a7ed10-3885-4267-ab00-695023f884b5 tempest-TestStampPattern-870738171 tempest-TestStampPattern-870738171-project-member] Registering scheme swift+https with {'store': , 'location_class': , 'store_entry': 'swift'} {{(pid=99003) register_scheme_map /opt/stack/data/venv/lib/python3.12/site-packages/glance_store/location.py:146}}
Jun 15 01:17:13.119478 np0000002804 devstack@g-api.service[99003]: DEBUG glance_store.location [None req-03a7ed10-3885-4267-ab00-695023f884b5 tempest-TestStampPattern-870738171 tempest-TestStampPattern-870738171-project-member] Registering scheme swift with {'store': , 'location_class': , 'store_entry': 'swift'} {{(pid=99003) register_scheme_map /opt/stack/data/venv/lib/python3.12/site-packages/glance_store/location.py:146}}
Jun 15 01:17:13.119478 np0000002804 devstack@g-api.service[99003]: DEBUG glance_store.location [None req-03a7ed10-3885-4267-ab00-695023f884b5 tempest-TestStampPattern-870738171 tempest-TestStampPattern-870738171-project-member] Registering scheme swift+http with {'store': , 'location_class': , 'store_entry': 'swift'} {{(pid=99003) register_scheme_map /opt/stack/data/venv/lib/python3.12/site-packages/glance_store/location.py:146}}
Jun 15 01:17:13.119478 np0000002804 devstack@g-api.service[99003]: DEBUG glance_store.location [None req-03a7ed10-3885-4267-ab00-695023f884b5 tempest-TestStampPattern-870738171 tempest-TestStampPattern-870738171-project-member] Registering scheme swift+https with {'store': , 'location_class': , 'store_entry': 'swift'} {{(pid=99003) register_scheme_map /opt/stack/data/venv/lib/python3.12/site-packages/glance_store/location.py:146}}
Jun 15 01:17:13.119478 np0000002804 devstack@g-api.service[99003]: DEBUG glance_store.location [None req-03a7ed10-3885-4267-ab00-695023f884b5 tempest-TestStampPattern-870738171 tempest-TestStampPattern-870738171-project-member] Registering scheme swift with {'store': , 'location_class': , 'store_entry': 'swift'} {{(pid=99003) register_scheme_map /opt/stack/data/venv/lib/python3.12/site-packages/glance_store/location.py:146}}
Jun 15 01:17:13.119713 np0000002804 devstack@g-api.service[99003]: DEBUG glance_store.location [None req-03a7ed10-3885-4267-ab00-695023f884b5 tempest-TestStampPattern-870738171 tempest-TestStampPattern-870738171-project-member] Registering scheme swift+http with {'store': , 'location_class': , 'store_entry': 'swift'} {{(pid=99003) register_scheme_map /opt/stack/data/venv/lib/python3.12/site-packages/glance_store/location.py:146}}
