Jun 15 01:08:25.861640 np0000002804 devstack@neutron-api.service[87096]: ERROR neutron.plugins.ml2.managers
File "/opt/stack/data/venv/lib/python3.12/site-packages/sqlalchemy/engine/base.py", line 2362, in _handle_dbapi_exception
Jun 15 01:08:25.861640 np0000002804 devstack@neutron-api.service[87096]: ERROR neutron.plugins.ml2.managers raise newraise.with_traceback(exc_info[2]) from e
Jun 15 01:08:25.861640 np0000002804 devstack@neutron-api.service[87096]: ERROR neutron.plugins.ml2.managers
File "/opt/stack/data/venv/lib/python3.12/site-packages/sqlalchemy/engine/base.py", line 1969, in _exec_single_context
Jun 15 01:08:25.861640 np0000002804 devstack@neutron-api.service[87096]: ERROR neutron.plugins.ml2.managers self.dialect.do_execute(
Jun 15 01:08:25.861640 np0000002804 devstack@neutron-api.service[87096]: ERROR neutron.plugins.ml2.managers
File "/opt/stack/data/venv/lib/python3.12/site-packages/sqlalchemy/engine/default.py", line 952, in do_execute
Jun 15 01:08:25.861640 np0000002804 devstack@neutron-api.service[87096]: ERROR neutron.plugins.ml2.managers cursor.execute(statement, parameters)
Jun 15 01:08:25.861640 np0000002804 devstack@neutron-api.service[87096]: ERROR neutron.plugins.ml2.managers
File "/opt/stack/data/venv/lib/python3.12/site-packages/pymysql/cursors.py", line 159, in execute
Jun 15 01:08:25.861640 np0000002804 devstack@neutron-api.service[87096]: ERROR neutron.plugins.ml2.managers result = self._query(query)
Jun 15 01:08:25.861640 np0000002804 devstack@neutron-api.service[87096]: ERROR neutron.plugins.ml2.managers ^^^^^^^^^^^^^^^^^^
Jun 15 01:08:25.861640 np0000002804 devstack@neutron-api.service[87096]: ERROR neutron.plugins.ml2.managers
File "/opt/stack/data/venv/lib/python3.12/site-packages/pymysql/cursors.py", line 330, in _query
Jun 15 01:08:25.861640 np0000002804 devstack@neutron-api.service[87096]: ERROR neutron.plugins.ml2.managers conn.query(q)
Jun 15 01:08:25.861640 np0000002804 devstack@neutron-api.service[87096]: ERROR neutron.plugins.ml2.managers
File "/opt/stack/data/venv/lib/python3.12/site-packages/pymysql/connections.py", line 582, in query
Jun 15 01:08:25.861640 np0000002804 devstack@neutron-api.service[87096]: ERROR neutron.plugins.ml2.managers self._affected_rows = self._read_query_result(unbuffered=unbuffered)
Jun 15 01:08:25.861640 np0000002804 devstack@neutron-api.service[87096]: ERROR neutron.plugins.ml2.managers ^^^^^^^^^^^^^^^^^^^^^^^^^^^^^^^^^^^^^^^^^^^^^^
Jun 15 01:08:25.861640 np0000002804 devstack@neutron-api.service[87096]: ERROR neutron.plugins.ml2.managers
File "/opt/stack/data/venv/lib/python3.12/site-packages/pymysql/connections.py", line 847, in _read_query_result
Jun 15 01:08:25.861640 np0000002804 devstack@neutron-api.service[87096]: ERROR neutron.plugins.ml2.managers result.read()
Jun 15 01:08:25.861640 np0000002804 devstack@neutron-api.service[87096]: ERROR neutron.plugins.ml2.managers
File "/opt/stack/data/venv/lib/python3.12/site-packages/pymysql/connections.py", line 1245, in read
Jun 15 01:08:25.861640 np0000002804 devstack@neutron-api.service[87096]: ERROR neutron.plugins.ml2.managers first_packet = self.connection._read_packet()
Jun 15 01:08:25.861640 np0000002804 devstack@neutron-api.service[87096]: ERROR neutron.plugins.ml2.managers ^^^^^^^^^^^^^^^^^^^^^^^^^^^^^^
Jun 15 01:08:25.861640 np0000002804 devstack@neutron-api.service[87096]: ERROR neutron.plugins.ml2.managers
File "/opt/stack/data/venv/lib/python3.12/site-packages/pymysql/connections.py", line 803, in _read_packet
Jun 15 01:08:25.861640 np0000002804 devstack@neutron-api.service[87096]: ERROR neutron.plugins.ml2.managers packet.raise_for_error()
Jun 15 01:08:25.861640 np0000002804 devstack@neutron-api.service[87096]: ERROR neutron.plugins.ml2.managers
File "/opt/stack/data/venv/lib/python3.12/site-packages/pymysql/protocol.py", line 219, in raise_for_error
Jun 15 01:08:25.861640 np0000002804 devstack@neutron-api.service[87096]: ERROR neutron.plugins.ml2.managers err.raise_mysql_exception(self._data)
Jun 15 01:08:25.861640 np0000002804 devstack@neutron-api.service[87096]: ERROR neutron.plugins.ml2.managers
File "/opt/stack/data/venv/lib/python3.12/site-packages/pymysql/err.py", line 154, in raise_mysql_exception
Jun 15 01:08:25.861640 np0000002804 devstack@neutron-api.service[87096]: ERROR neutron.plugins.ml2.managers raise errorclass(errno, errval, sqlstate=sqlstate)
Jun 15 01:08:25.861640 np0000002804 devstack@neutron-api.service[87096]: ERROR neutron.plugins.ml2.managers oslo_db.exception.DBDuplicateEntry: (pymysql.err.IntegrityError) (1062, "Duplicate entry '107-L2' for key 'provisioningblocks.PRIMARY'")
Jun 15 01:08:25.861640 np0000002804 devstack@neutron-api.service[87096]: ERROR neutron.plugins.ml2.managers [SQL: INSERT INTO provisioningblocks (standard_attr_id, entity) VALUES (%(standard_attr_id)s, %(entity)s)]
Jun 15 01:08:25.861640 np0000002804 devstack@neutron-api.service[87096]: ERROR neutron.plugins.ml2.managers [parameters: {'standard_attr_id': 107, 'entity': 'L2'}]
Jun 15 01:08:25.861640 np0000002804 devstack@neutron-api.service[87096]: ERROR neutron.plugins.ml2.managers (Background on this error at: https://sqlalche.me/e/20/gkpj)
Jun 15 01:08:25.861640 np0000002804 devstack@neutron-api.service[87096]: ERROR neutron.plugins.ml2.managers
Jun 15 01:08:25.861640 np0000002804 devstack@neutron-api.service[87096]: ERROR neutron.plugins.ml2.managers During handling of the above exception, another exception occurred:
Jun 15 01:08:25.861640 np0000002804 devstack@neutron-api.service[87096]: ERROR neutron.plugins.ml2.managers
Jun 15 01:08:25.863903 np0000002804 devstack@neutron-api.service[87096]: ERROR neutron.plugins.ml2.managers
Traceback (most recent call last):
Jun 15 01:08:25.863903 np0000002804 devstack@neutron-api.service[87096]: ERROR neutron.plugins.ml2.managers
File "/opt/stack/neutron/neutron/plugins/ml2/managers.py", line 545, in _call_on_drivers
Jun 15 01:08:25.863903 np0000002804 devstack@neutron-api.service[87096]: ERROR neutron.plugins.ml2.managers getattr(driver.obj, method_name)(context)
Jun 15 01:08:25.863903 np0000002804 devstack@neutron-api.service[87096]: ERROR neutron.plugins.ml2.managers
File "/opt/stack/neutron/neutron/plugins/ml2/drivers/ovn/mech_driver/mech_driver.py", line 1020, in update_port_precommit
Jun 15 01:08:25.863903 np0000002804 devstack@neutron-api.service[87096]: ERROR neutron.plugins.ml2.managers self._insert_port_provisioning_block(context.plugin_context,
Jun 15 01:08:25.863903 np0000002804 devstack@neutron-api.service[87096]: ERROR neutron.plugins.ml2.managers
File "/opt/stack/neutron/neutron/plugins/ml2/drivers/ovn/mech_driver/mech_driver.py", line 917, in _insert_port_provisioning_block
Jun 15 01:08:25.863903 np0000002804 devstack@neutron-api.service[87096]: ERROR neutron.plugins.ml2.managers provisioning_blocks.add_provisioning_component(
Jun 15 01:08:25.863903 np0000002804 devstack@neutron-api.service[87096]: ERROR neutron.plugins.ml2.managers
File "/opt/stack/data/venv/lib/python3.12/site-packages/neutron_lib/db/api.py", line 221, in wrapped
Jun 15 01:08:25.863903 np0000002804 devstack@neutron-api.service[87096]: ERROR neutron.plugins.ml2.managers return f(*args, **kwargs)
Jun 15 01:08:25.863903 np0000002804 devstack@neutron-api.service[87096]: ERROR neutron.plugins.ml2.managers ^^^^^^^^^^^^^^^^^^
Jun 15 01:08:25.863903 np0000002804 devstack@neutron-api.service[87096]: ERROR neutron.plugins.ml2.managers
File "/opt/stack/data/venv/lib/python3.12/site-packages/oslo_db/sqlalchemy/enginefacade.py", line 1159, in wrapper
Jun 15 01:08:25.863903 np0000002804 devstack@neutron-api.service[87096]: ERROR neutron.plugins.ml2.managers return fn(*args, **kwargs)
Jun 15 01:08:25.863903 np0000002804 devstack@neutron-api.service[87096]: ERROR neutron.plugins.ml2.managers ^^^^^^^^^^^^^^^^^^^
Jun 15 01:08:25.863903 np0000002804 devstack@neutron-api.service[87096]: ERROR neutron.plugins.ml2.managers
File "/opt/stack/neutron/neutron/db/provisioning_blocks.py", line 73, in add_provisioning_component
Jun 15 01:08:25.863903 np0000002804 devstack@neutron-api.service[87096]: ERROR neutron.plugins.ml2.managers context, standard_attr_id=standard_attr_id, entity=entity).create()
Jun 15 01:08:25.863903 np0000002804 devstack@neutron-api.service[87096]: ERROR neutron.plugins.ml2.managers ^^^^^^^^
Jun 15 01:08:25.863903 np0000002804 devstack@neutron-api.service[87096]: ERROR neutron.plugins.ml2.managers
File "/opt/stack/neutron/neutron/objects/base.py", line 372, in decorator
Jun 15 01:08:25.863903 np0000002804 devstack@neutron-api.service[87096]: ERROR neutron.plugins.ml2.managers return func(self, *args, **kwargs)
Jun 15 01:08:25.863903 np0000002804 devstack@neutron-api.service[87096]: ERROR neutron.plugins.ml2.managers ^^^^^^^^^^^^^^^^^^^^^^^^^^^
Jun 15 01:08:25.863903 np0000002804 devstack@neutron-api.service[87096]: ERROR neutron.plugins.ml2.managers
File "/opt/stack/neutron/neutron/objects/base.py", line 901, in create
Jun 15 01:08:25.863903 np0000002804 devstack@neutron-api.service[87096]: ERROR neutron.plugins.ml2.managers raise o_exc.NeutronDbObjectDuplicateEntry(
Jun 15 01:08:25.863903 np0000002804 devstack@neutron-api.service[87096]: ERROR neutron.plugins.ml2.managers neutron_lib.objects.exceptions.NeutronDbObjectDuplicateEntry: Failed to create a duplicate ProvisioningBlock: for attribute(s) ['provisioningblocks.PRIMARY'] with value(s) 107-L2
Jun 15 01:08:25.863903 np0000002804 devstack@neutron-api.service[87096]: ERROR neutron.plugins.ml2.managers
Jun 15 01:08:25.864766 np0000002804 devstack@neutron-api.service[87095]: INFO neutron.plugins.ml2.drivers.ovn.mech_driver.ovsdb.ovsdb_monitor [None req-bb00f591-1d43-4bc3-869b-6cf74c6ceb09 None None] Router 18cb2577-34f9-4604-a6d8-b61db17de6a1 is bound to host np0000002804
Jun 15 01:08:25.864820 np0000002804 devstack@neutron-api.service[87096]: DEBUG neutron_lib.callbacks.manager [None req-5f94179b-76cd-4560-80e2-a8993739fbf9 admin admin] Publish callbacks ['neutron.services.ovn_l3.service_providers.ovn.OvnDriver._process_router_create-105635'] for router (13f1ea24-3683-4bfc-a1cc-a62931a83c1e), after_create {{(pid=87096) _notify_loop /opt/stack/data/venv/lib/python3.12/site-packages/neutron_lib/callbacks/manager.py:184}}
Jun 15 01:08:25.864820 np0000002804 devstack@neutron-api.service[87096]: DEBUG neutron_lib.db.api [None req-540627a4-bdc5-4fc6-ab41-11b3f2be05bf None None] Retry wrapper got retriable exception: Failed to create a duplicate ProvisioningBlock: for attribute(s) ['provisioningblocks.PRIMARY'] with value(s) 107-L2 {{(pid=87096) wrapped /opt/stack/data/venv/lib/python3.12/site-packages/neutron_lib/db/api.py:185}}
Jun 15 01:08:25.864820 np0000002804 devstack@neutron-api.service[87096]: DEBUG oslo_db.api [None req-540627a4-bdc5-4fc6-ab41-11b3f2be05bf None None] Performing DB retry for function neutron.plugins.ml2.plugin.Ml2Plugin.update_port {{(pid=87096) wrapper /opt/stack/data/venv/lib/python3.12/site-packages/oslo_db/api.py:155}}
Jun 15 01:08:25.866131 np0000002804 devstack@neutron-api.service[87095]: DEBUG neutron_lib.callbacks.manager [None req-11975819-44b0-4733-a7bf-777321462ea2 admin admin] Publish callbacks ['neutron.plugins.ml2.drivers.ovn.mech_driver.mech_driver.OVNMechanismDriver._validate_allowed_address_pairs-8382997'] for allowed_address_pair (55131788-432d-4bdd-8772-f13ab73ea383), before_create {{(pid=87095) _notify_loop /opt/stack/data/venv/lib/python3.12/site-packages/neutron_lib/callbacks/manager.py:184}}
Jun 15 01:08:25.866783 np0000002804 devstack@neutron-api.service[87095]: DEBUG neutron_lib.callbacks.manager [None req-11975819-44b0-4733-a7bf-777321462ea2 admin admin] Publish callbacks [] for port (55131788-432d-4bdd-8772-f13ab73ea383), precommit_create {{(pid=87095) _notify_loop /opt/stack/data/venv/lib/python3.12/site-packages/neutron_lib/callbacks/manager.py:184}}
Jun 15 01:08:25.867086 np0000002804 devstack@neutron-api.service[87095]: DEBUG neutron.plugins.ml2.drivers.ovn.mech_driver.mech_driver [None req-11975819-44b0-4733-a7bf-777321462ea2 admin admin] No provisioning block for port 55131788-432d-4bdd-8772-f13ab73ea383 since it does not have a host {{(pid=87095) _is_port_provisioning_required /opt/stack/neutron/neutron/plugins/ml2/drivers/ovn/mech_driver/mech_driver.py:896}}
Jun 15 01:08:25.867204 np0000002804 devstack@neutron-api.service[87095]: DEBUG neutron.db.ovn_revision_numbers_db [None req-11975819-44b0-4733-a7bf-777321462ea2 admin admin] create_initial_revision uuid=55131788-432d-4bdd-8772-f13ab73ea383, type=ports, rev=-1 {{(pid=87095) create_initial_revision /opt/stack/neutron/neutron/db/ovn_revision_numbers_db.py:98}}
Jun 15 01:08:25.910967 np0000002804 devstack@neutron-api.service[87095]: DEBUG neutron.db.ovn_revision_numbers_db [None req-11975819-44b0-4733-a7bf-777321462ea2 admin admin] create_initial_revision uuid=55131788-432d-4bdd-8772-f13ab73ea383, type=router_ports, rev=-1 {{(pid=87095) create_initial_revision /opt/stack/neutron/neutron/db/ovn_revision_numbers_db.py:98}}
Jun 15 01:08:25.975309 np0000002804 devstack@neutron-api.service[87095]: DEBUG neutron_lib.callbacks.manager [None req-bb00f591-1d43-4bc3-869b-6cf74c6ceb09 None None] Publish callbacks ['neutron.plugins.ml2.plugin.SecurityGroupDbMixin._ensure_default_security_group_handler-16919', 'neutron.services.ovn_l3.plugin.OVNL3RouterPlugin._port_update-8541116152022', 'neutron.db.l3_db.L3_NAT_dbonly_mixin._prevent_internal_ip_change_for_fip-8541117268552'] for port (ab452df3-1d3e-4da0-89a9-e508e86b0797), before_update {{(pid=87095) _notify_loop /opt/stack/data/venv/lib/python3.12/site-packages/neutron_lib/callbacks/manager.py:184}}
Jun 15 01:08:25.994385 np0000002804 devstack@neutron-api.service[87095]: DEBUG ovsdbapp.backend.ovs_idl.transaction [None req-a9536c36-2eb8-455e-9e69-2f004be975c2 None None] Running txn n=1 command(idx=0): DbSetCommand(_result=None, table=Logical_Switch_Port, record=0bf2536c-154c-4b28-95a7-f839a5d09e13, col_values=(('external_ids', {'neutron:host_id': 'np0000002804'}),), if_exists=True) {{(pid=87095) do_commit /opt/stack/data/venv/lib/python3.12/site-packages/ovsdbapp/backend/ovs_idl/transaction.py:89}}
Jun 15 01:08:25.994989 np0000002804 devstack@neutron-api.service[87095]: DEBUG neutron_lib.callbacks.manager [None req-11975819-44b0-4733-a7bf-777321462ea2 admin admin] Publish callbacks ['neutron.plugins.ml2.ovo_rpc._ObjectChangeHandler.handle_event-7773179'] for port (55131788-432d-4bdd-8772-f13ab73ea383), after_create {{(pid=87095) _notify_loop /opt/stack/data/venv/lib/python3.12/site-packages/neutron_lib/callbacks/manager.py:184}}
Jun 15 01:08:25.996069 np0000002804 devstack@neutron-api.service[87095]: DEBUG ovsdbapp.backend.ovs_idl.transaction [None req-a9536c36-2eb8-455e-9e69-2f004be975c2 None None] Transaction caused no change {{(pid=87095) do_commit /opt/stack/data/venv/lib/python3.12/site-packages/ovsdbapp/backend/ovs_idl/transaction.py:129}}
Jun 15 01:08:25.996450 np0000002804 devstack@neutron-api.service[87095]: INFO neutron.plugins.ml2.drivers.ovn.mech_driver.mech_driver [None req-dd193618-fc52-4a00-b2da-3d835f1f960d None None] OVN reports status up for port: ab452df3-1d3e-4da0-89a9-e508e86b0797
Jun 15 01:08:26.027486 np0000002804 devstack@neutron-api.service[87095]: DEBUG neutron.db.provisioning_blocks [None req-dd193618-fc52-4a00-b2da-3d835f1f960d None None] Provisioning for port ab452df3-1d3e-4da0-89a9-e508e86b0797 completed by entity L2. {{(pid=87095) provisioning_complete /opt/stack/neutron/neutron/db/provisioning_blocks.py:133}}
Jun 15 01:08:26.035077 np0000002804 devstack@neutron-api.service[87095]: DEBUG neutron.db.provisioning_blocks [None req-dd193618-fc52-4a00-b2da-3d835f1f960d None None] Provisioning complete for port ab452df3-1d3e-4da0-89a9-e508e86b0797 triggered by entity L2. {{(pid=87095) provisioning_complete /opt/stack/neutron/neutron/db/provisioning_blocks.py:141}}
Jun 15 01:08:26.036155 np0000002804 devstack@neutron-api.service[87095]: DEBUG neutron_lib.callbacks.manager [None req-dd193618-fc52-4a00-b2da-3d835f1f960d None None] Publish callbacks ['neutron.plugins.ml2.plugin.Ml2Plugin._port_provisioned-290873'] for port (ab452df3-1d3e-4da0-89a9-e508e86b0797), provisioning_complete {{(pid=87095) _notify_loop /opt/stack/data/venv/lib/python3.12/site-packages/neutron_lib/callbacks/manager.py:184}}
Jun 15 01:08:26.036312 np0000002804 devstack@neutron-api.service[87095]: INFO neutron.plugins.ml2.plugin [None req-dd193618-fc52-4a00-b2da-3d835f1f960d None None] Attempt 1 to provision port ab452df3-1d3e-4da0-89a9-e508e86b0797
Jun 15 01:08:26.037514 np0000002804 devstack@neutron-api.service[87095]: DEBUG neutron.api.rpc.handlers.resources_rpc [None req-11975819-44b0-4733-a7bf-777321462ea2 admin admin] Pushing event updated for resources: {'Port': ['ID=55131788-432d-4bdd-8772-f13ab73ea383,revision_number=1']} {{(pid=87095) push /opt/stack/neutron/neutron/api/rpc/handlers/resources_rpc.py:237}}
Jun 15 01:08:26.088326 np0000002804 devstack@neutron-api.service[87095]: DEBUG neutron.plugins.ml2.plugin [None req-dd193618-fc52-4a00-b2da-3d835f1f960d None None] Port ab452df3-1d3e-4da0-89a9-e508e86b0797 cannot update to ACTIVE because it is not bound. {{(pid=87095) _port_provisioned /opt/stack/neutron/neutron/plugins/ml2/plugin.py:390}}
Jun 15 01:08:26.115474 np0000002804 devstack@neutron-api.service[87095]: DEBUG neutron.plugins.ml2.drivers.ovn.mech_driver.ovsdb.commands [None req-11975819-44b0-4733-a7bf-777321462ea2 admin admin] Converting tag [] to a tag_request {{(pid=87095) _tag_column_to_tag_request /opt/stack/neutron/neutron/plugins/ml2/drivers/ovn/mech_driver/ovsdb/commands.py:205}}
Jun 15 01:08:26.120613 np0000002804 devstack@neutron-api.service[87095]: DEBUG ovsdbapp.backend.ovs_idl.transaction [None req-a9536c36-2eb8-455e-9e69-2f004be975c2 None None] Running txn n=1 command(idx=0): AddLSwitchPortCommand(_result=None, lport=55131788-432d-4bdd-8772-f13ab73ea383, lswitch=neutron-dc985728-3e2e-4589-a5c5-3b7e1081a491, may_exist=True, network_uuid=dc985728-3e2e-4589-a5c5-3b7e1081a491, columns={'addresses': ['unknown'], 'external_ids': {'neutron:port_name': '', 'neutron:device_id': '10b49780-f25a-44a5-89bf-c0fcc7f17b21', 'neutron:project_id': '', 'neutron:cidrs': '172.24.5.82/24 2001:db8::7c/64', 'neutron:device_owner': 'network:router_gateway', 'neutron:subnet_pool_addr_scope4': '', 'neutron:subnet_pool_addr_scope6': '', 'neutron:network_name': 'neutron-dc985728-3e2e-4589-a5c5-3b7e1081a491', 'neutron:security_group_ids': '', 'neutron:revision_number': '1', 'neutron:vnic_type': 'normal', 'neutron:port_capabilities': '', 'neutron:mtu': ''}, 'parent_name': [], 'enabled': True, 'options': {}, 'type': '', 'port_security': [], 'dhcpv4_options': [], 'dhcpv6_options': [], 'tag_request': []}) {{(pid=87095) do_commit /opt/stack/data/venv/lib/python3.12/site-packages/ovsdbapp/backend/ovs_idl/transaction.py:89}}
Jun 15 01:08:26.122198 np0000002804 devstack@neutron-api.service[87095]: DEBUG ovsdbapp.backend.ovs_idl.transaction [None req-a9536c36-2eb8-455e-9e69-2f004be975c2 None None] Running txn n=1 command(idx=1): QoSDelCommand(_result=None, switch=neutron-dc985728-3e2e-4589-a5c5-3b7e1081a491, conditions=[('direction', '=', 'to-lport'), ('priority', '=', 2002), ('match', '=', 'outport == "55131788-432d-4bdd-8772-f13ab73ea383"')], if_exists=True) {{(pid=87095) do_commit /opt/stack/data/venv/lib/python3.12/site-packages/ovsdbapp/backend/ovs_idl/transaction.py:89}}
Jun 15 01:08:26.122198 np0000002804 devstack@neutron-api.service[87095]: DEBUG ovsdbapp.backend.ovs_idl.transaction [None req-a9536c36-2eb8-455e-9e69-2f004be975c2 None None] Running txn n=1 command(idx=2): QoSDelCommand(_result=None, switch=neutron-dc985728-3e2e-4589-a5c5-3b7e1081a491, conditions=[('direction', '=', 'from-lport'), ('priority', '=', 2002), ('match', '=', 'inport == "55131788-432d-4bdd-8772-f13ab73ea383"')], if_exists=True) {{(pid=87095) do_commit /opt/stack/data/venv/lib/python3.12/site-packages/ovsdbapp/backend/ovs_idl/transaction.py:89}}
Jun 15 01:08:26.122335 np0000002804 devstack@neutron-api.service[87095]: DEBUG ovsdbapp.backend.ovs_idl.transaction [None req-a9536c36-2eb8-455e-9e69-2f004be975c2 None None] Running txn n=1 command(idx=3): UpdateLSwitchPortQosOptionsCommand(_result=None, lport=AddLSwitchPortCommand(_result=973b5d6c-d700-4527-8e15-f25ad334501d, lport=55131788-432d-4bdd-8772-f13ab73ea383, lswitch=neutron-dc985728-3e2e-4589-a5c5-3b7e1081a491, may_exist=True, network_uuid=dc985728-3e2e-4589-a5c5-3b7e1081a491, columns={'addresses': ['unknown'], 'external_ids': {'neutron:port_name': '', 'neutron:device_id': '10b49780-f25a-44a5-89bf-c0fcc7f17b21', 'neutron:project_id': '', 'neutron:cidrs': '172.24.5.82/24 2001:db8::7c/64', 'neutron:device_owner': 'network:router_gateway', 'neutron:subnet_pool_addr_scope4': '', 'neutron:subnet_pool_addr_scope6': '', 'neutron:network_name': 'neutron-dc985728-3e2e-4589-a5c5-3b7e1081a491', 'neutron:security_group_ids': '', 'neutron:revision_number': '1', 'neutron:vnic_type': 'normal', 'neutron:port_capabilities': '', 'neutron:mtu': ''}, 'parent_name': [], 'enabled': True, 'options': {}, 'type': '', 'port_security': [], 'tag_request': []}), if_exists=True, qos={'qos_max_rate': None, 'qos_burst': None, 'qos_min_rate': None}) {{(pid=87095) do_commit /opt/stack/data/venv/lib/python3.12/site-packages/ovsdbapp/backend/ovs_idl/transaction.py:89}}
Jun 15 01:08:26.137900 np0000002804 devstack@neutron-api.service[87095]: DEBUG neutron.plugins.ml2.drivers.ovn.mech_driver.ovsdb.ovsdb_monitor [None req-a9536c36-2eb8-455e-9e69-2f004be975c2 None None] Touching Hash Ring node "d56d4b3be92b558eae3d241f4aff947d" from IDL notify handler {{(pid=87095) notify /opt/stack/neutron/neutron/plugins/ml2/drivers/ovn/mech_driver/ovsdb/ovsdb_monitor.py:1007}}
Jun 15 01:08:26.139688 np0000002804 devstack@neutron-api.service[87095]: DEBUG neutron.plugins.ml2.drivers.ovn.mech_driver.ovsdb.ovsdb_monitor [None req-e044089c-3c0e-4d04-be91-451654404fe4 None None] Touching Hash Ring node "d56d4b3be92b558eae3d241f4aff947d" from IDL notify handler {{(pid=87095) notify /opt/stack/neutron/neutron/plugins/ml2/drivers/ovn/mech_driver/ovsdb/ovsdb_monitor.py:1007}}
Jun 15 01:08:26.147133 np0000002804 devstack@neutron-api.service[87096]: DEBUG ovsdbapp.backend.ovs_idl.transaction [None req-d327ca6d-509c-44ed-adba-f33eac2060d2 None None] Running txn n=1 command(idx=0): LrAddCommand(_result=None, router=neutron-13f1ea24-3683-4bfc-a1cc-a62931a83c1e, may_exist=True, columns={'external_ids': {'neutron:router_name': 'tempest-TaggedAttachmentsTest-603527404-router', 'neutron:revision_number': '2', 'neutron:availability_zone_hints': ''}, 'enabled': True, 'options': {'always_learn_from_arp_request': 'false', 'dynamic_neigh_routers': 'true', 'mac_binding_age_threshold': '300'}}) {{(pid=87096) do_commit /opt/stack/data/venv/lib/python3.12/site-packages/ovsdbapp/backend/ovs_idl/transaction.py:89}}
Jun 15 01:08:26.147514 np0000002804 devstack@neutron-api.service[87096]: DEBUG ovsdbapp.backend.ovs_idl.transaction [None req-d327ca6d-509c-44ed-adba-f33eac2060d2 None None] Running txn n=1 command(idx=1): AddLRouterPortCommand(_result=None, name=lrp-b6b69b73-caed-447b-a59a-f6363371ce36, lrouter=neutron-13f1ea24-3683-4bfc-a1cc-a62931a83c1e, may_exist=True, columns={'mac': 'fa:16:3e:79:82:c2', 'networks': ['2001:db8::2f6/64', '172.24.5.76/24'], 'external_ids': {'neutron:revision_number': '1', 'neutron:subnet_ids': '331d2206-b35a-49bb-b5e1-69fd9e71826c 0310555a-8cac-494f-bae3-dd0c2b666e0b', 'neutron:network_name': 'neutron-dc985728-3e2e-4589-a5c5-3b7e1081a491', 'neutron:is_ext_gw': 'True', 'neutron:router_name': 'neutron-13f1ea24-3683-4bfc-a1cc-a62931a83c1e'}, 'options': {'reside-on-redirect-chassis': 'true', 'gateway_mtu': '1430'}}) {{(pid=87096) do_commit /opt/stack/data/venv/lib/python3.12/site-packages/ovsdbapp/backend/ovs_idl/transaction.py:89}}
Jun 15 01:08:26.147823 np0000002804 devstack@neutron-api.service[87096]: DEBUG ovsdbapp.backend.ovs_idl.transaction [None req-d327ca6d-509c-44ed-adba-f33eac2060d2 None None] Running txn n=1 command(idx=2): ScheduleNewGatewayCommand(_result=None, g_name=lrp-b6b69b73-caed-447b-a59a-f6363371ce36, sb_api=, lrouter_name=neutron-13f1ea24-3683-4bfc-a1cc-a62931a83c1e, ovn_client=, scheduler=, physnet=public, az_hints=[]) {{(pid=87096) do_commit /opt/stack/data/venv/lib/python3.12/site-packages/ovsdbapp/backend/ovs_idl/transaction.py:89}}
Jun 15 01:08:26.148337 np0000002804 devstack@neutron-api.service[87096]: DEBUG neutron.plugins.ml2.drivers.ovn.mech_driver.ovsdb.ovn_client [None req-d327ca6d-509c-44ed-adba-f33eac2060d2 None None] Chassis candidates for scheduling gateway router ports for "public" physical network: ['18b1bf5b-6ea1-46d9-8c05-ffb7d8a41764'] {{(pid=87096) get_candidates_for_scheduling /opt/stack/neutron/neutron/plugins/ml2/drivers/ovn/mech_driver/ovsdb/ovn_client.py:1750}}
Jun 15 01:08:26.148733 np0000002804 devstack@neutron-api.service[87095]: DEBUG neutron.plugins.ml2.drivers.ovn.mech_driver.ovsdb.ovsdb_monitor [None req-e044089c-3c0e-4d04-be91-451654404fe4 None None] Hash Ring: Node d56d4b3be92b558eae3d241f4aff947d (host: np0000002804) handling event "create" for row f2f97232-17fe-4337-a008-ca89c2f77a0f (table: Port_Binding) {{(pid=87095) notify /opt/stack/neutron/neutron/plugins/ml2/drivers/ovn/mech_driver/ovsdb/ovsdb_monitor.py:1015}}
Jun 15 01:08:26.148872 np0000002804 devstack@neutron-api.service[87096]: DEBUG neutron.scheduler.l3_ovn_scheduler [None req-d327ca6d-509c-44ed-adba-f33eac2060d2 None None] Gateway lrp-b6b69b73-caed-447b-a59a-f6363371ce36 scheduled on chassis ['18b1bf5b-6ea1-46d9-8c05-ffb7d8a41764'] {{(pid=87096) _schedule_gateway /opt/stack/neutron/neutron/scheduler/l3_ovn_scheduler.py:88}}
Jun 15 01:08:26.149171 np0000002804 devstack@neutron-api.service[87096]: DEBUG ovsdbapp.backend.ovs_idl.transaction [None req-d327ca6d-509c-44ed-adba-f33eac2060d2 None None] Running txn n=1 command(idx=3): SetLRouterPortInLSwitchPortCommand(_result=None, lswitch_port=b6b69b73-caed-447b-a59a-f6363371ce36, lrouter_port=lrp-b6b69b73-caed-447b-a59a-f6363371ce36, is_gw_port=True, if_exists=True, lsp_address=router) {{(pid=87096) do_commit /opt/stack/data/venv/lib/python3.12/site-packages/ovsdbapp/backend/ovs_idl/transaction.py:89}}
Jun 15 01:08:26.149379 np0000002804 devstack@neutron-api.service[87096]: DEBUG ovsdbapp.backend.ovs_idl.transaction [None req-d327ca6d-509c-44ed-adba-f33eac2060d2 None None] Running txn n=1 command(idx=4): AddStaticRouteCommand(_result=None, lrouter=neutron-13f1ea24-3683-4bfc-a1cc-a62931a83c1e, maintain_bfd=False, columns={'ip_prefix': '0.0.0.0/0', 'nexthop': '172.24.5.1', 'external_ids': {'neutron:is_ext_gw': 'true', 'neutron:subnet_id': '331d2206-b35a-49bb-b5e1-69fd9e71826c', 'neutron:is_static_route': 'true'}}) {{(pid=87096) do_commit /opt/stack/data/venv/lib/python3.12/site-packages/ovsdbapp/backend/ovs_idl/transaction.py:89}}
Jun 15 01:08:26.149451 np0000002804 devstack@neutron-api.service[87095]: DEBUG neutron.plugins.ml2.drivers.ovn.mech_driver.ovsdb.ovsdb_monitor [None req-a9536c36-2eb8-455e-9e69-2f004be975c2 None None] Hash Ring: Node d56d4b3be92b558eae3d241f4aff947d (host: np0000002804) handling event "update" for row dc985728-3e2e-4589-a5c5-3b7e1081a491 (table: Logical_Switch) {{(pid=87095) notify /opt/stack/neutron/neutron/plugins/ml2/drivers/ovn/mech_driver/ovsdb/ovsdb_monitor.py:1015}}
Jun 15 01:08:26.149566 np0000002804 devstack@neutron-api.service[87096]: DEBUG ovsdbapp.backend.ovs_idl.transaction [None req-d327ca6d-509c-44ed-adba-f33eac2060d2 None None] Running txn n=1 command(idx=5): AddStaticRouteCommand(_result=None, lrouter=neutron-13f1ea24-3683-4bfc-a1cc-a62931a83c1e, maintain_bfd=False, columns={'ip_prefix': '::/0', 'nexthop': '2001:db8::2', 'external_ids': {'neutron:is_ext_gw': 'true', 'neutron:subnet_id': '0310555a-8cac-494f-bae3-dd0c2b666e0b', 'neutron:is_static_route': 'true'}}) {{(pid=87096) do_commit /opt/stack/data/venv/lib/python3.12/site-packages/ovsdbapp/backend/ovs_idl/transaction.py:89}}
Jun 15 01:08:26.149820 np0000002804 devstack@neutron-api.service[87096]: DEBUG ovsdbapp.backend.ovs_idl.transaction [None req-d327ca6d-509c-44ed-adba-f33eac2060d2 None None] Running txn n=1 command(idx=6): QoSDelCommand(_result=None, switch=neutron-dc985728-3e2e-4589-a5c5-3b7e1081a491, conditions=[('direction', '=', 'from-lport'), ('priority', '=', 2002), ('match', '=', 'inport == "b6b69b73-caed-447b-a59a-f6363371ce36"')], if_exists=True) {{(pid=87096) do_commit /opt/stack/data/venv/lib/python3.12/site-packages/ovsdbapp/backend/ovs_idl/transaction.py:89}}
Jun 15 01:08:26.151335 np0000002804 devstack@neutron-api.service[87096]: DEBUG ovsdbapp.backend.ovs_idl.transaction [None req-d327ca6d-509c-44ed-adba-f33eac2060d2 None None] Running txn n=1 command(idx=7): QoSDelCommand(_result=None, switch=neutron-dc985728-3e2e-4589-a5c5-3b7e1081a491, conditions=[('direction', '=', 'to-lport'), ('priority', '=', 2002), ('match', '=', 'outport == "b6b69b73-caed-447b-a59a-f6363371ce36"')], if_exists=True) {{(pid=87096) do_commit /opt/stack/data/venv/lib/python3.12/site-packages/ovsdbapp/backend/ovs_idl/transaction.py:89}}
Jun 15 01:08:26.152957 np0000002804 devstack@neutron-api.service[87095]: DEBUG neutron.plugins.ml2.drivers.ovn.mech_driver.ovsdb.ovsdb_monitor [None req-a9536c36-2eb8-455e-9e69-2f004be975c2 None None] Touching Hash Ring node "d56d4b3be92b558eae3d241f4aff947d" from IDL notify handler {{(pid=87095) notify /opt/stack/neutron/neutron/plugins/ml2/drivers/ovn/mech_driver/ovsdb/ovsdb_monitor.py:1007}}
Jun 15 01:08:26.155561 np0000002804 devstack@neutron-api.service[87095]: DEBUG neutron.plugins.ml2.drivers.ovn.mech_driver.ovsdb.ovsdb_monitor [None req-a9536c36-2eb8-455e-9e69-2f004be975c2 None None] Hash Ring: Node d56d4b3be92b558eae3d241f4aff947d (host: np0000002804) handling event "create" for row 7c640c9d-f44c-4b5c-9aad-9cabe0887ff1 (table: Logical_Switch_Port) {{(pid=87095) notify /opt/stack/neutron/neutron/plugins/ml2/drivers/ovn/mech_driver/ovsdb/ovsdb_monitor.py:1015}}
Jun 15 01:08:26.155875 np0000002804 devstack@neutron-api.service[87096]: DEBUG neutron.plugins.ml2.drivers.ovn.mech_driver.ovsdb.ovsdb_monitor [None req-d327ca6d-509c-44ed-adba-f33eac2060d2 None None] Touching Hash Ring node "951bf505d5a85d2f8b5ca50a0038a93d" from IDL notify handler {{(pid=87096) notify /opt/stack/neutron/neutron/plugins/ml2/drivers/ovn/mech_driver/ovsdb/ovsdb_monitor.py:1007}}
Jun 15 01:08:26.156500 np0000002804 devstack@neutron-api.service[87095]: DEBUG ovsdbapp.backend.ovs_idl.event [None req-a9536c36-2eb8-455e-9e69-2f004be975c2 None None] Matched CREATE: LogicalSwitchPortCreateEvent(events=('create',), table='Logical_Switch_Port', conditions=[], old_conditions=None), priority=20 to row=Logical_Switch_Port(uuid=7c640c9d-f44c-4b5c-9aad-9cabe0887ff1, addresses=['unknown'], dhcpv4_options=[], dhcpv6_options=[], dynamic_addresses=[], enabled=True, external_ids={'neutron:cidrs': '172.24.5.82/24 2001:db8::7c/64', 'neutron:device_id': '10b49780-f25a-44a5-89bf-c0fcc7f17b21', 'neutron:device_owner': 'network:router_gateway', 'neutron:mtu': '', 'neutron:network_name': 'neutron-dc985728-3e2e-4589-a5c5-3b7e1081a491', 'neutron:port_capabilities': '', 'neutron:port_name': '', 'neutron:project_id': '', 'neutron:revision_number': '1', 'neutron:security_group_ids': '', 'neutron:subnet_pool_addr_scope4': '', 'neutron:subnet_pool_addr_scope6': '', 'neutron:vnic_type': 'normal'}, ha_chassis_group=[], mirror_rules=[], name='55131788-432d-4bdd-8772-f13ab73ea383', options={}, parent_name=[], port_security=[], tag=[], tag_request=[], type='', up=[]) old= {{(pid=87095) matches /opt/stack/data/venv/lib/python3.12/site-packages/ovsdbapp/backend/ovs_idl/event.py:55}}
Jun 15 01:08:26.160473 np0000002804 devstack@neutron-api.service[87095]: DEBUG neutron.plugins.ml2.drivers.ovn.mech_driver.ovsdb.ovsdb_monitor [None req-a9536c36-2eb8-455e-9e69-2f004be975c2 None None] Touching Hash Ring node "d56d4b3be92b558eae3d241f4aff947d" from IDL notify handler {{(pid=87095) notify /opt/stack/neutron/neutron/plugins/ml2/drivers/ovn/mech_driver/ovsdb/ovsdb_monitor.py:1007}}
Jun 15 01:08:26.160550 np0000002804 devstack@neutron-api.service[87096]: DEBUG neutron.plugins.ml2.drivers.ovn.mech_driver.ovsdb.ovsdb_monitor [None req-d327ca6d-509c-44ed-adba-f33eac2060d2 None None] Hash Ring: Node 951bf505d5a85d2f8b5ca50a0038a93d (host: np0000002804) handling event "create" for row 6a2fff09-a490-4cf8-a2a1-598b0be59579 (table: HA_Chassis) {{(pid=87096) notify /opt/stack/neutron/neutron/plugins/ml2/drivers/ovn/mech_driver/ovsdb/ovsdb_monitor.py:1015}}
Jun 15 01:08:26.160550 np0000002804 devstack@neutron-api.service[87096]: DEBUG neutron.plugins.ml2.drivers.ovn.mech_driver.ovsdb.ovsdb_monitor [None req-d327ca6d-509c-44ed-adba-f33eac2060d2 None None] Touching Hash Ring node "951bf505d5a85d2f8b5ca50a0038a93d" from IDL notify handler {{(pid=87096) notify /opt/stack/neutron/neutron/plugins/ml2/drivers/ovn/mech_driver/ovsdb/ovsdb_monitor.py:1007}}
Jun 15 01:08:26.160805 np0000002804 devstack@neutron-api.service[87095]: DEBUG neutron.plugins.ml2.drivers.ovn.mech_driver.ovsdb.ovsdb_monitor [None req-a9536c36-2eb8-455e-9e69-2f004be975c2 None None] Hash Ring: Node d56d4b3be92b558eae3d241f4aff947d (host: np0000002804) handling event "update" for row 7c640c9d-f44c-4b5c-9aad-9cabe0887ff1 (table: Logical_Switch_Port) {{(pid=87095) notify /opt/stack/neutron/neutron/plugins/ml2/drivers/ovn/mech_driver/ovsdb/ovsdb_monitor.py:1015}}
Jun 15 01:08:26.162143 np0000002804 devstack@neutron-api.service[87096]: DEBUG neutron.plugins.ml2.drivers.ovn.mech_driver.ovsdb.ovsdb_monitor [None req-d327ca6d-509c-44ed-adba-f33eac2060d2 None None] Hash Ring: Node 951bf505d5a85d2f8b5ca50a0038a93d (host: np0000002804) handling event "create" for row 732742d9-0aa3-4b7b-89b5-2ca22280ee13 (table: Logical_Router_Port) {{(pid=87096) notify /opt/stack/neutron/neutron/plugins/ml2/drivers/ovn/mech_driver/ovsdb/ovsdb_monitor.py:1015}}
Jun 15 01:08:26.163115 np0000002804 devstack@neutron-api.service[87096]: DEBUG ovsdbapp.backend.ovs_idl.event [None req-d327ca6d-509c-44ed-adba-f33eac2060d2 None None] Matched CREATE: LogicalRouterPortEvent(events=('create', 'delete'), table='Logical_Router_Port', conditions=None, old_conditions=None), priority=20 to row=Logical_Router_Port(uuid=732742d9-0aa3-4b7b-89b5-2ca22280ee13, enabled=[], external_ids={'neutron:is_ext_gw': 'True', 'neutron:network_name': 'neutron-dc985728-3e2e-4589-a5c5-3b7e1081a491', 'neutron:revision_number': '1', 'neutron:router_name': 'neutron-13f1ea24-3683-4bfc-a1cc-a62931a83c1e', 'neutron:subnet_ids': '331d2206-b35a-49bb-b5e1-69fd9e71826c 0310555a-8cac-494f-bae3-dd0c2b666e0b'}, gateway_chassis=[], ha_chassis_group=b4ae6007-28e6-4c22-b732-a9b6e545c342, ipv6_prefix=[], ipv6_ra_configs={}, mac='fa:16:3e:79:82:c2', name='lrp-b6b69b73-caed-447b-a59a-f6363371ce36', networks=['172.24.5.76/24', '2001:db8::2f6/64'], options={'gateway_mtu': '1430', 'reside-on-redirect-chassis': 'true'}, peer=[], status={}) old= {{(pid=87096) matches /opt/stack/data/venv/lib/python3.12/site-packages/ovsdbapp/backend/ovs_idl/event.py:55}}
Jun 15 01:08:26.166983 np0000002804 devstack@neutron-api.service[87095]: DEBUG neutron.plugins.ml2.drivers.ovn.mech_driver.ovsdb.ovsdb_monitor [None req-a9536c36-2eb8-455e-9e69-2f004be975c2 None None] Touching Hash Ring node "d56d4b3be92b558eae3d241f4aff947d" from IDL notify handler {{(pid=87095) notify /opt/stack/neutron/neutron/plugins/ml2/drivers/ovn/mech_driver/ovsdb/ovsdb_monitor.py:1007}}
Jun 15 01:08:26.168034 np0000002804 devstack@neutron-api.service[87096]: DEBUG neutron.plugins.ml2.drivers.ovn.mech_driver.ovsdb.ovsdb_monitor [None req-d327ca6d-509c-44ed-adba-f33eac2060d2 None None] Touching Hash Ring node "951bf505d5a85d2f8b5ca50a0038a93d" from IDL notify handler {{(pid=87096) notify /opt/stack/neutron/neutron/plugins/ml2/drivers/ovn/mech_driver/ovsdb/ovsdb_monitor.py:1007}}
Jun 15 01:08:26.170102 np0000002804 devstack@neutron-api.service[87095]: DEBUG neutron.plugins.ml2.drivers.ovn.mech_driver.ovsdb.ovsdb_monitor [None req-e044089c-3c0e-4d04-be91-451654404fe4 None None] Touching Hash Ring node "d56d4b3be92b558eae3d241f4aff947d" from IDL notify handler {{(pid=87095) notify /opt/stack/neutron/neutron/plugins/ml2/drivers/ovn/mech_driver/ovsdb/ovsdb_monitor.py:1007}}
Jun 15 01:08:26.170669 np0000002804 devstack@neutron-api.service[87096]: DEBUG neutron.plugins.ml2.drivers.ovn.mech_driver.ovsdb.ovsdb_monitor [None req-33ce428a-003e-4cb2-b580-734b4fd7617a None None] Touching Hash Ring node "951bf505d5a85d2f8b5ca50a0038a93d" from IDL notify handler {{(pid=87096) notify /opt/stack/neutron/neutron/plugins/ml2/drivers/ovn/mech_driver/ovsdb/ovsdb_monitor.py:1007}}
Jun 15 01:08:26.174996 np0000002804 devstack@neutron-api.service[87096]: DEBUG neutron.plugins.ml2.drivers.ovn.mech_driver.ovsdb.ovsdb_monitor [None req-d327ca6d-509c-44ed-adba-f33eac2060d2 None None] Hash Ring: Node 951bf505d5a85d2f8b5ca50a0038a93d (host: np0000002804) handling event "create" for row 9ec50b27-6e1e-46e1-bd67-f6d20c664259 (table: Logical_Router_Static_Route) {{(pid=87096) notify /opt/stack/neutron/neutron/plugins/ml2/drivers/ovn/mech_driver/ovsdb/ovsdb_monitor.py:1015}}
Jun 15 01:08:26.175579 np0000002804 devstack@neutron-api.service[87095]: DEBUG neutron.plugins.ml2.drivers.ovn.mech_driver.ovsdb.ovsdb_monitor [None req-e044089c-3c0e-4d04-be91-451654404fe4 None None] Hash Ring: Node d56d4b3be92b558eae3d241f4aff947d (host: np0000002804) handling event "update" for row 636dfef6-a37f-45a2-be83-923e10efda7e (table: Port_Binding) {{(pid=87095) notify /opt/stack/neutron/neutron/plugins/ml2/drivers/ovn/mech_driver/ovsdb/ovsdb_monitor.py:1015}}
Jun 15 01:08:26.175664 np0000002804 devstack@neutron-api.service[87096]: DEBUG neutron.plugins.ml2.drivers.ovn.mech_driver.ovsdb.ovsdb_monitor [None req-33ce428a-003e-4cb2-b580-734b4fd7617a None None] Hash Ring: Node 951bf505d5a85d2f8b5ca50a0038a93d (host: np0000002804) handling event "create" for row b1c4c7e1-e9a0-4c42-a28c-58e5d7faf4eb (table: Datapath_Binding) {{(pid=87096) notify /opt/stack/neutron/neutron/plugins/ml2/drivers/ovn/mech_driver/ovsdb/ovsdb_monitor.py:1015}}
Jun 15 01:08:26.176540 np0000002804 devstack@neutron-api.service[87095]: DEBUG neutron.plugins.ml2.drivers.ovn.mech_driver.ovsdb.ovsdb_monitor [None req-a9536c36-2eb8-455e-9e69-2f004be975c2 None None] Hash Ring: Node d56d4b3be92b558eae3d241f4aff947d (host: np0000002804) handling event "create" for row b4ae6007-28e6-4c22-b732-a9b6e545c342 (table: HA_Chassis_Group) {{(pid=87095) notify /opt/stack/neutron/neutron/plugins/ml2/drivers/ovn/mech_driver/ovsdb/ovsdb_monitor.py:1015}}
Jun 15 01:08:26.176956 np0000002804 devstack@neutron-api.service[87096]: DEBUG neutron.plugins.ml2.drivers.ovn.mech_driver.ovsdb.ovsdb_monitor [None req-33ce428a-003e-4cb2-b580-734b4fd7617a None None] Touching Hash Ring node "951bf505d5a85d2f8b5ca50a0038a93d" from IDL notify handler {{(pid=87096) notify /opt/stack/neutron/neutron/plugins/ml2/drivers/ovn/mech_driver/ovsdb/ovsdb_monitor.py:1007}}
Jun 15 01:08:26.178208 np0000002804 devstack@neutron-api.service[87095]: DEBUG neutron.plugins.ml2.drivers.ovn.mech_driver.ovsdb.ovsdb_monitor [None req-a9536c36-2eb8-455e-9e69-2f004be975c2 None None] Touching Hash Ring node "d56d4b3be92b558eae3d241f4aff947d" from IDL notify handler {{(pid=87095) notify /opt/stack/neutron/neutron/plugins/ml2/drivers/ovn/mech_driver/ovsdb/ovsdb_monitor.py:1007}}
Jun 15 01:08:26.178596 np0000002804 devstack@neutron-api.service[87096]: DEBUG neutron.plugins.ml2.drivers.ovn.mech_driver.ovsdb.ovsdb_monitor [None req-d327ca6d-509c-44ed-adba-f33eac2060d2 None None] Touching Hash Ring node "951bf505d5a85d2f8b5ca50a0038a93d" from IDL notify handler {{(pid=87096) notify /opt/stack/neutron/neutron/plugins/ml2/drivers/ovn/mech_driver/ovsdb/ovsdb_monitor.py:1007}}
Jun 15 01:08:26.180803 np0000002804 devstack@neutron-api.service[87095]: DEBUG neutron.plugins.ml2.drivers.ovn.mech_driver.ovsdb.ovsdb_monitor [None req-a9536c36-2eb8-455e-9e69-2f004be975c2 None None] Hash Ring: Node d56d4b3be92b558eae3d241f4aff947d (host: np0000002804) handling event "create" for row 313095bd-0aea-4185-a2c7-0ff6d8f577ba (table: Logical_Router) {{(pid=87095) notify /opt/stack/neutron/neutron/plugins/ml2/drivers/ovn/mech_driver/ovsdb/ovsdb_monitor.py:1015}}
Jun 15 01:08:26.180865 np0000002804 devstack@neutron-api.service[87096]: DEBUG neutron.plugins.ml2.drivers.ovn.mech_driver.ovsdb.ovsdb_monitor [None req-33ce428a-003e-4cb2-b580-734b4fd7617a None None] Hash Ring: Node 951bf505d5a85d2f8b5ca50a0038a93d (host: np0000002804) handling event "create" for row d29e1009-29d7-4464-b78d-4a61cd628f29 (table: Port_Binding) {{(pid=87096) notify /opt/stack/neutron/neutron/plugins/ml2/drivers/ovn/mech_driver/ovsdb/ovsdb_monitor.py:1015}}
Jun 15 01:08:26.181753 np0000002804 devstack@neutron-api.service[87095]: DEBUG neutron.plugins.ml2.drivers.ovn.mech_driver.ovsdb.ovsdb_monitor [None req-a9536c36-2eb8-455e-9e69-2f004be975c2 None None] Touching Hash Ring node "d56d4b3be92b558eae3d241f4aff947d" from IDL notify handler {{(pid=87095) notify /opt/stack/neutron/neutron/plugins/ml2/drivers/ovn/mech_driver/ovsdb/ovsdb_monitor.py:1007}}
Jun 15 01:08:26.182120 np0000002804 devstack@neutron-api.service[87096]: DEBUG neutron.plugins.ml2.drivers.ovn.mech_driver.ovsdb.ovsdb_monitor [None req-d327ca6d-509c-44ed-adba-f33eac2060d2 None None] Hash Ring: Node 951bf505d5a85d2f8b5ca50a0038a93d (host: np0000002804) handling event "update" for row a1ef4c43-abb5-4977-92f1-d4b5f9fc918e (table: Logical_Switch_Port) {{(pid=87096) notify /opt/stack/neutron/neutron/plugins/ml2/drivers/ovn/mech_driver/ovsdb/ovsdb_monitor.py:1015}}
Jun 15 01:08:26.182667 np0000002804 devstack@neutron-api.service[87096]: DEBUG neutron.plugins.ml2.drivers.ovn.mech_driver.ovsdb.ovsdb_monitor [None req-33ce428a-003e-4cb2-b580-734b4fd7617a None None] Touching Hash Ring node "951bf505d5a85d2f8b5ca50a0038a93d" from IDL notify handler {{(pid=87096) notify /opt/stack/neutron/neutron/plugins/ml2/drivers/ovn/mech_driver/ovsdb/ovsdb_monitor.py:1007}}
Jun 15 01:08:26.183931 np0000002804 devstack@neutron-api.service[87095]: DEBUG neutron.plugins.ml2.drivers.ovn.mech_driver.ovsdb.ovsdb_monitor [None req-a9536c36-2eb8-455e-9e69-2f004be975c2 None None] Hash Ring: Node d56d4b3be92b558eae3d241f4aff947d (host: np0000002804) handling event "create" for row e43b24dd-9eaa-422f-b274-03d2e75df748 (table: Logical_Router_Static_Route) {{(pid=87095) notify /opt/stack/neutron/neutron/plugins/ml2/drivers/ovn/mech_driver/ovsdb/ovsdb_monitor.py:1015}}
Jun 15 01:08:26.185951 np0000002804 devstack@neutron-api.service[87096]: DEBUG neutron.plugins.ml2.drivers.ovn.mech_driver.ovsdb.ovsdb_monitor [None req-33ce428a-003e-4cb2-b580-734b4fd7617a None None] Hash Ring: Node 951bf505d5a85d2f8b5ca50a0038a93d (host: np0000002804) handling event "create" for row fb3e1f10-7a62-43c0-b391-66112ef6b2d0 (table: Port_Binding) {{(pid=87096) notify /opt/stack/neutron/neutron/plugins/ml2/drivers/ovn/mech_driver/ovsdb/ovsdb_monitor.py:1015}}
Jun 15 01:08:26.186366 np0000002804 devstack@neutron-api.service[87096]: DEBUG neutron.plugins.ml2.drivers.ovn.mech_driver.ovsdb.ovsdb_monitor [None req-d327ca6d-509c-44ed-adba-f33eac2060d2 None None] Touching Hash Ring node "951bf505d5a85d2f8b5ca50a0038a93d" from IDL notify handler {{(pid=87096) notify /opt/stack/neutron/neutron/plugins/ml2/drivers/ovn/mech_driver/ovsdb/ovsdb_monitor.py:1007}}
Jun 15 01:08:26.189598 np0000002804 devstack@neutron-api.service[87096]: DEBUG neutron.plugins.ml2.drivers.ovn.mech_driver.ovsdb.ovsdb_monitor [None req-33ce428a-003e-4cb2-b580-734b4fd7617a None None] Touching Hash Ring node "951bf505d5a85d2f8b5ca50a0038a93d" from IDL notify handler {{(pid=87096) notify /opt/stack/neutron/neutron/plugins/ml2/drivers/ovn/mech_driver/ovsdb/ovsdb_monitor.py:1007}}
Jun 15 01:08:26.191292 np0000002804 devstack@neutron-api.service[87096]: DEBUG neutron.plugins.ml2.drivers.ovn.mech_driver.ovsdb.ovsdb_monitor [None req-d327ca6d-509c-44ed-adba-f33eac2060d2 None None] Hash Ring: Node 951bf505d5a85d2f8b5ca50a0038a93d (host: np0000002804) handling event "update" for row a1ef4c43-abb5-4977-92f1-d4b5f9fc918e (table: Logical_Switch_Port) {{(pid=87096) notify /opt/stack/neutron/neutron/plugins/ml2/drivers/ovn/mech_driver/ovsdb/ovsdb_monitor.py:1015}}
Jun 15 01:08:26.192621 np0000002804 devstack@neutron-api.service[87096]: DEBUG ovsdbapp.backend.ovs_idl.event [None req-d327ca6d-509c-44ed-adba-f33eac2060d2 None None] Matched UPDATE: LogicalSwitchPortUpdateUpEvent(events=('update',), table='Logical_Switch_Port', conditions=None, old_conditions=None), priority=20 to row=Logical_Switch_Port(uuid=a1ef4c43-abb5-4977-92f1-d4b5f9fc918e, addresses=['router'], dhcpv4_options=[], dhcpv6_options=[], dynamic_addresses=[], enabled=True, external_ids={'neutron:cidrs': '172.24.5.76/24 2001:db8::2f6/64', 'neutron:device_id': '13f1ea24-3683-4bfc-a1cc-a62931a83c1e', 'neutron:device_owner': 'network:router_gateway', 'neutron:mtu': '', 'neutron:network_name': 'neutron-dc985728-3e2e-4589-a5c5-3b7e1081a491', 'neutron:port_capabilities': '', 'neutron:port_name': '', 'neutron:project_id': '', 'neutron:revision_number': '1', 'neutron:security_group_ids': '', 'neutron:subnet_pool_addr_scope4': '', 'neutron:subnet_pool_addr_scope6': '', 'neutron:vnic_type': 'normal'}, ha_chassis_group=[], mirror_rules=[], name='b6b69b73-caed-447b-a59a-f6363371ce36', options={'exclude-lb-vips-from-garp': 'true', 'nat-addresses': 'router', 'router-port': 'lrp-b6b69b73-caed-447b-a59a-f6363371ce36'}, parent_name=[], port_security=[], tag=[], tag_request=[], type='router', up=True) old=Logical_Switch_Port(uuid=a1ef4c43-abb5-4977-92f1-d4b5f9fc918e, up=False) {{(pid=87096) matches /opt/stack/data/venv/lib/python3.12/site-packages/ovsdbapp/backend/ovs_idl/event.py:55}}
Jun 15 01:08:26.194908 np0000002804 devstack@neutron-api.service[87096]: DEBUG neutron.plugins.ml2.drivers.ovn.mech_driver.ovsdb.ovsdb_monitor [None req-d327ca6d-509c-44ed-adba-f33eac2060d2 None None] Touching Hash Ring node "951bf505d5a85d2f8b5ca50a0038a93d" from IDL notify handler {{(pid=87096) notify /opt/stack/neutron/neutron/plugins/ml2/drivers/ovn/mech_driver/ovsdb/ovsdb_monitor.py:1007}}
Jun 15 01:08:26.195860 np0000002804 devstack@neutron-api.service[87096]: DEBUG neutron.plugins.ml2.drivers.ovn.mech_driver.ovsdb.ovsdb_monitor [None req-33ce428a-003e-4cb2-b580-734b4fd7617a None None] Hash Ring: Node 951bf505d5a85d2f8b5ca50a0038a93d (host: np0000002804) handling event "update" for row d29e1009-29d7-4464-b78d-4a61cd628f29 (table: Port_Binding) {{(pid=87096) notify /opt/stack/neutron/neutron/plugins/ml2/drivers/ovn/mech_driver/ovsdb/ovsdb_monitor.py:1015}}
Jun 15 01:08:26.197113 np0000002804 devstack@neutron-api.service[87096]: DEBUG ovsdbapp.backend.ovs_idl.event [None req-33ce428a-003e-4cb2-b580-734b4fd7617a None None] Matched UPDATE: PortBindingChassisEvent(events=('update',), table='Port_Binding', conditions=None, old_conditions=None), priority=20 to row=Port_Binding(uuid=d29e1009-29d7-4464-b78d-4a61cd628f29, additional_chassis=[], additional_encap=[], chassis=686536a0-23cf-424a-8229-d79b4a11d23b, datapath=b1c4c7e1-e9a0-4c42-a28c-58e5d7faf4eb, encap=[], external_ids={'neutron:is_ext_gw': 'True', 'neutron:network_name': 'neutron-dc985728-3e2e-4589-a5c5-3b7e1081a491', 'neutron:revision_number': '1', 'neutron:router_name': 'neutron-13f1ea24-3683-4bfc-a1cc-a62931a83c1e', 'neutron:subnet_ids': '331d2206-b35a-49bb-b5e1-69fd9e71826c 0310555a-8cac-494f-bae3-dd0c2b666e0b'}, gateway_chassis=[], logical_port='cr-lrp-b6b69b73-caed-447b-a59a-f6363371ce36', mac=['fa:16:3e:79:82:c2 172.24.5.76/24 2001:db8::2f6/64'], mirror_rules=[], nat_addresses=[], options={'always-redirect': 'true', 'distributed-port': 'lrp-b6b69b73-caed-447b-a59a-f6363371ce36'}, parent_port=[], port_security=[], requested_additional_chassis=[], requested_chassis=[], tag=[], tunnel_key=2, type='chassisredirect', up=True, virtual_parent=[]) old=Port_Binding(uuid=d29e1009-29d7-4464-b78d-4a61cd628f29, chassis=[], up=False) {{(pid=87096) matches /opt/stack/data/venv/lib/python3.12/site-packages/ovsdbapp/backend/ovs_idl/event.py:55}}
Jun 15 01:08:26.199332 np0000002804 devstack@neutron-api.service[87096]: DEBUG neutron.plugins.ml2.drivers.ovn.mech_driver.ovsdb.ovsdb_monitor [None req-d327ca6d-509c-44ed-adba-f33eac2060d2 None None] Hash Ring: Node 951bf505d5a85d2f8b5ca50a0038a93d (host: np0000002804) handling event "update" for row 732742d9-0aa3-4b7b-89b5-2ca22280ee13 (table: Logical_Router_Port) {{(pid=87096) notify /opt/stack/neutron/neutron/plugins/ml2/drivers/ovn/mech_driver/ovsdb/ovsdb_monitor.py:1015}}
Jun 15 01:08:26.228910 np0000002804 devstack@neutron-api.service[87096]: INFO neutron.db.ovn_revision_numbers_db [None req-5f94179b-76cd-4560-80e2-a8993739fbf9 admin admin] Successfully bumped revision number for resource b6b69b73-caed-447b-a59a-f6363371ce36 (type: router_ports) to 1
Jun 15 01:08:26.253186 np0000002804 devstack@neutron-api.service[87095]: INFO neutron.db.ovn_revision_numbers_db [None req-11975819-44b0-4733-a7bf-777321462ea2 admin admin] Successfully bumped revision number for resource 55131788-432d-4bdd-8772-f13ab73ea383 (type: ports) to 1
Jun 15 01:08:26.300772 np0000002804 devstack@neutron-api.service[87096]: INFO neutron.db.ovn_revision_numbers_db [None req-5f94179b-76cd-4560-80e2-a8993739fbf9 admin admin] Successfully bumped revision number for resource 13f1ea24-3683-4bfc-a1cc-a62931a83c1e (type: routers) to 2
Jun 15 01:08:26.310569 np0000002804 devstack@neutron-api.service[87095]: DEBUG neutron_lib.callbacks.manager [None req-bb00f591-1d43-4bc3-869b-6cf74c6ceb09 None None] Publish callbacks [] for port (ab452df3-1d3e-4da0-89a9-e508e86b0797), precommit_update {{(pid=87095) _notify_loop /opt/stack/data/venv/lib/python3.12/site-packages/neutron_lib/callbacks/manager.py:184}}
