Jun 30 21:14:16.861893 np0000004034 devstack@neutron-api.service[90563]: DEBUG neutron.api.extensions [None req-4e33c6b6-ce75-4c89-9141-c95d33d508e4 None None] Ext name="Security group filtering on the shared field" alias="security-groups-shared-filtering" description="Support filtering security groups on the shared field" updated="2021-10-05T09:00:00-00:00" {{(pid=90563) _check_extension /opt/stack/neutron/neutron/api/extensions.py:415}}
Jun 30 21:14:16.861893 np0000004034 devstack@neutron-api.service[90563]: INFO neutron.api.extensions [None req-4e33c6b6-ce75-4c89-9141-c95d33d508e4 None None] Loaded extension: security-groups-shared-filtering
Jun 30 21:14:16.862092 np0000004034 devstack@neutron-api.service[90563]: DEBUG neutron.api.extensions [None req-4e33c6b6-ce75-4c89-9141-c95d33d508e4 None None] Loading extension file: securitygroup.py {{(pid=90563) _load_all_extensions_from_path /opt/stack/neutron/neutron/api/extensions.py:449}}
Jun 30 21:14:16.864843 np0000004034 devstack@neutron-api.service[90563]: DEBUG neutron.api.extensions [None req-4e33c6b6-ce75-4c89-9141-c95d33d508e4 None None] Ext name="security-group" alias="security-group" description="The security groups extension." updated="2012-10-05T10:00:00-00:00" {{(pid=90563) _check_extension /opt/stack/neutron/neutron/api/extensions.py:415}}
Jun 30 21:14:16.865407 np0000004034 devstack@neutron-api.service[90563]: INFO neutron.api.extensions [None req-4e33c6b6-ce75-4c89-9141-c95d33d508e4 None None] Loaded extension: security-group
Jun 30 21:14:16.865407 np0000004034 devstack@neutron-api.service[90563]: DEBUG neutron.api.extensions [None req-4e33c6b6-ce75-4c89-9141-c95d33d508e4 None None] Loading extension file: segment.py {{(pid=90563) _load_all_extensions_from_path /opt/stack/neutron/neutron/api/extensions.py:449}}
Jun 30 21:14:16.865914 np0000004034 devstack@neutron-api.service[90563]: DEBUG neutron.api.extensions [None req-4e33c6b6-ce75-4c89-9141-c95d33d508e4 None None] Ext name="Segment" alias="segment" description="Segments extension." updated="2016-02-24T17:00:00-00:00" {{(pid=90563) _check_extension /opt/stack/neutron/neutron/api/extensions.py:415}}
Jun 30 21:14:16.866178 np0000004034 devstack@neutron-api.service[90563]: INFO neutron.api.extensions [None req-4e33c6b6-ce75-4c89-9141-c95d33d508e4 None None] Extension segment not supported by any of loaded plugins
Jun 30 21:14:16.866430 np0000004034 devstack@neutron-api.service[90563]: DEBUG neutron.api.extensions [None req-4e33c6b6-ce75-4c89-9141-c95d33d508e4 None None] Loading extension file: segments_peer_subnet_host_routes.py {{(pid=90563) _load_all_extensions_from_path /opt/stack/neutron/neutron/api/extensions.py:449}}
Jun 30 21:14:16.866744 np0000004034 devstack@neutron-api.service[90563]: DEBUG neutron.api.extensions [None req-4e33c6b6-ce75-4c89-9141-c95d33d508e4 None None] Ext name="Segments peer-subnet host routes" alias="segments-peer-subnet-host-routes" description="Add host routes to subnets on a routed network (segments)" updated="2018-06-12T10:00:00-00:00" {{(pid=90563) _check_extension /opt/stack/neutron/neutron/api/extensions.py:415}}
Jun 30 21:14:16.867046 np0000004034 devstack@neutron-api.service[90563]: INFO neutron.api.extensions [None req-4e33c6b6-ce75-4c89-9141-c95d33d508e4 None None] Extension segments-peer-subnet-host-routes not supported by any of loaded plugins
Jun 30 21:14:16.867202 np0000004034 devstack@neutron-api.service[90563]: DEBUG neutron.api.extensions [None req-4e33c6b6-ce75-4c89-9141-c95d33d508e4 None None] Loading extension file: servicetype.py {{(pid=90563) _load_all_extensions_from_path /opt/stack/neutron/neutron/api/extensions.py:449}}
Jun 30 21:14:16.867778 np0000004034 devstack@neutron-api.service[90563]: DEBUG neutron.api.extensions [None req-4e33c6b6-ce75-4c89-9141-c95d33d508e4 None None] Ext name="Neutron Service Type Management" alias="service-type" description="API for retrieving service providers for Neutron advanced services" updated="2013-01-20T00:00:00-00:00" {{(pid=90563) _check_extension /opt/stack/neutron/neutron/api/extensions.py:415}}
Jun 30 21:14:16.867909 np0000004034 devstack@neutron-api.service[90563]: INFO neutron.api.extensions [None req-4e33c6b6-ce75-4c89-9141-c95d33d508e4 None None] Loaded extension: service-type
Jun 30 21:14:16.868003 np0000004034 devstack@neutron-api.service[90563]: DEBUG neutron.api.extensions [None req-4e33c6b6-ce75-4c89-9141-c95d33d508e4 None None] Loading extension file: sorting.py {{(pid=90563) _load_all_extensions_from_path /opt/stack/neutron/neutron/api/extensions.py:449}}
Jun 30 21:14:16.868303 np0000004034 devstack@neutron-api.service[90564]: INFO neutron.db.ovn_hash_ring_db [None req-99bb9664-fb9a-4966-96f7-9270fe2d3d91 None None] Nodes from host "np0000004034" and group "mechanism_driver" removed from the Hash Ring created at 2026-06-30 21:14:10+00:00
Jun 30 21:14:16.868465 np0000004034 devstack@neutron-api.service[90563]: DEBUG neutron.api.extensions [None req-4e33c6b6-ce75-4c89-9141-c95d33d508e4 None None] Ext name="Sorting support" alias="sorting" description="Extension that indicates that sorting is enabled." updated="2016-06-12T00:00:00-00:00" {{(pid=90563) _check_extension /opt/stack/neutron/neutron/api/extensions.py:415}}
Jun 30 21:14:16.868584 np0000004034 devstack@neutron-api.service[90563]: INFO neutron.api.extensions [None req-4e33c6b6-ce75-4c89-9141-c95d33d508e4 None None] Loaded extension: sorting
Jun 30 21:14:16.868669 np0000004034 devstack@neutron-api.service[90563]: DEBUG neutron.api.extensions [None req-4e33c6b6-ce75-4c89-9141-c95d33d508e4 None None] Loading extension file: standard_attr_segment.py {{(pid=90563) _load_all_extensions_from_path /opt/stack/neutron/neutron/api/extensions.py:449}}
Jun 30 21:14:16.868987 np0000004034 devstack@neutron-api.service[90563]: DEBUG neutron.api.extensions [None req-4e33c6b6-ce75-4c89-9141-c95d33d508e4 None None] Ext name="Standard Attribute Segment Extension" alias="standard-attr-segment" description="Add standard attributes to Segment resource" updated="2018-04-09T10:00:00-00:00" {{(pid=90563) _check_extension /opt/stack/neutron/neutron/api/extensions.py:415}}
Jun 30 21:14:16.869254 np0000004034 devstack@neutron-api.service[90563]: INFO neutron.api.extensions [None req-4e33c6b6-ce75-4c89-9141-c95d33d508e4 None None] Extension standard-attr-segment not supported by any of loaded plugins
Jun 30 21:14:16.869407 np0000004034 devstack@neutron-api.service[90563]: DEBUG neutron.api.extensions [None req-4e33c6b6-ce75-4c89-9141-c95d33d508e4 None None] Loading extension file: standardattrdescription.py {{(pid=90563) _load_all_extensions_from_path /opt/stack/neutron/neutron/api/extensions.py:449}}
Jun 30 21:14:16.869824 np0000004034 devstack@neutron-api.service[90563]: DEBUG neutron.api.extensions [None req-4e33c6b6-ce75-4c89-9141-c95d33d508e4 None None] Ext name="standard-attr-description" alias="standard-attr-description" description="Extension to add descriptions to standard attributes" updated="2016-02-10T10:00:00-00:00" {{(pid=90563) _check_extension /opt/stack/neutron/neutron/api/extensions.py:415}}
Jun 30 21:14:16.870230 np0000004034 devstack@neutron-api.service[90563]: INFO neutron.api.extensions [None req-4e33c6b6-ce75-4c89-9141-c95d33d508e4 None None] Loaded extension: standard-attr-description
Jun 30 21:14:16.870230 np0000004034 devstack@neutron-api.service[90563]: DEBUG neutron.api.extensions [None req-4e33c6b6-ce75-4c89-9141-c95d33d508e4 None None] Loading extension file: stateful_security_group.py {{(pid=90563) _load_all_extensions_from_path /opt/stack/neutron/neutron/api/extensions.py:449}}
Jun 30 21:14:16.870720 np0000004034 devstack@neutron-api.service[90563]: DEBUG neutron.api.extensions [None req-4e33c6b6-ce75-4c89-9141-c95d33d508e4 None None] Ext name="Stateful security group" alias="stateful-security-group" description="Indicates if the security group is stateful or not" updated="2019-11-26T09:00:00-00:00" {{(pid=90563) _check_extension /opt/stack/neutron/neutron/api/extensions.py:415}}
Jun 30 21:14:16.870911 np0000004034 devstack@neutron-api.service[90563]: INFO neutron.api.extensions [None req-4e33c6b6-ce75-4c89-9141-c95d33d508e4 None None] Loaded extension: stateful-security-group
Jun 30 21:14:16.871106 np0000004034 devstack@neutron-api.service[90563]: DEBUG neutron.api.extensions [None req-4e33c6b6-ce75-4c89-9141-c95d33d508e4 None None] Loading extension file: stdattrs_common.py {{(pid=90563) _load_all_extensions_from_path /opt/stack/neutron/neutron/api/extensions.py:449}}
Jun 30 21:14:16.871362 np0000004034 devstack@neutron-api.service[90563]: WARNING neutron.api.extensions [None req-4e33c6b6-ce75-4c89-9141-c95d33d508e4 None None] Did not find expected name "Stdattrs_common" in /opt/stack/neutron/neutron/extensions/stdattrs_common.py
Jun 30 21:14:16.871627 np0000004034 devstack@neutron-api.service[90563]: DEBUG neutron.api.extensions [None req-4e33c6b6-ce75-4c89-9141-c95d33d508e4 None None] Loading extension file: subnet_dns_publish_fixed_ip.py {{(pid=90563) _load_all_extensions_from_path /opt/stack/neutron/neutron/api/extensions.py:449}}
Jun 30 21:14:16.871892 np0000004034 devstack@neutron-api.service[90563]: DEBUG neutron.api.extensions [None req-4e33c6b6-ce75-4c89-9141-c95d33d508e4 None None] Ext name="Subnet DNS publish fixed IP" alias="subnet-dns-publish-fixed-ip" description="Support choosing to publish DNS records for IPs from a subnet" updated="2019-05-24T10:00:00-00:00" {{(pid=90563) _check_extension /opt/stack/neutron/neutron/api/extensions.py:415}}
Jun 30 21:14:16.872122 np0000004034 devstack@neutron-api.service[90563]: INFO neutron.api.extensions [None req-4e33c6b6-ce75-4c89-9141-c95d33d508e4 None None] Loaded extension: subnet-dns-publish-fixed-ip
Jun 30 21:14:16.872462 np0000004034 devstack@neutron-api.service[90563]: DEBUG neutron.api.extensions [None req-4e33c6b6-ce75-4c89-9141-c95d33d508e4 None None] Loading extension file: subnet_external_network.py {{(pid=90563) _load_all_extensions_from_path /opt/stack/neutron/neutron/api/extensions.py:449}}
Jun 30 21:14:16.872624 np0000004034 devstack@neutron-api.service[90564]: INFO neutron.db.ovn_hash_ring_db [None req-99bb9664-fb9a-4966-96f7-9270fe2d3d91 None None] Node 4178f575fd6c5421aa4a3ff626df4750 from host "np0000004034" and group "mechanism_driver" added to the Hash Ring
Jun 30 21:14:16.872720 np0000004034 devstack@neutron-api.service[90563]: DEBUG neutron.api.extensions [None req-4e33c6b6-ce75-4c89-9141-c95d33d508e4 None None] Ext name="Subnet belongs to an external network" alias="subnet-external-network" description="Informs if the subnet belongs to an external network" updated="2024-02-05T18:00:00-00:00" {{(pid=90563) _check_extension /opt/stack/neutron/neutron/api/extensions.py:415}}
Jun 30 21:14:16.872980 np0000004034 devstack@neutron-api.service[90563]: INFO neutron.api.extensions [None req-4e33c6b6-ce75-4c89-9141-c95d33d508e4 None None] Loaded extension: subnet-external-network
Jun 30 21:14:16.872980 np0000004034 devstack@neutron-api.service[90563]: DEBUG neutron.api.extensions [None req-4e33c6b6-ce75-4c89-9141-c95d33d508e4 None None] Loading extension file: subnet_onboard.py {{(pid=90563) _load_all_extensions_from_path /opt/stack/neutron/neutron/api/extensions.py:449}}
Jun 30 21:14:16.873318 np0000004034 devstack@neutron-api.service[90563]: DEBUG neutron.api.extensions [None req-4e33c6b6-ce75-4c89-9141-c95d33d508e4 None None] Ext name="Subnet Onboard" alias="subnet_onboard" description="Provides support for onboarding subnets into subnet pools" updated="2018-12-18T09:00:00-00:00" {{(pid=90563) _check_extension /opt/stack/neutron/neutron/api/extensions.py:415}}
Jun 30 21:14:16.873649 np0000004034 devstack@neutron-api.service[90563]: INFO neutron.api.extensions [None req-4e33c6b6-ce75-4c89-9141-c95d33d508e4 None None] Loaded extension: subnet_onboard
Jun 30 21:14:16.873798 np0000004034 devstack@neutron-api.service[90563]: DEBUG neutron.api.extensions [None req-4e33c6b6-ce75-4c89-9141-c95d33d508e4 None None] Loading extension file: subnet_segmentid_writable.py {{(pid=90563) _load_all_extensions_from_path /opt/stack/neutron/neutron/api/extensions.py:449}}
Jun 30 21:14:16.873962 np0000004034 devstack@neutron-api.service[90566]: DEBUG ovsdbapp.backend.ovs_idl [None req-62e0928c-953e-44a0-bd44-38c5de846352 None None] Created lookup_table index Logical_Switch.name {{(pid=90566) autocreate_indices /opt/stack/data/venv/lib/python3.12/site-packages/ovsdbapp/backend/ovs_idl/__init__.py:87}}
Jun 30 21:14:16.874101 np0000004034 devstack@neutron-api.service[90563]: DEBUG neutron.api.extensions [None req-4e33c6b6-ce75-4c89-9141-c95d33d508e4 None None] Ext name="Subnet SegmentID (writable)" alias="subnet-segmentid-writable" description="Provides a writable segment_id attribute for a subnet resource." updated="2018-03-12T00:00:00-00:00" {{(pid=90563) _check_extension /opt/stack/neutron/neutron/api/extensions.py:415}}
Jun 30 21:14:16.874139 np0000004034 devstack@neutron-api.service[90566]: DEBUG ovsdbapp.backend.ovs_idl [None req-62e0928c-953e-44a0-bd44-38c5de846352 None None] Created lookup_table index Logical_Router.name {{(pid=90566) autocreate_indices /opt/stack/data/venv/lib/python3.12/site-packages/ovsdbapp/backend/ovs_idl/__init__.py:87}}
Jun 30 21:14:16.874206 np0000004034 devstack@neutron-api.service[90566]: DEBUG ovsdbapp.backend.ovs_idl [None req-62e0928c-953e-44a0-bd44-38c5de846352 None None] Created lookup_table index Load_Balancer.name {{(pid=90566) autocreate_indices /opt/stack/data/venv/lib/python3.12/site-packages/ovsdbapp/backend/ovs_idl/__init__.py:87}}
Jun 30 21:14:16.874319 np0000004034 devstack@neutron-api.service[90563]: INFO neutron.api.extensions [None req-4e33c6b6-ce75-4c89-9141-c95d33d508e4 None None] Extension subnet-segmentid-writable not supported by any of loaded plugins
Jun 30 21:14:16.874454 np0000004034 devstack@neutron-api.service[90566]: DEBUG ovsdbapp.backend.ovs_idl [None req-62e0928c-953e-44a0-bd44-38c5de846352 None None] Created schema index Copp.name {{(pid=90566) autocreate_indices /opt/stack/data/venv/lib/python3.12/site-packages/ovsdbapp/backend/ovs_idl/__init__.py:106}}
Jun 30 21:14:16.874658 np0000004034 devstack@neutron-api.service[90563]: DEBUG neutron.api.extensions [None req-4e33c6b6-ce75-4c89-9141-c95d33d508e4 None None] Loading extension file: subnet_service_types.py {{(pid=90563) _load_all_extensions_from_path /opt/stack/neutron/neutron/api/extensions.py:449}}
Jun 30 21:14:16.874756 np0000004034 devstack@neutron-api.service[90566]: DEBUG ovsdbapp.backend.ovs_idl [None req-62e0928c-953e-44a0-bd44-38c5de846352 None None] Created schema index Meter.name {{(pid=90566) autocreate_indices /opt/stack/data/venv/lib/python3.12/site-packages/ovsdbapp/backend/ovs_idl/__init__.py:106}}
Jun 30 21:14:16.874756 np0000004034 devstack@neutron-api.service[90566]: DEBUG ovsdbapp.backend.ovs_idl [None req-62e0928c-953e-44a0-bd44-38c5de846352 None None] Created schema index Load_Balancer_Group.name {{(pid=90566) autocreate_indices /opt/stack/data/venv/lib/python3.12/site-packages/ovsdbapp/backend/ovs_idl/__init__.py:106}}
Jun 30 21:14:16.874756 np0000004034 devstack@neutron-api.service[90566]: DEBUG ovsdbapp.backend.ovs_idl [None req-62e0928c-953e-44a0-bd44-38c5de846352 None None] Created schema index HA_Chassis_Group.name {{(pid=90566) autocreate_indices /opt/stack/data/venv/lib/python3.12/site-packages/ovsdbapp/backend/ovs_idl/__init__.py:106}}
Jun 30 21:14:16.874916 np0000004034 devstack@neutron-api.service[90566]: DEBUG ovsdbapp.backend.ovs_idl [None req-62e0928c-953e-44a0-bd44-38c5de846352 None None] Created schema index Address_Set.name {{(pid=90566) autocreate_indices /opt/stack/data/venv/lib/python3.12/site-packages/ovsdbapp/backend/ovs_idl/__init__.py:106}}
Jun 30 21:14:16.874985 np0000004034 devstack@neutron-api.service[90563]: DEBUG neutron.api.extensions [None req-4e33c6b6-ce75-4c89-9141-c95d33d508e4 None None] Ext name="Subnet service types" alias="subnet-service-types" description="Provides ability to set the subnet service_types field" updated="2016-03-15T18:00:00-00:00" {{(pid=90563) _check_extension /opt/stack/neutron/neutron/api/extensions.py:415}}
Jun 30 21:14:16.875068 np0000004034 devstack@neutron-api.service[90566]: DEBUG ovsdbapp.backend.ovs_idl [None req-62e0928c-953e-44a0-bd44-38c5de846352 None None] Created schema index Connection.target {{(pid=90566) autocreate_indices /opt/stack/data/venv/lib/python3.12/site-packages/ovsdbapp/backend/ovs_idl/__init__.py:106}}
Jun 30 21:14:16.875068 np0000004034 devstack@neutron-api.service[90566]: DEBUG ovsdbapp.backend.ovs_idl [None req-62e0928c-953e-44a0-bd44-38c5de846352 None None] Created schema index Gateway_Chassis.name {{(pid=90566) autocreate_indices /opt/stack/data/venv/lib/python3.12/site-packages/ovsdbapp/backend/ovs_idl/__init__.py:106}}
Jun 30 21:14:16.875068 np0000004034 devstack@neutron-api.service[90566]: DEBUG ovsdbapp.backend.ovs_idl [None req-62e0928c-953e-44a0-bd44-38c5de846352 None None] Created schema index Mirror.name {{(pid=90566) autocreate_indices /opt/stack/data/venv/lib/python3.12/site-packages/ovsdbapp/backend/ovs_idl/__init__.py:106}}
Jun 30 21:14:16.875181 np0000004034 devstack@neutron-api.service[90563]: INFO neutron.api.extensions [None req-4e33c6b6-ce75-4c89-9141-c95d33d508e4 None None] Loaded extension: subnet-service-types
Jun 30 21:14:16.875244 np0000004034 devstack@neutron-api.service[90566]: DEBUG ovsdbapp.backend.ovs_idl [None req-62e0928c-953e-44a0-bd44-38c5de846352 None None] Created schema index Chassis_Template_Var.chassis {{(pid=90566) autocreate_indices /opt/stack/data/venv/lib/python3.12/site-packages/ovsdbapp/backend/ovs_idl/__init__.py:106}}
Jun 30 21:14:16.875376 np0000004034 devstack@neutron-api.service[90563]: DEBUG neutron.api.extensions [None req-4e33c6b6-ce75-4c89-9141-c95d33d508e4 None None] Loading extension file: subnetallocation.py {{(pid=90563) _load_all_extensions_from_path /opt/stack/neutron/neutron/api/extensions.py:449}}
Jun 30 21:14:16.875491 np0000004034 devstack@neutron-api.service[90566]: DEBUG ovsdbapp.backend.ovs_idl [None req-62e0928c-953e-44a0-bd44-38c5de846352 None None] Created schema index Logical_Router_Port.name {{(pid=90566) autocreate_indices /opt/stack/data/venv/lib/python3.12/site-packages/ovsdbapp/backend/ovs_idl/__init__.py:106}}
Jun 30 21:14:16.875491 np0000004034 devstack@neutron-api.service[90566]: DEBUG ovsdbapp.backend.ovs_idl [None req-62e0928c-953e-44a0-bd44-38c5de846352 None None] Created schema index Port_Group.name {{(pid=90566) autocreate_indices /opt/stack/data/venv/lib/python3.12/site-packages/ovsdbapp/backend/ovs_idl/__init__.py:106}}
Jun 30 21:14:16.875491 np0000004034 devstack@neutron-api.service[90566]: DEBUG ovsdbapp.backend.ovs_idl [None req-62e0928c-953e-44a0-bd44-38c5de846352 None None] Created schema index Logical_Switch_Port.name {{(pid=90566) autocreate_indices /opt/stack/data/venv/lib/python3.12/site-packages/ovsdbapp/backend/ovs_idl/__init__.py:106}}
Jun 30 21:14:16.875748 np0000004034 devstack@neutron-api.service[90563]: DEBUG neutron.api.extensions [None req-4e33c6b6-ce75-4c89-9141-c95d33d508e4 None None] Ext name="Subnet Allocation" alias="subnet_allocation" description="Enables allocation of subnets from a subnet pool" updated="2015-03-30T10:00:00-00:00" {{(pid=90563) _check_extension /opt/stack/neutron/neutron/api/extensions.py:415}}
Jun 30 21:14:16.875996 np0000004034 devstack@neutron-api.service[90563]: INFO neutron.api.extensions [None req-4e33c6b6-ce75-4c89-9141-c95d33d508e4 None None] Loaded extension: subnet_allocation
Jun 30 21:14:16.876156 np0000004034 devstack@neutron-api.service[90563]: DEBUG neutron.api.extensions [None req-4e33c6b6-ce75-4c89-9141-c95d33d508e4 None None] Loading extension file: subnetpool_prefix_ops.py {{(pid=90563) _load_all_extensions_from_path /opt/stack/neutron/neutron/api/extensions.py:449}}
Jun 30 21:14:16.876479 np0000004034 devstack@neutron-api.service[90563]: DEBUG neutron.api.extensions [None req-4e33c6b6-ce75-4c89-9141-c95d33d508e4 None None] Ext name="Subnet Pool Prefix Operations" alias="subnetpool-prefix-ops" description="Provides support for adjusting the prefix list of subnet pools" updated="2019-02-08T10:00:00-00:00" {{(pid=90563) _check_extension /opt/stack/neutron/neutron/api/extensions.py:415}}
Jun 30 21:14:16.876716 np0000004034 devstack@neutron-api.service[90563]: INFO neutron.api.extensions [None req-4e33c6b6-ce75-4c89-9141-c95d33d508e4 None None] Loaded extension: subnetpool-prefix-ops
Jun 30 21:14:16.876833 np0000004034 devstack@neutron-api.service[90563]: DEBUG neutron.api.extensions [None req-4e33c6b6-ce75-4c89-9141-c95d33d508e4 None None] Loading extension file: tag_creation.py {{(pid=90563) _load_all_extensions_from_path /opt/stack/neutron/neutron/api/extensions.py:449}}
Jun 30 21:14:16.876956 np0000004034 devstack@neutron-api.service[90564]: DEBUG neutron.plugins.ml2.drivers.ovn.mech_driver.mech_driver [None req-99bb9664-fb9a-4966-96f7-9270fe2d3d91 None None] Hash Ring setup, this worker has detected 3 OVN hash ring registers in the database {{(pid=90564) _init_hash_ring /opt/stack/neutron/neutron/plugins/ml2/drivers/ovn/mech_driver/mech_driver.py:414}}
Jun 30 21:14:16.877145 np0000004034 devstack@neutron-api.service[90563]: DEBUG neutron.api.extensions [None req-4e33c6b6-ce75-4c89-9141-c95d33d508e4 None None] Ext name="Tag creation extension" alias="tag-creation" description="Allow to create multiple tags for a resource" updated="2024-23-07T10:00:00-00:00" {{(pid=90563) _check_extension /opt/stack/neutron/neutron/api/extensions.py:415}}
Jun 30 21:14:16.877318 np0000004034 devstack@neutron-api.service[90563]: INFO neutron.api.extensions [None req-4e33c6b6-ce75-4c89-9141-c95d33d508e4 None None] Loaded extension: tag-creation
Jun 30 21:14:16.877445 np0000004034 devstack@neutron-api.service[90563]: DEBUG neutron.api.extensions [None req-4e33c6b6-ce75-4c89-9141-c95d33d508e4 None None] Loading extension file: tag_ports_during_bulk_creation.py {{(pid=90563) _load_all_extensions_from_path /opt/stack/neutron/neutron/api/extensions.py:449}}
Jun 30 21:14:16.877779 np0000004034 devstack@neutron-api.service[90563]: DEBUG neutron.api.extensions [None req-4e33c6b6-ce75-4c89-9141-c95d33d508e4 None None] Ext name="Tag Ports During Bulk Creation" alias="tag-ports-during-bulk-creation" description="Allow to tag ports during bulk creation" updated="2019-12-29T19:00:00-00:00" {{(pid=90563) _check_extension /opt/stack/neutron/neutron/api/extensions.py:415}}
Jun 30 21:14:16.877974 np0000004034 devstack@neutron-api.service[90563]: INFO neutron.api.extensions [None req-4e33c6b6-ce75-4c89-9141-c95d33d508e4 None None] Extension tag-ports-during-bulk-creation not supported by any of loaded plugins
Jun 30 21:14:16.878093 np0000004034 devstack@neutron-api.service[90563]: DEBUG neutron.api.extensions [None req-4e33c6b6-ce75-4c89-9141-c95d33d508e4 None None] Loading extension file: tagging.py {{(pid=90563) _load_all_extensions_from_path /opt/stack/neutron/neutron/api/extensions.py:449}}
Jun 30 21:14:16.878777 np0000004034 devstack@neutron-api.service[90566]: INFO ovsdbapp.backend.ovs_idl.vlog [None req-62e0928c-953e-44a0-bd44-38c5de846352 None None] ssl:10.4.3.49:6641: connecting...
Jun 30 21:14:16.879331 np0000004034 devstack@neutron-api.service[90563]: DEBUG neutron.api.extensions [None req-4e33c6b6-ce75-4c89-9141-c95d33d508e4 None None] Ext name="Tag support for resources with standard attribute: port, subnet, subnetpool, network, security_group, router, floatingip, policy, trunk, network_segment_range" alias="standard-attr-tag" description="Enables to set tag on resources with standard attribute." updated="2017-01-01T00:00:00-00:00" {{(pid=90563) _check_extension /opt/stack/neutron/neutron/api/extensions.py:415}}
Jun 30 21:14:16.879645 np0000004034 devstack@neutron-api.service[90563]: INFO neutron.api.extensions [None req-4e33c6b6-ce75-4c89-9141-c95d33d508e4 None None] Loaded extension: standard-attr-tag
Jun 30 21:14:16.879752 np0000004034 devstack@neutron-api.service[90563]: DEBUG neutron.api.extensions [None req-4e33c6b6-ce75-4c89-9141-c95d33d508e4 None None] Loading extension file: timestamp.py {{(pid=90563) _load_all_extensions_from_path /opt/stack/neutron/neutron/api/extensions.py:449}}
Jun 30 21:14:16.880380 np0000004034 devstack@neutron-api.service[90563]: DEBUG neutron.api.extensions [None req-4e33c6b6-ce75-4c89-9141-c95d33d508e4 None None] Ext name="Resource timestamps" alias="standard-attr-timestamp" description="Adds created_at and updated_at fields to all Neutron resources that have Neutron standard attributes." updated="2016-09-12T10:00:00-00:00" {{(pid=90563) _check_extension /opt/stack/neutron/neutron/api/extensions.py:415}}
Jun 30 21:14:16.880524 np0000004034 devstack@neutron-api.service[90563]: INFO neutron.api.extensions [None req-4e33c6b6-ce75-4c89-9141-c95d33d508e4 None None] Loaded extension: standard-attr-timestamp
Jun 30 21:14:16.880745 np0000004034 devstack@neutron-api.service[90563]: DEBUG neutron.api.extensions [None req-4e33c6b6-ce75-4c89-9141-c95d33d508e4 None None] Loading extension file: trunk.py {{(pid=90563) _load_all_extensions_from_path /opt/stack/neutron/neutron/api/extensions.py:449}}
Jun 30 21:14:16.881397 np0000004034 devstack@neutron-api.service[90563]: DEBUG neutron.api.extensions [None req-4e33c6b6-ce75-4c89-9141-c95d33d508e4 None None] Ext name="Trunk Extension" alias="trunk" description="Provides support for trunk ports" updated="2016-01-01T10:00:00-00:00" {{(pid=90563) _check_extension /opt/stack/neutron/neutron/api/extensions.py:415}}
Jun 30 21:14:16.881397 np0000004034 devstack@neutron-api.service[90563]: INFO neutron.api.extensions [None req-4e33c6b6-ce75-4c89-9141-c95d33d508e4 None None] Extension trunk not supported by any of loaded plugins
Jun 30 21:14:16.881397 np0000004034 devstack@neutron-api.service[90563]: DEBUG neutron.api.extensions [None req-4e33c6b6-ce75-4c89-9141-c95d33d508e4 None None] Loading extension file: trunk_details.py {{(pid=90563) _load_all_extensions_from_path /opt/stack/neutron/neutron/api/extensions.py:449}}
Jun 30 21:14:16.881768 np0000004034 devstack@neutron-api.service[90563]: DEBUG neutron.api.extensions [None req-4e33c6b6-ce75-4c89-9141-c95d33d508e4 None None] Ext name="Trunk port details" alias="trunk-details" description="Expose trunk port details" updated="2016-01-01T10:00:00-00:00" {{(pid=90563) _check_extension /opt/stack/neutron/neutron/api/extensions.py:415}}
Jun 30 21:14:16.881969 np0000004034 devstack@neutron-api.service[90563]: INFO neutron.api.extensions [None req-4e33c6b6-ce75-4c89-9141-c95d33d508e4 None None] Extension trunk-details not supported by any of loaded plugins
Jun 30 21:14:16.882092 np0000004034 devstack@neutron-api.service[90563]: DEBUG neutron.api.extensions [None req-4e33c6b6-ce75-4c89-9141-c95d33d508e4 None None] Loading extension file: uplink_status_propagation.py {{(pid=90563) _load_all_extensions_from_path /opt/stack/neutron/neutron/api/extensions.py:449}}
Jun 30 21:14:16.882405 np0000004034 devstack@neutron-api.service[90563]: DEBUG neutron.api.extensions [None req-4e33c6b6-ce75-4c89-9141-c95d33d508e4 None None] Ext name="Uplink status propagation extension" alias="uplink-status-propagation" description="Provides ability to propagate port uplink status." updated="2018-05-31T18:00:00-00:00" {{(pid=90563) _check_extension /opt/stack/neutron/neutron/api/extensions.py:415}}
Jun 30 21:14:16.882694 np0000004034 devstack@neutron-api.service[90563]: INFO neutron.api.extensions [None req-4e33c6b6-ce75-4c89-9141-c95d33d508e4 None None] Extension uplink-status-propagation not supported by any of loaded plugins
Jun 30 21:14:16.882892 np0000004034 devstack@neutron-api.service[90563]: DEBUG neutron.api.extensions [None req-4e33c6b6-ce75-4c89-9141-c95d33d508e4 None None] Loading extension file: uplink_status_propagation_updatable.py {{(pid=90563) _load_all_extensions_from_path /opt/stack/neutron/neutron/api/extensions.py:449}}
Jun 30 21:14:16.883230 np0000004034 devstack@neutron-api.service[90563]: DEBUG neutron.api.extensions [None req-4e33c6b6-ce75-4c89-9141-c95d33d508e4 None None] Ext name="Uplink status propagation updatable extension" alias="uplink-status-propagation-updatable" description="Provides ability to update the port uplink status." updated="2024-09-03T18:00:00-00:00" {{(pid=90563) _check_extension /opt/stack/neutron/neutron/api/extensions.py:415}}
Jun 30 21:14:16.884463 np0000004034 devstack@neutron-api.service[90564]: DEBUG neutron.plugins.ml2.drivers.ovn.mech_driver.ovsdb.maintenance [None req-99bb9664-fb9a-4966-96f7-9270fe2d3d91 None None] Periodic task found: HashRingHealthCheckPeriodics.touch_hash_ring_node {{(pid=90564) add_periodics /opt/stack/neutron/neutron/plugins/ml2/drivers/ovn/mech_driver/ovsdb/maintenance.py:146}}
Jun 30 21:14:16.885896 np0000004034 devstack@neutron-api.service[90563]: INFO neutron.api.extensions [None req-4e33c6b6-ce75-4c89-9141-c95d33d508e4 None None] Extension uplink-status-propagation-updatable not supported by any of loaded plugins
Jun 30 21:14:16.886038 np0000004034 devstack@neutron-api.service[90563]: DEBUG neutron.api.extensions [None req-4e33c6b6-ce75-4c89-9141-c95d33d508e4 None None] Loading extension file: vlantransparent.py {{(pid=90563) _load_all_extensions_from_path /opt/stack/neutron/neutron/api/extensions.py:449}}
Jun 30 21:14:16.886493 np0000004034 devstack@neutron-api.service[90563]: DEBUG neutron.api.extensions [None req-4e33c6b6-ce75-4c89-9141-c95d33d508e4 None None] Ext name="Vlantransparent" alias="vlan-transparent" description="Provides Vlan Transparent Networks" updated="2015-03-23T09:00:00-00:00" {{(pid=90563) _check_extension /opt/stack/neutron/neutron/api/extensions.py:415}}
Jun 30 21:14:16.886900 np0000004034 devstack@neutron-api.service[90563]: INFO neutron.api.extensions [None req-4e33c6b6-ce75-4c89-9141-c95d33d508e4 None None] Loaded extension: vlan-transparent
Jun 30 21:14:16.888428 np0000004034 devstack@neutron-api.service[90564]: INFO neutron.plugins.ml2.drivers.ovn.mech_driver.mech_driver [None req-99bb9664-fb9a-4966-96f7-9270fe2d3d91 None None] Hash Ring probing thread for node 4178f575fd6c5421aa4a3ff626df4750 has started
Jun 30 21:14:16.889185 np0000004034 devstack@neutron-api.service[90564]: INFO neutron.plugins.ml2.drivers.ovn.mech_driver.ovsdb.impl_idl_ovn [None req-99bb9664-fb9a-4966-96f7-9270fe2d3d91 None None] Getting OvsdbNbOvnIdl for WorkerService with retry
Jun 30 21:14:16.889253 np0000004034 devstack@neutron-api.service[90566]: INFO ovsdbapp.backend.ovs_idl.vlog [None req-62e0928c-953e-44a0-bd44-38c5de846352 None None] ssl:10.4.3.49:6641: connected
Jun 30 21:14:16.889453 np0000004034 devstack@neutron-api.service[90563]: INFO neutron.quota.resource_registry [None req-4e33c6b6-ce75-4c89-9141-c95d33d508e4 None None] Creating instance of TrackedResource for resource:network
Jun 30 21:14:16.889797 np0000004034 devstack@neutron-api.service[90563]: INFO neutron.quota.resource_registry [None req-4e33c6b6-ce75-4c89-9141-c95d33d508e4 None None] Creating instance of TrackedResource for resource:subnet
Jun 30 21:14:16.890013 np0000004034 devstack@neutron-api.service[90563]: INFO neutron.quota.resource_registry [None req-4e33c6b6-ce75-4c89-9141-c95d33d508e4 None None] Creating instance of TrackedResource for resource:subnetpool
Jun 30 21:14:16.890206 np0000004034 devstack@neutron-api.service[90563]: INFO neutron.quota.resource_registry [None req-4e33c6b6-ce75-4c89-9141-c95d33d508e4 None None] Creating instance of TrackedResource for resource:port
Jun 30 21:14:16.892694 np0000004034 devstack@neutron-api.service[90563]: INFO neutron.quota.resource_registry [None req-4e33c6b6-ce75-4c89-9141-c95d33d508e4 None None] Creating instance of CountableResource for resource:router_route
Jun 30 21:14:16.892904 np0000004034 devstack@neutron-api.service[90563]: DEBUG neutron.api.v2.resource_helper [None req-4e33c6b6-ce75-4c89-9141-c95d33d508e4 None None] Service L3_ROUTER_NAT assigned prefix: {{(pid=90563) build_resource_info /opt/stack/neutron/neutron/api/v2/resource_helper.py:77}}
Jun 30 21:14:16.893538 np0000004034 devstack@neutron-api.service[90563]: DEBUG neutron.api.v2.resource_helper [None req-4e33c6b6-ce75-4c89-9141-c95d33d508e4 None None] Service FLAVORS assigned prefix: {{(pid=90563) build_resource_info /opt/stack/neutron/neutron/api/v2/resource_helper.py:77}}
Jun 30 21:14:16.895076 np0000004034 devstack@neutron-api.service[90563]: DEBUG neutron.api.v2.resource_helper [None req-4e33c6b6-ce75-4c89-9141-c95d33d508e4 None None] Service L3_ROUTER_NAT assigned prefix: {{(pid=90563) build_resource_info /opt/stack/neutron/neutron/api/v2/resource_helper.py:77}}
Jun 30 21:14:16.895954 np0000004034 devstack@neutron-api.service[90563]: DEBUG neutron.api.v2.resource_helper [None req-4e33c6b6-ce75-4c89-9141-c95d33d508e4 None None] Service L3_ROUTER_NAT assigned prefix: {{(pid=90563) build_resource_info /opt/stack/neutron/neutron/api/v2/resource_helper.py:77}}
Jun 30 21:14:16.896176 np0000004034 devstack@neutron-api.service[90563]: INFO neutron.quota.resource_registry [None req-4e33c6b6-ce75-4c89-9141-c95d33d508e4 None None] Creating instance of TrackedResource for resource:router
Jun 30 21:14:16.896817 np0000004034 devstack@neutron-api.service[90563]: INFO neutron.quota.resource_registry [None req-4e33c6b6-ce75-4c89-9141-c95d33d508e4 None None] Creating instance of TrackedResource for resource:floatingip
Jun 30 21:14:16.898475 np0000004034 devstack@neutron-api.service[90563]: INFO neutron.quota.resource_registry [None req-4e33c6b6-ce75-4c89-9141-c95d33d508e4 None None] Creating instance of CountableResource for resource:rbac_policy
Jun 30 21:14:16.899639 np0000004034 devstack@neutron-api.service[90563]: INFO neutron.quota.resource_registry [None req-4e33c6b6-ce75-4c89-9141-c95d33d508e4 None None] Creating instance of TrackedResource for resource:security_group
Jun 30 21:14:16.900227 np0000004034 devstack@neutron-api.service[90563]: INFO neutron.quota.resource_registry [None req-4e33c6b6-ce75-4c89-9141-c95d33d508e4 None None] Creating instance of TrackedResource for resource:security_group_rule
Jun 30 21:14:16.901304 np0000004034 devstack@neutron-api.service[90563]: DEBUG neutron.api.v2.resource_helper [None req-4e33c6b6-ce75-4c89-9141-c95d33d508e4 None None] Service CORE assigned prefix: {{(pid=90563) build_resource_info /opt/stack/neutron/neutron/api/v2/resource_helper.py:77}}
Jun 30 21:14:16.901508 np0000004034 devstack@neutron-api.service[90563]: INFO neutron.quota.resource_registry [None req-4e33c6b6-ce75-4c89-9141-c95d33d508e4 None None] Creating instance of TrackedResource for resource:subnetpool
Jun 30 21:14:16.901727 np0000004034 devstack@neutron-api.service[90563]: WARNING neutron.quota.resource_registry [None req-4e33c6b6-ce75-4c89-9141-c95d33d508e4 None None] subnetpool is already registered
Jun 30 21:14:16.902283 np0000004034 devstack@neutron-api.service[90563]: DEBUG neutron.api.v2.resource_helper [None req-4e33c6b6-ce75-4c89-9141-c95d33d508e4 None None] Service CORE assigned prefix: {{(pid=90563) build_resource_info /opt/stack/neutron/neutron/api/v2/resource_helper.py:77}}
Jun 30 21:14:16.902486 np0000004034 devstack@neutron-api.service[90563]: INFO neutron.quota.resource_registry [None req-4e33c6b6-ce75-4c89-9141-c95d33d508e4 None None] Creating instance of TrackedResource for resource:subnetpool
Jun 30 21:14:16.902856 np0000004034 devstack@neutron-api.service[90563]: WARNING neutron.quota.resource_registry [None req-4e33c6b6-ce75-4c89-9141-c95d33d508e4 None None] subnetpool is already registered
Jun 30 21:14:16.906373 np0000004034 devstack@neutron-api.service[90563]: INFO neutron.quota.resource_registry [None req-4e33c6b6-ce75-4c89-9141-c95d33d508e4 None None] Creating instance of CountableResource for resource:router_route
Jun 30 21:14:16.906619 np0000004034 devstack@neutron-api.service[90563]: WARNING neutron.quota.resource_registry [None req-4e33c6b6-ce75-4c89-9141-c95d33d508e4 None None] router_route is already registered
Jun 30 21:14:16.907290 np0000004034 devstack@neutron-api.service[90563]: DEBUG neutron.api.v2.resource_helper [None req-4e33c6b6-ce75-4c89-9141-c95d33d508e4 None None] Service L3_ROUTER_NAT assigned prefix: {{(pid=90563) build_resource_info /opt/stack/neutron/neutron/api/v2/resource_helper.py:77}}
Jun 30 21:14:16.908086 np0000004034 devstack@neutron-api.service[90563]: DEBUG neutron.api.v2.resource_helper [None req-4e33c6b6-ce75-4c89-9141-c95d33d508e4 None None] Service FLAVORS assigned prefix: {{(pid=90563) build_resource_info /opt/stack/neutron/neutron/api/v2/resource_helper.py:77}}
Jun 30 21:14:16.908878 np0000004034 devstack@neutron-api.service[90563]: DEBUG neutron.api.v2.resource_helper [None req-4e33c6b6-ce75-4c89-9141-c95d33d508e4 None None] Service L3_ROUTER_NAT assigned prefix: {{(pid=90563) build_resource_info /opt/stack/neutron/neutron/api/v2/resource_helper.py:77}}
Jun 30 21:14:16.909459 np0000004034 devstack@neutron-api.service[90563]: DEBUG neutron.api.v2.resource_helper [None req-4e33c6b6-ce75-4c89-9141-c95d33d508e4 None None] Service L3_ROUTER_NAT assigned prefix: {{(pid=90563) build_resource_info /opt/stack/neutron/neutron/api/v2/resource_helper.py:77}}
Jun 30 21:14:16.909749 np0000004034 devstack@neutron-api.service[90563]: INFO neutron.quota.resource_registry [None req-4e33c6b6-ce75-4c89-9141-c95d33d508e4 None None] Creating instance of TrackedResource for resource:router
Jun 30 21:14:16.909866 np0000004034 devstack@neutron-api.service[90563]: WARNING neutron.quota.resource_registry [None req-4e33c6b6-ce75-4c89-9141-c95d33d508e4 None None] router is already registered
Jun 30 21:14:16.910462 np0000004034 devstack@neutron-api.service[90563]: INFO neutron.quota.resource_registry [None req-4e33c6b6-ce75-4c89-9141-c95d33d508e4 None None] Creating instance of TrackedResource for resource:floatingip
Jun 30 21:14:16.910756 np0000004034 devstack@neutron-api.service[90563]: WARNING neutron.quota.resource_registry [None req-4e33c6b6-ce75-4c89-9141-c95d33d508e4 None None] floatingip is already registered
Jun 30 21:14:16.912471 np0000004034 devstack@neutron-api.service[90563]: INFO neutron.quota.resource_registry [None req-4e33c6b6-ce75-4c89-9141-c95d33d508e4 None None] Creating instance of CountableResource for resource:rbac_policy
Jun 30 21:14:16.912672 np0000004034 devstack@neutron-api.service[90563]: WARNING neutron.quota.resource_registry [None req-4e33c6b6-ce75-4c89-9141-c95d33d508e4 None None] rbac_policy is already registered
Jun 30 21:14:16.913758 np0000004034 devstack@neutron-api.service[90563]: INFO neutron.quota.resource_registry [None req-4e33c6b6-ce75-4c89-9141-c95d33d508e4 None None] Creating instance of TrackedResource for resource:security_group
Jun 30 21:14:16.913942 np0000004034 devstack@neutron-api.service[90563]: WARNING neutron.quota.resource_registry [None req-4e33c6b6-ce75-4c89-9141-c95d33d508e4 None None] security_group is already registered
Jun 30 21:14:16.914498 np0000004034 devstack@neutron-api.service[90563]: INFO neutron.quota.resource_registry [None req-4e33c6b6-ce75-4c89-9141-c95d33d508e4 None None] Creating instance of TrackedResource for resource:security_group_rule
Jun 30 21:14:16.914733 np0000004034 devstack@neutron-api.service[90563]: WARNING neutron.quota.resource_registry [None req-4e33c6b6-ce75-4c89-9141-c95d33d508e4 None None] security_group_rule is already registered
Jun 30 21:14:16.915589 np0000004034 devstack@neutron-api.service[90563]: DEBUG neutron.api.v2.resource_helper [None req-4e33c6b6-ce75-4c89-9141-c95d33d508e4 None None] Service CORE assigned prefix: {{(pid=90563) build_resource_info /opt/stack/neutron/neutron/api/v2/resource_helper.py:77}}
Jun 30 21:14:16.915806 np0000004034 devstack@neutron-api.service[90563]: INFO neutron.quota.resource_registry [None req-4e33c6b6-ce75-4c89-9141-c95d33d508e4 None None] Creating instance of TrackedResource for resource:subnetpool
Jun 30 21:14:16.916007 np0000004034 devstack@neutron-api.service[90563]: WARNING neutron.quota.resource_registry [None req-4e33c6b6-ce75-4c89-9141-c95d33d508e4 None None] subnetpool is already registered
Jun 30 21:14:16.916597 np0000004034 devstack@neutron-api.service[90563]: DEBUG neutron.api.v2.resource_helper [None req-4e33c6b6-ce75-4c89-9141-c95d33d508e4 None None] Service CORE assigned prefix: {{(pid=90563) build_resource_info /opt/stack/neutron/neutron/api/v2/resource_helper.py:77}}
Jun 30 21:14:16.916778 np0000004034 devstack@neutron-api.service[90563]: INFO neutron.quota.resource_registry [None req-4e33c6b6-ce75-4c89-9141-c95d33d508e4 None None] Creating instance of TrackedResource for resource:subnetpool
Jun 30 21:14:16.916983 np0000004034 devstack@neutron-api.service[90563]: WARNING neutron.quota.resource_registry [None req-4e33c6b6-ce75-4c89-9141-c95d33d508e4 None None] subnetpool is already registered
Jun 30 21:14:16.917610 np0000004034 devstack@neutron-api.service[90563]: DEBUG neutron.api.extensions [None req-4e33c6b6-ce75-4c89-9141-c95d33d508e4 None None] Extended resource: extensions {{(pid=90563) __init__ /opt/stack/neutron/neutron/api/extensions.py:156}}
Jun 30 21:14:16.918695 np0000004034 devstack@neutron-api.service[90563]: DEBUG neutron.api.extensions [None req-4e33c6b6-ce75-4c89-9141-c95d33d508e4 None None] Extended resource: address-groups {{(pid=90563) __init__ /opt/stack/neutron/neutron/api/extensions.py:156}}
Jun 30 21:14:16.919903 np0000004034 devstack@neutron-api.service[90563]: DEBUG neutron.api.extensions [None req-4e33c6b6-ce75-4c89-9141-c95d33d508e4 None None] Extended resource: address-scopes {{(pid=90563) __init__ /opt/stack/neutron/neutron/api/extensions.py:156}}
Jun 30 21:14:16.920586 np0000004034 devstack@neutron-api.service[90563]: DEBUG neutron.api.extensions [None req-4e33c6b6-ce75-4c89-9141-c95d33d508e4 None None] Extended resource: agents {{(pid=90563) __init__ /opt/stack/neutron/neutron/api/extensions.py:156}}
Jun 30 21:14:16.921298 np0000004034 devstack@neutron-api.service[90563]: DEBUG neutron.api.extensions [None req-4e33c6b6-ce75-4c89-9141-c95d33d508e4 None None] Extended resource: auto-allocated-topology {{(pid=90563) __init__ /opt/stack/neutron/neutron/api/extensions.py:156}}
Jun 30 21:14:16.922182 np0000004034 devstack@neutron-api.service[90563]: DEBUG neutron.api.extensions [None req-4e33c6b6-ce75-4c89-9141-c95d33d508e4 None None] Extended resource: availability_zones {{(pid=90563) __init__ /opt/stack/neutron/neutron/api/extensions.py:156}}
Jun 30 21:14:16.922971 np0000004034 devstack@neutron-api.service[90563]: DEBUG neutron.api.extensions [None req-4e33c6b6-ce75-4c89-9141-c95d33d508e4 None None] Extended resource: dhcp-networks {{(pid=90563) __init__ /opt/stack/neutron/neutron/api/extensions.py:156}}
Jun 30 21:14:16.923883 np0000004034 devstack@neutron-api.service[90563]: DEBUG neutron.api.extensions [None req-4e33c6b6-ce75-4c89-9141-c95d33d508e4 None None] Extended resource: dhcp-agents {{(pid=90563) __init__ /opt/stack/neutron/neutron/api/extensions.py:156}}
Jun 30 21:14:16.924859 np0000004034 devstack@neutron-api.service[90563]: DEBUG neutron.api.extensions [None req-4e33c6b6-ce75-4c89-9141-c95d33d508e4 None None] Extended resource: routers {{(pid=90563) __init__ /opt/stack/neutron/neutron/api/extensions.py:156}}
Jun 30 21:14:16.926229 np0000004034 devstack@neutron-api.service[90563]: DEBUG neutron.api.extensions [None req-4e33c6b6-ce75-4c89-9141-c95d33d508e4 None None] Extended resource: flavors {{(pid=90563) __init__ /opt/stack/neutron/neutron/api/extensions.py:156}}
Jun 30 21:14:16.927061 np0000004034 devstack@neutron-api.service[90563]: DEBUG neutron.api.extensions [None req-4e33c6b6-ce75-4c89-9141-c95d33d508e4 None None] Extended resource: service_profiles {{(pid=90563) __init__ /opt/stack/neutron/neutron/api/extensions.py:156}}
Jun 30 21:14:16.927793 np0000004034 devstack@neutron-api.service[90563]: DEBUG neutron.api.extensions [None req-4e33c6b6-ce75-4c89-9141-c95d33d508e4 None None] Extended resource: next_providers {{(pid=90563) __init__ /opt/stack/neutron/neutron/api/extensions.py:156}}
Jun 30 21:14:16.928791 np0000004034 devstack@neutron-api.service[90563]: DEBUG neutron.api.extensions [None req-4e33c6b6-ce75-4c89-9141-c95d33d508e4 None None] Extended resource: service_profiles {{(pid=90563) __init__ /opt/stack/neutron/neutron/api/extensions.py:156}}
Jun 30 21:14:16.929738 np0000004034 devstack@neutron-api.service[90563]: DEBUG neutron.api.extensions [None req-4e33c6b6-ce75-4c89-9141-c95d33d508e4 None None] Extended resource: floatingip-pools {{(pid=90563) __init__ /opt/stack/neutron/neutron/api/extensions.py:156}}
Jun 30 21:14:16.930545 np0000004034 devstack@neutron-api.service[90563]: DEBUG neutron.api.extensions [None req-4e33c6b6-ce75-4c89-9141-c95d33d508e4 None None] Extended resource: routers {{(pid=90563) __init__ /opt/stack/neutron/neutron/api/extensions.py:156}}
Jun 30 21:14:16.931855 np0000004034 devstack@neutron-api.service[90563]: DEBUG neutron.api.extensions [None req-4e33c6b6-ce75-4c89-9141-c95d33d508e4 None None] Extended resource: floatingips {{(pid=90563) __init__ /opt/stack/neutron/neutron/api/extensions.py:156}}
Jun 30 21:14:16.932749 np0000004034 devstack@neutron-api.service[90563]: DEBUG neutron.api.extensions [None req-4e33c6b6-ce75-4c89-9141-c95d33d508e4 None None] Extended resource: l3-routers {{(pid=90563) __init__ /opt/stack/neutron/neutron/api/extensions.py:156}}
Jun 30 21:14:16.933615 np0000004034 devstack@neutron-api.service[90563]: DEBUG neutron.api.extensions [None req-4e33c6b6-ce75-4c89-9141-c95d33d508e4 None None] Extended resource: l3-agents {{(pid=90563) __init__ /opt/stack/neutron/neutron/api/extensions.py:156}}
Jun 30 21:14:16.934596 np0000004034 devstack@neutron-api.service[90563]: DEBUG neutron.api.extensions [None req-4e33c6b6-ce75-4c89-9141-c95d33d508e4 None None] Extended resource: network-ip-availabilities {{(pid=90563) __init__ /opt/stack/neutron/neutron/api/extensions.py:156}}
Jun 30 21:14:16.935388 np0000004034 devstack@neutron-api.service[90563]: DEBUG neutron.api.extensions [None req-4e33c6b6-ce75-4c89-9141-c95d33d508e4 None None] Extended resource: network-ip-availabilities {{(pid=90563) __init__ /opt/stack/neutron/neutron/api/extensions.py:156}}
Jun 30 21:14:16.939137 np0000004034 devstack@neutron-api.service[90563]: DEBUG neutron.api.extensions [None req-4e33c6b6-ce75-4c89-9141-c95d33d508e4 None None] Extended resource: bindings {{(pid=90563) __init__ /opt/stack/neutron/neutron/api/extensions.py:156}}
Jun 30 21:14:16.939137 np0000004034 devstack@neutron-api.service[90563]: DEBUG neutron.api.extensions [None req-4e33c6b6-ce75-4c89-9141-c95d33d508e4 None None] Extended resource: quotas {{(pid=90563) __init__ /opt/stack/neutron/neutron/api/extensions.py:156}}
Jun 30 21:14:16.939137 np0000004034 devstack@neutron-api.service[90563]: DEBUG neutron.api.extensions [None req-4e33c6b6-ce75-4c89-9141-c95d33d508e4 None None] Extended resource: quotas {{(pid=90563) __init__ /opt/stack/neutron/neutron/api/extensions.py:156}}
Jun 30 21:14:16.939498 np0000004034 devstack@neutron-api.service[90564]: DEBUG ovsdbapp.backend.ovs_idl [None req-99bb9664-fb9a-4966-96f7-9270fe2d3d91 None None] Created lookup_table index Logical_Switch.name {{(pid=90564) autocreate_indices /opt/stack/data/venv/lib/python3.12/site-packages/ovsdbapp/backend/ovs_idl/__init__.py:87}}
Jun 30 21:14:16.939498 np0000004034 devstack@neutron-api.service[90564]: DEBUG ovsdbapp.backend.ovs_idl [None req-99bb9664-fb9a-4966-96f7-9270fe2d3d91 None None] Created lookup_table index Logical_Router.name {{(pid=90564) autocreate_indices /opt/stack/data/venv/lib/python3.12/site-packages/ovsdbapp/backend/ovs_idl/__init__.py:87}}
Jun 30 21:14:16.939609 np0000004034 devstack@neutron-api.service[90564]: DEBUG ovsdbapp.backend.ovs_idl [None req-99bb9664-fb9a-4966-96f7-9270fe2d3d91 None None] Created lookup_table index Load_Balancer.name {{(pid=90564) autocreate_indices /opt/stack/data/venv/lib/python3.12/site-packages/ovsdbapp/backend/ovs_idl/__init__.py:87}}
Jun 30 21:14:16.939773 np0000004034 devstack@neutron-api.service[90564]: DEBUG ovsdbapp.backend.ovs_idl [None req-99bb9664-fb9a-4966-96f7-9270fe2d3d91 None None] Created schema index Copp.name {{(pid=90564) autocreate_indices /opt/stack/data/venv/lib/python3.12/site-packages/ovsdbapp/backend/ovs_idl/__init__.py:106}}
Jun 30 21:14:16.939838 np0000004034 devstack@neutron-api.service[90563]: DEBUG neutron.api.extensions [None req-4e33c6b6-ce75-4c89-9141-c95d33d508e4 None None] Extended resource: rbac-policies {{(pid=90563) __init__ /opt/stack/neutron/neutron/api/extensions.py:156}}
Jun 30 21:14:16.939886 np0000004034 devstack@neutron-api.service[90564]: DEBUG ovsdbapp.backend.ovs_idl [None req-99bb9664-fb9a-4966-96f7-9270fe2d3d91 None None] Created schema index Meter.name {{(pid=90564) autocreate_indices /opt/stack/data/venv/lib/python3.12/site-packages/ovsdbapp/backend/ovs_idl/__init__.py:106}}
Jun 30 21:14:16.939958 np0000004034 devstack@neutron-api.service[90564]: DEBUG ovsdbapp.backend.ovs_idl [None req-99bb9664-fb9a-4966-96f7-9270fe2d3d91 None None] Created schema index Load_Balancer_Group.name {{(pid=90564) autocreate_indices /opt/stack/data/venv/lib/python3.12/site-packages/ovsdbapp/backend/ovs_idl/__init__.py:106}}
Jun 30 21:14:16.940041 np0000004034 devstack@neutron-api.service[90564]: DEBUG ovsdbapp.backend.ovs_idl [None req-99bb9664-fb9a-4966-96f7-9270fe2d3d91 None None] Created schema index HA_Chassis_Group.name {{(pid=90564) autocreate_indices /opt/stack/data/venv/lib/python3.12/site-packages/ovsdbapp/backend/ovs_idl/__init__.py:106}}
Jun 30 21:14:16.940123 np0000004034 devstack@neutron-api.service[90564]: DEBUG ovsdbapp.backend.ovs_idl [None req-99bb9664-fb9a-4966-96f7-9270fe2d3d91 None None] Created schema index Address_Set.name {{(pid=90564) autocreate_indices /opt/stack/data/venv/lib/python3.12/site-packages/ovsdbapp/backend/ovs_idl/__init__.py:106}}
