Jun 30 21:14:16.733784 np0000004034 devstack@neutron-api.service[90564]: DEBUG neutron.api.extensions [None req-99bb9664-fb9a-4966-96f7-9270fe2d3d91 None None] Loading extension file: port_device_profile.py {{(pid=90564) _load_all_extensions_from_path /opt/stack/neutron/neutron/api/extensions.py:449}}
Jun 30 21:14:16.733784 np0000004034 devstack@neutron-api.service[90564]: DEBUG neutron.api.extensions [None req-99bb9664-fb9a-4966-96f7-9270fe2d3d91 None None] Ext name="Port device profile" alias="port-device-profile" description="Expose the port device profile (Cyborg)" updated="2020-12-17T10:00:00-00:00" {{(pid=90564) _check_extension /opt/stack/neutron/neutron/api/extensions.py:415}}
Jun 30 21:14:16.733784 np0000004034 devstack@neutron-api.service[90564]: INFO neutron.api.extensions [None req-99bb9664-fb9a-4966-96f7-9270fe2d3d91 None None] Loaded extension: port-device-profile
Jun 30 21:14:16.733784 np0000004034 devstack@neutron-api.service[90564]: DEBUG neutron.api.extensions [None req-99bb9664-fb9a-4966-96f7-9270fe2d3d91 None None] Loading extension file: port_hardware_offload_type.py {{(pid=90564) _load_all_extensions_from_path /opt/stack/neutron/neutron/api/extensions.py:449}}
Jun 30 21:14:16.733947 np0000004034 devstack@neutron-api.service[90566]: INFO neutron.quota.resource_registry [None req-62e0928c-953e-44a0-bd44-38c5de846352 None None] Creating instance of TrackedResource for resource:security_group
Jun 30 21:14:16.734118 np0000004034 devstack@neutron-api.service[90564]: DEBUG neutron.api.extensions [None req-99bb9664-fb9a-4966-96f7-9270fe2d3d91 None None] Ext name="Port hardware offload" alias="port-hardware-offload-type" description="Expose port hardware offload extension" updated="2023-05-09T10:00:00-00:00" {{(pid=90564) _check_extension /opt/stack/neutron/neutron/api/extensions.py:415}}
Jun 30 21:14:16.734285 np0000004034 devstack@neutron-api.service[90566]: INFO neutron.quota.resource_registry [None req-62e0928c-953e-44a0-bd44-38c5de846352 None None] Creating instance of TrackedResource for resource:security_group_rule
Jun 30 21:14:16.734428 np0000004034 devstack@neutron-api.service[90564]: INFO neutron.api.extensions [None req-99bb9664-fb9a-4966-96f7-9270fe2d3d91 None None] Extension port-hardware-offload-type not supported by any of loaded plugins
Jun 30 21:14:16.734428 np0000004034 devstack@neutron-api.service[90564]: DEBUG neutron.api.extensions [None req-99bb9664-fb9a-4966-96f7-9270fe2d3d91 None None] Loading extension file: port_hint_ovs_tx_steering.py {{(pid=90564) _load_all_extensions_from_path /opt/stack/neutron/neutron/api/extensions.py:449}}
Jun 30 21:14:16.734428 np0000004034 devstack@neutron-api.service[90564]: DEBUG neutron.api.extensions [None req-99bb9664-fb9a-4966-96f7-9270fe2d3d91 None None] Ext name="Port hint: Open vSwitch Tx steering" alias="port-hint-ovs-tx-steering" description="Enable Port hint: Open vSwitch Tx steering" updated="2023-01-01T00:00:00-00:00" {{(pid=90564) _check_extension /opt/stack/neutron/neutron/api/extensions.py:415}}
Jun 30 21:14:16.734428 np0000004034 devstack@neutron-api.service[90564]: INFO neutron.api.extensions [None req-99bb9664-fb9a-4966-96f7-9270fe2d3d91 None None] Extension port-hint-ovs-tx-steering not supported by any of loaded plugins
Jun 30 21:14:16.734619 np0000004034 devstack@neutron-api.service[90566]: DEBUG neutron.api.v2.resource_helper [None req-62e0928c-953e-44a0-bd44-38c5de846352 None None] Service CORE assigned prefix: {{(pid=90566) build_resource_info /opt/stack/neutron/neutron/api/v2/resource_helper.py:77}}
Jun 30 21:14:16.734723 np0000004034 devstack@neutron-api.service[90564]: DEBUG neutron.api.extensions [None req-99bb9664-fb9a-4966-96f7-9270fe2d3d91 None None] Loading extension file: port_hints.py {{(pid=90564) _load_all_extensions_from_path /opt/stack/neutron/neutron/api/extensions.py:449}}
Jun 30 21:14:16.734803 np0000004034 devstack@neutron-api.service[90566]: INFO neutron.quota.resource_registry [None req-62e0928c-953e-44a0-bd44-38c5de846352 None None] Creating instance of TrackedResource for resource:subnetpool
Jun 30 21:14:16.734803 np0000004034 devstack@neutron-api.service[90566]: WARNING neutron.quota.resource_registry [None req-62e0928c-953e-44a0-bd44-38c5de846352 None None] subnetpool is already registered
Jun 30 21:14:16.734869 np0000004034 devstack@neutron-api.service[90564]: DEBUG neutron.api.extensions [None req-99bb9664-fb9a-4966-96f7-9270fe2d3d91 None None] Ext name="Port hints" alias="port-hints" description="Backend specific port hints to allow backend specific tuning" updated="2023-01-01T00:00:00-00:00" {{(pid=90564) _check_extension /opt/stack/neutron/neutron/api/extensions.py:415}}
Jun 30 21:14:16.734869 np0000004034 devstack@neutron-api.service[90564]: INFO neutron.api.extensions [None req-99bb9664-fb9a-4966-96f7-9270fe2d3d91 None None] Extension port-hints not supported by any of loaded plugins
Jun 30 21:14:16.734869 np0000004034 devstack@neutron-api.service[90564]: DEBUG neutron.api.extensions [None req-99bb9664-fb9a-4966-96f7-9270fe2d3d91 None None] Loading extension file: port_mac_address_override.py {{(pid=90564) _load_all_extensions_from_path /opt/stack/neutron/neutron/api/extensions.py:449}}
Jun 30 21:14:16.734953 np0000004034 devstack@neutron-api.service[90566]: DEBUG neutron.api.v2.resource_helper [None req-62e0928c-953e-44a0-bd44-38c5de846352 None None] Service CORE assigned prefix: {{(pid=90566) build_resource_info /opt/stack/neutron/neutron/api/v2/resource_helper.py:77}}
Jun 30 21:14:16.735002 np0000004034 devstack@neutron-api.service[90564]: DEBUG neutron.api.extensions [None req-99bb9664-fb9a-4966-96f7-9270fe2d3d91 None None] Ext name="Neutron Port MAC address override" alias="port-mac-override" description="Allow overriding the MAC address of a direct-physical Port via the active binding profile" updated="2022-03-18T10:00:00-00:00" {{(pid=90564) _check_extension /opt/stack/neutron/neutron/api/extensions.py:415}}
Jun 30 21:14:16.735059 np0000004034 devstack@neutron-api.service[90566]: INFO neutron.quota.resource_registry [None req-62e0928c-953e-44a0-bd44-38c5de846352 None None] Creating instance of TrackedResource for resource:subnetpool
Jun 30 21:14:16.735108 np0000004034 devstack@neutron-api.service[90564]: INFO neutron.api.extensions [None req-99bb9664-fb9a-4966-96f7-9270fe2d3d91 None None] Extension port-mac-override not supported by any of loaded plugins
Jun 30 21:14:16.735108 np0000004034 devstack@neutron-api.service[90564]: DEBUG neutron.api.extensions [None req-99bb9664-fb9a-4966-96f7-9270fe2d3d91 None None] Loading extension file: port_mac_address_regenerate.py {{(pid=90564) _load_all_extensions_from_path /opt/stack/neutron/neutron/api/extensions.py:449}}
Jun 30 21:14:16.735182 np0000004034 devstack@neutron-api.service[90566]: WARNING neutron.quota.resource_registry [None req-62e0928c-953e-44a0-bd44-38c5de846352 None None] subnetpool is already registered
Jun 30 21:14:16.735232 np0000004034 devstack@neutron-api.service[90564]: DEBUG neutron.api.extensions [None req-99bb9664-fb9a-4966-96f7-9270fe2d3d91 None None] Ext name="Neutron Port MAC address regenerate" alias="port-mac-address-regenerate" description="Network port MAC address regenerate" updated="2018-05-03T10:00:00-00:00" {{(pid=90564) _check_extension /opt/stack/neutron/neutron/api/extensions.py:415}}
Jun 30 21:14:16.735232 np0000004034 devstack@neutron-api.service[90564]: INFO neutron.api.extensions [None req-99bb9664-fb9a-4966-96f7-9270fe2d3d91 None None] Loaded extension: port-mac-address-regenerate
Jun 30 21:14:16.735232 np0000004034 devstack@neutron-api.service[90564]: DEBUG neutron.api.extensions [None req-99bb9664-fb9a-4966-96f7-9270fe2d3d91 None None] Loading extension file: port_numa_affinity_policy.py {{(pid=90564) _load_all_extensions_from_path /opt/stack/neutron/neutron/api/extensions.py:449}}
Jun 30 21:14:16.735232 np0000004034 devstack@neutron-api.service[90564]: DEBUG neutron.api.extensions [None req-99bb9664-fb9a-4966-96f7-9270fe2d3d91 None None] Ext name="Port NUMA affinity policy" alias="port-numa-affinity-policy" description="Expose the port NUMA affinity policy" updated="2020-07-08T10:00:00-00:00" {{(pid=90564) _check_extension /opt/stack/neutron/neutron/api/extensions.py:415}}
Jun 30 21:14:16.735232 np0000004034 devstack@neutron-api.service[90564]: INFO neutron.api.extensions [None req-99bb9664-fb9a-4966-96f7-9270fe2d3d91 None None] Loaded extension: port-numa-affinity-policy
Jun 30 21:14:16.735232 np0000004034 devstack@neutron-api.service[90564]: DEBUG neutron.api.extensions [None req-99bb9664-fb9a-4966-96f7-9270fe2d3d91 None None] Loading extension file: port_numa_affinity_policy_socket.py {{(pid=90564) _load_all_extensions_from_path /opt/stack/neutron/neutron/api/extensions.py:449}}
Jun 30 21:14:16.735232 np0000004034 devstack@neutron-api.service[90564]: DEBUG neutron.api.extensions [None req-99bb9664-fb9a-4966-96f7-9270fe2d3d91 None None] Ext name="Port NUMA affinity policy "socket"" alias="port-numa-affinity-policy-socket" description="Adds "socket" to the supported port NUMA affinity policies" updated="2024-02-09T10:00:00-00:00" {{(pid=90564) _check_extension /opt/stack/neutron/neutron/api/extensions.py:415}}
Jun 30 21:14:16.735461 np0000004034 devstack@neutron-api.service[90564]: INFO neutron.api.extensions [None req-99bb9664-fb9a-4966-96f7-9270fe2d3d91 None None] Loaded extension: port-numa-affinity-policy-socket
Jun 30 21:14:16.735461 np0000004034 devstack@neutron-api.service[90564]: DEBUG neutron.api.extensions [None req-99bb9664-fb9a-4966-96f7-9270fe2d3d91 None None] Loading extension file: port_resource_request.py {{(pid=90564) _load_all_extensions_from_path /opt/stack/neutron/neutron/api/extensions.py:449}}
Jun 30 21:14:16.735461 np0000004034 devstack@neutron-api.service[90564]: DEBUG neutron.api.extensions [None req-99bb9664-fb9a-4966-96f7-9270fe2d3d91 None None] Ext name="Port Resource Request" alias="port-resource-request" description="Expose resource request to Port" updated="2018-05-08T10:00:00-00:00" {{(pid=90564) _check_extension /opt/stack/neutron/neutron/api/extensions.py:415}}
Jun 30 21:14:16.735543 np0000004034 devstack@neutron-api.service[90566]: INFO neutron.quota.resource_registry [None req-62e0928c-953e-44a0-bd44-38c5de846352 None None] Creating instance of CountableResource for resource:router_route
Jun 30 21:14:16.735591 np0000004034 devstack@neutron-api.service[90564]: INFO neutron.api.extensions [None req-99bb9664-fb9a-4966-96f7-9270fe2d3d91 None None] Extension port-resource-request not supported by any of loaded plugins
Jun 30 21:14:16.735641 np0000004034 devstack@neutron-api.service[90566]: WARNING neutron.quota.resource_registry [None req-62e0928c-953e-44a0-bd44-38c5de846352 None None] router_route is already registered
Jun 30 21:14:16.735703 np0000004034 devstack@neutron-api.service[90564]: DEBUG neutron.api.extensions [None req-99bb9664-fb9a-4966-96f7-9270fe2d3d91 None None] Loading extension file: port_resource_request_groups.py {{(pid=90564) _load_all_extensions_from_path /opt/stack/neutron/neutron/api/extensions.py:449}}
Jun 30 21:14:16.735755 np0000004034 devstack@neutron-api.service[90566]: DEBUG neutron.api.v2.resource_helper [None req-62e0928c-953e-44a0-bd44-38c5de846352 None None] Service L3_ROUTER_NAT assigned prefix: {{(pid=90566) build_resource_info /opt/stack/neutron/neutron/api/v2/resource_helper.py:77}}
Jun 30 21:14:16.735817 np0000004034 devstack@neutron-api.service[90564]: DEBUG neutron.api.extensions [None req-99bb9664-fb9a-4966-96f7-9270fe2d3d91 None None] Ext name="Port Resource Request Groups" alias="port-resource-request-groups" description="Support requesting multiple groups of resources and traits from the same RP subtree in resource_request" updated="2021-08-02T10:00:00-00:00" {{(pid=90564) _check_extension /opt/stack/neutron/neutron/api/extensions.py:415}}
Jun 30 21:14:16.735817 np0000004034 devstack@neutron-api.service[90564]: INFO neutron.api.extensions [None req-99bb9664-fb9a-4966-96f7-9270fe2d3d91 None None] Extension port-resource-request-groups not supported by any of loaded plugins
Jun 30 21:14:16.735959 np0000004034 devstack@neutron-api.service[90566]: DEBUG neutron.api.v2.resource_helper [None req-62e0928c-953e-44a0-bd44-38c5de846352 None None] Service FLAVORS assigned prefix: {{(pid=90566) build_resource_info /opt/stack/neutron/neutron/api/v2/resource_helper.py:77}}
Jun 30 21:14:16.736049 np0000004034 devstack@neutron-api.service[90564]: DEBUG neutron.api.extensions [None req-99bb9664-fb9a-4966-96f7-9270fe2d3d91 None None] Loading extension file: port_trusted_vif.py {{(pid=90564) _load_all_extensions_from_path /opt/stack/neutron/neutron/api/extensions.py:449}}
Jun 30 21:14:16.736049 np0000004034 devstack@neutron-api.service[90564]: DEBUG neutron.api.extensions [None req-99bb9664-fb9a-4966-96f7-9270fe2d3d91 None None] Ext name="Port trusted vif" alias="port-trusted-vif" description="Expose port 'trusted' attribute in the API" updated="2024-07-10T10:00:00-00:00" {{(pid=90564) _check_extension /opt/stack/neutron/neutron/api/extensions.py:415}}
Jun 30 21:14:16.736049 np0000004034 devstack@neutron-api.service[90564]: INFO neutron.api.extensions [None req-99bb9664-fb9a-4966-96f7-9270fe2d3d91 None None] Extension port-trusted-vif not supported by any of loaded plugins
Jun 30 21:14:16.736049 np0000004034 devstack@neutron-api.service[90564]: DEBUG neutron.api.extensions [None req-99bb9664-fb9a-4966-96f7-9270fe2d3d91 None None] Loading extension file: portbindings.py {{(pid=90564) _load_all_extensions_from_path /opt/stack/neutron/neutron/api/extensions.py:449}}
Jun 30 21:14:16.736171 np0000004034 devstack@neutron-api.service[90566]: DEBUG neutron.api.v2.resource_helper [None req-62e0928c-953e-44a0-bd44-38c5de846352 None None] Service L3_ROUTER_NAT assigned prefix: {{(pid=90566) build_resource_info /opt/stack/neutron/neutron/api/v2/resource_helper.py:77}}
Jun 30 21:14:16.736224 np0000004034 devstack@neutron-api.service[90564]: DEBUG neutron.api.extensions [None req-99bb9664-fb9a-4966-96f7-9270fe2d3d91 None None] Ext name="Port Binding" alias="binding" description="Expose port bindings of a virtual port to external application" updated="2014-02-03T10:00:00-00:00" {{(pid=90564) _check_extension /opt/stack/neutron/neutron/api/extensions.py:415}}
Jun 30 21:14:16.736224 np0000004034 devstack@neutron-api.service[90564]: INFO neutron.api.extensions [None req-99bb9664-fb9a-4966-96f7-9270fe2d3d91 None None] Loaded extension: binding
Jun 30 21:14:16.736317 np0000004034 devstack@neutron-api.service[90566]: DEBUG neutron.api.v2.resource_helper [None req-62e0928c-953e-44a0-bd44-38c5de846352 None None] Service L3_ROUTER_NAT assigned prefix: {{(pid=90566) build_resource_info /opt/stack/neutron/neutron/api/v2/resource_helper.py:77}}
Jun 30 21:14:16.736366 np0000004034 devstack@neutron-api.service[90564]: DEBUG neutron.api.extensions [None req-99bb9664-fb9a-4966-96f7-9270fe2d3d91 None None] Loading extension file: portbindings_extended.py {{(pid=90564) _load_all_extensions_from_path /opt/stack/neutron/neutron/api/extensions.py:449}}
Jun 30 21:14:16.736459 np0000004034 devstack@neutron-api.service[90566]: INFO neutron.quota.resource_registry [None req-62e0928c-953e-44a0-bd44-38c5de846352 None None] Creating instance of TrackedResource for resource:router
Jun 30 21:14:16.736459 np0000004034 devstack@neutron-api.service[90566]: WARNING neutron.quota.resource_registry [None req-62e0928c-953e-44a0-bd44-38c5de846352 None None] router is already registered
Jun 30 21:14:16.736559 np0000004034 devstack@neutron-api.service[90564]: DEBUG neutron.api.extensions [None req-99bb9664-fb9a-4966-96f7-9270fe2d3d91 None None] Ext name="Port Bindings Extended" alias="binding-extended" description="Expose port bindings of a virtual port to external application" updated="2017-07-17T10:00:00-00:00" {{(pid=90564) _check_extension /opt/stack/neutron/neutron/api/extensions.py:415}}
Jun 30 21:14:16.736559 np0000004034 devstack@neutron-api.service[90564]: INFO neutron.api.extensions [None req-99bb9664-fb9a-4966-96f7-9270fe2d3d91 None None] Loaded extension: binding-extended
Jun 30 21:14:16.736559 np0000004034 devstack@neutron-api.service[90564]: DEBUG neutron.api.extensions [None req-99bb9664-fb9a-4966-96f7-9270fe2d3d91 None None] Loading extension file: portsecurity.py {{(pid=90564) _load_all_extensions_from_path /opt/stack/neutron/neutron/api/extensions.py:449}}
Jun 30 21:14:16.736668 np0000004034 devstack@neutron-api.service[90566]: INFO neutron.quota.resource_registry [None req-62e0928c-953e-44a0-bd44-38c5de846352 None None] Creating instance of TrackedResource for resource:floatingip
Jun 30 21:14:16.736738 np0000004034 devstack@neutron-api.service[90564]: DEBUG neutron.api.extensions [None req-99bb9664-fb9a-4966-96f7-9270fe2d3d91 None None] Ext name="Port Security" alias="port-security" description="Provides port security" updated="2012-07-23T10:00:00-00:00" {{(pid=90564) _check_extension /opt/stack/neutron/neutron/api/extensions.py:415}}
Jun 30 21:14:16.736791 np0000004034 devstack@neutron-api.service[90566]: WARNING neutron.quota.resource_registry [None req-62e0928c-953e-44a0-bd44-38c5de846352 None None] floatingip is already registered
Jun 30 21:14:16.736848 np0000004034 devstack@neutron-api.service[90564]: INFO neutron.api.extensions [None req-99bb9664-fb9a-4966-96f7-9270fe2d3d91 None None] Loaded extension: port-security
Jun 30 21:14:16.736848 np0000004034 devstack@neutron-api.service[90564]: DEBUG neutron.api.extensions [None req-99bb9664-fb9a-4966-96f7-9270fe2d3d91 None None] Loading extension file: project_id.py {{(pid=90564) _load_all_extensions_from_path /opt/stack/neutron/neutron/api/extensions.py:449}}
Jun 30 21:14:16.736848 np0000004034 devstack@neutron-api.service[90564]: DEBUG neutron.api.extensions [None req-99bb9664-fb9a-4966-96f7-9270fe2d3d91 None None] Ext name="project_id field enabled" alias="project-id" description="Extension that indicates that project_id field is enabled." updated="2016-09-09T09:09:09-09:09" {{(pid=90564) _check_extension /opt/stack/neutron/neutron/api/extensions.py:415}}
Jun 30 21:14:16.736848 np0000004034 devstack@neutron-api.service[90564]: INFO neutron.api.extensions [None req-99bb9664-fb9a-4966-96f7-9270fe2d3d91 None None] Loaded extension: project-id
Jun 30 21:14:16.736848 np0000004034 devstack@neutron-api.service[90564]: DEBUG neutron.api.extensions [None req-99bb9664-fb9a-4966-96f7-9270fe2d3d91 None None] Loading extension file: providernet.py {{(pid=90564) _load_all_extensions_from_path /opt/stack/neutron/neutron/api/extensions.py:449}}
Jun 30 21:14:16.736978 np0000004034 devstack@neutron-api.service[90563]: DEBUG neutron_lib.callbacks.manager [None req-4e33c6b6-ce75-4c89-9141-c95d33d508e4 None None] Subscribe: > router before_delete 55550000, False {{(pid=90563) subscribe /opt/stack/data/venv/lib/python3.12/site-packages/neutron_lib/callbacks/manager.py:52}}
Jun 30 21:14:16.737032 np0000004034 devstack@neutron-api.service[90564]: DEBUG neutron.api.extensions [None req-99bb9664-fb9a-4966-96f7-9270fe2d3d91 None None] Ext name="Provider Network" alias="provider" description="Expose mapping of virtual networks to physical networks" updated="2012-09-07T10:00:00-00:00" {{(pid=90564) _check_extension /opt/stack/neutron/neutron/api/extensions.py:415}}
Jun 30 21:14:16.737086 np0000004034 devstack@neutron-api.service[90563]: DEBUG neutron_lib.callbacks.manager [None req-4e33c6b6-ce75-4c89-9141-c95d33d508e4 None None] Subscribe: port before_update 55550000, False {{(pid=90563) subscribe /opt/stack/data/venv/lib/python3.12/site-packages/neutron_lib/callbacks/manager.py:52}}
Jun 30 21:14:16.737135 np0000004034 devstack@neutron-api.service[90566]: INFO neutron.quota.resource_registry [None req-62e0928c-953e-44a0-bd44-38c5de846352 None None] Creating instance of CountableResource for resource:rbac_policy
Jun 30 21:14:16.737183 np0000004034 devstack@neutron-api.service[90564]: INFO neutron.api.extensions [None req-99bb9664-fb9a-4966-96f7-9270fe2d3d91 None None] Loaded extension: provider
Jun 30 21:14:16.737240 np0000004034 devstack@neutron-api.service[90566]: WARNING neutron.quota.resource_registry [None req-62e0928c-953e-44a0-bd44-38c5de846352 None None] rbac_policy is already registered
Jun 30 21:14:16.737291 np0000004034 devstack@neutron-api.service[90564]: DEBUG neutron.api.extensions [None req-99bb9664-fb9a-4966-96f7-9270fe2d3d91 None None] Loading extension file: pvlan.py {{(pid=90564) _load_all_extensions_from_path /opt/stack/neutron/neutron/api/extensions.py:449}}
Jun 30 21:14:16.737347 np0000004034 devstack@neutron-api.service[90563]: DEBUG neutron_lib.callbacks.manager [None req-4e33c6b6-ce75-4c89-9141-c95d33d508e4 None None] Subscribe: port after_update 55550000, False {{(pid=90563) subscribe /opt/stack/data/venv/lib/python3.12/site-packages/neutron_lib/callbacks/manager.py:52}}
Jun 30 21:14:16.737347 np0000004034 devstack@neutron-api.service[90563]: DEBUG neutron_lib.callbacks.manager [None req-4e33c6b6-ce75-4c89-9141-c95d33d508e4 None None] Subscribe: > port precommit_delete 55550000, False {{(pid=90563) subscribe /opt/stack/data/venv/lib/python3.12/site-packages/neutron_lib/callbacks/manager.py:52}}
Jun 30 21:14:16.737347 np0000004034 devstack@neutron-api.service[90563]: DEBUG neutron_lib.callbacks.manager [None req-4e33c6b6-ce75-4c89-9141-c95d33d508e4 None None] Subscribe: port before_update 55550000, False {{(pid=90563) subscribe /opt/stack/data/venv/lib/python3.12/site-packages/neutron_lib/callbacks/manager.py:52}}
Jun 30 21:14:16.737475 np0000004034 devstack@neutron-api.service[90564]: DEBUG neutron.api.extensions [None req-99bb9664-fb9a-4966-96f7-9270fe2d3d91 None None] Ext name="Private VLAN" alias="pvlan" description="The Private VLAN semantics extension." updated="2026-02-03T10:00:00-00:00" {{(pid=90564) _check_extension /opt/stack/neutron/neutron/api/extensions.py:415}}
Jun 30 21:14:16.737540 np0000004034 devstack@neutron-api.service[90563]: DEBUG neutron_lib.callbacks.manager [None req-4e33c6b6-ce75-4c89-9141-c95d33d508e4 None None] Subscribe: port before_delete 55550000, False {{(pid=90563) subscribe /opt/stack/data/venv/lib/python3.12/site-packages/neutron_lib/callbacks/manager.py:52}}
Jun 30 21:14:16.737593 np0000004034 devstack@neutron-api.service[90564]: INFO neutron.api.extensions [None req-99bb9664-fb9a-4966-96f7-9270fe2d3d91 None None] Extension pvlan not supported by any of loaded plugins
Jun 30 21:14:16.737645 np0000004034 devstack@neutron-api.service[90566]: INFO neutron.quota.resource_registry [None req-62e0928c-953e-44a0-bd44-38c5de846352 None None] Creating instance of TrackedResource for resource:security_group
Jun 30 21:14:16.737712 np0000004034 devstack@neutron-api.service[90563]: DEBUG neutron_lib.callbacks.manager [None req-4e33c6b6-ce75-4c89-9141-c95d33d508e4 None None] Subscribe: > router precommit_create 55550000, False {{(pid=90563) subscribe /opt/stack/data/venv/lib/python3.12/site-packages/neutron_lib/callbacks/manager.py:52}}
Jun 30 21:14:16.737765 np0000004034 devstack@neutron-api.service[90564]: DEBUG neutron.api.extensions [None req-99bb9664-fb9a-4966-96f7-9270fe2d3d91 None None] Loading extension file: qinq.py {{(pid=90564) _load_all_extensions_from_path /opt/stack/neutron/neutron/api/extensions.py:449}}
Jun 30 21:14:16.737818 np0000004034 devstack@neutron-api.service[90566]: WARNING neutron.quota.resource_registry [None req-62e0928c-953e-44a0-bd44-38c5de846352 None None] security_group is already registered
Jun 30 21:14:16.737866 np0000004034 devstack@neutron-api.service[90563]: DEBUG neutron_lib.callbacks.manager [None req-4e33c6b6-ce75-4c89-9141-c95d33d508e4 None None] Subscribe: > router precommit_create 55550000, False {{(pid=90563) subscribe /opt/stack/data/venv/lib/python3.12/site-packages/neutron_lib/callbacks/manager.py:52}}
Jun 30 21:14:16.737866 np0000004034 devstack@neutron-api.service[90563]: DEBUG neutron_lib.callbacks.manager [None req-4e33c6b6-ce75-4c89-9141-c95d33d508e4 None None] Subscribe: > router precommit_update 55550000, False {{(pid=90563) subscribe /opt/stack/data/venv/lib/python3.12/site-packages/neutron_lib/callbacks/manager.py:52}}
Jun 30 21:14:16.737948 np0000004034 devstack@neutron-api.service[90564]: DEBUG neutron.api.extensions [None req-99bb9664-fb9a-4966-96f7-9270fe2d3d91 None None] Ext name="QinQ networks" alias="qinq" description="Expose network 'qinq' attribute in the API. This allows to configure network to allow vlan in vlan configuration using 0x88a8 ethertype (QinQ)." updated="2024-12-02T10:00:00-00:00" {{(pid=90564) _check_extension /opt/stack/neutron/neutron/api/extensions.py:415}}
Jun 30 21:14:16.738009 np0000004034 devstack@neutron-api.service[90566]: INFO neutron.quota.resource_registry [None req-62e0928c-953e-44a0-bd44-38c5de846352 None None] Creating instance of TrackedResource for resource:security_group_rule
Jun 30 21:14:16.738065 np0000004034 devstack@neutron-api.service[90563]: DEBUG neutron_lib.callbacks.manager [None req-4e33c6b6-ce75-4c89-9141-c95d33d508e4 None None] Subscribe: subnet after_update 55550000, False {{(pid=90563) subscribe /opt/stack/data/venv/lib/python3.12/site-packages/neutron_lib/callbacks/manager.py:52}}
Jun 30 21:14:16.738125 np0000004034 devstack@neutron-api.service[90564]: INFO neutron.api.extensions [None req-99bb9664-fb9a-4966-96f7-9270fe2d3d91 None None] Loaded extension: qinq
Jun 30 21:14:16.738176 np0000004034 devstack@neutron-api.service[90566]: WARNING neutron.quota.resource_registry [None req-62e0928c-953e-44a0-bd44-38c5de846352 None None] security_group_rule is already registered
Jun 30 21:14:16.738299 np0000004034 devstack@neutron-api.service[90564]: DEBUG neutron.api.extensions [None req-99bb9664-fb9a-4966-96f7-9270fe2d3d91 None None] Loading extension file: qos.py {{(pid=90564) _load_all_extensions_from_path /opt/stack/neutron/neutron/api/extensions.py:449}}
Jun 30 21:14:16.738359 np0000004034 devstack@neutron-api.service[90563]: DEBUG neutron.quota.resource_registry [None req-4e33c6b6-ce75-4c89-9141-c95d33d508e4 None None] Tracking information for resource: router configured {{(pid=90563) set_tracked_resource /opt/stack/neutron/neutron/quota/resource_registry.py:203}}
Jun 30 21:14:16.738359 np0000004034 devstack@neutron-api.service[90563]: DEBUG neutron.quota.resource_registry [None req-4e33c6b6-ce75-4c89-9141-c95d33d508e4 None None] Tracking information for resource: floatingip configured {{(pid=90563) set_tracked_resource /opt/stack/neutron/neutron/quota/resource_registry.py:203}}
Jun 30 21:14:16.738450 np0000004034 devstack@neutron-api.service[90566]: DEBUG neutron.api.v2.resource_helper [None req-62e0928c-953e-44a0-bd44-38c5de846352 None None] Service CORE assigned prefix: {{(pid=90566) build_resource_info /opt/stack/neutron/neutron/api/v2/resource_helper.py:77}}
Jun 30 21:14:16.738502 np0000004034 devstack@neutron-api.service[90563]: INFO neutron.services.ovn_l3.plugin [None req-4e33c6b6-ce75-4c89-9141-c95d33d508e4 None None] Starting OVNL3RouterPlugin
Jun 30 21:14:16.738557 np0000004034 devstack@neutron-api.service[90566]: INFO neutron.quota.resource_registry [None req-62e0928c-953e-44a0-bd44-38c5de846352 None None] Creating instance of TrackedResource for resource:subnetpool
Jun 30 21:14:16.738557 np0000004034 devstack@neutron-api.service[90566]: WARNING neutron.quota.resource_registry [None req-62e0928c-953e-44a0-bd44-38c5de846352 None None] subnetpool is already registered
Jun 30 21:14:16.738621 np0000004034 devstack@neutron-api.service[90563]: DEBUG neutron_lib.callbacks.manager [None req-4e33c6b6-ce75-4c89-9141-c95d33d508e4 None None] Subscribe: > port_forwarding_plugin after_init 55550000, False {{(pid=90563) subscribe /opt/stack/data/venv/lib/python3.12/site-packages/neutron_lib/callbacks/manager.py:52}}
Jun 30 21:14:16.738670 np0000004034 devstack@neutron-api.service[90564]: DEBUG neutron.api.extensions [None req-99bb9664-fb9a-4966-96f7-9270fe2d3d91 None None] Ext name="Quality of Service" alias="qos" description="The Quality of Service extension." updated="2015-06-08T10:00:00-00:00" {{(pid=90564) _check_extension /opt/stack/neutron/neutron/api/extensions.py:415}}
Jun 30 21:14:16.738760 np0000004034 devstack@neutron-api.service[90566]: DEBUG neutron.api.v2.resource_helper [None req-62e0928c-953e-44a0-bd44-38c5de846352 None None] Service CORE assigned prefix: {{(pid=90566) build_resource_info /opt/stack/neutron/neutron/api/v2/resource_helper.py:77}}
Jun 30 21:14:16.738811 np0000004034 devstack@neutron-api.service[90564]: INFO neutron.api.extensions [None req-99bb9664-fb9a-4966-96f7-9270fe2d3d91 None None] Extension qos not supported by any of loaded plugins
Jun 30 21:14:16.739068 np0000004034 devstack@neutron-api.service[90566]: INFO neutron.quota.resource_registry [None req-62e0928c-953e-44a0-bd44-38c5de846352 None None] Creating instance of TrackedResource for resource:subnetpool
Jun 30 21:14:16.739154 np0000004034 devstack@neutron-api.service[90563]: DEBUG neutron_lib.callbacks.manager [None req-4e33c6b6-ce75-4c89-9141-c95d33d508e4 None None] Subscribe: > router before_create 55550100, False {{(pid=90563) subscribe /opt/stack/data/venv/lib/python3.12/site-packages/neutron_lib/callbacks/manager.py:52}}
Jun 30 21:14:16.739213 np0000004034 devstack@neutron-api.service[90564]: DEBUG neutron.api.extensions [None req-99bb9664-fb9a-4966-96f7-9270fe2d3d91 None None] Loading extension file: qos_bw_limit_direction.py {{(pid=90564) _load_all_extensions_from_path /opt/stack/neutron/neutron/api/extensions.py:449}}
Jun 30 21:14:16.739265 np0000004034 devstack@neutron-api.service[90566]: WARNING neutron.quota.resource_registry [None req-62e0928c-953e-44a0-bd44-38c5de846352 None None] subnetpool is already registered
Jun 30 21:14:16.739326 np0000004034 devstack@neutron-api.service[90563]: DEBUG neutron_lib.callbacks.manager [None req-4e33c6b6-ce75-4c89-9141-c95d33d508e4 None None] Subscribe: > router precommit_delete 55550100, False {{(pid=90563) subscribe /opt/stack/data/venv/lib/python3.12/site-packages/neutron_lib/callbacks/manager.py:52}}
Jun 30 21:14:16.739403 np0000004034 devstack@neutron-api.service[90564]: DEBUG neutron.api.extensions [None req-99bb9664-fb9a-4966-96f7-9270fe2d3d91 None None] Ext name="Direction for QoS bandwidth limit rule" alias="qos-bw-limit-direction" description="Allow to configure QoS bandwidth limit rule with specific direction: ingress or egress" updated="2017-04-10T10:00:00-00:00" {{(pid=90564) _check_extension /opt/stack/neutron/neutron/api/extensions.py:415}}
Jun 30 21:14:16.739692 np0000004034 devstack@neutron-api.service[90563]: DEBUG neutron_lib.callbacks.manager [None req-4e33c6b6-ce75-4c89-9141-c95d33d508e4 None None] Subscribe: > router precommit_create 55550100, False {{(pid=90563) subscribe /opt/stack/data/venv/lib/python3.12/site-packages/neutron_lib/callbacks/manager.py:52}}
Jun 30 21:14:16.739804 np0000004034 devstack@neutron-api.service[90566]: DEBUG neutron.api.extensions [None req-62e0928c-953e-44a0-bd44-38c5de846352 None None] Extended resource: extensions {{(pid=90566) __init__ /opt/stack/neutron/neutron/api/extensions.py:156}}
Jun 30 21:14:16.739852 np0000004034 devstack@neutron-api.service[90564]: INFO neutron.api.extensions [None req-99bb9664-fb9a-4966-96f7-9270fe2d3d91 None None] Extension qos-bw-limit-direction not supported by any of loaded plugins
Jun 30 21:14:16.739922 np0000004034 devstack@neutron-api.service[90563]: DEBUG neutron_lib.callbacks.manager [None req-4e33c6b6-ce75-4c89-9141-c95d33d508e4 None None] Subscribe: > router precommit_update 55550100, False {{(pid=90563) subscribe /opt/stack/data/venv/lib/python3.12/site-packages/neutron_lib/callbacks/manager.py:52}}
Jun 30 21:14:16.740027 np0000004034 devstack@neutron-api.service[90564]: DEBUG neutron.api.extensions [None req-99bb9664-fb9a-4966-96f7-9270fe2d3d91 None None] Loading extension file: qos_bw_minimum_ingress.py {{(pid=90564) _load_all_extensions_from_path /opt/stack/neutron/neutron/api/extensions.py:449}}
Jun 30 21:14:16.740027 np0000004034 devstack@neutron-api.service[90564]: DEBUG neutron.api.extensions [None req-99bb9664-fb9a-4966-96f7-9270fe2d3d91 None None] Ext name="Ingress direction for QoS minimum bandwidth rule" alias="qos-bw-minimum-ingress" description="Allow to configure QoS minumum bandwidth rule with ingress direction." updated="2018-07-09T10:00:00-00:00" {{(pid=90564) _check_extension /opt/stack/neutron/neutron/api/extensions.py:415}}
Jun 30 21:14:16.740027 np0000004034 devstack@neutron-api.service[90564]: INFO neutron.api.extensions [None req-99bb9664-fb9a-4966-96f7-9270fe2d3d91 None None] Extension qos-bw-minimum-ingress not supported by any of loaded plugins
Jun 30 21:14:16.740345 np0000004034 devstack@neutron-api.service[90566]: DEBUG neutron.api.extensions [None req-62e0928c-953e-44a0-bd44-38c5de846352 None None] Extended resource: address-groups {{(pid=90566) __init__ /opt/stack/neutron/neutron/api/extensions.py:156}}
Jun 30 21:14:16.740466 np0000004034 devstack@neutron-api.service[90564]: DEBUG neutron.api.extensions [None req-99bb9664-fb9a-4966-96f7-9270fe2d3d91 None None] Loading extension file: qos_default.py {{(pid=90564) _load_all_extensions_from_path /opt/stack/neutron/neutron/api/extensions.py:449}}
Jun 30 21:14:16.740466 np0000004034 devstack@neutron-api.service[90564]: DEBUG neutron.api.extensions [None req-99bb9664-fb9a-4966-96f7-9270fe2d3d91 None None] Ext name="QoS default policy" alias="qos-default" description="Expose the QoS default policy per project" updated="2017-041-06T10:00:00-00:00" {{(pid=90564) _check_extension /opt/stack/neutron/neutron/api/extensions.py:415}}
Jun 30 21:14:16.740466 np0000004034 devstack@neutron-api.service[90564]: INFO neutron.api.extensions [None req-99bb9664-fb9a-4966-96f7-9270fe2d3d91 None None] Extension qos-default not supported by any of loaded plugins
Jun 30 21:14:16.740466 np0000004034 devstack@neutron-api.service[90564]: DEBUG neutron.api.extensions [None req-99bb9664-fb9a-4966-96f7-9270fe2d3d91 None None] Loading extension file: qos_fip.py {{(pid=90564) _load_all_extensions_from_path /opt/stack/neutron/neutron/api/extensions.py:449}}
Jun 30 21:14:16.740866 np0000004034 devstack@neutron-api.service[90566]: DEBUG neutron.api.extensions [None req-62e0928c-953e-44a0-bd44-38c5de846352 None None] Extended resource: address-scopes {{(pid=90566) __init__ /opt/stack/neutron/neutron/api/extensions.py:156}}
Jun 30 21:14:16.740955 np0000004034 devstack@neutron-api.service[90564]: DEBUG neutron.api.extensions [None req-99bb9664-fb9a-4966-96f7-9270fe2d3d91 None None] Ext name="Floating IP QoS" alias="qos-fip" description="The floating IP Quality of Service extension" updated="2017-07-20T00:00:00-00:00" {{(pid=90564) _check_extension /opt/stack/neutron/neutron/api/extensions.py:415}}
Jun 30 21:14:16.740955 np0000004034 devstack@neutron-api.service[90564]: INFO neutron.api.extensions [None req-99bb9664-fb9a-4966-96f7-9270fe2d3d91 None None] Extension qos-fip not supported by any of loaded plugins
Jun 30 21:14:16.740955 np0000004034 devstack@neutron-api.service[90564]: DEBUG neutron.api.extensions [None req-99bb9664-fb9a-4966-96f7-9270fe2d3d91 None None] Loading extension file: qos_fip_network_policy.py {{(pid=90564) _load_all_extensions_from_path /opt/stack/neutron/neutron/api/extensions.py:449}}
Jun 30 21:14:16.741048 np0000004034 devstack@neutron-api.service[90566]: DEBUG neutron.api.extensions [None req-62e0928c-953e-44a0-bd44-38c5de846352 None None] Extended resource: agents {{(pid=90566) __init__ /opt/stack/neutron/neutron/api/extensions.py:156}}
Jun 30 21:14:16.741115 np0000004034 devstack@neutron-api.service[90564]: DEBUG neutron.api.extensions [None req-99bb9664-fb9a-4966-96f7-9270fe2d3d91 None None] Ext name="QoS floating IP network policy ID" alias="qos-fip-network-policy" description="Adds a the QoS network ID to the floating IP definition" updated="2021-11-15T10:00:00-00:00" {{(pid=90564) _check_extension /opt/stack/neutron/neutron/api/extensions.py:415}}
Jun 30 21:14:16.741115 np0000004034 devstack@neutron-api.service[90564]: INFO neutron.api.extensions [None req-99bb9664-fb9a-4966-96f7-9270fe2d3d91 None None] Extension qos-fip-network-policy not supported by any of loaded plugins
Jun 30 21:14:16.741115 np0000004034 devstack@neutron-api.service[90564]: DEBUG neutron.api.extensions [None req-99bb9664-fb9a-4966-96f7-9270fe2d3d91 None None] Loading extension file: qos_gateway_ip.py {{(pid=90564) _load_all_extensions_from_path /opt/stack/neutron/neutron/api/extensions.py:449}}
Jun 30 21:14:16.741115 np0000004034 devstack@neutron-api.service[90564]: DEBUG neutron.api.extensions [None req-99bb9664-fb9a-4966-96f7-9270fe2d3d91 None None] Ext name="Router gateway IP QoS" alias="qos-gateway-ip" description="The Router gateway IP Quality of Service extension" updated="2018-02-24T00:00:00-00:00" {{(pid=90564) _check_extension /opt/stack/neutron/neutron/api/extensions.py:415}}
Jun 30 21:14:16.741236 np0000004034 devstack@neutron-api.service[90566]: DEBUG neutron.api.extensions [None req-62e0928c-953e-44a0-bd44-38c5de846352 None None] Extended resource: auto-allocated-topology {{(pid=90566) __init__ /opt/stack/neutron/neutron/api/extensions.py:156}}
Jun 30 21:14:16.741304 np0000004034 devstack@neutron-api.service[90564]: INFO neutron.api.extensions [None req-99bb9664-fb9a-4966-96f7-9270fe2d3d91 None None] Extension qos-gateway-ip not supported by any of loaded plugins
Jun 30 21:14:16.741304 np0000004034 devstack@neutron-api.service[90564]: DEBUG neutron.api.extensions [None req-99bb9664-fb9a-4966-96f7-9270fe2d3d91 None None] Loading extension file: qos_port_network_policy.py {{(pid=90564) _load_all_extensions_from_path /opt/stack/neutron/neutron/api/extensions.py:449}}
Jun 30 21:14:16.741304 np0000004034 devstack@neutron-api.service[90564]: DEBUG neutron.api.extensions [None req-99bb9664-fb9a-4966-96f7-9270fe2d3d91 None None] Ext name="QoS port network policy ID" alias="qos-port-network-policy" description="Adds a the QoS network ID to the port definition" updated="2019-11-01T10:00:00-00:00" {{(pid=90564) _check_extension /opt/stack/neutron/neutron/api/extensions.py:415}}
Jun 30 21:14:16.741403 np0000004034 devstack@neutron-api.service[90566]: DEBUG neutron.api.extensions [None req-62e0928c-953e-44a0-bd44-38c5de846352 None None] Extended resource: availability_zones {{(pid=90566) __init__ /opt/stack/neutron/neutron/api/extensions.py:156}}
Jun 30 21:14:16.741468 np0000004034 devstack@neutron-api.service[90564]: INFO neutron.api.extensions [None req-99bb9664-fb9a-4966-96f7-9270fe2d3d91 None None] Extension qos-port-network-policy not supported by any of loaded plugins
Jun 30 21:14:16.741468 np0000004034 devstack@neutron-api.service[90564]: DEBUG neutron.api.extensions [None req-99bb9664-fb9a-4966-96f7-9270fe2d3d91 None None] Loading extension file: qos_pps_minimum_rule.py {{(pid=90564) _load_all_extensions_from_path /opt/stack/neutron/neutron/api/extensions.py:449}}
Jun 30 21:14:16.741468 np0000004034 devstack@neutron-api.service[90564]: DEBUG neutron.api.extensions [None req-99bb9664-fb9a-4966-96f7-9270fe2d3d91 None None] Ext name="QoS minimum packet rate rule" alias="qos-pps-minimum" description="Allow to configure QoS minimum packet rate rule." updated="2021-07-14T10:00:00-00:00" {{(pid=90564) _check_extension /opt/stack/neutron/neutron/api/extensions.py:415}}
Jun 30 21:14:16.741801 np0000004034 devstack@neutron-api.service[90566]: DEBUG neutron.api.extensions [None req-62e0928c-953e-44a0-bd44-38c5de846352 None None] Extended resource: dhcp-networks {{(pid=90566) __init__ /opt/stack/neutron/neutron/api/extensions.py:156}}
Jun 30 21:14:16.741920 np0000004034 devstack@neutron-api.service[90564]: INFO neutron.api.extensions [None req-99bb9664-fb9a-4966-96f7-9270fe2d3d91 None None] Extension qos-pps-minimum not supported by any of loaded plugins
Jun 30 21:14:16.741920 np0000004034 devstack@neutron-api.service[90564]: DEBUG neutron.api.extensions [None req-99bb9664-fb9a-4966-96f7-9270fe2d3d91 None None] Loading extension file: qos_pps_minimum_rule_alias.py {{(pid=90564) _load_all_extensions_from_path /opt/stack/neutron/neutron/api/extensions.py:449}}
Jun 30 21:14:16.741920 np0000004034 devstack@neutron-api.service[90564]: DEBUG neutron.api.extensions [None req-99bb9664-fb9a-4966-96f7-9270fe2d3d91 None None] Ext name="QoS minimum packet rate rule alias" alias="qos-pps-minimum-rule-alias" description="API to enable GET, PUT and DELETE operations on QoS minimum packet rate rule without specifying policy ID" updated="2021-10-22T10:00:00-00:00" {{(pid=90564) _check_extension /opt/stack/neutron/neutron/api/extensions.py:415}}
Jun 30 21:14:16.742214 np0000004034 devstack@neutron-api.service[90566]: DEBUG neutron.api.extensions [None req-62e0928c-953e-44a0-bd44-38c5de846352 None None] Extended resource: dhcp-agents {{(pid=90566) __init__ /opt/stack/neutron/neutron/api/extensions.py:156}}
Jun 30 21:14:16.742312 np0000004034 devstack@neutron-api.service[90564]: INFO neutron.api.extensions [None req-99bb9664-fb9a-4966-96f7-9270fe2d3d91 None None] Extension qos-pps-minimum-rule-alias not supported by any of loaded plugins
Jun 30 21:14:16.742312 np0000004034 devstack@neutron-api.service[90564]: DEBUG neutron.api.extensions [None req-99bb9664-fb9a-4966-96f7-9270fe2d3d91 None None] Loading extension file: qos_pps_rule.py {{(pid=90564) _load_all_extensions_from_path /opt/stack/neutron/neutron/api/extensions.py:449}}
Jun 30 21:14:16.742312 np0000004034 devstack@neutron-api.service[90564]: DEBUG neutron.api.extensions [None req-99bb9664-fb9a-4966-96f7-9270fe2d3d91 None None] Ext name="QoS Rule Type Packet per Second Extension" alias="qos-pps" description="Add QoS Rule Type Packet per Second" updated="2021-05-12T10:00:00-00:00" {{(pid=90564) _check_extension /opt/stack/neutron/neutron/api/extensions.py:415}}
Jun 30 21:14:16.742312 np0000004034 devstack@neutron-api.service[90564]: INFO neutron.api.extensions [None req-99bb9664-fb9a-4966-96f7-9270fe2d3d91 None None] Extension qos-pps not supported by any of loaded plugins
Jun 30 21:14:16.742312 np0000004034 devstack@neutron-api.service[90564]: DEBUG neutron.api.extensions [None req-99bb9664-fb9a-4966-96f7-9270fe2d3d91 None None] Loading extension file: qos_rule_type_details.py {{(pid=90564) _load_all_extensions_from_path /opt/stack/neutron/neutron/api/extensions.py:449}}
Jun 30 21:14:16.742497 np0000004034 devstack@neutron-api.service[90566]: DEBUG neutron.api.extensions [None req-62e0928c-953e-44a0-bd44-38c5de846352 None None] Extended resource: routers {{(pid=90566) __init__ /opt/stack/neutron/neutron/api/extensions.py:156}}
Jun 30 21:14:16.742799 np0000004034 devstack@neutron-api.service[90564]: DEBUG neutron.api.extensions [None req-99bb9664-fb9a-4966-96f7-9270fe2d3d91 None None] Ext name="Details of QoS rule types" alias="qos-rule-type-details" description="Expose details about QoS rule types supported by loaded backend drivers" updated="2017-06-22T10:00:00-00:00" {{(pid=90564) _check_extension /opt/stack/neutron/neutron/api/extensions.py:415}}
Jun 30 21:14:16.742799 np0000004034 devstack@neutron-api.service[90564]: INFO neutron.api.extensions [None req-99bb9664-fb9a-4966-96f7-9270fe2d3d91 None None] Extension qos-rule-type-details not supported by any of loaded plugins
Jun 30 21:14:16.742799 np0000004034 devstack@neutron-api.service[90564]: DEBUG neutron.api.extensions [None req-99bb9664-fb9a-4966-96f7-9270fe2d3d91 None None] Loading extension file: qos_rule_type_filter.py {{(pid=90564) _load_all_extensions_from_path /opt/stack/neutron/neutron/api/extensions.py:449}}
Jun 30 21:14:16.743103 np0000004034 devstack@neutron-api.service[90563]: DEBUG neutron.services.provider_configuration [None req-4e33c6b6-ce75-4c89-9141-c95d33d508e4 None None] Service providers = [] {{(pid=90563) parse_service_provider_opt /opt/stack/neutron/neutron/services/provider_configuration.py:170}}
Jun 30 21:14:16.743202 np0000004034 devstack@neutron-api.service[90564]: DEBUG neutron.api.extensions [None req-99bb9664-fb9a-4966-96f7-9270fe2d3d91 None None] Ext name="Allow to filter the list of QoS rule types" alias="qos-rule-type-filter" description="Allows to filter the QoS rule type list adding two new flags. "all_rules" prints all implemented QoS rule types."all_supported" prints all supported QoS rule types by the loaded mechanism drivers" updated="2022-02-02T10:00:00-00:00" {{(pid=90564) _check_extension /opt/stack/neutron/neutron/api/extensions.py:415}}
Jun 30 21:14:16.743298 np0000004034 devstack@neutron-api.service[90566]: DEBUG neutron.api.extensions [None req-62e0928c-953e-44a0-bd44-38c5de846352 None None] Extended resource: flavors {{(pid=90566) __init__ /opt/stack/neutron/neutron/api/extensions.py:156}}
Jun 30 21:14:16.743556 np0000004034 devstack@neutron-api.service[90563]: DEBUG neutron.db.servicetype_db [None req-4e33c6b6-ce75-4c89-9141-c95d33d508e4 None None] Adding provider configuration for service L3_ROUTER_NAT {{(pid=90563) add_provider_configuration /opt/stack/neutron/neutron/db/servicetype_db.py:45}}
Jun 30 21:14:16.743778 np0000004034 devstack@neutron-api.service[90564]: INFO neutron.api.extensions [None req-99bb9664-fb9a-4966-96f7-9270fe2d3d91 None None] Extension qos-rule-type-filter not supported by any of loaded plugins
Jun 30 21:14:16.743778 np0000004034 devstack@neutron-api.service[90564]: DEBUG neutron.api.extensions [None req-99bb9664-fb9a-4966-96f7-9270fe2d3d91 None None] Loading extension file: qos_rules_alias.py {{(pid=90564) _load_all_extensions_from_path /opt/stack/neutron/neutron/api/extensions.py:449}}
Jun 30 21:14:16.743778 np0000004034 devstack@neutron-api.service[90564]: DEBUG neutron.api.extensions [None req-99bb9664-fb9a-4966-96f7-9270fe2d3d91 None None] Ext name="Quality of Service rules alias API" alias="qos-rules-alias" description="API to enable GET, PUT and DELETE operations on QoS policy rules without specifying policy ID" updated="2018-10-07T10:00:00-00:00" {{(pid=90564) _check_extension /opt/stack/neutron/neutron/api/extensions.py:415}}
Jun 30 21:14:16.743876 np0000004034 devstack@neutron-api.service[90566]: DEBUG neutron.api.extensions [None req-62e0928c-953e-44a0-bd44-38c5de846352 None None] Extended resource: service_profiles {{(pid=90566) __init__ /opt/stack/neutron/neutron/api/extensions.py:156}}
Jun 30 21:14:16.743926 np0000004034 devstack@neutron-api.service[90564]: INFO neutron.api.extensions [None req-99bb9664-fb9a-4966-96f7-9270fe2d3d91 None None] Extension qos-rules-alias not supported by any of loaded plugins
Jun 30 21:14:16.743926 np0000004034 devstack@neutron-api.service[90564]: DEBUG neutron.api.extensions [None req-99bb9664-fb9a-4966-96f7-9270fe2d3d91 None None] Loading extension file: quota_check_limit.py {{(pid=90564) _load_all_extensions_from_path /opt/stack/neutron/neutron/api/extensions.py:449}}
Jun 30 21:14:16.743926 np0000004034 devstack@neutron-api.service[90564]: DEBUG neutron.api.extensions [None req-99bb9664-fb9a-4966-96f7-9270fe2d3d91 None None] Ext name="Quota engine limit check" alias="quota-check-limit" description="Support for checking the resource usage before applying a new quota limit" updated="2021-09-08T16:00:00-00:00" {{(pid=90564) _check_extension /opt/stack/neutron/neutron/api/extensions.py:415}}
Jun 30 21:14:16.744009 np0000004034 devstack@neutron-api.service[90566]: DEBUG neutron.api.extensions [None req-62e0928c-953e-44a0-bd44-38c5de846352 None None] Extended resource: next_providers {{(pid=90566) __init__ /opt/stack/neutron/neutron/api/extensions.py:156}}
Jun 30 21:14:16.744090 np0000004034 devstack@neutron-api.service[90564]: INFO neutron.api.extensions [None req-99bb9664-fb9a-4966-96f7-9270fe2d3d91 None None] Loaded extension: quota-check-limit
Jun 30 21:14:16.744090 np0000004034 devstack@neutron-api.service[90564]: DEBUG neutron.api.extensions [None req-99bb9664-fb9a-4966-96f7-9270fe2d3d91 None None] Loading extension file: quota_check_limit_default.py {{(pid=90564) _load_all_extensions_from_path /opt/stack/neutron/neutron/api/extensions.py:449}}
Jun 30 21:14:16.744090 np0000004034 devstack@neutron-api.service[90564]: DEBUG neutron.api.extensions [None req-99bb9664-fb9a-4966-96f7-9270fe2d3d91 None None] Ext name="Quota engine limit check by default" alias="quota-check-limit-default" description="By default, the Neutron quota engine checks the resource usage before applying a new quota limit" updated="2024-08-21T16:00:00-00:00" {{(pid=90564) _check_extension /opt/stack/neutron/neutron/api/extensions.py:415}}
Jun 30 21:14:16.744184 np0000004034 devstack@neutron-api.service[90566]: DEBUG neutron.api.extensions [None req-62e0928c-953e-44a0-bd44-38c5de846352 None None] Extended resource: service_profiles {{(pid=90566) __init__ /opt/stack/neutron/neutron/api/extensions.py:156}}
Jun 30 21:14:16.744233 np0000004034 devstack@neutron-api.service[90564]: INFO neutron.api.extensions [None req-99bb9664-fb9a-4966-96f7-9270fe2d3d91 None None] Loaded extension: quota-check-limit-default
Jun 30 21:14:16.744233 np0000004034 devstack@neutron-api.service[90564]: DEBUG neutron.api.extensions [None req-99bb9664-fb9a-4966-96f7-9270fe2d3d91 None None] Loading extension file: quotasv2.py {{(pid=90564) _load_all_extensions_from_path /opt/stack/neutron/neutron/api/extensions.py:449}}
Jun 30 21:14:16.744314 np0000004034 devstack@neutron-api.service[90566]: DEBUG neutron.api.extensions [None req-62e0928c-953e-44a0-bd44-38c5de846352 None None] Extended resource: floatingip-pools {{(pid=90566) __init__ /opt/stack/neutron/neutron/api/extensions.py:156}}
Jun 30 21:14:16.744367 np0000004034 devstack@neutron-api.service[90564]: DEBUG neutron.api.extensions [None req-99bb9664-fb9a-4966-96f7-9270fe2d3d91 None None] Ext name="Quota management support" alias="quotas" description="Expose functions for quotas management per project" updated="2012-07-29T10:00:00-00:00" {{(pid=90564) _check_extension /opt/stack/neutron/neutron/api/extensions.py:415}}
