Jul 07 20:00:35.580988 np0000004766 nova-scheduler[96355]: DEBUG cotyledon.oslo_config_glue [-] oslo_messaging_metrics.metrics_socket_file = /var/tmp/metrics_collector.sock {{(pid=96355) log_opt_values /opt/stack/data/venv/lib/python3.12/site-packages/oslo_config/cfg.py:3253}}
Jul 07 20:00:35.580988 np0000004766 nova-scheduler[96355]: DEBUG cotyledon.oslo_config_glue [-] oslo_messaging_metrics.metrics_thread_stop_timeout = 10 {{(pid=96355) log_opt_values /opt/stack/data/venv/lib/python3.12/site-packages/oslo_config/cfg.py:3253}}
Jul 07 20:00:35.580988 np0000004766 nova-scheduler[96355]: DEBUG cotyledon.oslo_config_glue [-] profiler.connection_string = messaging:// {{(pid=96355) log_opt_values /opt/stack/data/venv/lib/python3.12/site-packages/oslo_config/cfg.py:3253}}
Jul 07 20:00:35.580988 np0000004766 nova-scheduler[96355]: DEBUG cotyledon.oslo_config_glue [-] profiler.enabled = False {{(pid=96355) log_opt_values /opt/stack/data/venv/lib/python3.12/site-packages/oslo_config/cfg.py:3253}}
Jul 07 20:00:35.580988 np0000004766 nova-scheduler[96355]: DEBUG cotyledon.oslo_config_glue [-] profiler.es_doc_type = notification {{(pid=96355) log_opt_values /opt/stack/data/venv/lib/python3.12/site-packages/oslo_config/cfg.py:3253}}
Jul 07 20:00:35.580988 np0000004766 nova-scheduler[96355]: DEBUG cotyledon.oslo_config_glue [-] profiler.es_scroll_size = 10000 {{(pid=96355) log_opt_values /opt/stack/data/venv/lib/python3.12/site-packages/oslo_config/cfg.py:3253}}
Jul 07 20:00:35.580988 np0000004766 nova-scheduler[96355]: DEBUG cotyledon.oslo_config_glue [-] profiler.es_scroll_time = 2m {{(pid=96355) log_opt_values /opt/stack/data/venv/lib/python3.12/site-packages/oslo_config/cfg.py:3253}}
Jul 07 20:00:35.580988 np0000004766 nova-scheduler[96355]: DEBUG cotyledon.oslo_config_glue [-] profiler.filter_error_trace = False {{(pid=96355) log_opt_values /opt/stack/data/venv/lib/python3.12/site-packages/oslo_config/cfg.py:3253}}
Jul 07 20:00:35.581406 np0000004766 nova-scheduler[96355]: DEBUG cotyledon.oslo_config_glue [-] profiler.hmac_keys = **** {{(pid=96355) log_opt_values /opt/stack/data/venv/lib/python3.12/site-packages/oslo_config/cfg.py:3253}}
Jul 07 20:00:35.581482 np0000004766 nova-scheduler[96349]: INFO dbcounter [None req-14e25e3d-5ab7-44cd-a324-2193c8bcc3b8 None None] Registered counter for database nova_cell0
Jul 07 20:00:35.581532 np0000004766 nova-scheduler[96355]: DEBUG cotyledon.oslo_config_glue [-] profiler.sentinel_service_name = mymaster {{(pid=96355) log_opt_values /opt/stack/data/venv/lib/python3.12/site-packages/oslo_config/cfg.py:3253}}
Jul 07 20:00:35.581532 np0000004766 nova-scheduler[96355]: DEBUG cotyledon.oslo_config_glue [-] profiler.socket_timeout = 0.1 {{(pid=96355) log_opt_values /opt/stack/data/venv/lib/python3.12/site-packages/oslo_config/cfg.py:3253}}
Jul 07 20:00:35.581532 np0000004766 nova-scheduler[96355]: DEBUG cotyledon.oslo_config_glue [-] profiler.trace_requests = False {{(pid=96355) log_opt_values /opt/stack/data/venv/lib/python3.12/site-packages/oslo_config/cfg.py:3253}}
Jul 07 20:00:35.581532 np0000004766 nova-scheduler[96355]: DEBUG cotyledon.oslo_config_glue [-] profiler.trace_sqlalchemy = False {{(pid=96355) log_opt_values /opt/stack/data/venv/lib/python3.12/site-packages/oslo_config/cfg.py:3253}}
Jul 07 20:00:35.581532 np0000004766 nova-scheduler[96355]: DEBUG cotyledon.oslo_config_glue [-] profiler_jaeger.process_tags = {} {{(pid=96355) log_opt_values /opt/stack/data/venv/lib/python3.12/site-packages/oslo_config/cfg.py:3253}}
Jul 07 20:00:35.581532 np0000004766 nova-scheduler[96355]: DEBUG cotyledon.oslo_config_glue [-] profiler_jaeger.service_name_prefix = None {{(pid=96355) log_opt_values /opt/stack/data/venv/lib/python3.12/site-packages/oslo_config/cfg.py:3253}}
Jul 07 20:00:35.581532 np0000004766 nova-scheduler[96355]: DEBUG cotyledon.oslo_config_glue [-] profiler_otlp.service_name_prefix = None {{(pid=96355) log_opt_values /opt/stack/data/venv/lib/python3.12/site-packages/oslo_config/cfg.py:3253}}
Jul 07 20:00:35.581532 np0000004766 nova-scheduler[96355]: DEBUG cotyledon.oslo_config_glue [-] oslo_messaging_rabbit.amqp_auto_delete = False {{(pid=96355) log_opt_values /opt/stack/data/venv/lib/python3.12/site-packages/oslo_config/cfg.py:3253}}
Jul 07 20:00:35.581532 np0000004766 nova-scheduler[96355]: DEBUG cotyledon.oslo_config_glue [-] oslo_messaging_rabbit.amqp_durable_queues = False {{(pid=96355) log_opt_values /opt/stack/data/venv/lib/python3.12/site-packages/oslo_config/cfg.py:3253}}
Jul 07 20:00:35.581892 np0000004766 nova-scheduler[96355]: DEBUG cotyledon.oslo_config_glue [-] oslo_messaging_rabbit.conn_pool_min_size = 2 {{(pid=96355) log_opt_values /opt/stack/data/venv/lib/python3.12/site-packages/oslo_config/cfg.py:3253}}
Jul 07 20:00:35.581892 np0000004766 nova-scheduler[96355]: DEBUG cotyledon.oslo_config_glue [-] oslo_messaging_rabbit.conn_pool_ttl = 1200 {{(pid=96355) log_opt_values /opt/stack/data/venv/lib/python3.12/site-packages/oslo_config/cfg.py:3253}}
Jul 07 20:00:35.581892 np0000004766 nova-scheduler[96355]: DEBUG cotyledon.oslo_config_glue [-] oslo_messaging_rabbit.direct_mandatory_flag = True {{(pid=96355) log_opt_values /opt/stack/data/venv/lib/python3.12/site-packages/oslo_config/cfg.py:3253}}
Jul 07 20:00:35.581892 np0000004766 nova-scheduler[96355]: DEBUG cotyledon.oslo_config_glue [-] oslo_messaging_rabbit.enable_cancel_on_failover = False {{(pid=96355) log_opt_values /opt/stack/data/venv/lib/python3.12/site-packages/oslo_config/cfg.py:3253}}
Jul 07 20:00:35.581892 np0000004766 nova-scheduler[96355]: DEBUG cotyledon.oslo_config_glue [-] oslo_messaging_rabbit.heartbeat_rate = 3 {{(pid=96355) log_opt_values /opt/stack/data/venv/lib/python3.12/site-packages/oslo_config/cfg.py:3253}}
Jul 07 20:00:35.581892 np0000004766 nova-scheduler[96355]: DEBUG cotyledon.oslo_config_glue [-] oslo_messaging_rabbit.heartbeat_timeout_threshold = 60 {{(pid=96355) log_opt_values /opt/stack/data/venv/lib/python3.12/site-packages/oslo_config/cfg.py:3253}}
Jul 07 20:00:35.581892 np0000004766 nova-scheduler[96355]: DEBUG cotyledon.oslo_config_glue [-] oslo_messaging_rabbit.hostname = np0000004766 {{(pid=96355) log_opt_values /opt/stack/data/venv/lib/python3.12/site-packages/oslo_config/cfg.py:3253}}
Jul 07 20:00:35.581892 np0000004766 nova-scheduler[96355]: DEBUG cotyledon.oslo_config_glue [-] oslo_messaging_rabbit.kombu_compression = None {{(pid=96355) log_opt_values /opt/stack/data/venv/lib/python3.12/site-packages/oslo_config/cfg.py:3253}}
Jul 07 20:00:35.581892 np0000004766 nova-scheduler[96355]: DEBUG cotyledon.oslo_config_glue [-] oslo_messaging_rabbit.kombu_failover_strategy = round-robin {{(pid=96355) log_opt_values /opt/stack/data/venv/lib/python3.12/site-packages/oslo_config/cfg.py:3253}}
Jul 07 20:00:35.582252 np0000004766 nova-scheduler[96355]: DEBUG cotyledon.oslo_config_glue [-] oslo_messaging_rabbit.kombu_missing_consumer_retry_timeout = 60 {{(pid=96355) log_opt_values /opt/stack/data/venv/lib/python3.12/site-packages/oslo_config/cfg.py:3253}}
Jul 07 20:00:35.582252 np0000004766 nova-scheduler[96355]: DEBUG cotyledon.oslo_config_glue [-] oslo_messaging_rabbit.kombu_reconnect_delay = 1.0 {{(pid=96355) log_opt_values /opt/stack/data/venv/lib/python3.12/site-packages/oslo_config/cfg.py:3253}}
Jul 07 20:00:35.582252 np0000004766 nova-scheduler[96355]: DEBUG cotyledon.oslo_config_glue [-] oslo_messaging_rabbit.kombu_reconnect_splay = 0.0 {{(pid=96355) log_opt_values /opt/stack/data/venv/lib/python3.12/site-packages/oslo_config/cfg.py:3253}}
Jul 07 20:00:35.582252 np0000004766 nova-scheduler[96355]: DEBUG cotyledon.oslo_config_glue [-] oslo_messaging_rabbit.processname = nova-scheduler {{(pid=96355) log_opt_values /opt/stack/data/venv/lib/python3.12/site-packages/oslo_config/cfg.py:3253}}
Jul 07 20:00:35.582252 np0000004766 nova-scheduler[96355]: DEBUG cotyledon.oslo_config_glue [-] oslo_messaging_rabbit.rabbit_ha_queues = False {{(pid=96355) log_opt_values /opt/stack/data/venv/lib/python3.12/site-packages/oslo_config/cfg.py:3253}}
Jul 07 20:00:35.582252 np0000004766 nova-scheduler[96355]: DEBUG cotyledon.oslo_config_glue [-] oslo_messaging_rabbit.rabbit_interval_max = 30 {{(pid=96355) log_opt_values /opt/stack/data/venv/lib/python3.12/site-packages/oslo_config/cfg.py:3253}}
Jul 07 20:00:35.582252 np0000004766 nova-scheduler[96355]: DEBUG cotyledon.oslo_config_glue [-] oslo_messaging_rabbit.rabbit_login_method = AMQPLAIN {{(pid=96355) log_opt_values /opt/stack/data/venv/lib/python3.12/site-packages/oslo_config/cfg.py:3253}}
Jul 07 20:00:35.582252 np0000004766 nova-scheduler[96355]: DEBUG cotyledon.oslo_config_glue [-] oslo_messaging_rabbit.rabbit_qos_prefetch_count = 0 {{(pid=96355) log_opt_values /opt/stack/data/venv/lib/python3.12/site-packages/oslo_config/cfg.py:3253}}
Jul 07 20:00:35.582252 np0000004766 nova-scheduler[96355]: DEBUG cotyledon.oslo_config_glue [-] oslo_messaging_rabbit.rabbit_quorum_delivery_limit = 0 {{(pid=96355) log_opt_values /opt/stack/data/venv/lib/python3.12/site-packages/oslo_config/cfg.py:3253}}
Jul 07 20:00:35.582577 np0000004766 nova-scheduler[96355]: DEBUG cotyledon.oslo_config_glue [-] oslo_messaging_rabbit.rabbit_quorum_max_memory_bytes = 0 {{(pid=96355) log_opt_values /opt/stack/data/venv/lib/python3.12/site-packages/oslo_config/cfg.py:3253}}
Jul 07 20:00:35.582577 np0000004766 nova-scheduler[96355]: DEBUG cotyledon.oslo_config_glue [-] oslo_messaging_rabbit.rabbit_quorum_max_memory_length = 0 {{(pid=96355) log_opt_values /opt/stack/data/venv/lib/python3.12/site-packages/oslo_config/cfg.py:3253}}
Jul 07 20:00:35.582577 np0000004766 nova-scheduler[96355]: DEBUG cotyledon.oslo_config_glue [-] oslo_messaging_rabbit.rabbit_quorum_queue = False {{(pid=96355) log_opt_values /opt/stack/data/venv/lib/python3.12/site-packages/oslo_config/cfg.py:3253}}
Jul 07 20:00:35.582577 np0000004766 nova-scheduler[96355]: DEBUG cotyledon.oslo_config_glue [-] oslo_messaging_rabbit.rabbit_retry_backoff = 2 {{(pid=96355) log_opt_values /opt/stack/data/venv/lib/python3.12/site-packages/oslo_config/cfg.py:3253}}
Jul 07 20:00:35.582577 np0000004766 nova-scheduler[96355]: DEBUG cotyledon.oslo_config_glue [-] oslo_messaging_rabbit.rabbit_retry_interval = 1 {{(pid=96355) log_opt_values /opt/stack/data/venv/lib/python3.12/site-packages/oslo_config/cfg.py:3253}}
Jul 07 20:00:35.582577 np0000004766 nova-scheduler[96355]: DEBUG cotyledon.oslo_config_glue [-] oslo_messaging_rabbit.rabbit_stream_fanout = False {{(pid=96355) log_opt_values /opt/stack/data/venv/lib/python3.12/site-packages/oslo_config/cfg.py:3253}}
Jul 07 20:00:35.582577 np0000004766 nova-scheduler[96355]: DEBUG cotyledon.oslo_config_glue [-] oslo_messaging_rabbit.rabbit_transient_queues_ttl = 1800 {{(pid=96355) log_opt_values /opt/stack/data/venv/lib/python3.12/site-packages/oslo_config/cfg.py:3253}}
Jul 07 20:00:35.582577 np0000004766 nova-scheduler[96355]: DEBUG cotyledon.oslo_config_glue [-] oslo_messaging_rabbit.rabbit_transient_quorum_queue = False {{(pid=96355) log_opt_values /opt/stack/data/venv/lib/python3.12/site-packages/oslo_config/cfg.py:3253}}
Jul 07 20:00:35.582749 np0000004766 nova-scheduler[96355]: DEBUG cotyledon.oslo_config_glue [-] oslo_messaging_rabbit.rpc_conn_pool_size = 30 {{(pid=96355) log_opt_values /opt/stack/data/venv/lib/python3.12/site-packages/oslo_config/cfg.py:3253}}
Jul 07 20:00:35.582749 np0000004766 nova-scheduler[96355]: DEBUG cotyledon.oslo_config_glue [-] oslo_messaging_rabbit.ssl = False {{(pid=96355) log_opt_values /opt/stack/data/venv/lib/python3.12/site-packages/oslo_config/cfg.py:3253}}
Jul 07 20:00:35.582749 np0000004766 nova-scheduler[96355]: DEBUG cotyledon.oslo_config_glue [-] oslo_messaging_rabbit.ssl_ca_file = {{(pid=96355) log_opt_values /opt/stack/data/venv/lib/python3.12/site-packages/oslo_config/cfg.py:3253}}
Jul 07 20:00:35.582749 np0000004766 nova-scheduler[96355]: DEBUG cotyledon.oslo_config_glue [-] oslo_messaging_rabbit.ssl_cert_file = {{(pid=96355) log_opt_values /opt/stack/data/venv/lib/python3.12/site-packages/oslo_config/cfg.py:3253}}
Jul 07 20:00:35.582749 np0000004766 nova-scheduler[96355]: DEBUG cotyledon.oslo_config_glue [-] oslo_messaging_rabbit.ssl_enforce_fips_mode = False {{(pid=96355) log_opt_values /opt/stack/data/venv/lib/python3.12/site-packages/oslo_config/cfg.py:3253}}
Jul 07 20:00:35.582749 np0000004766 nova-scheduler[96355]: DEBUG cotyledon.oslo_config_glue [-] oslo_messaging_rabbit.ssl_enforce_hostname_verification = True {{(pid=96355) log_opt_values /opt/stack/data/venv/lib/python3.12/site-packages/oslo_config/cfg.py:3253}}
Jul 07 20:00:35.582749 np0000004766 nova-scheduler[96355]: DEBUG cotyledon.oslo_config_glue [-] oslo_messaging_rabbit.ssl_key_file = {{(pid=96355) log_opt_values /opt/stack/data/venv/lib/python3.12/site-packages/oslo_config/cfg.py:3253}}
Jul 07 20:00:35.582749 np0000004766 nova-scheduler[96355]: DEBUG cotyledon.oslo_config_glue [-] oslo_messaging_rabbit.ssl_version = {{(pid=96355) log_opt_values /opt/stack/data/venv/lib/python3.12/site-packages/oslo_config/cfg.py:3253}}
Jul 07 20:00:35.582749 np0000004766 nova-scheduler[96355]: DEBUG cotyledon.oslo_config_glue [-] oslo_messaging_rabbit.use_queue_manager = False {{(pid=96355) log_opt_values /opt/stack/data/venv/lib/python3.12/site-packages/oslo_config/cfg.py:3253}}
Jul 07 20:00:35.582917 np0000004766 nova-scheduler[96355]: DEBUG cotyledon.oslo_config_glue [-] oslo_messaging_notifications.driver = ['messagingv2'] {{(pid=96355) log_opt_values /opt/stack/data/venv/lib/python3.12/site-packages/oslo_config/cfg.py:3253}}
Jul 07 20:00:35.582917 np0000004766 nova-scheduler[96355]: DEBUG cotyledon.oslo_config_glue [-] oslo_messaging_notifications.retry = -1 {{(pid=96355) log_opt_values /opt/stack/data/venv/lib/python3.12/site-packages/oslo_config/cfg.py:3253}}
Jul 07 20:00:35.582917 np0000004766 nova-scheduler[96355]: DEBUG cotyledon.oslo_config_glue [-] oslo_messaging_notifications.topics = ['notifications'] {{(pid=96355) log_opt_values /opt/stack/data/venv/lib/python3.12/site-packages/oslo_config/cfg.py:3253}}
Jul 07 20:00:35.582917 np0000004766 nova-scheduler[96355]: DEBUG cotyledon.oslo_config_glue [-] oslo_messaging_notifications.transport_url = **** {{(pid=96355) log_opt_values /opt/stack/data/venv/lib/python3.12/site-packages/oslo_config/cfg.py:3253}}
Jul 07 20:00:35.582917 np0000004766 nova-scheduler[96355]: DEBUG cotyledon.oslo_config_glue [-] oslo_limit.auth_section = None {{(pid=96355) log_opt_values /opt/stack/data/venv/lib/python3.12/site-packages/oslo_config/cfg.py:3253}}
Jul 07 20:00:35.582917 np0000004766 nova-scheduler[96355]: DEBUG cotyledon.oslo_config_glue [-] oslo_limit.auth_type = None {{(pid=96355) log_opt_values /opt/stack/data/venv/lib/python3.12/site-packages/oslo_config/cfg.py:3253}}
Jul 07 20:00:35.582917 np0000004766 nova-scheduler[96355]: DEBUG cotyledon.oslo_config_glue [-] oslo_limit.cafile = None {{(pid=96355) log_opt_values /opt/stack/data/venv/lib/python3.12/site-packages/oslo_config/cfg.py:3253}}
Jul 07 20:00:35.582917 np0000004766 nova-scheduler[96355]: DEBUG cotyledon.oslo_config_glue [-] oslo_limit.certfile = None {{(pid=96355) log_opt_values /opt/stack/data/venv/lib/python3.12/site-packages/oslo_config/cfg.py:3253}}
Jul 07 20:00:35.582917 np0000004766 nova-scheduler[96355]: DEBUG cotyledon.oslo_config_glue [-] oslo_limit.collect_timing = False {{(pid=96355) log_opt_values /opt/stack/data/venv/lib/python3.12/site-packages/oslo_config/cfg.py:3253}}
Jul 07 20:00:35.583220 np0000004766 nova-scheduler[96355]: DEBUG cotyledon.oslo_config_glue [-] oslo_limit.connect_retries = None {{(pid=96355) log_opt_values /opt/stack/data/venv/lib/python3.12/site-packages/oslo_config/cfg.py:3253}}
Jul 07 20:00:35.583220 np0000004766 nova-scheduler[96355]: DEBUG cotyledon.oslo_config_glue [-] oslo_limit.connect_retry_delay = None {{(pid=96355) log_opt_values /opt/stack/data/venv/lib/python3.12/site-packages/oslo_config/cfg.py:3253}}
Jul 07 20:00:35.583220 np0000004766 nova-scheduler[96355]: DEBUG cotyledon.oslo_config_glue [-] oslo_limit.endpoint_id = None {{(pid=96355) log_opt_values /opt/stack/data/venv/lib/python3.12/site-packages/oslo_config/cfg.py:3253}}
Jul 07 20:00:35.583220 np0000004766 nova-scheduler[96355]: DEBUG cotyledon.oslo_config_glue [-] oslo_limit.endpoint_interface = public {{(pid=96355) log_opt_values /opt/stack/data/venv/lib/python3.12/site-packages/oslo_config/cfg.py:3253}}
Jul 07 20:00:35.583220 np0000004766 nova-scheduler[96355]: DEBUG cotyledon.oslo_config_glue [-] oslo_limit.endpoint_override = None {{(pid=96355) log_opt_values /opt/stack/data/venv/lib/python3.12/site-packages/oslo_config/cfg.py:3253}}
Jul 07 20:00:35.583220 np0000004766 nova-scheduler[96355]: DEBUG cotyledon.oslo_config_glue [-] oslo_limit.endpoint_region_name = None {{(pid=96355) log_opt_values /opt/stack/data/venv/lib/python3.12/site-packages/oslo_config/cfg.py:3253}}
Jul 07 20:00:35.583220 np0000004766 nova-scheduler[96355]: DEBUG cotyledon.oslo_config_glue [-] oslo_limit.endpoint_service_name = None {{(pid=96355) log_opt_values /opt/stack/data/venv/lib/python3.12/site-packages/oslo_config/cfg.py:3253}}
Jul 07 20:00:35.583220 np0000004766 nova-scheduler[96355]: DEBUG cotyledon.oslo_config_glue [-] oslo_limit.endpoint_service_type = None {{(pid=96355) log_opt_values /opt/stack/data/venv/lib/python3.12/site-packages/oslo_config/cfg.py:3253}}
Jul 07 20:00:35.583220 np0000004766 nova-scheduler[96355]: DEBUG cotyledon.oslo_config_glue [-] oslo_limit.insecure = False {{(pid=96355) log_opt_values /opt/stack/data/venv/lib/python3.12/site-packages/oslo_config/cfg.py:3253}}
Jul 07 20:00:35.583536 np0000004766 nova-scheduler[96355]: DEBUG cotyledon.oslo_config_glue [-] oslo_limit.keyfile = None {{(pid=96355) log_opt_values /opt/stack/data/venv/lib/python3.12/site-packages/oslo_config/cfg.py:3253}}
Jul 07 20:00:35.583536 np0000004766 nova-scheduler[96355]: DEBUG cotyledon.oslo_config_glue [-] oslo_limit.max_version = None {{(pid=96355) log_opt_values /opt/stack/data/venv/lib/python3.12/site-packages/oslo_config/cfg.py:3253}}
Jul 07 20:00:35.583536 np0000004766 nova-scheduler[96355]: DEBUG cotyledon.oslo_config_glue [-] oslo_limit.min_version = None {{(pid=96355) log_opt_values /opt/stack/data/venv/lib/python3.12/site-packages/oslo_config/cfg.py:3253}}
Jul 07 20:00:35.583536 np0000004766 nova-scheduler[96355]: DEBUG cotyledon.oslo_config_glue [-] oslo_limit.region_name = None {{(pid=96355) log_opt_values /opt/stack/data/venv/lib/python3.12/site-packages/oslo_config/cfg.py:3253}}
Jul 07 20:00:35.583536 np0000004766 nova-scheduler[96355]: DEBUG cotyledon.oslo_config_glue [-] oslo_limit.retriable_status_codes = None {{(pid=96355) log_opt_values /opt/stack/data/venv/lib/python3.12/site-packages/oslo_config/cfg.py:3253}}
Jul 07 20:00:35.583536 np0000004766 nova-scheduler[96355]: DEBUG cotyledon.oslo_config_glue [-] oslo_limit.service_name = None {{(pid=96355) log_opt_values /opt/stack/data/venv/lib/python3.12/site-packages/oslo_config/cfg.py:3253}}
Jul 07 20:00:35.583536 np0000004766 nova-scheduler[96355]: DEBUG cotyledon.oslo_config_glue [-] oslo_limit.service_type = None {{(pid=96355) log_opt_values /opt/stack/data/venv/lib/python3.12/site-packages/oslo_config/cfg.py:3253}}
Jul 07 20:00:35.583536 np0000004766 nova-scheduler[96355]: DEBUG cotyledon.oslo_config_glue [-] oslo_limit.split_loggers = False {{(pid=96355) log_opt_values /opt/stack/data/venv/lib/python3.12/site-packages/oslo_config/cfg.py:3253}}
Jul 07 20:00:35.583536 np0000004766 nova-scheduler[96355]: DEBUG cotyledon.oslo_config_glue [-] oslo_limit.status_code_retries = None {{(pid=96355) log_opt_values /opt/stack/data/venv/lib/python3.12/site-packages/oslo_config/cfg.py:3253}}
Jul 07 20:00:35.583824 np0000004766 nova-scheduler[96355]: DEBUG cotyledon.oslo_config_glue [-] oslo_limit.status_code_retry_delay = None {{(pid=96355) log_opt_values /opt/stack/data/venv/lib/python3.12/site-packages/oslo_config/cfg.py:3253}}
Jul 07 20:00:35.583824 np0000004766 nova-scheduler[96355]: DEBUG cotyledon.oslo_config_glue [-] oslo_limit.timeout = None {{(pid=96355) log_opt_values /opt/stack/data/venv/lib/python3.12/site-packages/oslo_config/cfg.py:3253}}
Jul 07 20:00:35.583824 np0000004766 nova-scheduler[96355]: DEBUG cotyledon.oslo_config_glue [-] oslo_limit.valid_interfaces = None {{(pid=96355) log_opt_values /opt/stack/data/venv/lib/python3.12/site-packages/oslo_config/cfg.py:3253}}
Jul 07 20:00:35.583824 np0000004766 nova-scheduler[96355]: DEBUG cotyledon.oslo_config_glue [-] oslo_limit.version = None {{(pid=96355) log_opt_values /opt/stack/data/venv/lib/python3.12/site-packages/oslo_config/cfg.py:3253}}
Jul 07 20:00:35.583824 np0000004766 nova-scheduler[96355]: DEBUG cotyledon.oslo_config_glue [-] oslo_reports.file_event_handler = None {{(pid=96355) log_opt_values /opt/stack/data/venv/lib/python3.12/site-packages/oslo_config/cfg.py:3253}}
Jul 07 20:00:35.583824 np0000004766 nova-scheduler[96355]: DEBUG cotyledon.oslo_config_glue [-] oslo_reports.file_event_handler_interval = 1 {{(pid=96355) log_opt_values /opt/stack/data/venv/lib/python3.12/site-packages/oslo_config/cfg.py:3253}}
Jul 07 20:00:35.583824 np0000004766 nova-scheduler[96355]: DEBUG cotyledon.oslo_config_glue [-] oslo_reports.log_dir = None {{(pid=96355) log_opt_values /opt/stack/data/venv/lib/python3.12/site-packages/oslo_config/cfg.py:3253}}
Jul 07 20:00:35.583824 np0000004766 nova-scheduler[96355]: DEBUG cotyledon.oslo_config_glue [-] ******************************************************************************** {{(pid=96355) log_opt_values /opt/stack/data/venv/lib/python3.12/site-packages/oslo_config/cfg.py:3260}}
Jul 07 20:00:35.583824 np0000004766 nova-scheduler[96355]: DEBUG cotyledon._service_worker [-] Run service ServiceWrapper(3) [96355] {{(pid=96355) wait_forever /opt/stack/data/venv/lib/python3.12/site-packages/cotyledon/_service_worker.py:218}}
Jul 07 20:00:35.584099 np0000004766 nova-scheduler[96355]: INFO nova.service [-] Starting scheduler node (version 33.1.0)
Jul 07 20:00:35.584138 np0000004766 nova-scheduler[96345]: DEBUG oslo_db.sqlalchemy.engines [None req-2268a043-004b-47c0-877c-82f53eb7b604 None None] MySQL server mode set to STRICT_TRANS_TABLES,STRICT_ALL_TABLES,NO_ZERO_IN_DATE,NO_ZERO_DATE,ERROR_FOR_DIVISION_BY_ZERO,TRADITIONAL,NO_ENGINE_SUBSTITUTION {{(pid=96345) _check_effective_sql_mode /opt/stack/data/venv/lib/python3.12/site-packages/oslo_db/sqlalchemy/engines.py:325}}
Jul 07 20:00:35.584193 np0000004766 nova-scheduler[96355]: INFO dbcounter [None req-347cf5a1-fc40-4d27-8f14-7be1bbc9a2be None None] Registered counter for database nova_cell0
Jul 07 20:00:35.584232 np0000004766 nova-scheduler[96345]: DEBUG dbcounter [-] [96345] Writer thread running {{(pid=96345) stat_writer /opt/stack/data/venv/lib/python3.12/site-packages/dbcounter.py:102}}
Jul 07 20:00:35.588574 np0000004766 nova-scheduler[96347]: DEBUG oslo_db.sqlalchemy.engines [None req-b7625d35-4005-4fe5-8aeb-faa0eec8ba52 None None] MySQL server mode set to STRICT_TRANS_TABLES,STRICT_ALL_TABLES,NO_ZERO_IN_DATE,NO_ZERO_DATE,ERROR_FOR_DIVISION_BY_ZERO,TRADITIONAL,NO_ENGINE_SUBSTITUTION {{(pid=96347) _check_effective_sql_mode /opt/stack/data/venv/lib/python3.12/site-packages/oslo_db/sqlalchemy/engines.py:325}}
Jul 07 20:00:35.596858 np0000004766 nova-scheduler[96345]: DEBUG nova.service [None req-2268a043-004b-47c0-877c-82f53eb7b604 None None] Creating RPC server for service: nova-scheduler on topic: scheduler {{(pid=96345) start /opt/stack/nova/nova/service.py:196}}
Jul 07 20:00:35.601217 np0000004766 nova-scheduler[96347]: DEBUG dbcounter [-] [96347] Writer thread running {{(pid=96347) stat_writer /opt/stack/data/venv/lib/python3.12/site-packages/dbcounter.py:102}}
Jul 07 20:00:35.604935 np0000004766 nova-scheduler[96347]: DEBUG nova.service [None req-b7625d35-4005-4fe5-8aeb-faa0eec8ba52 None None] Creating RPC server for service: nova-scheduler on topic: scheduler {{(pid=96347) start /opt/stack/nova/nova/service.py:196}}
Jul 07 20:00:35.612106 np0000004766 nova-scheduler[96349]: DEBUG oslo_db.sqlalchemy.engines [None req-14e25e3d-5ab7-44cd-a324-2193c8bcc3b8 None None] MySQL server mode set to STRICT_TRANS_TABLES,STRICT_ALL_TABLES,NO_ZERO_IN_DATE,NO_ZERO_DATE,ERROR_FOR_DIVISION_BY_ZERO,TRADITIONAL,NO_ENGINE_SUBSTITUTION {{(pid=96349) _check_effective_sql_mode /opt/stack/data/venv/lib/python3.12/site-packages/oslo_db/sqlalchemy/engines.py:325}}
Jul 07 20:00:35.615906 np0000004766 nova-scheduler[96355]: DEBUG oslo_db.sqlalchemy.engines [None req-347cf5a1-fc40-4d27-8f14-7be1bbc9a2be None None] MySQL server mode set to STRICT_TRANS_TABLES,STRICT_ALL_TABLES,NO_ZERO_IN_DATE,NO_ZERO_DATE,ERROR_FOR_DIVISION_BY_ZERO,TRADITIONAL,NO_ENGINE_SUBSTITUTION {{(pid=96355) _check_effective_sql_mode /opt/stack/data/venv/lib/python3.12/site-packages/oslo_db/sqlalchemy/engines.py:325}}
Jul 07 20:00:35.624222 np0000004766 nova-scheduler[96349]: DEBUG dbcounter [-] [96349] Writer thread running {{(pid=96349) stat_writer /opt/stack/data/venv/lib/python3.12/site-packages/dbcounter.py:102}}
Jul 07 20:00:35.626583 np0000004766 nova-scheduler[96355]: DEBUG dbcounter [-] [96355] Writer thread running {{(pid=96355) stat_writer /opt/stack/data/venv/lib/python3.12/site-packages/dbcounter.py:102}}
Jul 07 20:00:35.627627 np0000004766 nova-scheduler[96345]: DEBUG nova.service [None req-2268a043-004b-47c0-877c-82f53eb7b604 None None] Join ServiceGroup membership for this service scheduler {{(pid=96345) start /opt/stack/nova/nova/service.py:222}}
Jul 07 20:00:35.627836 np0000004766 nova-scheduler[96345]: DEBUG nova.servicegroup.drivers.db [None req-2268a043-004b-47c0-877c-82f53eb7b604 None None] DB_Driver: join new ServiceGroup member np0000004766 to the scheduler group, service = {{(pid=96345) join /opt/stack/nova/nova/servicegroup/drivers/db.py:44}}
Jul 07 20:00:35.628230 np0000004766 nova-scheduler[96349]: DEBUG nova.service [None req-14e25e3d-5ab7-44cd-a324-2193c8bcc3b8 None None] Creating RPC server for service: nova-scheduler on topic: scheduler {{(pid=96349) start /opt/stack/nova/nova/service.py:196}}
Jul 07 20:00:35.630085 np0000004766 nova-scheduler[96347]: DEBUG nova.service [None req-b7625d35-4005-4fe5-8aeb-faa0eec8ba52 None None] Join ServiceGroup membership for this service scheduler {{(pid=96347) start /opt/stack/nova/nova/service.py:222}}
Jul 07 20:00:35.630158 np0000004766 nova-scheduler[96355]: DEBUG nova.service [None req-347cf5a1-fc40-4d27-8f14-7be1bbc9a2be None None] Creating RPC server for service: nova-scheduler on topic: scheduler {{(pid=96355) start /opt/stack/nova/nova/service.py:196}}
Jul 07 20:00:35.630444 np0000004766 nova-scheduler[96347]: DEBUG nova.servicegroup.drivers.db [None req-b7625d35-4005-4fe5-8aeb-faa0eec8ba52 None None] DB_Driver: join new ServiceGroup member np0000004766 to the scheduler group, service = {{(pid=96347) join /opt/stack/nova/nova/servicegroup/drivers/db.py:44}}
Jul 07 20:00:35.650034 np0000004766 nova-scheduler[96349]: DEBUG nova.service [None req-14e25e3d-5ab7-44cd-a324-2193c8bcc3b8 None None] Join ServiceGroup membership for this service scheduler {{(pid=96349) start /opt/stack/nova/nova/service.py:222}}
Jul 07 20:00:35.650375 np0000004766 nova-scheduler[96355]: DEBUG nova.service [None req-347cf5a1-fc40-4d27-8f14-7be1bbc9a2be None None] Join ServiceGroup membership for this service scheduler {{(pid=96355) start /opt/stack/nova/nova/service.py:222}}
Jul 07 20:00:35.650546 np0000004766 nova-scheduler[96349]: DEBUG nova.servicegroup.drivers.db [None req-14e25e3d-5ab7-44cd-a324-2193c8bcc3b8 None None] DB_Driver: join new ServiceGroup member np0000004766 to the scheduler group, service = {{(pid=96349) join /opt/stack/nova/nova/servicegroup/drivers/db.py:44}}
Jul 07 20:00:35.650614 np0000004766 nova-scheduler[96355]: DEBUG nova.servicegroup.drivers.db [None req-347cf5a1-fc40-4d27-8f14-7be1bbc9a2be None None] DB_Driver: join new ServiceGroup member np0000004766 to the scheduler group, service = {{(pid=96355) join /opt/stack/nova/nova/servicegroup/drivers/db.py:44}}
Jul 07 20:00:40.645596 np0000004766 nova-scheduler[96345]: DEBUG oslo.service.backend._threading.loopingcall [-] Fixed interval looping call 'nova.servicegroup.drivers.db.DbDriver._report_state' sleeping for 119.99 seconds {{(pid=96345) _run_loop /opt/stack/data/venv/lib/python3.12/site-packages/oslo_service/backend/_threading/loopingcall.py:125}}
Jul 07 20:00:40.648503 np0000004766 nova-scheduler[96347]: DEBUG oslo.service.backend._threading.loopingcall [-] Fixed interval looping call 'nova.servicegroup.drivers.db.DbDriver._report_state' sleeping for 119.98 seconds {{(pid=96347) _run_loop /opt/stack/data/venv/lib/python3.12/site-packages/oslo_service/backend/_threading/loopingcall.py:125}}
Jul 07 20:00:40.662200 np0000004766 nova-scheduler[96355]: DEBUG oslo.service.backend._threading.loopingcall [-] Fixed interval looping call 'nova.servicegroup.drivers.db.DbDriver._report_state' sleeping for 119.99 seconds {{(pid=96355) _run_loop /opt/stack/data/venv/lib/python3.12/site-packages/oslo_service/backend/_threading/loopingcall.py:125}}
Jul 07 20:00:40.664743 np0000004766 nova-scheduler[96349]: DEBUG oslo.service.backend._threading.loopingcall [-] Fixed interval looping call 'nova.servicegroup.drivers.db.DbDriver._report_state' sleeping for 119.99 seconds {{(pid=96349) _run_loop /opt/stack/data/venv/lib/python3.12/site-packages/oslo_service/backend/_threading/loopingcall.py:125}}
Jul 07 20:00:44.161275 np0000004766 nova-scheduler[95153]: DEBUG dbcounter [-] [95153] Writing DB stats nova_api:SELECT=3 {{(pid=95153) stat_writer /opt/stack/data/venv/lib/python3.12/site-packages/dbcounter.py:115}}
Jul 07 20:00:44.325127 np0000004766 nova-scheduler[95153]: DEBUG dbcounter [-] [95153] Writing DB stats nova_cell1:SELECT=1 {{(pid=95153) stat_writer /opt/stack/data/venv/lib/python3.12/site-packages/dbcounter.py:115}}
Jul 07 20:00:44.327158 np0000004766 nova-scheduler[95153]: DEBUG dbcounter [-] [95153] Writing DB stats nova_cell0:SELECT=1 {{(pid=95153) stat_writer /opt/stack/data/venv/lib/python3.12/site-packages/dbcounter.py:115}}
Jul 07 20:00:50.639775 np0000004766 nova-scheduler[96345]: DEBUG dbcounter [-] [96345] Writing DB stats nova_cell0:SELECT=4,nova_cell0:INSERT=1,nova_cell0:UPDATE=1 {{(pid=96345) stat_writer /opt/stack/data/venv/lib/python3.12/site-packages/dbcounter.py:115}}
Jul 07 20:00:50.646078 np0000004766 nova-scheduler[96347]: DEBUG dbcounter [-] [96347] Writing DB stats nova_cell0:SELECT=3,nova_cell0:UPDATE=1 {{(pid=96347) stat_writer /opt/stack/data/venv/lib/python3.12/site-packages/dbcounter.py:115}}
Jul 07 20:00:50.659241 np0000004766 nova-scheduler[96355]: DEBUG dbcounter [-] [96355] Writing DB stats nova_cell0:SELECT=3 {{(pid=96355) stat_writer /opt/stack/data/venv/lib/python3.12/site-packages/dbcounter.py:115}}
Jul 07 20:00:50.660761 np0000004766 nova-scheduler[96349]: DEBUG dbcounter [-] [96349] Writing DB stats nova_cell0:SELECT=3 {{(pid=96349) stat_writer /opt/stack/data/venv/lib/python3.12/site-packages/dbcounter.py:115}}
Jul 07 20:01:05.633472 np0000004766 nova-scheduler[96347]: DEBUG oslo.service.backend._threading.loopingcall [None req-85ee4e42-1025-45ec-a14e-7e7c9c4754ab None None] Dynamic interval looping call 'nova.service.Service.periodic_tasks' sleeping for 60.00 seconds {{(pid=96347) _run_loop /opt/stack/data/venv/lib/python3.12/site-packages/oslo_service/backend/_threading/loopingcall.py:125}}
Jul 07 20:01:13.653052 np0000004766 nova-scheduler[96349]: DEBUG oslo.service.backend._threading.loopingcall [None req-7f73817f-b5ea-41bd-89eb-a1a62d71f719 None None] Dynamic interval looping call 'nova.service.Service.periodic_tasks' sleeping for 60.00 seconds {{(pid=96349) _run_loop /opt/stack/data/venv/lib/python3.12/site-packages/oslo_service/backend/_threading/loopingcall.py:125}}
Jul 07 20:01:22.630767 np0000004766 nova-scheduler[96345]: DEBUG oslo.service.backend._threading.loopingcall [None req-b103fece-9027-4f9d-a5ed-6b3842a7097d None None] Dynamic interval looping call 'nova.service.Service.periodic_tasks' sleeping for 60.00 seconds {{(pid=96345) _run_loop /opt/stack/data/venv/lib/python3.12/site-packages/oslo_service/backend/_threading/loopingcall.py:125}}
Jul 07 20:01:22.652984 np0000004766 nova-scheduler[96355]: DEBUG oslo.service.backend._threading.loopingcall [None req-a81e2333-9b66-4bb6-8333-6e7bd48959fc None None] Dynamic interval looping call 'nova.service.Service.periodic_tasks' sleeping for 60.00 seconds {{(pid=96355) _run_loop /opt/stack/data/venv/lib/python3.12/site-packages/oslo_service/backend/_threading/loopingcall.py:125}}
Jul 07 20:02:05.634263 np0000004766 nova-scheduler[96347]: DEBUG oslo.service.backend._threading.loopingcall [None req-85ee4e42-1025-45ec-a14e-7e7c9c4754ab None None] Dynamic interval looping call 'nova.service.Service.periodic_tasks' sleeping for 60.00 seconds {{(pid=96347) _run_loop /opt/stack/data/venv/lib/python3.12/site-packages/oslo_service/backend/_threading/loopingcall.py:125}}
Jul 07 20:02:13.653558 np0000004766 nova-scheduler[96349]: DEBUG oslo.service.backend._threading.loopingcall [None req-7f73817f-b5ea-41bd-89eb-a1a62d71f719 None None] Dynamic interval looping call 'nova.service.Service.periodic_tasks' sleeping for 60.00 seconds {{(pid=96349) _run_loop /opt/stack/data/venv/lib/python3.12/site-packages/oslo_service/backend/_threading/loopingcall.py:125}}
Jul 07 20:02:22.631302 np0000004766 nova-scheduler[96345]: DEBUG oslo.service.backend._threading.loopingcall [None req-b103fece-9027-4f9d-a5ed-6b3842a7097d None None] Dynamic interval looping call 'nova.service.Service.periodic_tasks' sleeping for 60.00 seconds {{(pid=96345) _run_loop /opt/stack/data/venv/lib/python3.12/site-packages/oslo_service/backend/_threading/loopingcall.py:125}}
Jul 07 20:02:22.653492 np0000004766 nova-scheduler[96355]: DEBUG oslo.service.backend._threading.loopingcall [None req-a81e2333-9b66-4bb6-8333-6e7bd48959fc None None] Dynamic interval looping call 'nova.service.Service.periodic_tasks' sleeping for 60.00 seconds {{(pid=96355) _run_loop /opt/stack/data/venv/lib/python3.12/site-packages/oslo_service/backend/_threading/loopingcall.py:125}}
Jul 07 20:02:40.640307 np0000004766 nova-scheduler[96347]: DEBUG oslo.service.backend._threading.loopingcall [-] Fixed interval looping call 'nova.servicegroup.drivers.db.DbDriver._report_state' sleeping for 119.99 seconds {{(pid=96347) _run_loop /opt/stack/data/venv/lib/python3.12/site-packages/oslo_service/backend/_threading/loopingcall.py:125}}
Jul 07 20:02:40.640799 np0000004766 nova-scheduler[96345]: DEBUG oslo.service.backend._threading.loopingcall [-] Fixed interval looping call 'nova.servicegroup.drivers.db.DbDriver._report_state' sleeping for 119.99 seconds {{(pid=96345) _run_loop /opt/stack/data/venv/lib/python3.12/site-packages/oslo_service/backend/_threading/loopingcall.py:125}}
Jul 07 20:02:40.655604 np0000004766 nova-scheduler[96355]: DEBUG oslo.service.backend._threading.loopingcall [-] Fixed interval looping call 'nova.servicegroup.drivers.db.DbDriver._report_state' sleeping for 120.00 seconds {{(pid=96355) _run_loop /opt/stack/data/venv/lib/python3.12/site-packages/oslo_service/backend/_threading/loopingcall.py:125}}
Jul 07 20:02:40.658349 np0000004766 nova-scheduler[96349]: DEBUG oslo.service.backend._threading.loopingcall [-] Fixed interval looping call 'nova.servicegroup.drivers.db.DbDriver._report_state' sleeping for 120.00 seconds {{(pid=96349) _run_loop /opt/stack/data/venv/lib/python3.12/site-packages/oslo_service/backend/_threading/loopingcall.py:125}}
Jul 07 20:02:50.631999 np0000004766 nova-scheduler[96347]: DEBUG dbcounter [-] [96347] Writing DB stats nova_cell0:SELECT=1,nova_cell0:UPDATE=1 {{(pid=96347) stat_writer /opt/stack/data/venv/lib/python3.12/site-packages/dbcounter.py:115}}
Jul 07 20:02:50.638326 np0000004766 nova-scheduler[96345]: DEBUG dbcounter [-] [96345] Writing DB stats nova_cell0:SELECT=1,nova_cell0:UPDATE=1 {{(pid=96345) stat_writer /opt/stack/data/venv/lib/python3.12/site-packages/dbcounter.py:115}}
Jul 07 20:02:50.654003 np0000004766 nova-scheduler[96355]: DEBUG dbcounter [-] [96355] Writing DB stats nova_cell0:SELECT=1 {{(pid=96355) stat_writer /opt/stack/data/venv/lib/python3.12/site-packages/dbcounter.py:115}}
Jul 07 20:02:50.656675 np0000004766 nova-scheduler[96349]: DEBUG dbcounter [-] [96349] Writing DB stats nova_cell0:SELECT=1 {{(pid=96349) stat_writer /opt/stack/data/venv/lib/python3.12/site-packages/dbcounter.py:115}}
Jul 07 20:03:00.348146 np0000004766 nova-scheduler[96345]: DEBUG nova.scheduler.manager [None req-4098571e-7591-4129-ae88-24d95f656409 tempest-DeleteServersTestJSON-1474902158 tempest-DeleteServersTestJSON-1474902158-project-member] Starting to schedule for instances: ['2a7097fd-b726-431a-8e83-6a4f1843b057'] {{(pid=96345) select_destinations /opt/stack/nova/nova/scheduler/manager.py:209}}
Jul 07 20:03:00.349130 np0000004766 nova-scheduler[96345]: DEBUG nova.scheduler.request_filter [None req-4098571e-7591-4129-ae88-24d95f656409 tempest-DeleteServersTestJSON-1474902158 tempest-DeleteServersTestJSON-1474902158-project-member] compute_status_filter request filter added forbidden trait COMPUTE_STATUS_DISABLED {{(pid=96345) compute_status_filter /opt/stack/nova/nova/scheduler/request_filter.py:253}}
Jul 07 20:03:00.349130 np0000004766 nova-scheduler[96345]: DEBUG nova.scheduler.request_filter [None req-4098571e-7591-4129-ae88-24d95f656409 tempest-DeleteServersTestJSON-1474902158 tempest-DeleteServersTestJSON-1474902158-project-member] Request filter 'compute_status_filter' took 0.0 seconds {{(pid=96345) wrapper /opt/stack/nova/nova/scheduler/request_filter.py:46}}
Jul 07 20:03:00.349523 np0000004766 nova-scheduler[96345]: DEBUG nova.scheduler.request_filter [None req-4098571e-7591-4129-ae88-24d95f656409 tempest-DeleteServersTestJSON-1474902158 tempest-DeleteServersTestJSON-1474902158-project-member] Request filter 'accelerators_filter' took 0.0 seconds {{(pid=96345) wrapper /opt/stack/nova/nova/scheduler/request_filter.py:46}}
Jul 07 20:03:00.349719 np0000004766 nova-scheduler[96345]: DEBUG nova.scheduler.request_filter [None req-4098571e-7591-4129-ae88-24d95f656409 tempest-DeleteServersTestJSON-1474902158 tempest-DeleteServersTestJSON-1474902158-project-member] Request filter 'packed_virtqueue_filter' took 0.0 seconds {{(pid=96345) wrapper /opt/stack/nova/nova/scheduler/request_filter.py:46}}
Jul 07 20:03:00.350007 np0000004766 nova-scheduler[96345]: DEBUG nova.scheduler.request_filter [None req-4098571e-7591-4129-ae88-24d95f656409 tempest-DeleteServersTestJSON-1474902158 tempest-DeleteServersTestJSON-1474902158-project-member] Request filter 'remote_managed_ports_filter' took 0.0 seconds {{(pid=96345) wrapper /opt/stack/nova/nova/scheduler/request_filter.py:46}}
Jul 07 20:03:00.350155 np0000004766 nova-scheduler[96345]: DEBUG nova.scheduler.request_filter [None req-4098571e-7591-4129-ae88-24d95f656409 tempest-DeleteServersTestJSON-1474902158 tempest-DeleteServersTestJSON-1474902158-project-member] ephemeral_encryption_filter skipped {{(pid=96345) ephemeral_encryption_filter /opt/stack/nova/nova/scheduler/request_filter.py:426}}
Jul 07 20:03:00.350397 np0000004766 nova-scheduler[96345]: DEBUG nova.scheduler.request_filter [None req-4098571e-7591-4129-ae88-24d95f656409 tempest-DeleteServersTestJSON-1474902158 tempest-DeleteServersTestJSON-1474902158-project-member] virtio_sound_filter skipped {{(pid=96345) virtio_sound_filter /opt/stack/nova/nova/scheduler/request_filter.py:460}}
Jul 07 20:03:00.350607 np0000004766 nova-scheduler[96345]: DEBUG nova.scheduler.request_filter [None req-4098571e-7591-4129-ae88-24d95f656409 tempest-DeleteServersTestJSON-1474902158 tempest-DeleteServersTestJSON-1474902158-project-member] tpm_secret_security_filter skipped {{(pid=96345) tpm_secret_security_filter /opt/stack/nova/nova/scheduler/request_filter.py:477}}
Jul 07 20:03:00.892628 np0000004766 nova-scheduler[96345]: INFO nova.utils [None req-4098571e-7591-4129-ae88-24d95f656409 tempest-DeleteServersTestJSON-1474902158 tempest-DeleteServersTestJSON-1474902158-project-member] The cell worker thread pool ForkProcess-1.cell_worker is initialized
Jul 07 20:03:00.893385 np0000004766 nova-scheduler[96345]: DEBUG oslo_concurrency.lockutils [None req-4098571e-7591-4129-ae88-24d95f656409 tempest-DeleteServersTestJSON-1474902158 tempest-DeleteServersTestJSON-1474902158-project-member] Acquiring lock "100ede54-0865-4d49-a56c-8c51f730c3b9" by "nova.context.set_target_cell..get_or_set_cached_cell_and_set_connections" {{(pid=96345) inner /opt/stack/data/venv/lib/python3.12/site-packages/oslo_concurrency/lockutils.py:511}}
Jul 07 20:03:00.893385 np0000004766 nova-scheduler[96345]: DEBUG oslo_concurrency.lockutils [None req-4098571e-7591-4129-ae88-24d95f656409 tempest-DeleteServersTestJSON-1474902158 tempest-DeleteServersTestJSON-1474902158-project-member] Lock "100ede54-0865-4d49-a56c-8c51f730c3b9" acquired by "nova.context.set_target_cell..get_or_set_cached_cell_and_set_connections" :: waited 0.000s {{(pid=96345) inner /opt/stack/data/venv/lib/python3.12/site-packages/oslo_concurrency/lockutils.py:524}}
Jul 07 20:03:00.894663 np0000004766 nova-scheduler[96345]: DEBUG oslo_concurrency.lockutils [None req-4098571e-7591-4129-ae88-24d95f656409 tempest-DeleteServersTestJSON-1474902158 tempest-DeleteServersTestJSON-1474902158-project-member] Lock "100ede54-0865-4d49-a56c-8c51f730c3b9" "released" by "nova.context.set_target_cell..get_or_set_cached_cell_and_set_connections" :: held 0.001s {{(pid=96345) inner /opt/stack/data/venv/lib/python3.12/site-packages/oslo_concurrency/lockutils.py:543}}
Jul 07 20:03:00.897079 np0000004766 nova-scheduler[96345]: INFO dbcounter [None req-4098571e-7591-4129-ae88-24d95f656409 tempest-DeleteServersTestJSON-1474902158 tempest-DeleteServersTestJSON-1474902158-project-member] Registered counter for database nova_cell1
Jul 07 20:03:00.944936 np0000004766 nova-scheduler[96345]: DEBUG oslo_db.sqlalchemy.engines [None req-4098571e-7591-4129-ae88-24d95f656409 tempest-DeleteServersTestJSON-1474902158 tempest-DeleteServersTestJSON-1474902158-project-member] MySQL server mode set to STRICT_TRANS_TABLES,STRICT_ALL_TABLES,NO_ZERO_IN_DATE,NO_ZERO_DATE,ERROR_FOR_DIVISION_BY_ZERO,TRADITIONAL,NO_ENGINE_SUBSTITUTION {{(pid=96345) _check_effective_sql_mode /opt/stack/data/venv/lib/python3.12/site-packages/oslo_db/sqlalchemy/engines.py:325}}
Jul 07 20:03:00.951513 np0000004766 nova-scheduler[96345]: DEBUG dbcounter [-] [96345] Writer thread running {{(pid=96345) stat_writer /opt/stack/data/venv/lib/python3.12/site-packages/dbcounter.py:102}}
Jul 07 20:03:00.965662 np0000004766 nova-scheduler[96345]: DEBUG oslo_db.sqlalchemy.engines [None req-4098571e-7591-4129-ae88-24d95f656409 tempest-DeleteServersTestJSON-1474902158 tempest-DeleteServersTestJSON-1474902158-project-member] Parent process 95153 forked (96345) with an open database connection, which is being discarded and recreated. {{(pid=96345) checkout /opt/stack/data/venv/lib/python3.12/site-packages/oslo_db/sqlalchemy/engines.py:402}}
Jul 07 20:03:01.017456 np0000004766 nova-scheduler[96345]: DEBUG dbcounter [-] [96345] Writer thread running {{(pid=96345) stat_writer /opt/stack/data/venv/lib/python3.12/site-packages/dbcounter.py:102}}
Jul 07 20:03:01.020191 np0000004766 nova-scheduler[96345]: DEBUG oslo_concurrency.lockutils [None req-4098571e-7591-4129-ae88-24d95f656409 tempest-DeleteServersTestJSON-1474902158 tempest-DeleteServersTestJSON-1474902158-project-member] Acquiring lock "100ede54-0865-4d49-a56c-8c51f730c3b9" by "nova.context.set_target_cell..get_or_set_cached_cell_and_set_connections" {{(pid=96345) inner /opt/stack/data/venv/lib/python3.12/site-packages/oslo_concurrency/lockutils.py:511}}
Jul 07 20:03:01.020336 np0000004766 nova-scheduler[96345]: DEBUG oslo_concurrency.lockutils [None req-4098571e-7591-4129-ae88-24d95f656409 tempest-DeleteServersTestJSON-1474902158 tempest-DeleteServersTestJSON-1474902158-project-member] Lock "100ede54-0865-4d49-a56c-8c51f730c3b9" acquired by "nova.context.set_target_cell..get_or_set_cached_cell_and_set_connections" :: waited 0.000s {{(pid=96345) inner /opt/stack/data/venv/lib/python3.12/site-packages/oslo_concurrency/lockutils.py:524}}
Jul 07 20:03:01.020504 np0000004766 nova-scheduler[96345]: DEBUG oslo_concurrency.lockutils [None req-4098571e-7591-4129-ae88-24d95f656409 tempest-DeleteServersTestJSON-1474902158 tempest-DeleteServersTestJSON-1474902158-project-member] Lock "100ede54-0865-4d49-a56c-8c51f730c3b9" "released" by "nova.context.set_target_cell..get_or_set_cached_cell_and_set_connections" :: held 0.000s {{(pid=96345) inner /opt/stack/data/venv/lib/python3.12/site-packages/oslo_concurrency/lockutils.py:543}}
Jul 07 20:03:01.024225 np0000004766 nova-scheduler[96345]: DEBUG oslo_concurrency.lockutils [None req-4098571e-7591-4129-ae88-24d95f656409 tempest-DeleteServersTestJSON-1474902158 tempest-DeleteServersTestJSON-1474902158-project-member] Acquiring lock "np0000004766-np0000004766" by "nova.scheduler.host_manager.HostState.update.._locked_update" {{(pid=96345) inner /opt/stack/data/venv/lib/python3.12/site-packages/oslo_concurrency/lockutils.py:511}}
Jul 07 20:03:01.024605 np0000004766 nova-scheduler[96345]: DEBUG oslo_concurrency.lockutils [None req-4098571e-7591-4129-ae88-24d95f656409 tempest-DeleteServersTestJSON-1474902158 tempest-DeleteServersTestJSON-1474902158-project-member] Lock "np0000004766-np0000004766" acquired by "nova.scheduler.host_manager.HostState.update.._locked_update" :: waited 0.000s {{(pid=96345) inner /opt/stack/data/venv/lib/python3.12/site-packages/oslo_concurrency/lockutils.py:524}}
Jul 07 20:03:01.026206 np0000004766 nova-scheduler[96345]: DEBUG nova.scheduler.host_manager [None req-4098571e-7591-4129-ae88-24d95f656409 tempest-DeleteServersTestJSON-1474902158 tempest-DeleteServersTestJSON-1474902158-project-member] Update host state from compute node: ComputeNode(cpu_allocation_ratio=4.0,cpu_info='{"arch": "x86_64", "model": "EPYC-Milan", "vendor": "AMD", "topology": {"cells": 1, "sockets": 16, "cores": 1, "threads": 1}, "maxphysaddr": {"mode": "emulate", "bits": 40}, "features": ["vaes", "sep", "pschange-mc-no", "pclmuldq", "aes", "sse4a", "xgetbv1", "sse2", "ibpb", "misalignsse", "xsaveopt", "rdctl-no", "v-vmsave-vmload", "svm", "fsgsbase", "clflushopt", "stibp", "arch-capabilities", "lbrv", "nrip-save", "amd-stibp", "umip", "skip-l1dfl-vmentry", "npt", "fpu", "amd-ssbd", "mca", "clflush", "lfence-always-serializing", "lahf_lm", "sse4.1", "syscall", "pse36", "pat", "osvw", "lm", "flushbyasid", "nx", "tsc", "xsaves", "rdtscp", "perfctr_core", "pge", "clwb", "pse", "bmi1", "xsaveerptr", "vmcb-clean", "cr8legacy", "movbe", "rdrand", "msr", "rdpid", "adx", "pku", "fsrm", "rdseed", "vpclmulqdq", "ibrs", "3dnowprefetch", "fxsr", "pae", "sha-ni", "abm", "avx", "virt-ssbd", "popcnt", "topoext", "null-sel-clr-base", "cx8", "f16c", "sse4.2", "apic", "smap", "de", "stibp-always-on", "pdpe1gb", "mds-no", "pause-filter", "cx16", "xsave", "tsc_adjust", "mmxext", "fxsr_opt", "vme", "avx2", "xsavec", "cmov", "fma", "mtrr", "pfthreshold", "pcid", "spec-ctrl", "vgif", "pni", "clzero", "mmx", "erms", "arat", "tsc-scale", "smep", "ssbd", "invpcid", "wbnoinvd", "gds-no", "cmp_legacy", "no-nested-data-bp", "ssse3", "svme-addr-chk", "mce", "hypervisor", "bmi2", "amd-psfd", "tsc-deadline", "sse", "x2apic"]}',created_at=2026-07-07T20:01:01Z,current_workload=0,deleted=False,deleted_at=None,disk_allocation_ratio=1.0,disk_available_least=74,free_disk_gb=95,free_ram_mb=63789,host='np0000004766',host_ip=10.4.3.146,hypervisor_hostname='np0000004766',hypervisor_type='QEMU',hypervisor_version=8002002,id=1,local_gb=95,local_gb_used=0,mapped=1,memory_mb=64301,memory_mb_used=512,metrics='[]',numa_topology='{"nova_object.name": "NUMATopology", "nova_object.namespace": "nova", "nova_object.version": "1.2", "nova_object.data": {"cells": [{"nova_object.name": "NUMACell", "nova_object.namespace": "nova", "nova_object.version": "1.5", "nova_object.data": {"id": 0, "cpuset": [0, 1, 2, 3, 4, 5, 6, 7, 8, 9, 10, 11, 12, 13, 14, 15], "pcpuset": [0, 1, 2, 3, 4, 5, 6, 7, 8, 9, 10, 11, 12, 13, 14, 15], "memory": 64301, "cpu_usage": 0, "memory_usage": 0, "pinned_cpus": [], "siblings": [[6], [12], [2], [15], [5], [11], [8], [14], [4], [1], [7], [10], [0], [13], [3], [9]], "mempages": [{"nova_object.name": "NUMAPagesTopology", "nova_object.namespace": "nova", "nova_object.version": "1.1", "nova_object.data": {"size_kb": 4, "total": 16461069, "used": 0, "reserved": 0}, "nova_object.changes": ["total", "size_kb", "reserved", "used"]}, {"nova_object.name": "NUMAPagesTopology", "nova_object.namespace": "nova", "nova_object.version": "1.1", "nova_object.data": {"size_kb": 2048, "total": 0, "used": 0, "reserved": 0}, "nova_object.changes": ["total", "size_kb", "reserved", "used"]}, {"nova_object.name": "NUMAPagesTopology", "nova_object.namespace": "nova", "nova_object.version": "1.1", "nova_object.data": {"size_kb": 1048576, "total": 0, "used": 0, "reserved": 0}, "nova_object.changes": ["total", "size_kb", "reserved", "used"]}], "network_metadata": {"nova_object.name": "NetworkMetadata", "nova_object.namespace": "nova", "nova_object.version": "1.0", "nova_object.data": {"physnets": [], "tunneled": false}, "nova_object.changes": ["tunneled", "physnets"]}, "socket": null}, "nova_object.changes": ["memory_usage", "id", "cpu_usage", "pcpuset", "siblings", "network_metadata", "pinned_cpus", "cpuset", "socket", "memory", "mempages"]}]}, "nova_object.changes": ["cells"]}',pci_device_pools=PciDevicePoolList,ram_allocation_ratio=1.0,running_vms=0,service_id=3,stats={failed_builds='0',uptime=' 20:02:47 up 25 min, 2 users, load average: 1.21, 1.39, 0.86
