Jul 07 20:00:41.381685 np0000004766 nova-conductor[98808]: DEBUG cotyledon.oslo_config_glue [-] oslo_versionedobjects.fatal_exception_format_errors = False {{(pid=98808) log_opt_values /opt/stack/data/venv/lib/python3.12/site-packages/oslo_config/cfg.py:3253}}
Jul 07 20:00:41.381685 np0000004766 nova-conductor[98808]: DEBUG cotyledon.oslo_config_glue [-] oslo_middleware.http_basic_auth_user_file = /etc/htpasswd {{(pid=98808) log_opt_values /opt/stack/data/venv/lib/python3.12/site-packages/oslo_config/cfg.py:3253}}
Jul 07 20:00:41.381685 np0000004766 nova-conductor[98808]: DEBUG cotyledon.oslo_config_glue [-] profiler.connection_string = messaging:// {{(pid=98808) log_opt_values /opt/stack/data/venv/lib/python3.12/site-packages/oslo_config/cfg.py:3253}}
Jul 07 20:00:41.381977 np0000004766 nova-conductor[98808]: DEBUG cotyledon.oslo_config_glue [-] profiler.enabled = False {{(pid=98808) log_opt_values /opt/stack/data/venv/lib/python3.12/site-packages/oslo_config/cfg.py:3253}}
Jul 07 20:00:41.381977 np0000004766 nova-conductor[98808]: DEBUG cotyledon.oslo_config_glue [-] profiler.es_doc_type = notification {{(pid=98808) log_opt_values /opt/stack/data/venv/lib/python3.12/site-packages/oslo_config/cfg.py:3253}}
Jul 07 20:00:41.381977 np0000004766 nova-conductor[98808]: DEBUG cotyledon.oslo_config_glue [-] profiler.es_scroll_size = 10000 {{(pid=98808) log_opt_values /opt/stack/data/venv/lib/python3.12/site-packages/oslo_config/cfg.py:3253}}
Jul 07 20:00:41.381977 np0000004766 nova-conductor[98808]: DEBUG cotyledon.oslo_config_glue [-] profiler.es_scroll_time = 2m {{(pid=98808) log_opt_values /opt/stack/data/venv/lib/python3.12/site-packages/oslo_config/cfg.py:3253}}
Jul 07 20:00:41.381977 np0000004766 nova-conductor[98808]: DEBUG cotyledon.oslo_config_glue [-] profiler.filter_error_trace = False {{(pid=98808) log_opt_values /opt/stack/data/venv/lib/python3.12/site-packages/oslo_config/cfg.py:3253}}
Jul 07 20:00:41.381977 np0000004766 nova-conductor[98808]: DEBUG cotyledon.oslo_config_glue [-] profiler.hmac_keys = **** {{(pid=98808) log_opt_values /opt/stack/data/venv/lib/python3.12/site-packages/oslo_config/cfg.py:3253}}
Jul 07 20:00:41.381977 np0000004766 nova-conductor[98808]: DEBUG cotyledon.oslo_config_glue [-] profiler.sentinel_service_name = mymaster {{(pid=98808) log_opt_values /opt/stack/data/venv/lib/python3.12/site-packages/oslo_config/cfg.py:3253}}
Jul 07 20:00:41.381977 np0000004766 nova-conductor[98808]: DEBUG cotyledon.oslo_config_glue [-] profiler.socket_timeout = 0.1 {{(pid=98808) log_opt_values /opt/stack/data/venv/lib/python3.12/site-packages/oslo_config/cfg.py:3253}}
Jul 07 20:00:41.381977 np0000004766 nova-conductor[98808]: DEBUG cotyledon.oslo_config_glue [-] profiler.trace_requests = False {{(pid=98808) log_opt_values /opt/stack/data/venv/lib/python3.12/site-packages/oslo_config/cfg.py:3253}}
Jul 07 20:00:41.382320 np0000004766 nova-conductor[98808]: DEBUG cotyledon.oslo_config_glue [-] profiler.trace_sqlalchemy = False {{(pid=98808) log_opt_values /opt/stack/data/venv/lib/python3.12/site-packages/oslo_config/cfg.py:3253}}
Jul 07 20:00:41.382320 np0000004766 nova-conductor[98808]: DEBUG cotyledon.oslo_config_glue [-] profiler_jaeger.process_tags = {} {{(pid=98808) log_opt_values /opt/stack/data/venv/lib/python3.12/site-packages/oslo_config/cfg.py:3253}}
Jul 07 20:00:41.382320 np0000004766 nova-conductor[98808]: DEBUG cotyledon.oslo_config_glue [-] profiler_jaeger.service_name_prefix = None {{(pid=98808) log_opt_values /opt/stack/data/venv/lib/python3.12/site-packages/oslo_config/cfg.py:3253}}
Jul 07 20:00:41.382320 np0000004766 nova-conductor[98808]: DEBUG cotyledon.oslo_config_glue [-] profiler_otlp.service_name_prefix = None {{(pid=98808) log_opt_values /opt/stack/data/venv/lib/python3.12/site-packages/oslo_config/cfg.py:3253}}
Jul 07 20:00:41.382320 np0000004766 nova-conductor[98808]: DEBUG cotyledon.oslo_config_glue [-] oslo_messaging_rabbit.amqp_auto_delete = False {{(pid=98808) log_opt_values /opt/stack/data/venv/lib/python3.12/site-packages/oslo_config/cfg.py:3253}}
Jul 07 20:00:41.382320 np0000004766 nova-conductor[98808]: DEBUG cotyledon.oslo_config_glue [-] oslo_messaging_rabbit.amqp_durable_queues = False {{(pid=98808) log_opt_values /opt/stack/data/venv/lib/python3.12/site-packages/oslo_config/cfg.py:3253}}
Jul 07 20:00:41.382320 np0000004766 nova-conductor[98808]: DEBUG cotyledon.oslo_config_glue [-] oslo_messaging_rabbit.conn_pool_min_size = 2 {{(pid=98808) log_opt_values /opt/stack/data/venv/lib/python3.12/site-packages/oslo_config/cfg.py:3253}}
Jul 07 20:00:41.382320 np0000004766 nova-conductor[98808]: DEBUG cotyledon.oslo_config_glue [-] oslo_messaging_rabbit.conn_pool_ttl = 1200 {{(pid=98808) log_opt_values /opt/stack/data/venv/lib/python3.12/site-packages/oslo_config/cfg.py:3253}}
Jul 07 20:00:41.382320 np0000004766 nova-conductor[98808]: DEBUG cotyledon.oslo_config_glue [-] oslo_messaging_rabbit.direct_mandatory_flag = True {{(pid=98808) log_opt_values /opt/stack/data/venv/lib/python3.12/site-packages/oslo_config/cfg.py:3253}}
Jul 07 20:00:41.382639 np0000004766 nova-conductor[98808]: DEBUG cotyledon.oslo_config_glue [-] oslo_messaging_rabbit.enable_cancel_on_failover = False {{(pid=98808) log_opt_values /opt/stack/data/venv/lib/python3.12/site-packages/oslo_config/cfg.py:3253}}
Jul 07 20:00:41.382639 np0000004766 nova-conductor[98808]: DEBUG cotyledon.oslo_config_glue [-] oslo_messaging_rabbit.heartbeat_rate = 3 {{(pid=98808) log_opt_values /opt/stack/data/venv/lib/python3.12/site-packages/oslo_config/cfg.py:3253}}
Jul 07 20:00:41.382639 np0000004766 nova-conductor[98808]: DEBUG cotyledon.oslo_config_glue [-] oslo_messaging_rabbit.heartbeat_timeout_threshold = 60 {{(pid=98808) log_opt_values /opt/stack/data/venv/lib/python3.12/site-packages/oslo_config/cfg.py:3253}}
Jul 07 20:00:41.382639 np0000004766 nova-conductor[98808]: DEBUG cotyledon.oslo_config_glue [-] oslo_messaging_rabbit.hostname = np0000004766 {{(pid=98808) log_opt_values /opt/stack/data/venv/lib/python3.12/site-packages/oslo_config/cfg.py:3253}}
Jul 07 20:00:41.382639 np0000004766 nova-conductor[98808]: DEBUG cotyledon.oslo_config_glue [-] oslo_messaging_rabbit.kombu_compression = None {{(pid=98808) log_opt_values /opt/stack/data/venv/lib/python3.12/site-packages/oslo_config/cfg.py:3253}}
Jul 07 20:00:41.382639 np0000004766 nova-conductor[98808]: DEBUG cotyledon.oslo_config_glue [-] oslo_messaging_rabbit.kombu_failover_strategy = round-robin {{(pid=98808) log_opt_values /opt/stack/data/venv/lib/python3.12/site-packages/oslo_config/cfg.py:3253}}
Jul 07 20:00:41.382639 np0000004766 nova-conductor[98808]: DEBUG cotyledon.oslo_config_glue [-] oslo_messaging_rabbit.kombu_missing_consumer_retry_timeout = 60 {{(pid=98808) log_opt_values /opt/stack/data/venv/lib/python3.12/site-packages/oslo_config/cfg.py:3253}}
Jul 07 20:00:41.382639 np0000004766 nova-conductor[98808]: DEBUG cotyledon.oslo_config_glue [-] oslo_messaging_rabbit.kombu_reconnect_delay = 1.0 {{(pid=98808) log_opt_values /opt/stack/data/venv/lib/python3.12/site-packages/oslo_config/cfg.py:3253}}
Jul 07 20:00:41.382639 np0000004766 nova-conductor[98808]: DEBUG cotyledon.oslo_config_glue [-] oslo_messaging_rabbit.kombu_reconnect_splay = 0.0 {{(pid=98808) log_opt_values /opt/stack/data/venv/lib/python3.12/site-packages/oslo_config/cfg.py:3253}}
Jul 07 20:00:41.382924 np0000004766 nova-conductor[98808]: DEBUG cotyledon.oslo_config_glue [-] oslo_messaging_rabbit.processname = nova-conductor {{(pid=98808) log_opt_values /opt/stack/data/venv/lib/python3.12/site-packages/oslo_config/cfg.py:3253}}
Jul 07 20:00:41.382924 np0000004766 nova-conductor[98808]: DEBUG cotyledon.oslo_config_glue [-] oslo_messaging_rabbit.rabbit_ha_queues = False {{(pid=98808) log_opt_values /opt/stack/data/venv/lib/python3.12/site-packages/oslo_config/cfg.py:3253}}
Jul 07 20:00:41.382924 np0000004766 nova-conductor[98808]: DEBUG cotyledon.oslo_config_glue [-] oslo_messaging_rabbit.rabbit_interval_max = 30 {{(pid=98808) log_opt_values /opt/stack/data/venv/lib/python3.12/site-packages/oslo_config/cfg.py:3253}}
Jul 07 20:00:41.382924 np0000004766 nova-conductor[98808]: DEBUG cotyledon.oslo_config_glue [-] oslo_messaging_rabbit.rabbit_login_method = AMQPLAIN {{(pid=98808) log_opt_values /opt/stack/data/venv/lib/python3.12/site-packages/oslo_config/cfg.py:3253}}
Jul 07 20:00:41.382924 np0000004766 nova-conductor[98808]: DEBUG cotyledon.oslo_config_glue [-] oslo_messaging_rabbit.rabbit_qos_prefetch_count = 0 {{(pid=98808) log_opt_values /opt/stack/data/venv/lib/python3.12/site-packages/oslo_config/cfg.py:3253}}
Jul 07 20:00:41.382924 np0000004766 nova-conductor[98808]: DEBUG cotyledon.oslo_config_glue [-] oslo_messaging_rabbit.rabbit_quorum_delivery_limit = 0 {{(pid=98808) log_opt_values /opt/stack/data/venv/lib/python3.12/site-packages/oslo_config/cfg.py:3253}}
Jul 07 20:00:41.382924 np0000004766 nova-conductor[98808]: DEBUG cotyledon.oslo_config_glue [-] oslo_messaging_rabbit.rabbit_quorum_max_memory_bytes = 0 {{(pid=98808) log_opt_values /opt/stack/data/venv/lib/python3.12/site-packages/oslo_config/cfg.py:3253}}
Jul 07 20:00:41.382924 np0000004766 nova-conductor[98808]: DEBUG cotyledon.oslo_config_glue [-] oslo_messaging_rabbit.rabbit_quorum_max_memory_length = 0 {{(pid=98808) log_opt_values /opt/stack/data/venv/lib/python3.12/site-packages/oslo_config/cfg.py:3253}}
Jul 07 20:00:41.382924 np0000004766 nova-conductor[98808]: DEBUG cotyledon.oslo_config_glue [-] oslo_messaging_rabbit.rabbit_quorum_queue = False {{(pid=98808) log_opt_values /opt/stack/data/venv/lib/python3.12/site-packages/oslo_config/cfg.py:3253}}
Jul 07 20:00:41.383222 np0000004766 nova-conductor[98808]: DEBUG cotyledon.oslo_config_glue [-] oslo_messaging_rabbit.rabbit_retry_backoff = 2 {{(pid=98808) log_opt_values /opt/stack/data/venv/lib/python3.12/site-packages/oslo_config/cfg.py:3253}}
Jul 07 20:00:41.383222 np0000004766 nova-conductor[98808]: DEBUG cotyledon.oslo_config_glue [-] oslo_messaging_rabbit.rabbit_retry_interval = 1 {{(pid=98808) log_opt_values /opt/stack/data/venv/lib/python3.12/site-packages/oslo_config/cfg.py:3253}}
Jul 07 20:00:41.383222 np0000004766 nova-conductor[98808]: DEBUG cotyledon.oslo_config_glue [-] oslo_messaging_rabbit.rabbit_stream_fanout = False {{(pid=98808) log_opt_values /opt/stack/data/venv/lib/python3.12/site-packages/oslo_config/cfg.py:3253}}
Jul 07 20:00:41.383222 np0000004766 nova-conductor[98808]: DEBUG cotyledon.oslo_config_glue [-] oslo_messaging_rabbit.rabbit_transient_queues_ttl = 1800 {{(pid=98808) log_opt_values /opt/stack/data/venv/lib/python3.12/site-packages/oslo_config/cfg.py:3253}}
Jul 07 20:00:41.383222 np0000004766 nova-conductor[98808]: DEBUG cotyledon.oslo_config_glue [-] oslo_messaging_rabbit.rabbit_transient_quorum_queue = False {{(pid=98808) log_opt_values /opt/stack/data/venv/lib/python3.12/site-packages/oslo_config/cfg.py:3253}}
Jul 07 20:00:41.383222 np0000004766 nova-conductor[98808]: DEBUG cotyledon.oslo_config_glue [-] oslo_messaging_rabbit.rpc_conn_pool_size = 30 {{(pid=98808) log_opt_values /opt/stack/data/venv/lib/python3.12/site-packages/oslo_config/cfg.py:3253}}
Jul 07 20:00:41.383222 np0000004766 nova-conductor[98808]: DEBUG cotyledon.oslo_config_glue [-] oslo_messaging_rabbit.ssl = False {{(pid=98808) log_opt_values /opt/stack/data/venv/lib/python3.12/site-packages/oslo_config/cfg.py:3253}}
Jul 07 20:00:41.383222 np0000004766 nova-conductor[98808]: DEBUG cotyledon.oslo_config_glue [-] oslo_messaging_rabbit.ssl_ca_file = {{(pid=98808) log_opt_values /opt/stack/data/venv/lib/python3.12/site-packages/oslo_config/cfg.py:3253}}
Jul 07 20:00:41.383222 np0000004766 nova-conductor[98808]: DEBUG cotyledon.oslo_config_glue [-] oslo_messaging_rabbit.ssl_cert_file = {{(pid=98808) log_opt_values /opt/stack/data/venv/lib/python3.12/site-packages/oslo_config/cfg.py:3253}}
Jul 07 20:00:41.383526 np0000004766 nova-conductor[98808]: DEBUG cotyledon.oslo_config_glue [-] oslo_messaging_rabbit.ssl_enforce_fips_mode = False {{(pid=98808) log_opt_values /opt/stack/data/venv/lib/python3.12/site-packages/oslo_config/cfg.py:3253}}
Jul 07 20:00:41.383526 np0000004766 nova-conductor[98808]: DEBUG cotyledon.oslo_config_glue [-] oslo_messaging_rabbit.ssl_enforce_hostname_verification = True {{(pid=98808) log_opt_values /opt/stack/data/venv/lib/python3.12/site-packages/oslo_config/cfg.py:3253}}
Jul 07 20:00:41.383526 np0000004766 nova-conductor[98808]: DEBUG cotyledon.oslo_config_glue [-] oslo_messaging_rabbit.ssl_key_file = {{(pid=98808) log_opt_values /opt/stack/data/venv/lib/python3.12/site-packages/oslo_config/cfg.py:3253}}
Jul 07 20:00:41.383526 np0000004766 nova-conductor[98808]: DEBUG cotyledon.oslo_config_glue [-] oslo_messaging_rabbit.ssl_version = {{(pid=98808) log_opt_values /opt/stack/data/venv/lib/python3.12/site-packages/oslo_config/cfg.py:3253}}
Jul 07 20:00:41.383526 np0000004766 nova-conductor[98808]: DEBUG cotyledon.oslo_config_glue [-] oslo_messaging_rabbit.use_queue_manager = False {{(pid=98808) log_opt_values /opt/stack/data/venv/lib/python3.12/site-packages/oslo_config/cfg.py:3253}}
Jul 07 20:00:41.383526 np0000004766 nova-conductor[98808]: DEBUG cotyledon.oslo_config_glue [-] oslo_messaging_notifications.driver = ['messagingv2'] {{(pid=98808) log_opt_values /opt/stack/data/venv/lib/python3.12/site-packages/oslo_config/cfg.py:3253}}
Jul 07 20:00:41.383526 np0000004766 nova-conductor[98808]: DEBUG cotyledon.oslo_config_glue [-] oslo_messaging_notifications.retry = -1 {{(pid=98808) log_opt_values /opt/stack/data/venv/lib/python3.12/site-packages/oslo_config/cfg.py:3253}}
Jul 07 20:00:41.383526 np0000004766 nova-conductor[98808]: DEBUG cotyledon.oslo_config_glue [-] oslo_messaging_notifications.topics = ['notifications'] {{(pid=98808) log_opt_values /opt/stack/data/venv/lib/python3.12/site-packages/oslo_config/cfg.py:3253}}
Jul 07 20:00:41.383526 np0000004766 nova-conductor[98808]: DEBUG cotyledon.oslo_config_glue [-] oslo_messaging_notifications.transport_url = **** {{(pid=98808) log_opt_values /opt/stack/data/venv/lib/python3.12/site-packages/oslo_config/cfg.py:3253}}
Jul 07 20:00:41.383812 np0000004766 nova-conductor[98808]: DEBUG cotyledon.oslo_config_glue [-] oslo_limit.auth_section = None {{(pid=98808) log_opt_values /opt/stack/data/venv/lib/python3.12/site-packages/oslo_config/cfg.py:3253}}
Jul 07 20:00:41.383812 np0000004766 nova-conductor[98808]: DEBUG cotyledon.oslo_config_glue [-] oslo_limit.auth_type = None {{(pid=98808) log_opt_values /opt/stack/data/venv/lib/python3.12/site-packages/oslo_config/cfg.py:3253}}
Jul 07 20:00:41.383812 np0000004766 nova-conductor[98808]: DEBUG cotyledon.oslo_config_glue [-] oslo_limit.cafile = None {{(pid=98808) log_opt_values /opt/stack/data/venv/lib/python3.12/site-packages/oslo_config/cfg.py:3253}}
Jul 07 20:00:41.383812 np0000004766 nova-conductor[98808]: DEBUG cotyledon.oslo_config_glue [-] oslo_limit.certfile = None {{(pid=98808) log_opt_values /opt/stack/data/venv/lib/python3.12/site-packages/oslo_config/cfg.py:3253}}
Jul 07 20:00:41.383812 np0000004766 nova-conductor[98808]: DEBUG cotyledon.oslo_config_glue [-] oslo_limit.collect_timing = False {{(pid=98808) log_opt_values /opt/stack/data/venv/lib/python3.12/site-packages/oslo_config/cfg.py:3253}}
Jul 07 20:00:41.383812 np0000004766 nova-conductor[98808]: DEBUG cotyledon.oslo_config_glue [-] oslo_limit.connect_retries = None {{(pid=98808) log_opt_values /opt/stack/data/venv/lib/python3.12/site-packages/oslo_config/cfg.py:3253}}
Jul 07 20:00:41.383812 np0000004766 nova-conductor[98808]: DEBUG cotyledon.oslo_config_glue [-] oslo_limit.connect_retry_delay = None {{(pid=98808) log_opt_values /opt/stack/data/venv/lib/python3.12/site-packages/oslo_config/cfg.py:3253}}
Jul 07 20:00:41.383812 np0000004766 nova-conductor[98808]: DEBUG cotyledon.oslo_config_glue [-] oslo_limit.endpoint_id = None {{(pid=98808) log_opt_values /opt/stack/data/venv/lib/python3.12/site-packages/oslo_config/cfg.py:3253}}
Jul 07 20:00:41.383812 np0000004766 nova-conductor[98808]: DEBUG cotyledon.oslo_config_glue [-] oslo_limit.endpoint_interface = public {{(pid=98808) log_opt_values /opt/stack/data/venv/lib/python3.12/site-packages/oslo_config/cfg.py:3253}}
Jul 07 20:00:41.384085 np0000004766 nova-conductor[98808]: DEBUG cotyledon.oslo_config_glue [-] oslo_limit.endpoint_override = None {{(pid=98808) log_opt_values /opt/stack/data/venv/lib/python3.12/site-packages/oslo_config/cfg.py:3253}}
Jul 07 20:00:41.384085 np0000004766 nova-conductor[98808]: DEBUG cotyledon.oslo_config_glue [-] oslo_limit.endpoint_region_name = None {{(pid=98808) log_opt_values /opt/stack/data/venv/lib/python3.12/site-packages/oslo_config/cfg.py:3253}}
Jul 07 20:00:41.384085 np0000004766 nova-conductor[98808]: DEBUG cotyledon.oslo_config_glue [-] oslo_limit.endpoint_service_name = None {{(pid=98808) log_opt_values /opt/stack/data/venv/lib/python3.12/site-packages/oslo_config/cfg.py:3253}}
Jul 07 20:00:41.384085 np0000004766 nova-conductor[98808]: DEBUG cotyledon.oslo_config_glue [-] oslo_limit.endpoint_service_type = None {{(pid=98808) log_opt_values /opt/stack/data/venv/lib/python3.12/site-packages/oslo_config/cfg.py:3253}}
Jul 07 20:00:41.384085 np0000004766 nova-conductor[98808]: DEBUG cotyledon.oslo_config_glue [-] oslo_limit.insecure = False {{(pid=98808) log_opt_values /opt/stack/data/venv/lib/python3.12/site-packages/oslo_config/cfg.py:3253}}
Jul 07 20:00:41.384085 np0000004766 nova-conductor[98808]: DEBUG cotyledon.oslo_config_glue [-] oslo_limit.keyfile = None {{(pid=98808) log_opt_values /opt/stack/data/venv/lib/python3.12/site-packages/oslo_config/cfg.py:3253}}
Jul 07 20:00:41.384085 np0000004766 nova-conductor[98808]: DEBUG cotyledon.oslo_config_glue [-] oslo_limit.max_version = None {{(pid=98808) log_opt_values /opt/stack/data/venv/lib/python3.12/site-packages/oslo_config/cfg.py:3253}}
Jul 07 20:00:41.384085 np0000004766 nova-conductor[98808]: DEBUG cotyledon.oslo_config_glue [-] oslo_limit.min_version = None {{(pid=98808) log_opt_values /opt/stack/data/venv/lib/python3.12/site-packages/oslo_config/cfg.py:3253}}
Jul 07 20:00:41.384085 np0000004766 nova-conductor[98808]: DEBUG cotyledon.oslo_config_glue [-] oslo_limit.region_name = None {{(pid=98808) log_opt_values /opt/stack/data/venv/lib/python3.12/site-packages/oslo_config/cfg.py:3253}}
Jul 07 20:00:41.384387 np0000004766 nova-conductor[98808]: DEBUG cotyledon.oslo_config_glue [-] oslo_limit.retriable_status_codes = None {{(pid=98808) log_opt_values /opt/stack/data/venv/lib/python3.12/site-packages/oslo_config/cfg.py:3253}}
Jul 07 20:00:41.384387 np0000004766 nova-conductor[98808]: DEBUG cotyledon.oslo_config_glue [-] oslo_limit.service_name = None {{(pid=98808) log_opt_values /opt/stack/data/venv/lib/python3.12/site-packages/oslo_config/cfg.py:3253}}
Jul 07 20:00:41.384387 np0000004766 nova-conductor[98808]: DEBUG cotyledon.oslo_config_glue [-] oslo_limit.service_type = None {{(pid=98808) log_opt_values /opt/stack/data/venv/lib/python3.12/site-packages/oslo_config/cfg.py:3253}}
Jul 07 20:00:41.384387 np0000004766 nova-conductor[98808]: DEBUG cotyledon.oslo_config_glue [-] oslo_limit.split_loggers = False {{(pid=98808) log_opt_values /opt/stack/data/venv/lib/python3.12/site-packages/oslo_config/cfg.py:3253}}
Jul 07 20:00:41.384387 np0000004766 nova-conductor[98808]: DEBUG cotyledon.oslo_config_glue [-] oslo_limit.status_code_retries = None {{(pid=98808) log_opt_values /opt/stack/data/venv/lib/python3.12/site-packages/oslo_config/cfg.py:3253}}
Jul 07 20:00:41.384387 np0000004766 nova-conductor[98808]: DEBUG cotyledon.oslo_config_glue [-] oslo_limit.status_code_retry_delay = None {{(pid=98808) log_opt_values /opt/stack/data/venv/lib/python3.12/site-packages/oslo_config/cfg.py:3253}}
Jul 07 20:00:41.384387 np0000004766 nova-conductor[98808]: DEBUG cotyledon.oslo_config_glue [-] oslo_limit.timeout = None {{(pid=98808) log_opt_values /opt/stack/data/venv/lib/python3.12/site-packages/oslo_config/cfg.py:3253}}
Jul 07 20:00:41.384387 np0000004766 nova-conductor[98808]: DEBUG cotyledon.oslo_config_glue [-] oslo_limit.valid_interfaces = None {{(pid=98808) log_opt_values /opt/stack/data/venv/lib/python3.12/site-packages/oslo_config/cfg.py:3253}}
Jul 07 20:00:41.384387 np0000004766 nova-conductor[98808]: DEBUG cotyledon.oslo_config_glue [-] oslo_limit.version = None {{(pid=98808) log_opt_values /opt/stack/data/venv/lib/python3.12/site-packages/oslo_config/cfg.py:3253}}
Jul 07 20:00:41.384689 np0000004766 nova-conductor[98808]: DEBUG cotyledon.oslo_config_glue [-] oslo_reports.file_event_handler = None {{(pid=98808) log_opt_values /opt/stack/data/venv/lib/python3.12/site-packages/oslo_config/cfg.py:3253}}
Jul 07 20:00:41.384689 np0000004766 nova-conductor[98808]: DEBUG cotyledon.oslo_config_glue [-] oslo_reports.file_event_handler_interval = 1 {{(pid=98808) log_opt_values /opt/stack/data/venv/lib/python3.12/site-packages/oslo_config/cfg.py:3253}}
Jul 07 20:00:41.384689 np0000004766 nova-conductor[98808]: DEBUG cotyledon.oslo_config_glue [-] oslo_reports.log_dir = None {{(pid=98808) log_opt_values /opt/stack/data/venv/lib/python3.12/site-packages/oslo_config/cfg.py:3253}}
Jul 07 20:00:41.384689 np0000004766 nova-conductor[98808]: DEBUG cotyledon.oslo_config_glue [-] ******************************************************************************** {{(pid=98808) log_opt_values /opt/stack/data/venv/lib/python3.12/site-packages/oslo_config/cfg.py:3260}}
Jul 07 20:00:41.384689 np0000004766 nova-conductor[98808]: DEBUG cotyledon._service_worker [-] Run service ServiceWrapper(3) [98808] {{(pid=98808) wait_forever /opt/stack/data/venv/lib/python3.12/site-packages/cotyledon/_service_worker.py:218}}
Jul 07 20:00:41.384689 np0000004766 nova-conductor[98808]: INFO nova.service [-] Starting conductor node (version 33.1.0)
Jul 07 20:00:41.384689 np0000004766 nova-conductor[98808]: INFO dbcounter [None req-51528569-d0b3-4415-9ec6-c409fb00c60e None None] Registered counter for database nova_cell0
Jul 07 20:00:41.384925 np0000004766 nova-conductor[98804]: DEBUG oslo_db.sqlalchemy.engines [None req-43458239-01e8-4c51-86b9-2ad71c4c2d52 None None] MySQL server mode set to STRICT_TRANS_TABLES,STRICT_ALL_TABLES,NO_ZERO_IN_DATE,NO_ZERO_DATE,ERROR_FOR_DIVISION_BY_ZERO,TRADITIONAL,NO_ENGINE_SUBSTITUTION {{(pid=98804) _check_effective_sql_mode /opt/stack/data/venv/lib/python3.12/site-packages/oslo_db/sqlalchemy/engines.py:325}}
Jul 07 20:00:41.384968 np0000004766 nova-conductor[98801]: DEBUG oslo_db.sqlalchemy.engines [None req-4dcc9fc4-c27b-4433-a97c-0059ae8ce715 None None] MySQL server mode set to STRICT_TRANS_TABLES,STRICT_ALL_TABLES,NO_ZERO_IN_DATE,NO_ZERO_DATE,ERROR_FOR_DIVISION_BY_ZERO,TRADITIONAL,NO_ENGINE_SUBSTITUTION {{(pid=98801) _check_effective_sql_mode /opt/stack/data/venv/lib/python3.12/site-packages/oslo_db/sqlalchemy/engines.py:325}}
Jul 07 20:00:41.385015 np0000004766 nova-conductor[98804]: DEBUG dbcounter [-] [98804] Writer thread running {{(pid=98804) stat_writer /opt/stack/data/venv/lib/python3.12/site-packages/dbcounter.py:102}}
Jul 07 20:00:41.389284 np0000004766 nova-conductor[98806]: DEBUG oslo_db.sqlalchemy.engines [None req-8aeb0477-6283-4fbf-80dc-c990ef4ba182 None None] MySQL server mode set to STRICT_TRANS_TABLES,STRICT_ALL_TABLES,NO_ZERO_IN_DATE,NO_ZERO_DATE,ERROR_FOR_DIVISION_BY_ZERO,TRADITIONAL,NO_ENGINE_SUBSTITUTION {{(pid=98806) _check_effective_sql_mode /opt/stack/data/venv/lib/python3.12/site-packages/oslo_db/sqlalchemy/engines.py:325}}
Jul 07 20:00:41.390997 np0000004766 nova-conductor[98801]: DEBUG dbcounter [-] [98801] Writer thread running {{(pid=98801) stat_writer /opt/stack/data/venv/lib/python3.12/site-packages/dbcounter.py:102}}
Jul 07 20:00:41.399445 np0000004766 nova-conductor[98804]: DEBUG nova.service [None req-43458239-01e8-4c51-86b9-2ad71c4c2d52 None None] Creating RPC server for service: nova-conductor on topic: conductor {{(pid=98804) start /opt/stack/nova/nova/service.py:196}}
Jul 07 20:00:41.400784 np0000004766 nova-conductor[98806]: DEBUG dbcounter [-] [98806] Writer thread running {{(pid=98806) stat_writer /opt/stack/data/venv/lib/python3.12/site-packages/dbcounter.py:102}}
Jul 07 20:00:41.402752 np0000004766 nova-conductor[98808]: DEBUG oslo_db.sqlalchemy.engines [None req-51528569-d0b3-4415-9ec6-c409fb00c60e None None] MySQL server mode set to STRICT_TRANS_TABLES,STRICT_ALL_TABLES,NO_ZERO_IN_DATE,NO_ZERO_DATE,ERROR_FOR_DIVISION_BY_ZERO,TRADITIONAL,NO_ENGINE_SUBSTITUTION {{(pid=98808) _check_effective_sql_mode /opt/stack/data/venv/lib/python3.12/site-packages/oslo_db/sqlalchemy/engines.py:325}}
Jul 07 20:00:41.404776 np0000004766 nova-conductor[98806]: DEBUG nova.service [None req-8aeb0477-6283-4fbf-80dc-c990ef4ba182 None None] Creating RPC server for service: nova-conductor on topic: conductor {{(pid=98806) start /opt/stack/nova/nova/service.py:196}}
Jul 07 20:00:41.410085 np0000004766 nova-conductor[98801]: DEBUG nova.service [None req-4dcc9fc4-c27b-4433-a97c-0059ae8ce715 None None] Creating RPC server for service: nova-conductor on topic: conductor {{(pid=98801) start /opt/stack/nova/nova/service.py:196}}
Jul 07 20:00:41.414572 np0000004766 nova-conductor[98808]: DEBUG dbcounter [-] [98808] Writer thread running {{(pid=98808) stat_writer /opt/stack/data/venv/lib/python3.12/site-packages/dbcounter.py:102}}
Jul 07 20:00:41.418113 np0000004766 nova-conductor[98808]: DEBUG nova.service [None req-51528569-d0b3-4415-9ec6-c409fb00c60e None None] Creating RPC server for service: nova-conductor on topic: conductor {{(pid=98808) start /opt/stack/nova/nova/service.py:196}}
Jul 07 20:00:41.433313 np0000004766 nova-conductor[98804]: DEBUG nova.service [None req-43458239-01e8-4c51-86b9-2ad71c4c2d52 None None] Join ServiceGroup membership for this service conductor {{(pid=98804) start /opt/stack/nova/nova/service.py:222}}
Jul 07 20:00:41.433629 np0000004766 nova-conductor[98804]: DEBUG nova.servicegroup.drivers.db [None req-43458239-01e8-4c51-86b9-2ad71c4c2d52 None None] DB_Driver: join new ServiceGroup member np0000004766 to the conductor group, service = {{(pid=98804) join /opt/stack/nova/nova/servicegroup/drivers/db.py:44}}
Jul 07 20:00:41.437522 np0000004766 nova-conductor[98806]: DEBUG nova.service [None req-8aeb0477-6283-4fbf-80dc-c990ef4ba182 None None] Join ServiceGroup membership for this service conductor {{(pid=98806) start /opt/stack/nova/nova/service.py:222}}
Jul 07 20:00:41.437782 np0000004766 nova-conductor[98806]: DEBUG nova.servicegroup.drivers.db [None req-8aeb0477-6283-4fbf-80dc-c990ef4ba182 None None] DB_Driver: join new ServiceGroup member np0000004766 to the conductor group, service = {{(pid=98806) join /opt/stack/nova/nova/servicegroup/drivers/db.py:44}}
Jul 07 20:00:41.440824 np0000004766 nova-conductor[98808]: DEBUG nova.service [None req-51528569-d0b3-4415-9ec6-c409fb00c60e None None] Join ServiceGroup membership for this service conductor {{(pid=98808) start /opt/stack/nova/nova/service.py:222}}
Jul 07 20:00:41.441087 np0000004766 nova-conductor[98808]: DEBUG nova.servicegroup.drivers.db [None req-51528569-d0b3-4415-9ec6-c409fb00c60e None None] DB_Driver: join new ServiceGroup member np0000004766 to the conductor group, service = {{(pid=98808) join /opt/stack/nova/nova/servicegroup/drivers/db.py:44}}
Jul 07 20:00:41.442187 np0000004766 nova-conductor[98801]: DEBUG nova.service [None req-4dcc9fc4-c27b-4433-a97c-0059ae8ce715 None None] Join ServiceGroup membership for this service conductor {{(pid=98801) start /opt/stack/nova/nova/service.py:222}}
Jul 07 20:00:41.442441 np0000004766 nova-conductor[98801]: DEBUG nova.servicegroup.drivers.db [None req-4dcc9fc4-c27b-4433-a97c-0059ae8ce715 None None] DB_Driver: join new ServiceGroup member np0000004766 to the conductor group, service = {{(pid=98801) join /opt/stack/nova/nova/servicegroup/drivers/db.py:44}}
Jul 07 20:00:46.452785 np0000004766 nova-conductor[98804]: DEBUG oslo.service.backend._threading.loopingcall [-] Fixed interval looping call 'nova.servicegroup.drivers.db.DbDriver._report_state' sleeping for 119.98 seconds {{(pid=98804) _run_loop /opt/stack/data/venv/lib/python3.12/site-packages/oslo_service/backend/_threading/loopingcall.py:125}}
Jul 07 20:00:46.453438 np0000004766 nova-conductor[98806]: DEBUG oslo.service.backend._threading.loopingcall [-] Fixed interval looping call 'nova.servicegroup.drivers.db.DbDriver._report_state' sleeping for 119.99 seconds {{(pid=98806) _run_loop /opt/stack/data/venv/lib/python3.12/site-packages/oslo_service/backend/_threading/loopingcall.py:125}}
Jul 07 20:00:46.454559 np0000004766 nova-conductor[98808]: DEBUG oslo.service.backend._threading.loopingcall [-] Fixed interval looping call 'nova.servicegroup.drivers.db.DbDriver._report_state' sleeping for 119.99 seconds {{(pid=98808) _run_loop /opt/stack/data/venv/lib/python3.12/site-packages/oslo_service/backend/_threading/loopingcall.py:125}}
Jul 07 20:00:46.455548 np0000004766 nova-conductor[98801]: DEBUG oslo.service.backend._threading.loopingcall [-] Fixed interval looping call 'nova.servicegroup.drivers.db.DbDriver._report_state' sleeping for 119.99 seconds {{(pid=98801) _run_loop /opt/stack/data/venv/lib/python3.12/site-packages/oslo_service/backend/_threading/loopingcall.py:125}}
Jul 07 20:00:48.436587 np0000004766 nova-conductor[98804]: DEBUG oslo.service.backend._threading.loopingcall [None req-01fa0ebe-9f5b-4bd4-8927-83c6074ce8b3 None None] Dynamic interval looping call 'nova.service.Service.periodic_tasks' sleeping for 60.00 seconds {{(pid=98804) _run_loop /opt/stack/data/venv/lib/python3.12/site-packages/oslo_service/backend/_threading/loopingcall.py:125}}
Jul 07 20:00:49.989398 np0000004766 nova-conductor[97293]: DEBUG dbcounter [-] [97293] Writing DB stats nova_api:SELECT=1 {{(pid=97293) stat_writer /opt/stack/data/venv/lib/python3.12/site-packages/dbcounter.py:115}}
Jul 07 20:00:50.130501 np0000004766 nova-conductor[97293]: DEBUG dbcounter [-] [97293] Writing DB stats nova_cell1:SELECT=1 {{(pid=97293) stat_writer /opt/stack/data/venv/lib/python3.12/site-packages/dbcounter.py:115}}
Jul 07 20:00:50.131297 np0000004766 nova-conductor[97293]: DEBUG dbcounter [-] [97293] Writing DB stats nova_cell0:SELECT=1 {{(pid=97293) stat_writer /opt/stack/data/venv/lib/python3.12/site-packages/dbcounter.py:115}}
Jul 07 20:00:56.444249 np0000004766 nova-conductor[98804]: DEBUG dbcounter [-] [98804] Writing DB stats nova_cell0:SELECT=4,nova_cell0:INSERT=1,nova_cell0:UPDATE=1 {{(pid=98804) stat_writer /opt/stack/data/venv/lib/python3.12/site-packages/dbcounter.py:115}}
Jul 07 20:00:56.450177 np0000004766 nova-conductor[98806]: DEBUG dbcounter [-] [98806] Writing DB stats nova_cell0:SELECT=3,nova_cell0:UPDATE=1 {{(pid=98806) stat_writer /opt/stack/data/venv/lib/python3.12/site-packages/dbcounter.py:115}}
Jul 07 20:00:56.451499 np0000004766 nova-conductor[98808]: DEBUG dbcounter [-] [98808] Writing DB stats nova_cell0:SELECT=3,nova_cell0:UPDATE=1 {{(pid=98808) stat_writer /opt/stack/data/venv/lib/python3.12/site-packages/dbcounter.py:115}}
Jul 07 20:00:56.452208 np0000004766 nova-conductor[98801]: DEBUG dbcounter [-] [98801] Writing DB stats nova_cell0:SELECT=5,nova_cell0:INSERT=1,nova_cell0:UPDATE=1 {{(pid=98801) stat_writer /opt/stack/data/venv/lib/python3.12/site-packages/dbcounter.py:115}}
Jul 07 20:01:01.440294 np0000004766 nova-conductor[98806]: DEBUG oslo.service.backend._threading.loopingcall [None req-60b29795-e7f2-4f67-a1c4-73cc468478e0 None None] Dynamic interval looping call 'nova.service.Service.periodic_tasks' sleeping for 60.00 seconds {{(pid=98806) _run_loop /opt/stack/data/venv/lib/python3.12/site-packages/oslo_service/backend/_threading/loopingcall.py:125}}
Jul 07 20:01:04.443143 np0000004766 nova-conductor[98808]: DEBUG oslo.service.backend._threading.loopingcall [None req-47c2c6a8-9c64-40ca-8e10-d1c617e5b0be None None] Dynamic interval looping call 'nova.service.Service.periodic_tasks' sleeping for 60.00 seconds {{(pid=98808) _run_loop /opt/stack/data/venv/lib/python3.12/site-packages/oslo_service/backend/_threading/loopingcall.py:125}}
Jul 07 20:01:12.444861 np0000004766 nova-conductor[98801]: DEBUG oslo.service.backend._threading.loopingcall [None req-a9986f8c-6d3b-4040-ab6a-08e7f7e729f2 None None] Dynamic interval looping call 'nova.service.Service.periodic_tasks' sleeping for 60.00 seconds {{(pid=98801) _run_loop /opt/stack/data/venv/lib/python3.12/site-packages/oslo_service/backend/_threading/loopingcall.py:125}}
Jul 07 20:01:48.437088 np0000004766 nova-conductor[98804]: DEBUG oslo.service.backend._threading.loopingcall [None req-01fa0ebe-9f5b-4bd4-8927-83c6074ce8b3 None None] Dynamic interval looping call 'nova.service.Service.periodic_tasks' sleeping for 60.00 seconds {{(pid=98804) _run_loop /opt/stack/data/venv/lib/python3.12/site-packages/oslo_service/backend/_threading/loopingcall.py:125}}
Jul 07 20:02:01.440754 np0000004766 nova-conductor[98806]: DEBUG oslo.service.backend._threading.loopingcall [None req-60b29795-e7f2-4f67-a1c4-73cc468478e0 None None] Dynamic interval looping call 'nova.service.Service.periodic_tasks' sleeping for 60.00 seconds {{(pid=98806) _run_loop /opt/stack/data/venv/lib/python3.12/site-packages/oslo_service/backend/_threading/loopingcall.py:125}}
Jul 07 20:02:04.443730 np0000004766 nova-conductor[98808]: DEBUG oslo.service.backend._threading.loopingcall [None req-47c2c6a8-9c64-40ca-8e10-d1c617e5b0be None None] Dynamic interval looping call 'nova.service.Service.periodic_tasks' sleeping for 60.00 seconds {{(pid=98808) _run_loop /opt/stack/data/venv/lib/python3.12/site-packages/oslo_service/backend/_threading/loopingcall.py:125}}
Jul 07 20:02:12.445360 np0000004766 nova-conductor[98801]: DEBUG oslo.service.backend._threading.loopingcall [None req-a9986f8c-6d3b-4040-ab6a-08e7f7e729f2 None None] Dynamic interval looping call 'nova.service.Service.periodic_tasks' sleeping for 60.00 seconds {{(pid=98801) _run_loop /opt/stack/data/venv/lib/python3.12/site-packages/oslo_service/backend/_threading/loopingcall.py:125}}
Jul 07 20:02:46.444100 np0000004766 nova-conductor[98804]: DEBUG oslo.service.backend._threading.loopingcall [-] Fixed interval looping call 'nova.servicegroup.drivers.db.DbDriver._report_state' sleeping for 119.99 seconds {{(pid=98804) _run_loop /opt/stack/data/venv/lib/python3.12/site-packages/oslo_service/backend/_threading/loopingcall.py:125}}
Jul 07 20:02:46.447609 np0000004766 nova-conductor[98806]: DEBUG oslo.service.backend._threading.loopingcall [-] Fixed interval looping call 'nova.servicegroup.drivers.db.DbDriver._report_state' sleeping for 120.00 seconds {{(pid=98806) _run_loop /opt/stack/data/venv/lib/python3.12/site-packages/oslo_service/backend/_threading/loopingcall.py:125}}
Jul 07 20:02:46.449580 np0000004766 nova-conductor[98808]: DEBUG oslo.service.backend._threading.loopingcall [-] Fixed interval looping call 'nova.servicegroup.drivers.db.DbDriver._report_state' sleeping for 120.00 seconds {{(pid=98808) _run_loop /opt/stack/data/venv/lib/python3.12/site-packages/oslo_service/backend/_threading/loopingcall.py:125}}
Jul 07 20:02:46.450087 np0000004766 nova-conductor[98801]: DEBUG oslo.service.backend._threading.loopingcall [-] Fixed interval looping call 'nova.servicegroup.drivers.db.DbDriver._report_state' sleeping for 120.00 seconds {{(pid=98801) _run_loop /opt/stack/data/venv/lib/python3.12/site-packages/oslo_service/backend/_threading/loopingcall.py:125}}
Jul 07 20:02:48.437684 np0000004766 nova-conductor[98804]: DEBUG oslo.service.backend._threading.loopingcall [None req-01fa0ebe-9f5b-4bd4-8927-83c6074ce8b3 None None] Dynamic interval looping call 'nova.service.Service.periodic_tasks' sleeping for 60.00 seconds {{(pid=98804) _run_loop /opt/stack/data/venv/lib/python3.12/site-packages/oslo_service/backend/_threading/loopingcall.py:125}}
Jul 07 20:02:56.436095 np0000004766 nova-conductor[98804]: DEBUG dbcounter [-] [98804] Writing DB stats nova_cell0:SELECT=1,nova_cell0:UPDATE=1 {{(pid=98804) stat_writer /opt/stack/data/venv/lib/python3.12/site-packages/dbcounter.py:115}}
Jul 07 20:02:56.445558 np0000004766 nova-conductor[98806]: DEBUG dbcounter [-] [98806] Writing DB stats nova_cell0:SELECT=1 {{(pid=98806) stat_writer /opt/stack/data/venv/lib/python3.12/site-packages/dbcounter.py:115}}
Jul 07 20:02:56.447268 np0000004766 nova-conductor[98808]: DEBUG dbcounter [-] [98808] Writing DB stats nova_cell0:SELECT=1 {{(pid=98808) stat_writer /opt/stack/data/venv/lib/python3.12/site-packages/dbcounter.py:115}}
Jul 07 20:02:56.448154 np0000004766 nova-conductor[98801]: DEBUG dbcounter [-] [98801] Writing DB stats nova_cell0:SELECT=1 {{(pid=98801) stat_writer /opt/stack/data/venv/lib/python3.12/site-packages/dbcounter.py:115}}
Jul 07 20:03:00.271254 np0000004766 nova-conductor[98804]: DEBUG oslo_db.sqlalchemy.engines [None req-4098571e-7591-4129-ae88-24d95f656409 tempest-DeleteServersTestJSON-1474902158 tempest-DeleteServersTestJSON-1474902158-project-member] Parent process 97293 forked (98804) with an open database connection, which is being discarded and recreated. {{(pid=98804) checkout /opt/stack/data/venv/lib/python3.12/site-packages/oslo_db/sqlalchemy/engines.py:402}}
Jul 07 20:03:00.316248 np0000004766 nova-conductor[98804]: DEBUG dbcounter [-] [98804] Writer thread running {{(pid=98804) stat_writer /opt/stack/data/venv/lib/python3.12/site-packages/dbcounter.py:102}}
Jul 07 20:03:01.345221 np0000004766 nova-conductor[98804]: DEBUG nova.conductor.manager [None req-4098571e-7591-4129-ae88-24d95f656409 tempest-DeleteServersTestJSON-1474902158 tempest-DeleteServersTestJSON-1474902158-project-member] Took 1.03 seconds to select destinations for 1 instance(s). {{(pid=98804) _schedule_instances /opt/stack/nova/nova/conductor/manager.py:968}}
Jul 07 20:03:01.374117 np0000004766 nova-conductor[98804]: DEBUG oslo_concurrency.lockutils [None req-4098571e-7591-4129-ae88-24d95f656409 tempest-DeleteServersTestJSON-1474902158 tempest-DeleteServersTestJSON-1474902158-project-member] Acquiring lock "100ede54-0865-4d49-a56c-8c51f730c3b9" by "nova.context.set_target_cell..get_or_set_cached_cell_and_set_connections" {{(pid=98804) inner /opt/stack/data/venv/lib/python3.12/site-packages/oslo_concurrency/lockutils.py:511}}
Jul 07 20:03:01.374334 np0000004766 nova-conductor[98804]: DEBUG oslo_concurrency.lockutils [None req-4098571e-7591-4129-ae88-24d95f656409 tempest-DeleteServersTestJSON-1474902158 tempest-DeleteServersTestJSON-1474902158-project-member] Lock "100ede54-0865-4d49-a56c-8c51f730c3b9" acquired by "nova.context.set_target_cell..get_or_set_cached_cell_and_set_connections" :: waited 0.000s {{(pid=98804) inner /opt/stack/data/venv/lib/python3.12/site-packages/oslo_concurrency/lockutils.py:524}}
Jul 07 20:03:01.375632 np0000004766 nova-conductor[98804]: DEBUG oslo_concurrency.lockutils [None req-4098571e-7591-4129-ae88-24d95f656409 tempest-DeleteServersTestJSON-1474902158 tempest-DeleteServersTestJSON-1474902158-project-member] Lock "100ede54-0865-4d49-a56c-8c51f730c3b9" "released" by "nova.context.set_target_cell..get_or_set_cached_cell_and_set_connections" :: held 0.001s {{(pid=98804) inner /opt/stack/data/venv/lib/python3.12/site-packages/oslo_concurrency/lockutils.py:543}}
Jul 07 20:03:01.377248 np0000004766 nova-conductor[98804]: INFO dbcounter [None req-4098571e-7591-4129-ae88-24d95f656409 tempest-DeleteServersTestJSON-1474902158 tempest-DeleteServersTestJSON-1474902158-project-member] Registered counter for database nova_cell1
Jul 07 20:03:01.413822 np0000004766 nova-conductor[98804]: DEBUG oslo_db.sqlalchemy.engines [None req-4098571e-7591-4129-ae88-24d95f656409 tempest-DeleteServersTestJSON-1474902158 tempest-DeleteServersTestJSON-1474902158-project-member] MySQL server mode set to STRICT_TRANS_TABLES,STRICT_ALL_TABLES,NO_ZERO_IN_DATE,NO_ZERO_DATE,ERROR_FOR_DIVISION_BY_ZERO,TRADITIONAL,NO_ENGINE_SUBSTITUTION {{(pid=98804) _check_effective_sql_mode /opt/stack/data/venv/lib/python3.12/site-packages/oslo_db/sqlalchemy/engines.py:325}}
Jul 07 20:03:01.420126 np0000004766 nova-conductor[98804]: DEBUG dbcounter [-] [98804] Writer thread running {{(pid=98804) stat_writer /opt/stack/data/venv/lib/python3.12/site-packages/dbcounter.py:102}}
Jul 07 20:03:01.441209 np0000004766 nova-conductor[98806]: DEBUG oslo.service.backend._threading.loopingcall [None req-60b29795-e7f2-4f67-a1c4-73cc468478e0 None None] Dynamic interval looping call 'nova.service.Service.periodic_tasks' sleeping for 60.00 seconds {{(pid=98806) _run_loop /opt/stack/data/venv/lib/python3.12/site-packages/oslo_service/backend/_threading/loopingcall.py:125}}
Jul 07 20:03:01.474497 np0000004766 nova-conductor[98804]: INFO nova.utils [None req-4098571e-7591-4129-ae88-24d95f656409 tempest-DeleteServersTestJSON-1474902158 tempest-DeleteServersTestJSON-1474902158-project-member] The cell worker thread pool ForkProcess-2.cell_worker is initialized
Jul 07 20:03:01.474838 np0000004766 nova-conductor[98804]: DEBUG oslo_concurrency.lockutils [None req-4098571e-7591-4129-ae88-24d95f656409 tempest-DeleteServersTestJSON-1474902158 tempest-DeleteServersTestJSON-1474902158-project-member] Acquiring lock "00000000-0000-0000-0000-000000000000" by "nova.context.set_target_cell..get_or_set_cached_cell_and_set_connections" {{(pid=98804) inner /opt/stack/data/venv/lib/python3.12/site-packages/oslo_concurrency/lockutils.py:511}}
Jul 07 20:03:01.474989 np0000004766 nova-conductor[98804]: DEBUG oslo_concurrency.lockutils [None req-4098571e-7591-4129-ae88-24d95f656409 tempest-DeleteServersTestJSON-1474902158 tempest-DeleteServersTestJSON-1474902158-project-member] Lock "00000000-0000-0000-0000-000000000000" acquired by "nova.context.set_target_cell..get_or_set_cached_cell_and_set_connections" :: waited 0.000s {{(pid=98804) inner /opt/stack/data/venv/lib/python3.12/site-packages/oslo_concurrency/lockutils.py:524}}
Jul 07 20:03:01.475493 np0000004766 nova-conductor[98804]: DEBUG oslo_concurrency.lockutils [None req-4098571e-7591-4129-ae88-24d95f656409 tempest-DeleteServersTestJSON-1474902158 tempest-DeleteServersTestJSON-1474902158-project-member] Lock "00000000-0000-0000-0000-000000000000" "released" by "nova.context.set_target_cell..get_or_set_cached_cell_and_set_connections" :: held 0.000s {{(pid=98804) inner /opt/stack/data/venv/lib/python3.12/site-packages/oslo_concurrency/lockutils.py:543}}
Jul 07 20:03:01.476255 np0000004766 nova-conductor[98804]: DEBUG oslo_concurrency.lockutils [None req-4098571e-7591-4129-ae88-24d95f656409 tempest-DeleteServersTestJSON-1474902158 tempest-DeleteServersTestJSON-1474902158-project-member] Acquiring lock "100ede54-0865-4d49-a56c-8c51f730c3b9" by "nova.context.set_target_cell..get_or_set_cached_cell_and_set_connections" {{(pid=98804) inner /opt/stack/data/venv/lib/python3.12/site-packages/oslo_concurrency/lockutils.py:511}}
Jul 07 20:03:01.476418 np0000004766 nova-conductor[98804]: DEBUG oslo_concurrency.lockutils [None req-4098571e-7591-4129-ae88-24d95f656409 tempest-DeleteServersTestJSON-1474902158 tempest-DeleteServersTestJSON-1474902158-project-member] Lock "100ede54-0865-4d49-a56c-8c51f730c3b9" acquired by "nova.context.set_target_cell..get_or_set_cached_cell_and_set_connections" :: waited 0.000s {{(pid=98804) inner /opt/stack/data/venv/lib/python3.12/site-packages/oslo_concurrency/lockutils.py:524}}
Jul 07 20:03:01.476549 np0000004766 nova-conductor[98804]: DEBUG oslo_concurrency.lockutils [None req-4098571e-7591-4129-ae88-24d95f656409 tempest-DeleteServersTestJSON-1474902158 tempest-DeleteServersTestJSON-1474902158-project-member] Lock "100ede54-0865-4d49-a56c-8c51f730c3b9" "released" by "nova.context.set_target_cell..get_or_set_cached_cell_and_set_connections" :: held 0.000s {{(pid=98804) inner /opt/stack/data/venv/lib/python3.12/site-packages/oslo_concurrency/lockutils.py:543}}
Jul 07 20:03:01.478196 np0000004766 nova-conductor[98804]: INFO dbcounter [None req-4098571e-7591-4129-ae88-24d95f656409 tempest-DeleteServersTestJSON-1474902158 tempest-DeleteServersTestJSON-1474902158-project-member] Registered counter for database nova_cell0
Jul 07 20:03:01.521807 np0000004766 nova-conductor[98804]: DEBUG oslo_db.sqlalchemy.engines [None req-4098571e-7591-4129-ae88-24d95f656409 tempest-DeleteServersTestJSON-1474902158 tempest-DeleteServersTestJSON-1474902158-project-member] MySQL server mode set to STRICT_TRANS_TABLES,STRICT_ALL_TABLES,NO_ZERO_IN_DATE,NO_ZERO_DATE,ERROR_FOR_DIVISION_BY_ZERO,TRADITIONAL,NO_ENGINE_SUBSTITUTION {{(pid=98804) _check_effective_sql_mode /opt/stack/data/venv/lib/python3.12/site-packages/oslo_db/sqlalchemy/engines.py:325}}
Jul 07 20:03:01.526976 np0000004766 nova-conductor[98804]: DEBUG dbcounter [-] [98804] Writer thread running {{(pid=98804) stat_writer /opt/stack/data/venv/lib/python3.12/site-packages/dbcounter.py:102}}
Jul 07 20:03:01.537035 np0000004766 nova-conductor[98804]: DEBUG nova.quota [None req-4098571e-7591-4129-ae88-24d95f656409 tempest-DeleteServersTestJSON-1474902158 tempest-DeleteServersTestJSON-1474902158-project-member] Getting quotas for project a980ed36b05e49139b144c1f4e87438e. Resources: {'instances', 'ram', 'cores'} {{(pid=98804) _get_quotas /opt/stack/nova/nova/quota.py:389}}
Jul 07 20:03:01.540720 np0000004766 nova-conductor[98804]: DEBUG nova.quota [None req-4098571e-7591-4129-ae88-24d95f656409 tempest-DeleteServersTestJSON-1474902158 tempest-DeleteServersTestJSON-1474902158-project-member] Getting quotas for user 55fbc6dc930d478eb25bc5793dccc3a8 and project a980ed36b05e49139b144c1f4e87438e. Resources: {'instances', 'ram', 'cores'} {{(pid=98804) _get_quotas /opt/stack/nova/nova/quota.py:379}}
Jul 07 20:03:01.547666 np0000004766 nova-conductor[98804]: DEBUG nova.conductor.manager [None req-4098571e-7591-4129-ae88-24d95f656409 tempest-DeleteServersTestJSON-1474902158 tempest-DeleteServersTestJSON-1474902158-project-member] [instance: 2a7097fd-b726-431a-8e83-6a4f1843b057] Selected host: np0000004766; Selected node: np0000004766; Alternates: [] {{(pid=98804) schedule_and_build_instances /opt/stack/nova/nova/conductor/manager.py:1784}}
Jul 07 20:03:01.548212 np0000004766 nova-conductor[98804]: DEBUG oslo_concurrency.lockutils [None req-4098571e-7591-4129-ae88-24d95f656409 tempest-DeleteServersTestJSON-1474902158 tempest-DeleteServersTestJSON-1474902158-project-member] Acquiring lock "100ede54-0865-4d49-a56c-8c51f730c3b9" by "nova.context.set_target_cell..get_or_set_cached_cell_and_set_connections" {{(pid=98804) inner /opt/stack/data/venv/lib/python3.12/site-packages/oslo_concurrency/lockutils.py:511}}
Jul 07 20:03:01.548407 np0000004766 nova-conductor[98804]: DEBUG oslo_concurrency.lockutils [None req-4098571e-7591-4129-ae88-24d95f656409 tempest-DeleteServersTestJSON-1474902158 tempest-DeleteServersTestJSON-1474902158-project-member] Lock "100ede54-0865-4d49-a56c-8c51f730c3b9" acquired by "nova.context.set_target_cell..get_or_set_cached_cell_and_set_connections" :: waited 0.000s {{(pid=98804) inner /opt/stack/data/venv/lib/python3.12/site-packages/oslo_concurrency/lockutils.py:524}}
Jul 07 20:03:01.548570 np0000004766 nova-conductor[98804]: DEBUG oslo_concurrency.lockutils [None req-4098571e-7591-4129-ae88-24d95f656409 tempest-DeleteServersTestJSON-1474902158 tempest-DeleteServersTestJSON-1474902158-project-member] Lock "100ede54-0865-4d49-a56c-8c51f730c3b9" "released" by "nova.context.set_target_cell..get_or_set_cached_cell_and_set_connections" :: held 0.000s {{(pid=98804) inner /opt/stack/data/venv/lib/python3.12/site-packages/oslo_concurrency/lockutils.py:543}}
Jul 07 20:03:01.557258 np0000004766 nova-conductor[98804]: DEBUG nova.conductor.manager [None req-4098571e-7591-4129-ae88-24d95f656409 tempest-DeleteServersTestJSON-1474902158 tempest-DeleteServersTestJSON-1474902158-project-member] [instance: 2a7097fd-b726-431a-8e83-6a4f1843b057] block_device_mapping [BlockDeviceMapping(attachment_id=,boot_index=0,connection_info=None,created_at=,delete_on_termination=True,deleted=,deleted_at=,destination_type='local',device_name=None,device_type='disk',disk_bus=None,encrypted=False,encryption_format=None,encryption_options=None,encryption_secret_uuid=None,guest_format=None,id=,image_id='9edd4bdc-8e69-4a1e-a473-eefa433b07d3',instance=,instance_uuid=,no_device=False,snapshot_id=None,source_type='image',tag=None,updated_at=,uuid=,volume_id=None,volume_size=None,volume_type=None)] {{(pid=98804) _create_block_device_mapping /opt/stack/nova/nova/conductor/manager.py:1529}}
Jul 07 20:03:01.558777 np0000004766 nova-conductor[98804]: DEBUG oslo_concurrency.lockutils [None req-4098571e-7591-4129-ae88-24d95f656409 tempest-DeleteServersTestJSON-1474902158 tempest-DeleteServersTestJSON-1474902158-project-member] Acquiring lock "100ede54-0865-4d49-a56c-8c51f730c3b9" by "nova.context.set_target_cell..get_or_set_cached_cell_and_set_connections" {{(pid=98804) inner /opt/stack/data/venv/lib/python3.12/site-packages/oslo_concurrency/lockutils.py:511}}
Jul 07 20:03:01.558967 np0000004766 nova-conductor[98804]: DEBUG oslo_concurrency.lockutils [None req-4098571e-7591-4129-ae88-24d95f656409 tempest-DeleteServersTestJSON-1474902158 tempest-DeleteServersTestJSON-1474902158-project-member] Lock "100ede54-0865-4d49-a56c-8c51f730c3b9" acquired by "nova.context.set_target_cell..get_or_set_cached_cell_and_set_connections" :: waited 0.000s {{(pid=98804) inner /opt/stack/data/venv/lib/python3.12/site-packages/oslo_concurrency/lockutils.py:524}}
Jul 07 20:03:01.559123 np0000004766 nova-conductor[98804]: DEBUG oslo_concurrency.lockutils [None req-4098571e-7591-4129-ae88-24d95f656409 tempest-DeleteServersTestJSON-1474902158 tempest-DeleteServersTestJSON-1474902158-project-member] Lock "100ede54-0865-4d49-a56c-8c51f730c3b9" "released" by "nova.context.set_target_cell..get_or_set_cached_cell_and_set_connections" :: held 0.000s {{(pid=98804) inner /opt/stack/data/venv/lib/python3.12/site-packages/oslo_concurrency/lockutils.py:543}}
