Jul 22 05:26:49.915690 np0000005621 devstack@c-api.service[96982]: DEBUG cinder.api.openstack.wsgi [None req-8394974f-3f2f-4a87-874e-65f80e5de808 tempest-TaggedAttachmentsTest-995595969 tempest-TaggedAttachmentsTest-995595969-project-member] Calling method 'show' {{(pid=96982) _process_stack /opt/stack/cinder/cinder/api/openstack/wsgi.py:878}}
Jul 22 05:26:49.927053 np0000005621 devstack@c-api.service[96982]: /opt/stack/data/venv/lib/python3.12/site-packages/oslo_context/context.py:102: DeprecationWarning: Policy enforcement is depending on the value of is_admin. This key is deprecated. Please update your policy file to use the standard policy values.
Jul 22 05:26:49.927053 np0000005621 devstack@c-api.service[96982]: warnings.warn(
Jul 22 05:26:49.928037 np0000005621 devstack@c-api.service[96981]: /opt/stack/data/venv/lib/python3.12/site-packages/oslo_context/context.py:102: DeprecationWarning: Policy enforcement is depending on the value of is_admin. This key is deprecated. Please update your policy file to use the standard policy values.
Jul 22 05:26:49.928037 np0000005621 devstack@c-api.service[96981]: warnings.warn(
Jul 22 05:26:49.928623 np0000005621 devstack@c-api.service[96981]: INFO cinder.volume.api [None req-24473f8d-b227-44ef-9041-f23ebe6f31ab tempest-VolumesDeleteCascade-1158488102 tempest-VolumesDeleteCascade-1158488102-project-member] Volume info retrieved successfully.
Jul 22 05:26:49.930489 np0000005621 devstack@c-api.service[96982]: INFO cinder.volume.api [None req-8394974f-3f2f-4a87-874e-65f80e5de808 tempest-TaggedAttachmentsTest-995595969 tempest-TaggedAttachmentsTest-995595969-project-member] Volume info retrieved successfully.
Jul 22 05:26:49.934816 np0000005621 devstack@c-api.service[96982]: INFO cinder.api.openstack.wsgi [None req-8394974f-3f2f-4a87-874e-65f80e5de808 tempest-TaggedAttachmentsTest-995595969 tempest-TaggedAttachmentsTest-995595969-project-member] https://10.4.3.15/volume/v3/volumes/82f551e6-b3f4-4997-9149-49361a2e3a04 returned with HTTP 200
Jul 22 05:26:49.935218 np0000005621 devstack@c-api.service[96982]: [pid: 96982|app: 0|req: 171/521] 10.4.3.15 () {66 vars in 1341 bytes} [Wed Jul 22 05:26:49 2026] GET /volume/v3/volumes/82f551e6-b3f4-4997-9149-49361a2e3a04 => generated 1137 bytes in 23 msecs (HTTP/1.1 200) 7 headers in 286 bytes (1 switches on core 0)
Jul 22 05:26:49.966782 np0000005621 devstack@c-api.service[96981]: INFO cinder.volume.api [None req-24473f8d-b227-44ef-9041-f23ebe6f31ab tempest-VolumesDeleteCascade-1158488102 tempest-VolumesDeleteCascade-1158488102-project-member] Delete volume request issued successfully.
Jul 22 05:26:49.967104 np0000005621 devstack@c-api.service[96981]: INFO cinder.api.openstack.wsgi [None req-24473f8d-b227-44ef-9041-f23ebe6f31ab tempest-VolumesDeleteCascade-1158488102 tempest-VolumesDeleteCascade-1158488102-project-member] https://10.4.3.15/volume/v3/volumes/558fffe9-83a5-46ea-b041-d2d6f714c176?cascade=True returned with HTTP 202
Jul 22 05:26:49.967566 np0000005621 devstack@c-api.service[96981]: [pid: 96981|app: 0|req: 177/522] 10.4.3.15 () {66 vars in 1369 bytes} [Wed Jul 22 05:26:49 2026] DELETE /volume/v3/volumes/558fffe9-83a5-46ea-b041-d2d6f714c176?cascade=True => generated 0 bytes in 55 msecs (HTTP/1.1 202) 6 headers in 233 bytes (1 switches on core 0)
Jul 22 05:26:49.977214 np0000005621 devstack@c-api.service[96983]: DEBUG cinder.api.middleware.request_id [None req-fa5a5c68-79d4-43b5-bdbd-097d8b52f478 None None] RequestId filter calling following filter/app {{(pid=96983) _context_setter /opt/stack/cinder/cinder/api/middleware/request_id.py:62}}
Jul 22 05:26:49.979930 np0000005621 devstack@c-api.service[96983]: INFO cinder.api.openstack.wsgi [None req-fa5a5c68-79d4-43b5-bdbd-097d8b52f478 tempest-VolumesDeleteCascade-1158488102 tempest-VolumesDeleteCascade-1158488102-project-member] GET https://10.4.3.15/volume/v3/volumes/558fffe9-83a5-46ea-b041-d2d6f714c176
Jul 22 05:26:49.980139 np0000005621 devstack@c-api.service[96983]: DEBUG cinder.api.openstack.wsgi [None req-fa5a5c68-79d4-43b5-bdbd-097d8b52f478 tempest-VolumesDeleteCascade-1158488102 tempest-VolumesDeleteCascade-1158488102-project-member] Empty body provided in request {{(pid=96983) get_body /opt/stack/cinder/cinder/api/openstack/wsgi.py:725}}
Jul 22 05:26:49.980582 np0000005621 devstack@c-api.service[96983]: DEBUG cinder.api.openstack.wsgi [None req-fa5a5c68-79d4-43b5-bdbd-097d8b52f478 tempest-VolumesDeleteCascade-1158488102 tempest-VolumesDeleteCascade-1158488102-project-member] Calling method 'show' {{(pid=96983) _process_stack /opt/stack/cinder/cinder/api/openstack/wsgi.py:878}}
Jul 22 05:26:49.985265 np0000005621 devstack@c-api.service[96982]: DEBUG cinder.api.middleware.request_id [None req-5e78b900-c1c8-48c9-a76b-1d9a9f4d2d5e None None] RequestId filter calling following filter/app {{(pid=96982) _context_setter /opt/stack/cinder/cinder/api/middleware/request_id.py:62}}
Jul 22 05:26:49.985536 np0000005621 devstack@c-api.service[96982]: INFO cinder.api.openstack.wsgi [None req-5e78b900-c1c8-48c9-a76b-1d9a9f4d2d5e None None] GET https://10.4.3.15/volume//
Jul 22 05:26:49.985619 np0000005621 devstack@c-api.service[96982]: DEBUG cinder.api.openstack.wsgi [None req-5e78b900-c1c8-48c9-a76b-1d9a9f4d2d5e None None] Empty body provided in request {{(pid=96982) get_body /opt/stack/cinder/cinder/api/openstack/wsgi.py:725}}
Jul 22 05:26:49.985869 np0000005621 devstack@c-api.service[96982]: DEBUG cinder.api.openstack.wsgi [None req-5e78b900-c1c8-48c9-a76b-1d9a9f4d2d5e None None] Calling method 'all' {{(pid=96982) _process_stack /opt/stack/cinder/cinder/api/openstack/wsgi.py:878}}
Jul 22 05:26:49.986266 np0000005621 devstack@c-api.service[96982]: INFO cinder.api.openstack.wsgi [None req-5e78b900-c1c8-48c9-a76b-1d9a9f4d2d5e None None] https://10.4.3.15/volume// returned with HTTP 300
Jul 22 05:26:49.986605 np0000005621 devstack@c-api.service[96982]: [pid: 96982|app: 0|req: 172/523] 10.4.3.15 () {66 vars in 1419 bytes} [Wed Jul 22 05:26:49 2026] GET /volume/ => generated 385 bytes in 2 msecs (HTTP/1.1 300) 7 headers in 299 bytes (1 switches on core 0)
Jul 22 05:26:49.994269 np0000005621 devstack@c-api.service[96983]: /opt/stack/data/venv/lib/python3.12/site-packages/oslo_context/context.py:102: DeprecationWarning: Policy enforcement is depending on the value of is_admin. This key is deprecated. Please update your policy file to use the standard policy values.
Jul 22 05:26:49.994269 np0000005621 devstack@c-api.service[96983]: warnings.warn(
Jul 22 05:26:50.007943 np0000005621 devstack@c-api.service[96983]: INFO cinder.volume.api [None req-fa5a5c68-79d4-43b5-bdbd-097d8b52f478 tempest-VolumesDeleteCascade-1158488102 tempest-VolumesDeleteCascade-1158488102-project-member] Volume info retrieved successfully.
Jul 22 05:26:50.010452 np0000005621 devstack@c-api.service[96981]: DEBUG cinder.api.middleware.request_id [req-e3b0fa74-d174-4148-93ba-ce019450c1fd req-13bdff28-006a-4d2a-abe4-6ea7f0e184fd None None] RequestId filter calling following filter/app {{(pid=96981) _context_setter /opt/stack/cinder/cinder/api/middleware/request_id.py:62}}
Jul 22 05:26:50.012994 np0000005621 devstack@c-api.service[96981]: INFO cinder.api.openstack.wsgi [req-e3b0fa74-d174-4148-93ba-ce019450c1fd req-13bdff28-006a-4d2a-abe4-6ea7f0e184fd tempest-TaggedAttachmentsTest-995595969 tempest-TaggedAttachmentsTest-995595969-project-member] GET https://10.4.3.15/volume/v3/volumes/82f551e6-b3f4-4997-9149-49361a2e3a04
Jul 22 05:26:50.012994 np0000005621 devstack@c-api.service[96981]: DEBUG cinder.api.openstack.wsgi [req-e3b0fa74-d174-4148-93ba-ce019450c1fd req-13bdff28-006a-4d2a-abe4-6ea7f0e184fd tempest-TaggedAttachmentsTest-995595969 tempest-TaggedAttachmentsTest-995595969-project-member] Empty body provided in request {{(pid=96981) get_body /opt/stack/cinder/cinder/api/openstack/wsgi.py:725}}
Jul 22 05:26:50.012994 np0000005621 devstack@c-api.service[96981]: DEBUG cinder.api.openstack.wsgi [req-e3b0fa74-d174-4148-93ba-ce019450c1fd req-13bdff28-006a-4d2a-abe4-6ea7f0e184fd tempest-TaggedAttachmentsTest-995595969 tempest-TaggedAttachmentsTest-995595969-project-member] Calling method 'show' {{(pid=96981) _process_stack /opt/stack/cinder/cinder/api/openstack/wsgi.py:878}}
Jul 22 05:26:50.015804 np0000005621 devstack@c-api.service[96983]: INFO cinder.api.openstack.wsgi [None req-fa5a5c68-79d4-43b5-bdbd-097d8b52f478 tempest-VolumesDeleteCascade-1158488102 tempest-VolumesDeleteCascade-1158488102-project-member] https://10.4.3.15/volume/v3/volumes/558fffe9-83a5-46ea-b041-d2d6f714c176 returned with HTTP 200
Jul 22 05:26:50.016296 np0000005621 devstack@c-api.service[96983]: [pid: 96983|app: 0|req: 175/524] 10.4.3.15 () {66 vars in 1341 bytes} [Wed Jul 22 05:26:49 2026] GET /volume/v3/volumes/558fffe9-83a5-46ea-b041-d2d6f714c176 => generated 840 bytes in 39 msecs (HTTP/1.1 200) 7 headers in 285 bytes (1 switches on core 0)
Jul 22 05:26:50.037774 np0000005621 devstack@c-api.service[96981]: /opt/stack/data/venv/lib/python3.12/site-packages/oslo_context/context.py:102: DeprecationWarning: Policy enforcement is depending on the value of is_admin. This key is deprecated. Please update your policy file to use the standard policy values.
Jul 22 05:26:50.037774 np0000005621 devstack@c-api.service[96981]: warnings.warn(
Jul 22 05:26:50.050648 np0000005621 devstack@c-api.service[96981]: INFO cinder.volume.api [req-e3b0fa74-d174-4148-93ba-ce019450c1fd req-13bdff28-006a-4d2a-abe4-6ea7f0e184fd tempest-TaggedAttachmentsTest-995595969 tempest-TaggedAttachmentsTest-995595969-project-member] Volume info retrieved successfully.
Jul 22 05:26:50.059286 np0000005621 devstack@c-api.service[96981]: INFO cinder.api.openstack.wsgi [req-e3b0fa74-d174-4148-93ba-ce019450c1fd req-13bdff28-006a-4d2a-abe4-6ea7f0e184fd tempest-TaggedAttachmentsTest-995595969 tempest-TaggedAttachmentsTest-995595969-project-member] https://10.4.3.15/volume/v3/volumes/82f551e6-b3f4-4997-9149-49361a2e3a04 returned with HTTP 200
Jul 22 05:26:50.060246 np0000005621 devstack@c-api.service[96981]: [pid: 96981|app: 0|req: 178/525] 10.4.3.15 () {70 vars in 1632 bytes} [Wed Jul 22 05:26:50 2026] GET /volume/v3/volumes/82f551e6-b3f4-4997-9149-49361a2e3a04 => generated 1318 bytes in 51 msecs (HTTP/1.1 200) 7 headers in 287 bytes (1 switches on core 0)
Jul 22 05:26:50.808613 np0000005621 devstack@c-api.service[96982]: DEBUG cinder.api.middleware.request_id [req-e3b0fa74-d174-4148-93ba-ce019450c1fd req-07fdc144-2651-45be-a4fa-a70d5161be5a None None] RequestId filter calling following filter/app {{(pid=96982) _context_setter /opt/stack/cinder/cinder/api/middleware/request_id.py:62}}
Jul 22 05:26:50.810919 np0000005621 devstack@c-api.service[96982]: INFO cinder.api.openstack.wsgi [req-e3b0fa74-d174-4148-93ba-ce019450c1fd req-07fdc144-2651-45be-a4fa-a70d5161be5a tempest-TaggedAttachmentsTest-995595969 tempest-TaggedAttachmentsTest-995595969-project-member] DELETE https://10.4.3.15/volume/v3/attachments/826a660b-058b-4185-a5f5-c84a5de903a5
Jul 22 05:26:50.811193 np0000005621 devstack@c-api.service[96982]: DEBUG cinder.api.openstack.wsgi [req-e3b0fa74-d174-4148-93ba-ce019450c1fd req-07fdc144-2651-45be-a4fa-a70d5161be5a tempest-TaggedAttachmentsTest-995595969 tempest-TaggedAttachmentsTest-995595969-project-member] Empty body provided in request {{(pid=96982) get_body /opt/stack/cinder/cinder/api/openstack/wsgi.py:725}}
Jul 22 05:26:50.811451 np0000005621 devstack@c-api.service[96982]: DEBUG cinder.api.openstack.wsgi [req-e3b0fa74-d174-4148-93ba-ce019450c1fd req-07fdc144-2651-45be-a4fa-a70d5161be5a tempest-TaggedAttachmentsTest-995595969 tempest-TaggedAttachmentsTest-995595969-project-member] Calling method 'version_select' {{(pid=96982) _process_stack /opt/stack/cinder/cinder/api/openstack/wsgi.py:878}}
Jul 22 05:26:50.822061 np0000005621 devstack@c-api.service[96982]: /opt/stack/data/venv/lib/python3.12/site-packages/oslo_context/context.py:102: DeprecationWarning: Policy enforcement is depending on the value of is_admin. This key is deprecated. Please update your policy file to use the standard policy values.
Jul 22 05:26:50.822061 np0000005621 devstack@c-api.service[96982]: warnings.warn(
Jul 22 05:26:50.860276 np0000005621 devstack@c-api.service[96983]: DEBUG cinder.api.middleware.request_id [None req-a81c44b0-f024-413c-b4bf-2072c1323d9b None None] RequestId filter calling following filter/app {{(pid=96983) _context_setter /opt/stack/cinder/cinder/api/middleware/request_id.py:62}}
Jul 22 05:26:50.873340 np0000005621 devstack@c-api.service[96982]: INFO cinder.api.openstack.wsgi [req-e3b0fa74-d174-4148-93ba-ce019450c1fd req-07fdc144-2651-45be-a4fa-a70d5161be5a tempest-TaggedAttachmentsTest-995595969 tempest-TaggedAttachmentsTest-995595969-project-member] https://10.4.3.15/volume/v3/attachments/826a660b-058b-4185-a5f5-c84a5de903a5 returned with HTTP 200
Jul 22 05:26:50.873502 np0000005621 devstack@c-api.service[96982]: [pid: 96982|app: 0|req: 173/526] 10.4.3.15 () {72 vars in 1666 bytes} [Wed Jul 22 05:26:50 2026] DELETE /volume/v3/attachments/826a660b-058b-4185-a5f5-c84a5de903a5 => generated 19 bytes in 65 msecs (HTTP/1.1 200) 7 headers in 285 bytes (1 switches on core 0)
Jul 22 05:26:50.956199 np0000005621 devstack@c-api.service[96981]: DEBUG cinder.api.middleware.request_id [None req-ee5af635-8161-4fc7-bbfd-c7f98b665570 None None] RequestId filter calling following filter/app {{(pid=96981) _context_setter /opt/stack/cinder/cinder/api/middleware/request_id.py:62}}
Jul 22 05:26:50.958797 np0000005621 devstack@c-api.service[96981]: INFO cinder.api.openstack.wsgi [None req-ee5af635-8161-4fc7-bbfd-c7f98b665570 tempest-TaggedAttachmentsTest-995595969 tempest-TaggedAttachmentsTest-995595969-project-member] GET https://10.4.3.15/volume/v3/volumes/82f551e6-b3f4-4997-9149-49361a2e3a04
Jul 22 05:26:50.959161 np0000005621 devstack@c-api.service[96981]: DEBUG cinder.api.openstack.wsgi [None req-ee5af635-8161-4fc7-bbfd-c7f98b665570 tempest-TaggedAttachmentsTest-995595969 tempest-TaggedAttachmentsTest-995595969-project-member] Empty body provided in request {{(pid=96981) get_body /opt/stack/cinder/cinder/api/openstack/wsgi.py:725}}
Jul 22 05:26:50.959385 np0000005621 devstack@c-api.service[96981]: DEBUG cinder.api.openstack.wsgi [None req-ee5af635-8161-4fc7-bbfd-c7f98b665570 tempest-TaggedAttachmentsTest-995595969 tempest-TaggedAttachmentsTest-995595969-project-member] Calling method 'show' {{(pid=96981) _process_stack /opt/stack/cinder/cinder/api/openstack/wsgi.py:878}}
Jul 22 05:26:50.970782 np0000005621 devstack@c-api.service[96981]: /opt/stack/data/venv/lib/python3.12/site-packages/oslo_context/context.py:102: DeprecationWarning: Policy enforcement is depending on the value of is_admin. This key is deprecated. Please update your policy file to use the standard policy values.
Jul 22 05:26:50.970782 np0000005621 devstack@c-api.service[96981]: warnings.warn(
Jul 22 05:26:50.977917 np0000005621 devstack@c-api.service[96981]: INFO cinder.volume.api [None req-ee5af635-8161-4fc7-bbfd-c7f98b665570 tempest-TaggedAttachmentsTest-995595969 tempest-TaggedAttachmentsTest-995595969-project-member] Volume info retrieved successfully.
Jul 22 05:26:50.986604 np0000005621 devstack@c-api.service[96981]: INFO cinder.api.openstack.wsgi [None req-ee5af635-8161-4fc7-bbfd-c7f98b665570 tempest-TaggedAttachmentsTest-995595969 tempest-TaggedAttachmentsTest-995595969-project-member] https://10.4.3.15/volume/v3/volumes/82f551e6-b3f4-4997-9149-49361a2e3a04 returned with HTTP 200
Jul 22 05:26:50.988444 np0000005621 devstack@c-api.service[96981]: [pid: 96981|app: 0|req: 179/527] 10.4.3.15 () {66 vars in 1341 bytes} [Wed Jul 22 05:26:50 2026] GET /volume/v3/volumes/82f551e6-b3f4-4997-9149-49361a2e3a04 => generated 842 bytes in 33 msecs (HTTP/1.1 200) 7 headers in 285 bytes (1 switches on core 0)
Jul 22 05:26:51.031277 np0000005621 devstack@c-api.service[96982]: DEBUG cinder.api.middleware.request_id [None req-7084a2a4-54db-4b08-8c31-da93e6d5d9fd None None] RequestId filter calling following filter/app {{(pid=96982) _context_setter /opt/stack/cinder/cinder/api/middleware/request_id.py:62}}
Jul 22 05:26:51.034007 np0000005621 devstack@c-api.service[96982]: INFO cinder.api.openstack.wsgi [None req-7084a2a4-54db-4b08-8c31-da93e6d5d9fd tempest-VolumesDeleteCascade-1158488102 tempest-VolumesDeleteCascade-1158488102-project-member] GET https://10.4.3.15/volume/v3/volumes/558fffe9-83a5-46ea-b041-d2d6f714c176
Jul 22 05:26:51.034222 np0000005621 devstack@c-api.service[96982]: DEBUG cinder.api.openstack.wsgi [None req-7084a2a4-54db-4b08-8c31-da93e6d5d9fd tempest-VolumesDeleteCascade-1158488102 tempest-VolumesDeleteCascade-1158488102-project-member] Empty body provided in request {{(pid=96982) get_body /opt/stack/cinder/cinder/api/openstack/wsgi.py:725}}
Jul 22 05:26:51.034404 np0000005621 devstack@c-api.service[96982]: DEBUG cinder.api.openstack.wsgi [None req-7084a2a4-54db-4b08-8c31-da93e6d5d9fd tempest-VolumesDeleteCascade-1158488102 tempest-VolumesDeleteCascade-1158488102-project-member] Calling method 'show' {{(pid=96982) _process_stack /opt/stack/cinder/cinder/api/openstack/wsgi.py:878}}
Jul 22 05:26:51.045930 np0000005621 devstack@c-api.service[96982]: INFO cinder.api.openstack.wsgi [None req-7084a2a4-54db-4b08-8c31-da93e6d5d9fd tempest-VolumesDeleteCascade-1158488102 tempest-VolumesDeleteCascade-1158488102-project-member] https://10.4.3.15/volume/v3/volumes/558fffe9-83a5-46ea-b041-d2d6f714c176 returned with HTTP 404
Jul 22 05:26:51.046739 np0000005621 devstack@c-api.service[96982]: [pid: 96982|app: 0|req: 174/528] 10.4.3.15 () {66 vars in 1341 bytes} [Wed Jul 22 05:26:51 2026] GET /volume/v3/volumes/558fffe9-83a5-46ea-b041-d2d6f714c176 => generated 109 bytes in 16 msecs (HTTP/1.1 404) 7 headers in 292 bytes (1 switches on core 0)
Jul 22 05:26:51.056570 np0000005621 devstack@c-api.service[96981]: DEBUG cinder.api.middleware.request_id [None req-2a614172-e7c2-4665-a974-c2ef395f30de None None] RequestId filter calling following filter/app {{(pid=96981) _context_setter /opt/stack/cinder/cinder/api/middleware/request_id.py:62}}
Jul 22 05:26:51.059270 np0000005621 devstack@c-api.service[96981]: INFO cinder.api.openstack.wsgi [None req-2a614172-e7c2-4665-a974-c2ef395f30de tempest-VolumesDeleteCascade-1158488102 tempest-VolumesDeleteCascade-1158488102-project-member] GET https://10.4.3.15/volume/v3/volumes
Jul 22 05:26:51.059551 np0000005621 devstack@c-api.service[96981]: DEBUG cinder.api.openstack.wsgi [None req-2a614172-e7c2-4665-a974-c2ef395f30de tempest-VolumesDeleteCascade-1158488102 tempest-VolumesDeleteCascade-1158488102-project-member] Empty body provided in request {{(pid=96981) get_body /opt/stack/cinder/cinder/api/openstack/wsgi.py:725}}
Jul 22 05:26:51.059822 np0000005621 devstack@c-api.service[96981]: DEBUG cinder.api.openstack.wsgi [None req-2a614172-e7c2-4665-a974-c2ef395f30de tempest-VolumesDeleteCascade-1158488102 tempest-VolumesDeleteCascade-1158488102-project-member] Calling method 'index' {{(pid=96981) _process_stack /opt/stack/cinder/cinder/api/openstack/wsgi.py:878}}
Jul 22 05:26:51.060282 np0000005621 devstack@c-api.service[96981]: DEBUG cinder.api.api_utils [None req-2a614172-e7c2-4665-a974-c2ef395f30de tempest-VolumesDeleteCascade-1158488102 tempest-VolumesDeleteCascade-1158488102-project-member] Removing options '' from query. {{(pid=96981) remove_invalid_filter_options /opt/stack/cinder/cinder/api/api_utils.py:82}}
Jul 22 05:26:51.062463 np0000005621 devstack@c-api.service[96981]: DEBUG cinder.volume.api [None req-2a614172-e7c2-4665-a974-c2ef395f30de tempest-VolumesDeleteCascade-1158488102 tempest-VolumesDeleteCascade-1158488102-project-member] Searching by: MultiDict([('no_migration_targets', True)]). {{(pid=96981) get_all /opt/stack/cinder/cinder/volume/api.py:664}}
Jul 22 05:26:51.070374 np0000005621 devstack@c-api.service[96981]: INFO cinder.volume.api [None req-2a614172-e7c2-4665-a974-c2ef395f30de tempest-VolumesDeleteCascade-1158488102 tempest-VolumesDeleteCascade-1158488102-project-member] Get all volumes completed successfully.
Jul 22 05:26:51.071093 np0000005621 devstack@c-api.service[96981]: INFO cinder.api.openstack.wsgi [None req-2a614172-e7c2-4665-a974-c2ef395f30de tempest-VolumesDeleteCascade-1158488102 tempest-VolumesDeleteCascade-1158488102-project-member] https://10.4.3.15/volume/v3/volumes returned with HTTP 200
Jul 22 05:26:51.071700 np0000005621 devstack@c-api.service[96981]: [pid: 96981|app: 0|req: 180/529] 10.4.3.15 () {66 vars in 1230 bytes} [Wed Jul 22 05:26:51 2026] GET /volume/v3/volumes => generated 332 bytes in 16 msecs (HTTP/1.1 200) 7 headers in 285 bytes (1 switches on core 0)
Jul 22 05:26:51.080617 np0000005621 devstack@c-api.service[96982]: DEBUG cinder.api.middleware.request_id [None req-e62e0e9d-5f5e-4643-aade-1c0526e9a8c6 None None] RequestId filter calling following filter/app {{(pid=96982) _context_setter /opt/stack/cinder/cinder/api/middleware/request_id.py:62}}
Jul 22 05:26:51.083530 np0000005621 devstack@c-api.service[96982]: INFO cinder.api.openstack.wsgi [None req-e62e0e9d-5f5e-4643-aade-1c0526e9a8c6 tempest-VolumesDeleteCascade-1158488102 tempest-VolumesDeleteCascade-1158488102-project-member] GET https://10.4.3.15/volume/v3/snapshots
Jul 22 05:26:51.083530 np0000005621 devstack@c-api.service[96982]: DEBUG cinder.api.openstack.wsgi [None req-e62e0e9d-5f5e-4643-aade-1c0526e9a8c6 tempest-VolumesDeleteCascade-1158488102 tempest-VolumesDeleteCascade-1158488102-project-member] Empty body provided in request {{(pid=96982) get_body /opt/stack/cinder/cinder/api/openstack/wsgi.py:725}}
Jul 22 05:26:51.083530 np0000005621 devstack@c-api.service[96982]: DEBUG cinder.api.openstack.wsgi [None req-e62e0e9d-5f5e-4643-aade-1c0526e9a8c6 tempest-VolumesDeleteCascade-1158488102 tempest-VolumesDeleteCascade-1158488102-project-member] Calling method 'index' {{(pid=96982) _process_stack /opt/stack/cinder/cinder/api/openstack/wsgi.py:878}}
Jul 22 05:26:51.083530 np0000005621 devstack@c-api.service[96982]: DEBUG cinder.api.api_utils [None req-e62e0e9d-5f5e-4643-aade-1c0526e9a8c6 tempest-VolumesDeleteCascade-1158488102 tempest-VolumesDeleteCascade-1158488102-project-member] Removing options '' from query. {{(pid=96982) remove_invalid_filter_options /opt/stack/cinder/cinder/api/api_utils.py:82}}
Jul 22 05:26:51.083530 np0000005621 devstack@c-api.service[96982]: /opt/stack/data/venv/lib/python3.12/site-packages/oslo_context/context.py:102: DeprecationWarning: Policy enforcement is depending on the value of is_admin. This key is deprecated. Please update your policy file to use the standard policy values.
Jul 22 05:26:51.083530 np0000005621 devstack@c-api.service[96982]: warnings.warn(
Jul 22 05:26:51.084956 np0000005621 devstack@c-api.service[96982]: DEBUG cinder.db.api [None req-e62e0e9d-5f5e-4643-aade-1c0526e9a8c6 tempest-VolumesDeleteCascade-1158488102 tempest-VolumesDeleteCascade-1158488102-project-member] Building query based on filter {{(pid=96982) _process_snaps_filters /opt/stack/cinder/cinder/db/api.py:3942}}
Jul 22 05:26:51.087440 np0000005621 devstack@c-api.service[96982]: INFO cinder.volume.api [None req-e62e0e9d-5f5e-4643-aade-1c0526e9a8c6 tempest-VolumesDeleteCascade-1158488102 tempest-VolumesDeleteCascade-1158488102-project-member] Get all snapshots completed successfully.
Jul 22 05:26:51.087600 np0000005621 devstack@c-api.service[96982]: INFO cinder.api.openstack.wsgi [None req-e62e0e9d-5f5e-4643-aade-1c0526e9a8c6 tempest-VolumesDeleteCascade-1158488102 tempest-VolumesDeleteCascade-1158488102-project-member] https://10.4.3.15/volume/v3/snapshots returned with HTTP 200
Jul 22 05:26:51.088046 np0000005621 devstack@c-api.service[96982]: [pid: 96982|app: 0|req: 175/530] 10.4.3.15 () {66 vars in 1236 bytes} [Wed Jul 22 05:26:51 2026] GET /volume/v3/snapshots => generated 17 bytes in 8 msecs (HTTP/1.1 200) 7 headers in 284 bytes (1 switches on core 0)
Jul 22 05:26:51.101215 np0000005621 devstack@c-api.service[96981]: DEBUG cinder.api.middleware.request_id [None req-ba2f18e9-adbb-44e0-a761-29eadce1cd75 None None] RequestId filter calling following filter/app {{(pid=96981) _context_setter /opt/stack/cinder/cinder/api/middleware/request_id.py:62}}
Jul 22 05:26:51.103651 np0000005621 devstack@c-api.service[96981]: INFO cinder.api.openstack.wsgi [None req-ba2f18e9-adbb-44e0-a761-29eadce1cd75 tempest-VolumesDeleteCascade-1158488102 tempest-VolumesDeleteCascade-1158488102-project-member] GET https://10.4.3.15/volume/v3/volumes/8bf9b99a-357a-4c7c-aaa8-1dffccc16df4
Jul 22 05:26:51.103856 np0000005621 devstack@c-api.service[96981]: DEBUG cinder.api.openstack.wsgi [None req-ba2f18e9-adbb-44e0-a761-29eadce1cd75 tempest-VolumesDeleteCascade-1158488102 tempest-VolumesDeleteCascade-1158488102-project-member] Empty body provided in request {{(pid=96981) get_body /opt/stack/cinder/cinder/api/openstack/wsgi.py:725}}
Jul 22 05:26:51.104056 np0000005621 devstack@c-api.service[96981]: DEBUG cinder.api.openstack.wsgi [None req-ba2f18e9-adbb-44e0-a761-29eadce1cd75 tempest-VolumesDeleteCascade-1158488102 tempest-VolumesDeleteCascade-1158488102-project-member] Calling method 'show' {{(pid=96981) _process_stack /opt/stack/cinder/cinder/api/openstack/wsgi.py:878}}
Jul 22 05:26:51.111523 np0000005621 devstack@c-api.service[96981]: /opt/stack/data/venv/lib/python3.12/site-packages/oslo_context/context.py:102: DeprecationWarning: Policy enforcement is depending on the value of is_admin. This key is deprecated. Please update your policy file to use the standard policy values.
Jul 22 05:26:51.111523 np0000005621 devstack@c-api.service[96981]: warnings.warn(
Jul 22 05:26:51.113890 np0000005621 devstack@c-api.service[96982]: DEBUG cinder.api.middleware.request_id [req-ce353d85-87df-4f0b-b54b-3d3a32e02aca req-2bc368cd-7085-4df8-8858-565812c61d3d None None] RequestId filter calling following filter/app {{(pid=96982) _context_setter /opt/stack/cinder/cinder/api/middleware/request_id.py:62}}
Jul 22 05:26:51.116259 np0000005621 devstack@c-api.service[96981]: INFO cinder.volume.api [None req-ba2f18e9-adbb-44e0-a761-29eadce1cd75 tempest-VolumesDeleteCascade-1158488102 tempest-VolumesDeleteCascade-1158488102-project-member] Volume info retrieved successfully.
Jul 22 05:26:51.119411 np0000005621 devstack@c-api.service[96982]: INFO cinder.api.openstack.wsgi [req-ce353d85-87df-4f0b-b54b-3d3a32e02aca req-2bc368cd-7085-4df8-8858-565812c61d3d tempest-VolumesGetTestJSON-903137124 tempest-VolumesGetTestJSON-903137124-project-member] POST https://10.4.3.15/volume/v3/volumes
Jul 22 05:26:51.119796 np0000005621 devstack@c-api.service[96982]: DEBUG cinder.api.openstack.wsgi [req-ce353d85-87df-4f0b-b54b-3d3a32e02aca req-2bc368cd-7085-4df8-8858-565812c61d3d tempest-VolumesGetTestJSON-903137124 tempest-VolumesGetTestJSON-903137124-project-member] Action: 'create', calling method: create, body: {"volume": {"size": 1, "consistencygroup_id": null, "snapshot_id": null, "name": "tempest-VolumesGetTestJSON-Volume-1702663195", "description": null, "volume_type": null, "availability_zone": null, "metadata": {"Type": "work"}, "imageRef": null, "source_volid": null, "backup_id": null}} {{(pid=96982) _process_stack /opt/stack/cinder/cinder/api/openstack/wsgi.py:876}}
Jul 22 05:26:51.121423 np0000005621 devstack@c-api.service[96982]: DEBUG cinder.api.v3.volumes [req-ce353d85-87df-4f0b-b54b-3d3a32e02aca req-2bc368cd-7085-4df8-8858-565812c61d3d tempest-VolumesGetTestJSON-903137124 tempest-VolumesGetTestJSON-903137124-project-member] Create volume request body: {'volume': {'size': 1, 'consistencygroup_id': None, 'snapshot_id': None, 'name': 'tempest-VolumesGetTestJSON-Volume-1702663195', 'description': None, 'volume_type': None, 'availability_zone': None, 'metadata': {'Type': 'work'}, 'imageRef': None, 'source_volid': None, 'backup_id': None}} {{(pid=96982) create /opt/stack/cinder/cinder/api/v3/volumes.py:368}}
Jul 22 05:26:51.121537 np0000005621 devstack@c-api.service[96982]: INFO cinder.api.v3.volumes [req-ce353d85-87df-4f0b-b54b-3d3a32e02aca req-2bc368cd-7085-4df8-8858-565812c61d3d tempest-VolumesGetTestJSON-903137124 tempest-VolumesGetTestJSON-903137124-project-member] Create volume of 1 GB
Jul 22 05:26:51.123299 np0000005621 devstack@c-api.service[96981]: INFO cinder.api.openstack.wsgi [None req-ba2f18e9-adbb-44e0-a761-29eadce1cd75 tempest-VolumesDeleteCascade-1158488102 tempest-VolumesDeleteCascade-1158488102-project-member] https://10.4.3.15/volume/v3/volumes/8bf9b99a-357a-4c7c-aaa8-1dffccc16df4 returned with HTTP 200
Jul 22 05:26:51.124067 np0000005621 devstack@c-api.service[96981]: [pid: 96981|app: 0|req: 181/531] 10.4.3.15 () {66 vars in 1341 bytes} [Wed Jul 22 05:26:51 2026] GET /volume/v3/volumes/8bf9b99a-357a-4c7c-aaa8-1dffccc16df4 => generated 875 bytes in 24 msecs (HTTP/1.1 200) 7 headers in 285 bytes (1 switches on core 0)
Jul 22 05:26:51.126070 np0000005621 devstack@c-api.service[96982]: INFO cinder.volume.api [req-ce353d85-87df-4f0b-b54b-3d3a32e02aca req-2bc368cd-7085-4df8-8858-565812c61d3d tempest-VolumesGetTestJSON-903137124 tempest-VolumesGetTestJSON-903137124-project-member] Availability Zones retrieved successfully.
Jul 22 05:26:51.132401 np0000005621 devstack@c-api.service[96982]: DEBUG cinder.volume.api [req-ce353d85-87df-4f0b-b54b-3d3a32e02aca req-2bc368cd-7085-4df8-8858-565812c61d3d tempest-VolumesGetTestJSON-903137124 tempest-VolumesGetTestJSON-903137124-project-member] Flow 'volume_create_api' (7972f3c4-6740-4664-9583-3ffc175af34e) transitioned into state 'RUNNING' from state 'PENDING' {{(pid=96982) _flow_receiver /opt/stack/data/venv/lib/python3.12/site-packages/taskflow/listeners/logging.py:160}}
Jul 22 05:26:51.132690 np0000005621 devstack@c-api.service[96982]: DEBUG cinder.volume.api [req-ce353d85-87df-4f0b-b54b-3d3a32e02aca req-2bc368cd-7085-4df8-8858-565812c61d3d tempest-VolumesGetTestJSON-903137124 tempest-VolumesGetTestJSON-903137124-project-member] Task 'cinder.volume.flows.api.create_volume.ExtractVolumeRequestTask;volume:create' (a94d677c-d266-4efe-90df-018e5277d0cf) transitioned into state 'RUNNING' from state 'PENDING' {{(pid=96982) _task_receiver /opt/stack/data/venv/lib/python3.12/site-packages/taskflow/listeners/logging.py:242}}
Jul 22 05:26:51.133756 np0000005621 devstack@c-api.service[96982]: DEBUG cinder.volume.flows.api.create_volume [req-ce353d85-87df-4f0b-b54b-3d3a32e02aca req-2bc368cd-7085-4df8-8858-565812c61d3d tempest-VolumesGetTestJSON-903137124 tempest-VolumesGetTestJSON-903137124-project-member] Validating volume size '1' using validate_int {{(pid=96982) _extract_size /opt/stack/cinder/cinder/volume/flows/api/create_volume.py:226}}
Jul 22 05:26:51.140120 np0000005621 devstack@c-api.service[96981]: DEBUG cinder.api.middleware.request_id [None req-8f5f5ba0-c97d-40af-8e18-c205ed0a71ab None None] RequestId filter calling following filter/app {{(pid=96981) _context_setter /opt/stack/cinder/cinder/api/middleware/request_id.py:62}}
Jul 22 05:26:51.141831 np0000005621 devstack@c-api.service[96981]: INFO cinder.api.openstack.wsgi [None req-8f5f5ba0-c97d-40af-8e18-c205ed0a71ab tempest-VolumesDeleteCascade-1158488102 tempest-VolumesDeleteCascade-1158488102-project-member] DELETE https://10.4.3.15/volume/v3/volumes/8bf9b99a-357a-4c7c-aaa8-1dffccc16df4
Jul 22 05:26:51.142379 np0000005621 devstack@c-api.service[96981]: DEBUG cinder.api.openstack.wsgi [None req-8f5f5ba0-c97d-40af-8e18-c205ed0a71ab tempest-VolumesDeleteCascade-1158488102 tempest-VolumesDeleteCascade-1158488102-project-member] Empty body provided in request {{(pid=96981) get_body /opt/stack/cinder/cinder/api/openstack/wsgi.py:725}}
Jul 22 05:26:51.142379 np0000005621 devstack@c-api.service[96981]: DEBUG cinder.api.openstack.wsgi [None req-8f5f5ba0-c97d-40af-8e18-c205ed0a71ab tempest-VolumesDeleteCascade-1158488102 tempest-VolumesDeleteCascade-1158488102-project-member] Calling method 'delete' {{(pid=96981) _process_stack /opt/stack/cinder/cinder/api/openstack/wsgi.py:878}}
Jul 22 05:26:51.142845 np0000005621 devstack@c-api.service[96981]: INFO cinder.api.v3.volumes [None req-8f5f5ba0-c97d-40af-8e18-c205ed0a71ab tempest-VolumesDeleteCascade-1158488102 tempest-VolumesDeleteCascade-1158488102-project-member] Delete volume with id: 8bf9b99a-357a-4c7c-aaa8-1dffccc16df4
Jul 22 05:26:51.158415 np0000005621 devstack@c-api.service[96981]: /opt/stack/data/venv/lib/python3.12/site-packages/oslo_context/context.py:102: DeprecationWarning: Policy enforcement is depending on the value of is_admin. This key is deprecated. Please update your policy file to use the standard policy values.
Jul 22 05:26:51.158415 np0000005621 devstack@c-api.service[96981]: warnings.warn(
Jul 22 05:26:51.158415 np0000005621 devstack@c-api.service[96981]: INFO cinder.volume.api [None req-8f5f5ba0-c97d-40af-8e18-c205ed0a71ab tempest-VolumesDeleteCascade-1158488102 tempest-VolumesDeleteCascade-1158488102-project-member] Volume info retrieved successfully.
Jul 22 05:26:51.158489 np0000005621 devstack@c-api.service[96983]: INFO cinder.api.openstack.wsgi [None req-a81c44b0-f024-413c-b4bf-2072c1323d9b tempest-VolumesBackupsTest-1126347184 tempest-VolumesBackupsTest-1126347184-project-member] POST https://10.4.3.15/volume/v3/volumes
Jul 22 05:26:51.158489 np0000005621 devstack@c-api.service[96983]: DEBUG cinder.api.openstack.wsgi [None req-a81c44b0-f024-413c-b4bf-2072c1323d9b tempest-VolumesBackupsTest-1126347184 tempest-VolumesBackupsTest-1126347184-project-member] Action: 'create', calling method: create, body: {"volume": {"size": 1, "name": "tempest-VolumesBackupsTest-Volume-753197069"}} {{(pid=96983) _process_stack /opt/stack/cinder/cinder/api/openstack/wsgi.py:876}}
Jul 22 05:26:51.158489 np0000005621 devstack@c-api.service[96983]: DEBUG cinder.api.v3.volumes [None req-a81c44b0-f024-413c-b4bf-2072c1323d9b tempest-VolumesBackupsTest-1126347184 tempest-VolumesBackupsTest-1126347184-project-member] Create volume request body: {'volume': {'size': 1, 'name': 'tempest-VolumesBackupsTest-Volume-753197069'}} {{(pid=96983) create /opt/stack/cinder/cinder/api/v3/volumes.py:368}}
Jul 22 05:26:51.158489 np0000005621 devstack@c-api.service[96983]: INFO cinder.api.v3.volumes [None req-a81c44b0-f024-413c-b4bf-2072c1323d9b tempest-VolumesBackupsTest-1126347184 tempest-VolumesBackupsTest-1126347184-project-member] Create volume of 1 GB
Jul 22 05:26:51.161355 np0000005621 devstack@c-api.service[96983]: INFO cinder.volume.api [None req-a81c44b0-f024-413c-b4bf-2072c1323d9b tempest-VolumesBackupsTest-1126347184 tempest-VolumesBackupsTest-1126347184-project-member] Availability Zones retrieved successfully.
Jul 22 05:26:51.162200 np0000005621 devstack@c-api.service[96982]: DEBUG cinder.volume.api [req-ce353d85-87df-4f0b-b54b-3d3a32e02aca req-2bc368cd-7085-4df8-8858-565812c61d3d tempest-VolumesGetTestJSON-903137124 tempest-VolumesGetTestJSON-903137124-project-member] Task 'cinder.volume.flows.api.create_volume.ExtractVolumeRequestTask;volume:create' (a94d677c-d266-4efe-90df-018e5277d0cf) transitioned into state 'SUCCESS' from state 'RUNNING' with result '{'size': 1, 'snapshot_id': None, 'source_volid': None, 'volume_type': VolumeType(created_at=2026-07-22T05:23:38Z,deleted=False,deleted_at=None,description=None,extra_specs={volume_backend_name='storpool'},id=fb170c40-22c8-4405-9aff-f22cef26478e,is_public=True,name='storpool',projects=[],qos_specs=,qos_specs_id=None,updated_at=None), 'volume_type_id': 'fb170c40-22c8-4405-9aff-f22cef26478e', 'encryption_key_id': None, 'qos_specs': None, 'consistencygroup_id': None, 'cgsnapshot_id': None, 'group_id': None, 'replication_status': 'disabled', 'refresh_az': False, 'backup_id': None, 'multiattach': False, 'availability_zones': ['nova']}' {{(pid=96982) _task_receiver /opt/stack/data/venv/lib/python3.12/site-packages/taskflow/listeners/logging.py:218}}
Jul 22 05:26:51.163115 np0000005621 devstack@c-api.service[96982]: DEBUG cinder.volume.api [req-ce353d85-87df-4f0b-b54b-3d3a32e02aca req-2bc368cd-7085-4df8-8858-565812c61d3d tempest-VolumesGetTestJSON-903137124 tempest-VolumesGetTestJSON-903137124-project-member] Task 'cinder.volume.flows.api.create_volume.QuotaReserveTask;volume:create' (049a222a-d862-43c6-ab46-7d90d118fd60) transitioned into state 'RUNNING' from state 'PENDING' {{(pid=96982) _task_receiver /opt/stack/data/venv/lib/python3.12/site-packages/taskflow/listeners/logging.py:242}}
Jul 22 05:26:51.168354 np0000005621 devstack@c-api.service[96983]: DEBUG cinder.volume.api [None req-a81c44b0-f024-413c-b4bf-2072c1323d9b tempest-VolumesBackupsTest-1126347184 tempest-VolumesBackupsTest-1126347184-project-member] Flow 'volume_create_api' (d5c1648c-d877-4bf4-9807-595a70486651) transitioned into state 'RUNNING' from state 'PENDING' {{(pid=96983) _flow_receiver /opt/stack/data/venv/lib/python3.12/site-packages/taskflow/listeners/logging.py:160}}
Jul 22 05:26:51.169870 np0000005621 devstack@c-api.service[96983]: DEBUG cinder.volume.api [None req-a81c44b0-f024-413c-b4bf-2072c1323d9b tempest-VolumesBackupsTest-1126347184 tempest-VolumesBackupsTest-1126347184-project-member] Task 'cinder.volume.flows.api.create_volume.ExtractVolumeRequestTask;volume:create' (0ba7e164-fa4a-4fdc-bcda-0ec6940316ac) transitioned into state 'RUNNING' from state 'PENDING' {{(pid=96983) _task_receiver /opt/stack/data/venv/lib/python3.12/site-packages/taskflow/listeners/logging.py:242}}
Jul 22 05:26:51.170856 np0000005621 devstack@c-api.service[96983]: DEBUG cinder.volume.flows.api.create_volume [None req-a81c44b0-f024-413c-b4bf-2072c1323d9b tempest-VolumesBackupsTest-1126347184 tempest-VolumesBackupsTest-1126347184-project-member] Validating volume size '1' using validate_int {{(pid=96983) _extract_size /opt/stack/cinder/cinder/volume/flows/api/create_volume.py:226}}
Jul 22 05:26:51.175676 np0000005621 devstack@c-api.service[96981]: INFO cinder.volume.api [None req-8f5f5ba0-c97d-40af-8e18-c205ed0a71ab tempest-VolumesDeleteCascade-1158488102 tempest-VolumesDeleteCascade-1158488102-project-member] Delete volume request issued successfully.
Jul 22 05:26:51.175886 np0000005621 devstack@c-api.service[96981]: INFO cinder.api.openstack.wsgi [None req-8f5f5ba0-c97d-40af-8e18-c205ed0a71ab tempest-VolumesDeleteCascade-1158488102 tempest-VolumesDeleteCascade-1158488102-project-member] https://10.4.3.15/volume/v3/volumes/8bf9b99a-357a-4c7c-aaa8-1dffccc16df4 returned with HTTP 202
Jul 22 05:26:51.176322 np0000005621 devstack@c-api.service[96981]: [pid: 96981|app: 0|req: 182/532] 10.4.3.15 () {66 vars in 1344 bytes} [Wed Jul 22 05:26:51 2026] DELETE /volume/v3/volumes/8bf9b99a-357a-4c7c-aaa8-1dffccc16df4 => generated 0 bytes in 37 msecs (HTTP/1.1 202) 6 headers in 233 bytes (1 switches on core 0)
Jul 22 05:26:51.187457 np0000005621 devstack@c-api.service[96981]: DEBUG cinder.api.middleware.request_id [None req-1662d7b5-78e9-4cb4-8021-6eb33da64acd None None] RequestId filter calling following filter/app {{(pid=96981) _context_setter /opt/stack/cinder/cinder/api/middleware/request_id.py:62}}
Jul 22 05:26:51.189809 np0000005621 devstack@c-api.service[96981]: INFO cinder.api.openstack.wsgi [None req-1662d7b5-78e9-4cb4-8021-6eb33da64acd tempest-VolumesDeleteCascade-1158488102 tempest-VolumesDeleteCascade-1158488102-project-member] GET https://10.4.3.15/volume/v3/volumes/8bf9b99a-357a-4c7c-aaa8-1dffccc16df4
Jul 22 05:26:51.190264 np0000005621 devstack@c-api.service[96981]: DEBUG cinder.api.openstack.wsgi [None req-1662d7b5-78e9-4cb4-8021-6eb33da64acd tempest-VolumesDeleteCascade-1158488102 tempest-VolumesDeleteCascade-1158488102-project-member] Empty body provided in request {{(pid=96981) get_body /opt/stack/cinder/cinder/api/openstack/wsgi.py:725}}
Jul 22 05:26:51.190521 np0000005621 devstack@c-api.service[96981]: DEBUG cinder.api.openstack.wsgi [None req-1662d7b5-78e9-4cb4-8021-6eb33da64acd tempest-VolumesDeleteCascade-1158488102 tempest-VolumesDeleteCascade-1158488102-project-member] Calling method 'show' {{(pid=96981) _process_stack /opt/stack/cinder/cinder/api/openstack/wsgi.py:878}}
Jul 22 05:26:51.197659 np0000005621 devstack@c-api.service[96981]: /opt/stack/data/venv/lib/python3.12/site-packages/oslo_context/context.py:102: DeprecationWarning: Policy enforcement is depending on the value of is_admin. This key is deprecated. Please update your policy file to use the standard policy values.
Jul 22 05:26:51.197659 np0000005621 devstack@c-api.service[96981]: warnings.warn(
Jul 22 05:26:51.201638 np0000005621 devstack@c-api.service[96981]: INFO cinder.volume.api [None req-1662d7b5-78e9-4cb4-8021-6eb33da64acd tempest-VolumesDeleteCascade-1158488102 tempest-VolumesDeleteCascade-1158488102-project-member] Volume info retrieved successfully.
Jul 22 05:26:51.206470 np0000005621 devstack@c-api.service[96981]: INFO cinder.api.openstack.wsgi [None req-1662d7b5-78e9-4cb4-8021-6eb33da64acd tempest-VolumesDeleteCascade-1158488102 tempest-VolumesDeleteCascade-1158488102-project-member] https://10.4.3.15/volume/v3/volumes/8bf9b99a-357a-4c7c-aaa8-1dffccc16df4 returned with HTTP 200
Jul 22 05:26:51.206978 np0000005621 devstack@c-api.service[96981]: [pid: 96981|app: 0|req: 183/533] 10.4.3.15 () {66 vars in 1341 bytes} [Wed Jul 22 05:26:51 2026] GET /volume/v3/volumes/8bf9b99a-357a-4c7c-aaa8-1dffccc16df4 => generated 874 bytes in 20 msecs (HTTP/1.1 200) 7 headers in 285 bytes (1 switches on core 0)
Jul 22 05:26:51.209419 np0000005621 devstack@c-api.service[96983]: DEBUG cinder.volume.api [None req-a81c44b0-f024-413c-b4bf-2072c1323d9b tempest-VolumesBackupsTest-1126347184 tempest-VolumesBackupsTest-1126347184-project-member] Task 'cinder.volume.flows.api.create_volume.ExtractVolumeRequestTask;volume:create' (0ba7e164-fa4a-4fdc-bcda-0ec6940316ac) transitioned into state 'SUCCESS' from state 'RUNNING' with result '{'size': 1, 'snapshot_id': None, 'source_volid': None, 'volume_type': VolumeType(created_at=2026-07-22T05:23:38Z,deleted=False,deleted_at=None,description=None,extra_specs={volume_backend_name='storpool'},id=fb170c40-22c8-4405-9aff-f22cef26478e,is_public=True,name='storpool',projects=[],qos_specs=,qos_specs_id=None,updated_at=None), 'volume_type_id': 'fb170c40-22c8-4405-9aff-f22cef26478e', 'encryption_key_id': None, 'qos_specs': None, 'consistencygroup_id': None, 'cgsnapshot_id': None, 'group_id': None, 'replication_status': 'disabled', 'refresh_az': False, 'backup_id': None, 'multiattach': False, 'availability_zones': ['nova']}' {{(pid=96983) _task_receiver /opt/stack/data/venv/lib/python3.12/site-packages/taskflow/listeners/logging.py:218}}
Jul 22 05:26:51.210430 np0000005621 devstack@c-api.service[96983]: DEBUG cinder.volume.api [None req-a81c44b0-f024-413c-b4bf-2072c1323d9b tempest-VolumesBackupsTest-1126347184 tempest-VolumesBackupsTest-1126347184-project-member] Task 'cinder.volume.flows.api.create_volume.QuotaReserveTask;volume:create' (2c3fee54-74e1-408c-b575-2cc7151a5622) transitioned into state 'RUNNING' from state 'PENDING' {{(pid=96983) _task_receiver /opt/stack/data/venv/lib/python3.12/site-packages/taskflow/listeners/logging.py:242}}
Jul 22 05:26:51.235866 np0000005621 devstack@c-api.service[96982]: DEBUG cinder.quota [req-ce353d85-87df-4f0b-b54b-3d3a32e02aca req-2bc368cd-7085-4df8-8858-565812c61d3d tempest-VolumesGetTestJSON-903137124 tempest-VolumesGetTestJSON-903137124-project-member] Created reservations ['b42bd5bc-d3f3-4499-b73e-3aeb56b1399c', 'de2527b6-4eb5-48be-b4fe-081dbb60702b', 'f27ad6bc-bdee-4c4c-b7cb-531f4c35ac16', 'd4cb9263-6838-4d7a-a497-85711e986c87'] {{(pid=96982) reserve /opt/stack/cinder/cinder/quota.py:752}}
Jul 22 05:26:51.237041 np0000005621 devstack@c-api.service[96982]: DEBUG cinder.volume.api [req-ce353d85-87df-4f0b-b54b-3d3a32e02aca req-2bc368cd-7085-4df8-8858-565812c61d3d tempest-VolumesGetTestJSON-903137124 tempest-VolumesGetTestJSON-903137124-project-member] Task 'cinder.volume.flows.api.create_volume.QuotaReserveTask;volume:create' (049a222a-d862-43c6-ab46-7d90d118fd60) transitioned into state 'SUCCESS' from state 'RUNNING' with result '{'reservations': ['b42bd5bc-d3f3-4499-b73e-3aeb56b1399c', 'de2527b6-4eb5-48be-b4fe-081dbb60702b', 'f27ad6bc-bdee-4c4c-b7cb-531f4c35ac16', 'd4cb9263-6838-4d7a-a497-85711e986c87']}' {{(pid=96982) _task_receiver /opt/stack/data/venv/lib/python3.12/site-packages/taskflow/listeners/logging.py:218}}
Jul 22 05:26:51.237880 np0000005621 devstack@c-api.service[96982]: DEBUG cinder.volume.api [req-ce353d85-87df-4f0b-b54b-3d3a32e02aca req-2bc368cd-7085-4df8-8858-565812c61d3d tempest-VolumesGetTestJSON-903137124 tempest-VolumesGetTestJSON-903137124-project-member] Task 'cinder.volume.flows.api.create_volume.EntryCreateTask;volume:create' (0b18f367-6fb1-42a9-924f-3feb50fda1d9) transitioned into state 'RUNNING' from state 'PENDING' {{(pid=96982) _task_receiver /opt/stack/data/venv/lib/python3.12/site-packages/taskflow/listeners/logging.py:242}}
Jul 22 05:26:51.278184 np0000005621 devstack@c-api.service[96982]: DEBUG cinder.volume.api [req-ce353d85-87df-4f0b-b54b-3d3a32e02aca req-2bc368cd-7085-4df8-8858-565812c61d3d tempest-VolumesGetTestJSON-903137124 tempest-VolumesGetTestJSON-903137124-project-member] Task 'cinder.volume.flows.api.create_volume.EntryCreateTask;volume:create' (0b18f367-6fb1-42a9-924f-3feb50fda1d9) transitioned into state 'SUCCESS' from state 'RUNNING' with result '{'volume_id': '377fbf2e-7a4c-4c29-815c-248979c2ce07', 'volume_properties': VolumeProperties(attach_status='detached',availability_zone='nova',cgsnapshot_id=None,consistencygroup_id=None,display_description=None,display_name='tempest-VolumesGetTestJSON-Volume-1702663195',encryption_key_id=None,group_id=None,group_type_id=,metadata={Type='work'},multiattach=False,project_id='7a3fc85b559f45b9a52c328c170b595e',qos_specs=None,replication_status=,reservations=['b42bd5bc-d3f3-4499-b73e-3aeb56b1399c','de2527b6-4eb5-48be-b4fe-081dbb60702b','f27ad6bc-bdee-4c4c-b7cb-531f4c35ac16','d4cb9263-6838-4d7a-a497-85711e986c87'],size=1,snapshot_id=None,source_replicaid=,source_volid=None,status='creating',user_id='4f9df11c8c70498b943765b82403ca4a',volume_type_id=fb170c40-22c8-4405-9aff-f22cef26478e), 'volume': Volume(_name_id=None,admin_metadata=,attach_status='detached',availability_zone='nova',bootable=False,cluster=,cluster_name=None,consistencygroup=,consistencygroup_id=None,created_at=2026-07-22T05:26:51Z,deleted=False,deleted_at=None,display_description=None,display_name='tempest-VolumesGetTestJSON-Volume-1702663195',ec2_id=None,encryption_key_id=None,glance_metadata=,group=,group_id=None,host=None,id=377fbf2e-7a4c-4c29-815c-248979c2ce07,launched_at=None,metadata={Type='work'},migration_status=None,multiattach=False,previous_status=None,project_id='7a3fc85b559f45b9a52c328c170b595e',provider_auth=None,provider_geometry=None,provider_id=None,provider_location=None,replication_driver_data=None,replication_extended_status=None,replication_status=None,scheduled_at=None,service_uuid=None,shared_targets=True,size=1,snapshot_id=None,snapshots=,source_volid=None,status='creating',terminated_at=None,updated_at=None,use_quota=True,user_id='4f9df11c8c70498b943765b82403ca4a',volume_attachment=VolumeAttachmentList,volume_type=VolumeType(fb170c40-22c8-4405-9aff-f22cef26478e),volume_type_id=fb170c40-22c8-4405-9aff-f22cef26478e)}' {{(pid=96982) _task_receiver /opt/stack/data/venv/lib/python3.12/site-packages/taskflow/listeners/logging.py:218}}
Jul 22 05:26:51.279056 np0000005621 devstack@c-api.service[96982]: DEBUG cinder.volume.api [req-ce353d85-87df-4f0b-b54b-3d3a32e02aca req-2bc368cd-7085-4df8-8858-565812c61d3d tempest-VolumesGetTestJSON-903137124 tempest-VolumesGetTestJSON-903137124-project-member] Task 'cinder.volume.flows.api.create_volume.QuotaCommitTask;volume:create' (da1f13b3-e8eb-4639-9e11-73937c576fe8) transitioned into state 'RUNNING' from state 'PENDING' {{(pid=96982) _task_receiver /opt/stack/data/venv/lib/python3.12/site-packages/taskflow/listeners/logging.py:242}}
Jul 22 05:26:51.302675 np0000005621 devstack@c-api.service[96982]: DEBUG cinder.volume.api [req-ce353d85-87df-4f0b-b54b-3d3a32e02aca req-2bc368cd-7085-4df8-8858-565812c61d3d tempest-VolumesGetTestJSON-903137124 tempest-VolumesGetTestJSON-903137124-project-member] Task 'cinder.volume.flows.api.create_volume.QuotaCommitTask;volume:create' (da1f13b3-e8eb-4639-9e11-73937c576fe8) transitioned into state 'SUCCESS' from state 'RUNNING' with result '{'volume_properties': VolumeProperties(attach_status='detached',availability_zone='nova',cgsnapshot_id=None,consistencygroup_id=None,display_description=None,display_name='tempest-VolumesGetTestJSON-Volume-1702663195',encryption_key_id=None,group_id=None,group_type_id=,metadata={Type='work'},multiattach=False,project_id='7a3fc85b559f45b9a52c328c170b595e',qos_specs=None,replication_status=,reservations=['b42bd5bc-d3f3-4499-b73e-3aeb56b1399c','de2527b6-4eb5-48be-b4fe-081dbb60702b','f27ad6bc-bdee-4c4c-b7cb-531f4c35ac16','d4cb9263-6838-4d7a-a497-85711e986c87'],size=1,snapshot_id=None,source_replicaid=,source_volid=None,status='creating',user_id='4f9df11c8c70498b943765b82403ca4a',volume_type_id=fb170c40-22c8-4405-9aff-f22cef26478e)}' {{(pid=96982) _task_receiver /opt/stack/data/venv/lib/python3.12/site-packages/taskflow/listeners/logging.py:218}}
Jul 22 05:26:51.302675 np0000005621 devstack@c-api.service[96982]: DEBUG cinder.volume.api [req-ce353d85-87df-4f0b-b54b-3d3a32e02aca req-2bc368cd-7085-4df8-8858-565812c61d3d tempest-VolumesGetTestJSON-903137124 tempest-VolumesGetTestJSON-903137124-project-member] Task 'cinder.volume.flows.api.create_volume.VolumeCastTask;volume:create' (2f4a370a-1bed-43eb-b33f-85cdd09f8c11) transitioned into state 'RUNNING' from state 'PENDING' {{(pid=96982) _task_receiver /opt/stack/data/venv/lib/python3.12/site-packages/taskflow/listeners/logging.py:242}}
