Jul 22 05:28:55.641543 np0000005621 devstack@g-api.service[99722]: DEBUG glance_store.location [None req-e2c9aa21-799f-4591-bc7f-bb33a792b3c0 tempest-TestMinimumBasicScenario-1682130434 tempest-TestMinimumBasicScenario-1682130434-project-member] Registering scheme swift with {'store': , 'location_class': , 'store_entry': 'swift'} {{(pid=99722) register_scheme_map /opt/stack/data/venv/lib/python3.12/site-packages/glance_store/location.py:146}}
Jul 22 05:28:55.641656 np0000005621 devstack@g-api.service[99722]: DEBUG glance_store.location [None req-e2c9aa21-799f-4591-bc7f-bb33a792b3c0 tempest-TestMinimumBasicScenario-1682130434 tempest-TestMinimumBasicScenario-1682130434-project-member] Registering scheme swift+http with {'store': , 'location_class': , 'store_entry': 'swift'} {{(pid=99722) register_scheme_map /opt/stack/data/venv/lib/python3.12/site-packages/glance_store/location.py:146}}
Jul 22 05:28:55.641714 np0000005621 devstack@g-api.service[99722]: DEBUG glance_store.location [None req-e2c9aa21-799f-4591-bc7f-bb33a792b3c0 tempest-TestMinimumBasicScenario-1682130434 tempest-TestMinimumBasicScenario-1682130434-project-member] Registering scheme swift+https with {'store': , 'location_class': , 'store_entry': 'swift'} {{(pid=99722) register_scheme_map /opt/stack/data/venv/lib/python3.12/site-packages/glance_store/location.py:146}}
Jul 22 05:28:55.641846 np0000005621 devstack@g-api.service[99722]: DEBUG glance_store.location [None req-e2c9aa21-799f-4591-bc7f-bb33a792b3c0 tempest-TestMinimumBasicScenario-1682130434 tempest-TestMinimumBasicScenario-1682130434-project-member] Registering scheme swift with {'store': , 'location_class': , 'store_entry': 'swift'} {{(pid=99722) register_scheme_map /opt/stack/data/venv/lib/python3.12/site-packages/glance_store/location.py:146}}
Jul 22 05:28:55.641953 np0000005621 devstack@g-api.service[99722]: DEBUG glance_store.location [None req-e2c9aa21-799f-4591-bc7f-bb33a792b3c0 tempest-TestMinimumBasicScenario-1682130434 tempest-TestMinimumBasicScenario-1682130434-project-member] Registering scheme swift+http with {'store': , 'location_class': , 'store_entry': 'swift'} {{(pid=99722) register_scheme_map /opt/stack/data/venv/lib/python3.12/site-packages/glance_store/location.py:146}}
Jul 22 05:28:55.642097 np0000005621 devstack@g-api.service[99722]: DEBUG glance_store.location [None req-e2c9aa21-799f-4591-bc7f-bb33a792b3c0 tempest-TestMinimumBasicScenario-1682130434 tempest-TestMinimumBasicScenario-1682130434-project-member] Registering scheme swift+config with {'store': , 'location_class': , 'store_entry': 'swift'} {{(pid=99722) register_scheme_map /opt/stack/data/venv/lib/python3.12/site-packages/glance_store/location.py:146}}
Jul 22 05:28:55.735764 np0000005621 devstack@g-api.service[99722]: DEBUG swiftclient [None req-e2c9aa21-799f-4591-bc7f-bb33a792b3c0 tempest-TestMinimumBasicScenario-1682130434 tempest-TestMinimumBasicScenario-1682130434-project-member] REQ: curl -i https://10.4.3.15:8080/v1/AUTH_aab6242d6be34c5980b95fcbdc0c2fde/glance -I -H "X-Auth-Token: gAAAAABqYFUXt-ZC..." {{(pid=99722) http_log /opt/stack/data/venv/lib/python3.12/site-packages/swiftclient/client.py:160}}
Jul 22 05:28:55.736183 np0000005621 devstack@g-api.service[99722]: DEBUG swiftclient [None req-e2c9aa21-799f-4591-bc7f-bb33a792b3c0 tempest-TestMinimumBasicScenario-1682130434 tempest-TestMinimumBasicScenario-1682130434-project-member] RESP STATUS: 204 No Content {{(pid=99722) http_log /opt/stack/data/venv/lib/python3.12/site-packages/swiftclient/client.py:161}}
Jul 22 05:28:55.736183 np0000005621 devstack@g-api.service[99722]: DEBUG swiftclient [None req-e2c9aa21-799f-4591-bc7f-bb33a792b3c0 tempest-TestMinimumBasicScenario-1682130434 tempest-TestMinimumBasicScenario-1682130434-project-member] RESP HEADERS: {'Date': 'Wed, 22 Jul 2026 05:28:55 GMT', 'Server': 'Apache/2.4.58 (Ubuntu)', 'Content-Type': 'text/plain; charset=utf-8', 'X-Container-Object-Count': '9', 'X-Container-Bytes-Used': '133103616', 'X-Timestamp': '1784697828.64964', 'Last-Modified': 'Wed, 22 Jul 2026 05:23:49 GMT', 'Accept-Ranges': 'bytes', 'X-Storage-Policy': 'Policy-0', 'X-Container-Sharding': 'False', 'Vary': 'Accept', 'X-Trans-Id': 'txc188bfb64bc6446d96756-006a605517', 'X-Openstack-Request-Id': 'txc188bfb64bc6446d96756-006a605517', 'Connection': 'close'} {{(pid=99722) http_log /opt/stack/data/venv/lib/python3.12/site-packages/swiftclient/client.py:162}}
Jul 22 05:28:55.736295 np0000005621 devstack@g-api.service[99722]: DEBUG glance_store._drivers.swift.store [None req-e2c9aa21-799f-4591-bc7f-bb33a792b3c0 tempest-TestMinimumBasicScenario-1682130434 tempest-TestMinimumBasicScenario-1682130434-project-member] Adding image object '7e1687bb-ab98-474f-98e8-62fc55505a34' to Swift {{(pid=99722) add /opt/stack/data/venv/lib/python3.12/site-packages/glance_store/_drivers/swift/store.py:970}}
Jul 22 05:28:55.736295 np0000005621 devstack@g-api.service[99722]: DEBUG glance_store._drivers.swift.store [None req-e2c9aa21-799f-4591-bc7f-bb33a792b3c0 tempest-TestMinimumBasicScenario-1682130434 tempest-TestMinimumBasicScenario-1682130434-project-member] Cannot determine image size because it is either not provided in the request or chunked-transfer encoding is used. Adding image as a segmented object to Swift. {{(pid=99722) add /opt/stack/data/venv/lib/python3.12/site-packages/glance_store/_drivers/swift/store.py:994}}
Jul 22 05:28:55.741226 np0000005621 devstack@g-api.service[99722]: DEBUG oslo_utils.imageutils.format_inspector [None req-e2c9aa21-799f-4591-bc7f-bb33a792b3c0 tempest-TestMinimumBasicScenario-1682130434 tempest-TestMinimumBasicScenario-1682130434-project-member] Format inspector for vmdk does not match, excluding from consideration (Signature KDMV not found: b'QFI\xfb') {{(pid=99722) _process_chunk /opt/stack/data/venv/lib/python3.12/site-packages/oslo_utils/imageutils/format_inspector.py:1758}}
Jul 22 05:28:55.744056 np0000005621 devstack@g-api.service[99722]: DEBUG oslo_utils.imageutils.format_inspector [None req-e2c9aa21-799f-4591-bc7f-bb33a792b3c0 tempest-TestMinimumBasicScenario-1682130434 tempest-TestMinimumBasicScenario-1682130434-project-member] Format inspector for vhdx does not match, excluding from consideration (Region signature not found at 30000) {{(pid=99722) _process_chunk /opt/stack/data/venv/lib/python3.12/site-packages/oslo_utils/imageutils/format_inspector.py:1758}}
Jul 22 05:28:55.998461 np0000005621 devstack@g-api.service[99721]: DEBUG glance.api.middleware.version_negotiation [None req-ac2f8064-9e09-4dd5-afcb-f2b734b36fa7 tempest-ServerActionsTestOtherA-1515737052 tempest-ServerActionsTestOtherA-1515737052-project-member] Determining version of request: GET /v2/images/003f9381-2de8-4ce2-a261-7ff381c0b841 Accept: */* {{(pid=99721) process_request /opt/stack/glance/glance/api/middleware/version_negotiation.py:44}}
Jul 22 05:28:55.998461 np0000005621 devstack@g-api.service[99721]: DEBUG glance.api.middleware.version_negotiation [None req-ac2f8064-9e09-4dd5-afcb-f2b734b36fa7 tempest-ServerActionsTestOtherA-1515737052 tempest-ServerActionsTestOtherA-1515737052-project-member] Using url versioning {{(pid=99721) process_request /opt/stack/glance/glance/api/middleware/version_negotiation.py:57}}
Jul 22 05:28:55.998461 np0000005621 devstack@g-api.service[99721]: DEBUG glance.api.middleware.version_negotiation [None req-ac2f8064-9e09-4dd5-afcb-f2b734b36fa7 tempest-ServerActionsTestOtherA-1515737052 tempest-ServerActionsTestOtherA-1515737052-project-member] Matched version: v2 {{(pid=99721) process_request /opt/stack/glance/glance/api/middleware/version_negotiation.py:69}}
Jul 22 05:28:55.998461 np0000005621 devstack@g-api.service[99721]: DEBUG glance.api.middleware.version_negotiation [None req-ac2f8064-9e09-4dd5-afcb-f2b734b36fa7 tempest-ServerActionsTestOtherA-1515737052 tempest-ServerActionsTestOtherA-1515737052-project-member] new path /v2/images/003f9381-2de8-4ce2-a261-7ff381c0b841 {{(pid=99721) process_request /opt/stack/glance/glance/api/middleware/version_negotiation.py:70}}
Jul 22 05:28:56.002379 np0000005621 devstack@g-api.service[99722]: DEBUG swiftclient [None req-e2c9aa21-799f-4591-bc7f-bb33a792b3c0 tempest-TestMinimumBasicScenario-1682130434 tempest-TestMinimumBasicScenario-1682130434-project-member] REQ: curl -i https://10.4.3.15:8080/v1/AUTH_aab6242d6be34c5980b95fcbdc0c2fde/glance/7e1687bb-ab98-474f-98e8-62fc55505a34-00001 -X PUT -H "X-Auth-Token: gAAAAABqYFUXt-ZC..." {{(pid=99722) http_log /opt/stack/data/venv/lib/python3.12/site-packages/swiftclient/client.py:160}}
Jul 22 05:28:56.002506 np0000005621 devstack@g-api.service[99722]: DEBUG swiftclient [None req-e2c9aa21-799f-4591-bc7f-bb33a792b3c0 tempest-TestMinimumBasicScenario-1682130434 tempest-TestMinimumBasicScenario-1682130434-project-member] RESP STATUS: 201 Created {{(pid=99722) http_log /opt/stack/data/venv/lib/python3.12/site-packages/swiftclient/client.py:161}}
Jul 22 05:28:56.002679 np0000005621 devstack@g-api.service[99722]: DEBUG swiftclient [None req-e2c9aa21-799f-4591-bc7f-bb33a792b3c0 tempest-TestMinimumBasicScenario-1682130434 tempest-TestMinimumBasicScenario-1682130434-project-member] RESP HEADERS: {'Date': 'Wed, 22 Jul 2026 05:28:56 GMT', 'Server': 'Apache/2.4.58 (Ubuntu)', 'Content-Type': 'text/html; charset=UTF-8', 'Content-Length': '0', 'Etag': '87617e24a5e30cb3b87fda8c0764838f', 'Last-Modified': 'Wed, 22 Jul 2026 05:28:56 GMT', 'X-Trans-Id': 'tx3370abbb8b034794bd410-006a605517', 'X-Openstack-Request-Id': 'tx3370abbb8b034794bd410-006a605517', 'Connection': 'close'} {{(pid=99722) http_log /opt/stack/data/venv/lib/python3.12/site-packages/swiftclient/client.py:162}}
Jul 22 05:28:56.002810 np0000005621 devstack@g-api.service[99722]: DEBUG glance_store._drivers.swift.store [None req-e2c9aa21-799f-4591-bc7f-bb33a792b3c0 tempest-TestMinimumBasicScenario-1682130434 tempest-TestMinimumBasicScenario-1682130434-project-member] Wrote chunk 7e1687bb-ab98-474f-98e8-62fc55505a34-00001 (1/?) of length 21692416 to Swift returning MD5 of content: 87617e24a5e30cb3b87fda8c0764838f {{(pid=99722) add /opt/stack/data/venv/lib/python3.12/site-packages/glance_store/_drivers/swift/store.py:1059}}
Jul 22 05:28:56.003072 np0000005621 devstack@g-api.service[99722]: DEBUG glance_store._drivers.swift.store [None req-e2c9aa21-799f-4591-bc7f-bb33a792b3c0 tempest-TestMinimumBasicScenario-1682130434 tempest-TestMinimumBasicScenario-1682130434-project-member] Not writing zero-length chunk. {{(pid=99722) add /opt/stack/data/venv/lib/python3.12/site-packages/glance_store/_drivers/swift/store.py:1028}}
Jul 22 05:28:56.016465 np0000005621 devstack@g-api.service[99721]: [pid: 99721|app: 0|req: 102/301] 127.0.0.1 () {44 vars in 1111 bytes} [Wed Jul 22 05:28:55 2026] GET /v2/images/003f9381-2de8-4ce2-a261-7ff381c0b841 => generated 1044 bytes in 18 msecs (HTTP/1.1 200) 4 headers in 158 bytes (1 switches on core 0)
Jul 22 05:28:56.023245 np0000005621 devstack@g-api.service[99720]: DEBUG glance.api.middleware.version_negotiation [None req-ac2f8064-9e09-4dd5-afcb-f2b734b36fa7 tempest-ServerActionsTestOtherA-1515737052 tempest-ServerActionsTestOtherA-1515737052-project-member] Determining version of request: GET /v2/schemas/image Accept: */* {{(pid=99720) process_request /opt/stack/glance/glance/api/middleware/version_negotiation.py:44}}
Jul 22 05:28:56.024595 np0000005621 devstack@g-api.service[99720]: DEBUG glance.api.middleware.version_negotiation [None req-ac2f8064-9e09-4dd5-afcb-f2b734b36fa7 tempest-ServerActionsTestOtherA-1515737052 tempest-ServerActionsTestOtherA-1515737052-project-member] Using url versioning {{(pid=99720) process_request /opt/stack/glance/glance/api/middleware/version_negotiation.py:57}}
Jul 22 05:28:56.024595 np0000005621 devstack@g-api.service[99720]: DEBUG glance.api.middleware.version_negotiation [None req-ac2f8064-9e09-4dd5-afcb-f2b734b36fa7 tempest-ServerActionsTestOtherA-1515737052 tempest-ServerActionsTestOtherA-1515737052-project-member] Matched version: v2 {{(pid=99720) process_request /opt/stack/glance/glance/api/middleware/version_negotiation.py:69}}
Jul 22 05:28:56.024595 np0000005621 devstack@g-api.service[99720]: DEBUG glance.api.middleware.version_negotiation [None req-ac2f8064-9e09-4dd5-afcb-f2b734b36fa7 tempest-ServerActionsTestOtherA-1515737052 tempest-ServerActionsTestOtherA-1515737052-project-member] new path /v2/schemas/image {{(pid=99720) process_request /opt/stack/glance/glance/api/middleware/version_negotiation.py:70}}
Jul 22 05:28:56.028474 np0000005621 devstack@g-api.service[99720]: [pid: 99720|app: 0|req: 103/302] 127.0.0.1 () {44 vars in 1051 bytes} [Wed Jul 22 05:28:56 2026] GET /v2/schemas/image => generated 6083 bytes in 5 msecs (HTTP/1.1 200) 4 headers in 158 bytes (1 switches on core 0)
Jul 22 05:28:56.030476 np0000005621 devstack@g-api.service[99722]: DEBUG swiftclient [None req-e2c9aa21-799f-4591-bc7f-bb33a792b3c0 tempest-TestMinimumBasicScenario-1682130434 tempest-TestMinimumBasicScenario-1682130434-project-member] REQ: curl -i https://10.4.3.15:8080/v1/AUTH_aab6242d6be34c5980b95fcbdc0c2fde/glance/7e1687bb-ab98-474f-98e8-62fc55505a34 -X PUT -H "X-Object-Manifest: glance/7e1687bb-ab98-474f-98e8-62fc55505a34-" -H "X-Auth-Token: gAAAAABqYFUXt-ZC..." -H "Content-Length: 0" {{(pid=99722) http_log /opt/stack/data/venv/lib/python3.12/site-packages/swiftclient/client.py:160}}
Jul 22 05:28:56.030593 np0000005621 devstack@g-api.service[99722]: DEBUG swiftclient [None req-e2c9aa21-799f-4591-bc7f-bb33a792b3c0 tempest-TestMinimumBasicScenario-1682130434 tempest-TestMinimumBasicScenario-1682130434-project-member] RESP STATUS: 201 Created {{(pid=99722) http_log /opt/stack/data/venv/lib/python3.12/site-packages/swiftclient/client.py:161}}
Jul 22 05:28:56.030758 np0000005621 devstack@g-api.service[99722]: DEBUG swiftclient [None req-e2c9aa21-799f-4591-bc7f-bb33a792b3c0 tempest-TestMinimumBasicScenario-1682130434 tempest-TestMinimumBasicScenario-1682130434-project-member] RESP HEADERS: {'Date': 'Wed, 22 Jul 2026 05:28:56 GMT', 'Server': 'Apache/2.4.58 (Ubuntu)', 'Content-Type': 'text/html; charset=UTF-8', 'Content-Length': '0', 'Etag': 'd41d8cd98f00b204e9800998ecf8427e', 'Last-Modified': 'Wed, 22 Jul 2026 05:28:57 GMT', 'X-Trans-Id': 'tx2aba930346e049ddbd647-006a605518', 'X-Openstack-Request-Id': 'tx2aba930346e049ddbd647-006a605518', 'Connection': 'close'} {{(pid=99722) http_log /opt/stack/data/venv/lib/python3.12/site-packages/swiftclient/client.py:162}}
Jul 22 05:28:56.031261 np0000005621 devstack@g-api.service[99722]: INFO glance.location [None req-e2c9aa21-799f-4591-bc7f-bb33a792b3c0 tempest-TestMinimumBasicScenario-1682130434 tempest-TestMinimumBasicScenario-1682130434-project-member] Image format matched and virtual size computed: 117440512
Jul 22 05:28:56.041239 np0000005621 devstack@g-api.service[99721]: DEBUG glance.api.middleware.version_negotiation [None req-c28516c7-db82-4926-8178-22db53e2e0ad tempest-ServerBootFromVolumeStableRescueTest-1927361056 tempest-ServerBootFromVolumeStableRescueTest-1927361056-project-member] Determining version of request: GET /v2/schemas/image Accept: */* {{(pid=99721) process_request /opt/stack/glance/glance/api/middleware/version_negotiation.py:44}}
Jul 22 05:28:56.041416 np0000005621 devstack@g-api.service[99721]: DEBUG glance.api.middleware.version_negotiation [None req-c28516c7-db82-4926-8178-22db53e2e0ad tempest-ServerBootFromVolumeStableRescueTest-1927361056 tempest-ServerBootFromVolumeStableRescueTest-1927361056-project-member] Using url versioning {{(pid=99721) process_request /opt/stack/glance/glance/api/middleware/version_negotiation.py:57}}
Jul 22 05:28:56.041538 np0000005621 devstack@g-api.service[99721]: DEBUG glance.api.middleware.version_negotiation [None req-c28516c7-db82-4926-8178-22db53e2e0ad tempest-ServerBootFromVolumeStableRescueTest-1927361056 tempest-ServerBootFromVolumeStableRescueTest-1927361056-project-member] Matched version: v2 {{(pid=99721) process_request /opt/stack/glance/glance/api/middleware/version_negotiation.py:69}}
Jul 22 05:28:56.041630 np0000005621 devstack@g-api.service[99721]: DEBUG glance.api.middleware.version_negotiation [None req-c28516c7-db82-4926-8178-22db53e2e0ad tempest-ServerBootFromVolumeStableRescueTest-1927361056 tempest-ServerBootFromVolumeStableRescueTest-1927361056-project-member] new path /v2/schemas/image {{(pid=99721) process_request /opt/stack/glance/glance/api/middleware/version_negotiation.py:70}}
Jul 22 05:28:56.044140 np0000005621 devstack@g-api.service[99721]: [pid: 99721|app: 0|req: 103/303] 127.0.0.1 () {44 vars in 1051 bytes} [Wed Jul 22 05:28:56 2026] GET /v2/schemas/image => generated 6083 bytes in 3 msecs (HTTP/1.1 200) 4 headers in 158 bytes (1 switches on core 0)
Jul 22 05:28:56.053078 np0000005621 devstack@g-api.service[99720]: DEBUG glance.api.middleware.version_negotiation [None req-c28516c7-db82-4926-8178-22db53e2e0ad tempest-ServerBootFromVolumeStableRescueTest-1927361056 tempest-ServerBootFromVolumeStableRescueTest-1927361056-project-member] Determining version of request: GET /v2/images/003f9381-2de8-4ce2-a261-7ff381c0b841 Accept: */* {{(pid=99720) process_request /opt/stack/glance/glance/api/middleware/version_negotiation.py:44}}
Jul 22 05:28:56.053078 np0000005621 devstack@g-api.service[99720]: DEBUG glance.api.middleware.version_negotiation [None req-c28516c7-db82-4926-8178-22db53e2e0ad tempest-ServerBootFromVolumeStableRescueTest-1927361056 tempest-ServerBootFromVolumeStableRescueTest-1927361056-project-member] Using url versioning {{(pid=99720) process_request /opt/stack/glance/glance/api/middleware/version_negotiation.py:57}}
Jul 22 05:28:56.053078 np0000005621 devstack@g-api.service[99720]: DEBUG glance.api.middleware.version_negotiation [None req-c28516c7-db82-4926-8178-22db53e2e0ad tempest-ServerBootFromVolumeStableRescueTest-1927361056 tempest-ServerBootFromVolumeStableRescueTest-1927361056-project-member] Matched version: v2 {{(pid=99720) process_request /opt/stack/glance/glance/api/middleware/version_negotiation.py:69}}
Jul 22 05:28:56.053078 np0000005621 devstack@g-api.service[99720]: DEBUG glance.api.middleware.version_negotiation [None req-c28516c7-db82-4926-8178-22db53e2e0ad tempest-ServerBootFromVolumeStableRescueTest-1927361056 tempest-ServerBootFromVolumeStableRescueTest-1927361056-project-member] new path /v2/images/003f9381-2de8-4ce2-a261-7ff381c0b841 {{(pid=99720) process_request /opt/stack/glance/glance/api/middleware/version_negotiation.py:70}}
Jul 22 05:28:56.063842 np0000005621 devstack@g-api.service[99722]: DEBUG glance_store.backend [None req-e2c9aa21-799f-4591-bc7f-bb33a792b3c0 tempest-TestMinimumBasicScenario-1682130434 tempest-TestMinimumBasicScenario-1682130434-project-member] Attempting to import store swift {{(pid=99722) _load_store /opt/stack/data/venv/lib/python3.12/site-packages/glance_store/backend.py:215}}
Jul 22 05:28:56.065258 np0000005621 devstack@g-api.service[99722]: DEBUG glance_store.capabilities [None req-e2c9aa21-799f-4591-bc7f-bb33a792b3c0 tempest-TestMinimumBasicScenario-1682130434 tempest-TestMinimumBasicScenario-1682130434-project-member] Store glance_store._drivers.swift.store.SingleTenantStore doesn't support updating dynamic storage capabilities. Please overwrite 'update_capabilities' method of the store to implement updating logics if needed. {{(pid=99722) update_capabilities /opt/stack/data/venv/lib/python3.12/site-packages/glance_store/capabilities.py:91}}
Jul 22 05:28:56.065381 np0000005621 devstack@g-api.service[99722]: DEBUG glance_store.driver [None req-e2c9aa21-799f-4591-bc7f-bb33a792b3c0 tempest-TestMinimumBasicScenario-1682130434 tempest-TestMinimumBasicScenario-1682130434-project-member] Late loading location class glance_store._drivers.swift.store.StoreLocation {{(pid=99722) get_store_location_class /opt/stack/data/venv/lib/python3.12/site-packages/glance_store/driver.py:134}}
Jul 22 05:28:56.065500 np0000005621 devstack@g-api.service[99722]: DEBUG glance_store.location [None req-e2c9aa21-799f-4591-bc7f-bb33a792b3c0 tempest-TestMinimumBasicScenario-1682130434 tempest-TestMinimumBasicScenario-1682130434-project-member] Registering scheme swift+https with {'store': , 'location_class': , 'store_entry': 'swift'} {{(pid=99722) register_scheme_map /opt/stack/data/venv/lib/python3.12/site-packages/glance_store/location.py:146}}
Jul 22 05:28:56.065715 np0000005621 devstack@g-api.service[99722]: DEBUG glance_store.location [None req-e2c9aa21-799f-4591-bc7f-bb33a792b3c0 tempest-TestMinimumBasicScenario-1682130434 tempest-TestMinimumBasicScenario-1682130434-project-member] Registering scheme swift+https with {'store': , 'location_class': , 'store_entry': 'swift'} {{(pid=99722) register_scheme_map /opt/stack/data/venv/lib/python3.12/site-packages/glance_store/location.py:146}}
Jul 22 05:28:56.065715 np0000005621 devstack@g-api.service[99722]: DEBUG glance_store.location [None req-e2c9aa21-799f-4591-bc7f-bb33a792b3c0 tempest-TestMinimumBasicScenario-1682130434 tempest-TestMinimumBasicScenario-1682130434-project-member] Registering scheme swift with {'store': , 'location_class': , 'store_entry': 'swift'} {{(pid=99722) register_scheme_map /opt/stack/data/venv/lib/python3.12/site-packages/glance_store/location.py:146}}
Jul 22 05:28:56.065873 np0000005621 devstack@g-api.service[99722]: DEBUG glance_store.location [None req-e2c9aa21-799f-4591-bc7f-bb33a792b3c0 tempest-TestMinimumBasicScenario-1682130434 tempest-TestMinimumBasicScenario-1682130434-project-member] Registering scheme swift+https with {'store': , 'location_class': , 'store_entry': 'swift'} {{(pid=99722) register_scheme_map /opt/stack/data/venv/lib/python3.12/site-packages/glance_store/location.py:146}}
Jul 22 05:28:56.065873 np0000005621 devstack@g-api.service[99722]: DEBUG glance_store.location [None req-e2c9aa21-799f-4591-bc7f-bb33a792b3c0 tempest-TestMinimumBasicScenario-1682130434 tempest-TestMinimumBasicScenario-1682130434-project-member] Registering scheme swift with {'store': , 'location_class': , 'store_entry': 'swift'} {{(pid=99722) register_scheme_map /opt/stack/data/venv/lib/python3.12/site-packages/glance_store/location.py:146}}
Jul 22 05:28:56.065873 np0000005621 devstack@g-api.service[99722]: DEBUG glance_store.location [None req-e2c9aa21-799f-4591-bc7f-bb33a792b3c0 tempest-TestMinimumBasicScenario-1682130434 tempest-TestMinimumBasicScenario-1682130434-project-member] Registering scheme swift+http with {'store': , 'location_class': , 'store_entry': 'swift'} {{(pid=99722) register_scheme_map /opt/stack/data/venv/lib/python3.12/site-packages/glance_store/location.py:146}}
Jul 22 05:28:56.066042 np0000005621 devstack@g-api.service[99722]: DEBUG glance_store.location [None req-e2c9aa21-799f-4591-bc7f-bb33a792b3c0 tempest-TestMinimumBasicScenario-1682130434 tempest-TestMinimumBasicScenario-1682130434-project-member] Registering scheme swift+https with {'store': , 'location_class': , 'store_entry': 'swift'} {{(pid=99722) register_scheme_map /opt/stack/data/venv/lib/python3.12/site-packages/glance_store/location.py:146}}
Jul 22 05:28:56.066042 np0000005621 devstack@g-api.service[99722]: DEBUG glance_store.location [None req-e2c9aa21-799f-4591-bc7f-bb33a792b3c0 tempest-TestMinimumBasicScenario-1682130434 tempest-TestMinimumBasicScenario-1682130434-project-member] Registering scheme swift with {'store': , 'location_class': , 'store_entry': 'swift'} {{(pid=99722) register_scheme_map /opt/stack/data/venv/lib/python3.12/site-packages/glance_store/location.py:146}}
Jul 22 05:28:56.066102 np0000005621 devstack@g-api.service[99722]: DEBUG glance_store.location [None req-e2c9aa21-799f-4591-bc7f-bb33a792b3c0 tempest-TestMinimumBasicScenario-1682130434 tempest-TestMinimumBasicScenario-1682130434-project-member] Registering scheme swift+http with {'store': , 'location_class': , 'store_entry': 'swift'} {{(pid=99722) register_scheme_map /opt/stack/data/venv/lib/python3.12/site-packages/glance_store/location.py:146}}
Jul 22 05:28:56.066296 np0000005621 devstack@g-api.service[99722]: DEBUG glance_store.location [None req-e2c9aa21-799f-4591-bc7f-bb33a792b3c0 tempest-TestMinimumBasicScenario-1682130434 tempest-TestMinimumBasicScenario-1682130434-project-member] Registering scheme swift+config with {'store': , 'location_class': , 'store_entry': 'swift'} {{(pid=99722) register_scheme_map /opt/stack/data/venv/lib/python3.12/site-packages/glance_store/location.py:146}}
Jul 22 05:28:56.066296 np0000005621 devstack@g-api.service[99722]: DEBUG glance_store.backend [None req-e2c9aa21-799f-4591-bc7f-bb33a792b3c0 tempest-TestMinimumBasicScenario-1682130434 tempest-TestMinimumBasicScenario-1682130434-project-member] Skipping store.set_acls... not implemented. {{(pid=99722) set_acls /opt/stack/data/venv/lib/python3.12/site-packages/glance_store/backend.py:507}}
Jul 22 05:28:56.070027 np0000005621 devstack@g-api.service[99722]: [pid: 99722|app: 0|req: 98/304] 127.0.0.1 () {40 vars in 854 bytes} [Wed Jul 22 05:28:54 2026] PUT /v2/images/7e1687bb-ab98-474f-98e8-62fc55505a34/file => generated 0 bytes in 1369 msecs (HTTP/1.1 204) 4 headers in 171 bytes (1 switches on core 0)
Jul 22 05:28:56.070144 np0000005621 devstack@g-api.service[99720]: [pid: 99720|app: 0|req: 104/305] 127.0.0.1 () {44 vars in 1111 bytes} [Wed Jul 22 05:28:56 2026] GET /v2/images/003f9381-2de8-4ce2-a261-7ff381c0b841 => generated 1044 bytes in 17 msecs (HTTP/1.1 200) 4 headers in 158 bytes (1 switches on core 0)
Jul 22 05:28:56.078132 np0000005621 devstack@g-api.service[99721]: DEBUG glance.api.middleware.version_negotiation [None req-c28516c7-db82-4926-8178-22db53e2e0ad tempest-ServerBootFromVolumeStableRescueTest-1927361056 tempest-ServerBootFromVolumeStableRescueTest-1927361056-project-member] Determining version of request: GET /v2/schemas/image Accept: */* {{(pid=99721) process_request /opt/stack/glance/glance/api/middleware/version_negotiation.py:44}}
Jul 22 05:28:56.078301 np0000005621 devstack@g-api.service[99721]: DEBUG glance.api.middleware.version_negotiation [None req-c28516c7-db82-4926-8178-22db53e2e0ad tempest-ServerBootFromVolumeStableRescueTest-1927361056 tempest-ServerBootFromVolumeStableRescueTest-1927361056-project-member] Using url versioning {{(pid=99721) process_request /opt/stack/glance/glance/api/middleware/version_negotiation.py:57}}
Jul 22 05:28:56.078440 np0000005621 devstack@g-api.service[99721]: DEBUG glance.api.middleware.version_negotiation [None req-c28516c7-db82-4926-8178-22db53e2e0ad tempest-ServerBootFromVolumeStableRescueTest-1927361056 tempest-ServerBootFromVolumeStableRescueTest-1927361056-project-member] Matched version: v2 {{(pid=99721) process_request /opt/stack/glance/glance/api/middleware/version_negotiation.py:69}}
Jul 22 05:28:56.078525 np0000005621 devstack@g-api.service[99721]: DEBUG glance.api.middleware.version_negotiation [None req-c28516c7-db82-4926-8178-22db53e2e0ad tempest-ServerBootFromVolumeStableRescueTest-1927361056 tempest-ServerBootFromVolumeStableRescueTest-1927361056-project-member] new path /v2/schemas/image {{(pid=99721) process_request /opt/stack/glance/glance/api/middleware/version_negotiation.py:70}}
Jul 22 05:28:56.080744 np0000005621 devstack@g-api.service[99721]: [pid: 99721|app: 0|req: 104/306] 127.0.0.1 () {44 vars in 1051 bytes} [Wed Jul 22 05:28:56 2026] GET /v2/schemas/image => generated 6083 bytes in 3 msecs (HTTP/1.1 200) 4 headers in 158 bytes (1 switches on core 0)
Jul 22 05:28:56.090839 np0000005621 devstack@g-api.service[99722]: DEBUG glance.api.middleware.version_negotiation [None req-e2c9aa21-799f-4591-bc7f-bb33a792b3c0 tempest-TestMinimumBasicScenario-1682130434 tempest-TestMinimumBasicScenario-1682130434-project-member] Determining version of request: GET /v2/schemas/image Accept: */* {{(pid=99722) process_request /opt/stack/glance/glance/api/middleware/version_negotiation.py:44}}
Jul 22 05:28:56.091154 np0000005621 devstack@g-api.service[99722]: DEBUG glance.api.middleware.version_negotiation [None req-e2c9aa21-799f-4591-bc7f-bb33a792b3c0 tempest-TestMinimumBasicScenario-1682130434 tempest-TestMinimumBasicScenario-1682130434-project-member] Using url versioning {{(pid=99722) process_request /opt/stack/glance/glance/api/middleware/version_negotiation.py:57}}
Jul 22 05:28:56.091263 np0000005621 devstack@g-api.service[99722]: DEBUG glance.api.middleware.version_negotiation [None req-e2c9aa21-799f-4591-bc7f-bb33a792b3c0 tempest-TestMinimumBasicScenario-1682130434 tempest-TestMinimumBasicScenario-1682130434-project-member] Matched version: v2 {{(pid=99722) process_request /opt/stack/glance/glance/api/middleware/version_negotiation.py:69}}
Jul 22 05:28:56.091358 np0000005621 devstack@g-api.service[99722]: DEBUG glance.api.middleware.version_negotiation [None req-e2c9aa21-799f-4591-bc7f-bb33a792b3c0 tempest-TestMinimumBasicScenario-1682130434 tempest-TestMinimumBasicScenario-1682130434-project-member] new path /v2/schemas/image {{(pid=99722) process_request /opt/stack/glance/glance/api/middleware/version_negotiation.py:70}}
Jul 22 05:28:56.094016 np0000005621 devstack@g-api.service[99722]: [pid: 99722|app: 0|req: 99/307] 127.0.0.1 () {44 vars in 1051 bytes} [Wed Jul 22 05:28:56 2026] GET /v2/schemas/image => generated 6083 bytes in 3 msecs (HTTP/1.1 200) 4 headers in 158 bytes (1 switches on core 0)
Jul 22 05:28:56.114407 np0000005621 devstack@g-api.service[99720]: DEBUG glance.api.middleware.version_negotiation [None req-c28516c7-db82-4926-8178-22db53e2e0ad tempest-ServerBootFromVolumeStableRescueTest-1927361056 tempest-ServerBootFromVolumeStableRescueTest-1927361056-project-member] Determining version of request: GET /v2/images/003f9381-2de8-4ce2-a261-7ff381c0b841 Accept: */* {{(pid=99720) process_request /opt/stack/glance/glance/api/middleware/version_negotiation.py:44}}
Jul 22 05:28:56.114578 np0000005621 devstack@g-api.service[99720]: DEBUG glance.api.middleware.version_negotiation [None req-c28516c7-db82-4926-8178-22db53e2e0ad tempest-ServerBootFromVolumeStableRescueTest-1927361056 tempest-ServerBootFromVolumeStableRescueTest-1927361056-project-member] Using url versioning {{(pid=99720) process_request /opt/stack/glance/glance/api/middleware/version_negotiation.py:57}}
Jul 22 05:28:56.114713 np0000005621 devstack@g-api.service[99720]: DEBUG glance.api.middleware.version_negotiation [None req-c28516c7-db82-4926-8178-22db53e2e0ad tempest-ServerBootFromVolumeStableRescueTest-1927361056 tempest-ServerBootFromVolumeStableRescueTest-1927361056-project-member] Matched version: v2 {{(pid=99720) process_request /opt/stack/glance/glance/api/middleware/version_negotiation.py:69}}
Jul 22 05:28:56.114803 np0000005621 devstack@g-api.service[99720]: DEBUG glance.api.middleware.version_negotiation [None req-c28516c7-db82-4926-8178-22db53e2e0ad tempest-ServerBootFromVolumeStableRescueTest-1927361056 tempest-ServerBootFromVolumeStableRescueTest-1927361056-project-member] new path /v2/images/003f9381-2de8-4ce2-a261-7ff381c0b841 {{(pid=99720) process_request /opt/stack/glance/glance/api/middleware/version_negotiation.py:70}}
Jul 22 05:28:56.129485 np0000005621 devstack@g-api.service[99720]: [pid: 99720|app: 0|req: 105/308] 127.0.0.1 () {44 vars in 1111 bytes} [Wed Jul 22 05:28:56 2026] GET /v2/images/003f9381-2de8-4ce2-a261-7ff381c0b841 => generated 1044 bytes in 15 msecs (HTTP/1.1 200) 4 headers in 158 bytes (1 switches on core 0)
Jul 22 05:28:56.141172 np0000005621 devstack@g-api.service[99721]: DEBUG glance.api.middleware.version_negotiation [None req-c28516c7-db82-4926-8178-22db53e2e0ad tempest-ServerBootFromVolumeStableRescueTest-1927361056 tempest-ServerBootFromVolumeStableRescueTest-1927361056-project-member] Determining version of request: GET /v2/schemas/image Accept: */* {{(pid=99721) process_request /opt/stack/glance/glance/api/middleware/version_negotiation.py:44}}
Jul 22 05:28:56.141428 np0000005621 devstack@g-api.service[99721]: DEBUG glance.api.middleware.version_negotiation [None req-c28516c7-db82-4926-8178-22db53e2e0ad tempest-ServerBootFromVolumeStableRescueTest-1927361056 tempest-ServerBootFromVolumeStableRescueTest-1927361056-project-member] Using url versioning {{(pid=99721) process_request /opt/stack/glance/glance/api/middleware/version_negotiation.py:57}}
Jul 22 05:28:56.141428 np0000005621 devstack@g-api.service[99721]: DEBUG glance.api.middleware.version_negotiation [None req-c28516c7-db82-4926-8178-22db53e2e0ad tempest-ServerBootFromVolumeStableRescueTest-1927361056 tempest-ServerBootFromVolumeStableRescueTest-1927361056-project-member] Matched version: v2 {{(pid=99721) process_request /opt/stack/glance/glance/api/middleware/version_negotiation.py:69}}
Jul 22 05:28:56.141765 np0000005621 devstack@g-api.service[99721]: DEBUG glance.api.middleware.version_negotiation [None req-c28516c7-db82-4926-8178-22db53e2e0ad tempest-ServerBootFromVolumeStableRescueTest-1927361056 tempest-ServerBootFromVolumeStableRescueTest-1927361056-project-member] new path /v2/schemas/image {{(pid=99721) process_request /opt/stack/glance/glance/api/middleware/version_negotiation.py:70}}
Jul 22 05:28:56.148422 np0000005621 devstack@g-api.service[99721]: [pid: 99721|app: 0|req: 105/309] 127.0.0.1 () {44 vars in 1051 bytes} [Wed Jul 22 05:28:56 2026] GET /v2/schemas/image => generated 6083 bytes in 7 msecs (HTTP/1.1 200) 4 headers in 158 bytes (1 switches on core 0)
Jul 22 05:28:56.334017 np0000005621 devstack@g-api.service[99722]: DEBUG glance.api.middleware.version_negotiation [None req-c28516c7-db82-4926-8178-22db53e2e0ad tempest-ServerBootFromVolumeStableRescueTest-1927361056 tempest-ServerBootFromVolumeStableRescueTest-1927361056-project-member] Determining version of request: GET /v2/images/7e1687bb-ab98-474f-98e8-62fc55505a34 Accept: */* {{(pid=99722) process_request /opt/stack/glance/glance/api/middleware/version_negotiation.py:44}}
Jul 22 05:28:56.334193 np0000005621 devstack@g-api.service[99722]: DEBUG glance.api.middleware.version_negotiation [None req-c28516c7-db82-4926-8178-22db53e2e0ad tempest-ServerBootFromVolumeStableRescueTest-1927361056 tempest-ServerBootFromVolumeStableRescueTest-1927361056-project-member] Using url versioning {{(pid=99722) process_request /opt/stack/glance/glance/api/middleware/version_negotiation.py:57}}
Jul 22 05:28:56.334311 np0000005621 devstack@g-api.service[99722]: DEBUG glance.api.middleware.version_negotiation [None req-c28516c7-db82-4926-8178-22db53e2e0ad tempest-ServerBootFromVolumeStableRescueTest-1927361056 tempest-ServerBootFromVolumeStableRescueTest-1927361056-project-member] Matched version: v2 {{(pid=99722) process_request /opt/stack/glance/glance/api/middleware/version_negotiation.py:69}}
Jul 22 05:28:56.334429 np0000005621 devstack@g-api.service[99722]: DEBUG glance.api.middleware.version_negotiation [None req-c28516c7-db82-4926-8178-22db53e2e0ad tempest-ServerBootFromVolumeStableRescueTest-1927361056 tempest-ServerBootFromVolumeStableRescueTest-1927361056-project-member] new path /v2/images/7e1687bb-ab98-474f-98e8-62fc55505a34 {{(pid=99722) process_request /opt/stack/glance/glance/api/middleware/version_negotiation.py:70}}
Jul 22 05:28:56.353849 np0000005621 devstack@g-api.service[99722]: [pid: 99722|app: 0|req: 100/310] 127.0.0.1 () {44 vars in 1111 bytes} [Wed Jul 22 05:28:56 2026] GET /v2/images/7e1687bb-ab98-474f-98e8-62fc55505a34 => generated 811 bytes in 20 msecs (HTTP/1.1 200) 4 headers in 157 bytes (1 switches on core 0)
Jul 22 05:28:56.405592 np0000005621 devstack@g-api.service[99720]: DEBUG glance.api.middleware.version_negotiation [None req-c28516c7-db82-4926-8178-22db53e2e0ad tempest-ServerBootFromVolumeStableRescueTest-1927361056 tempest-ServerBootFromVolumeStableRescueTest-1927361056-project-member] Determining version of request: GET /v2/schemas/image Accept: */* {{(pid=99720) process_request /opt/stack/glance/glance/api/middleware/version_negotiation.py:44}}
Jul 22 05:28:56.407110 np0000005621 devstack@g-api.service[99720]: DEBUG glance.api.middleware.version_negotiation [None req-c28516c7-db82-4926-8178-22db53e2e0ad tempest-ServerBootFromVolumeStableRescueTest-1927361056 tempest-ServerBootFromVolumeStableRescueTest-1927361056-project-member] Using url versioning {{(pid=99720) process_request /opt/stack/glance/glance/api/middleware/version_negotiation.py:57}}
Jul 22 05:28:56.407431 np0000005621 devstack@g-api.service[99720]: DEBUG glance.api.middleware.version_negotiation [None req-c28516c7-db82-4926-8178-22db53e2e0ad tempest-ServerBootFromVolumeStableRescueTest-1927361056 tempest-ServerBootFromVolumeStableRescueTest-1927361056-project-member] Matched version: v2 {{(pid=99720) process_request /opt/stack/glance/glance/api/middleware/version_negotiation.py:69}}
Jul 22 05:28:56.408062 np0000005621 devstack@g-api.service[99720]: DEBUG glance.api.middleware.version_negotiation [None req-c28516c7-db82-4926-8178-22db53e2e0ad tempest-ServerBootFromVolumeStableRescueTest-1927361056 tempest-ServerBootFromVolumeStableRescueTest-1927361056-project-member] new path /v2/schemas/image {{(pid=99720) process_request /opt/stack/glance/glance/api/middleware/version_negotiation.py:70}}
Jul 22 05:28:56.415115 np0000005621 devstack@g-api.service[99720]: [pid: 99720|app: 0|req: 106/311] 127.0.0.1 () {44 vars in 1051 bytes} [Wed Jul 22 05:28:56 2026] GET /v2/schemas/image => generated 6083 bytes in 10 msecs (HTTP/1.1 200) 4 headers in 158 bytes (1 switches on core 0)
Jul 22 05:28:56.623866 np0000005621 devstack@g-api.service[99721]: DEBUG glance.api.middleware.version_negotiation [None req-c28516c7-db82-4926-8178-22db53e2e0ad tempest-ServerBootFromVolumeStableRescueTest-1927361056 tempest-ServerBootFromVolumeStableRescueTest-1927361056-project-member] Determining version of request: GET /versions Accept: */* {{(pid=99721) process_request /opt/stack/glance/glance/api/middleware/version_negotiation.py:44}}
Jul 22 05:28:56.624608 np0000005621 devstack@g-api.service[99721]: [pid: 99721|app: 0|req: 106/312] 127.0.0.1 () {44 vars in 1035 bytes} [Wed Jul 22 05:28:56 2026] GET /versions => generated 1501 bytes in 1 msecs (HTTP/1.1 200) 3 headers in 92 bytes (1 switches on core 0)
Jul 22 05:28:56.633810 np0000005621 devstack@g-api.service[99722]: DEBUG glance.api.middleware.version_negotiation [None req-55be5466-1f8e-411d-b504-2ef61590c607 tempest-TestMinimumBasicScenario-1682130434 tempest-TestMinimumBasicScenario-1682130434-project-member] Determining version of request: GET /v2/images/003f9381-2de8-4ce2-a261-7ff381c0b841/locations Accept: */* {{(pid=99722) process_request /opt/stack/glance/glance/api/middleware/version_negotiation.py:44}}
Jul 22 05:28:56.634049 np0000005621 devstack@g-api.service[99722]: DEBUG glance.api.middleware.version_negotiation [None req-55be5466-1f8e-411d-b504-2ef61590c607 tempest-TestMinimumBasicScenario-1682130434 tempest-TestMinimumBasicScenario-1682130434-project-member] Using url versioning {{(pid=99722) process_request /opt/stack/glance/glance/api/middleware/version_negotiation.py:57}}
Jul 22 05:28:56.634225 np0000005621 devstack@g-api.service[99722]: DEBUG glance.api.middleware.version_negotiation [None req-55be5466-1f8e-411d-b504-2ef61590c607 tempest-TestMinimumBasicScenario-1682130434 tempest-TestMinimumBasicScenario-1682130434-project-member] Matched version: v2 {{(pid=99722) process_request /opt/stack/glance/glance/api/middleware/version_negotiation.py:69}}
Jul 22 05:28:56.634327 np0000005621 devstack@g-api.service[99722]: DEBUG glance.api.middleware.version_negotiation [None req-55be5466-1f8e-411d-b504-2ef61590c607 tempest-TestMinimumBasicScenario-1682130434 tempest-TestMinimumBasicScenario-1682130434-project-member] new path /v2/images/003f9381-2de8-4ce2-a261-7ff381c0b841/locations {{(pid=99722) process_request /opt/stack/glance/glance/api/middleware/version_negotiation.py:70}}
Jul 22 05:28:56.694032 np0000005621 devstack@g-api.service[99722]: [pid: 99722|app: 0|req: 101/313] 127.0.0.1 () {44 vars in 1131 bytes} [Wed Jul 22 05:28:56 2026] GET /v2/images/003f9381-2de8-4ce2-a261-7ff381c0b841/locations => generated 92 bytes in 60 msecs (HTTP/1.1 200) 4 headers in 156 bytes (1 switches on core 0)
Jul 22 05:28:56.704940 np0000005621 devstack@g-api.service[99720]: DEBUG glance.api.middleware.version_negotiation [None req-55be5466-1f8e-411d-b504-2ef61590c607 tempest-TestMinimumBasicScenario-1682130434 tempest-TestMinimumBasicScenario-1682130434-project-member] Determining version of request: GET /v2/images/003f9381-2de8-4ce2-a261-7ff381c0b841 Accept: */* {{(pid=99720) process_request /opt/stack/glance/glance/api/middleware/version_negotiation.py:44}}
Jul 22 05:28:56.704940 np0000005621 devstack@g-api.service[99720]: DEBUG glance.api.middleware.version_negotiation [None req-55be5466-1f8e-411d-b504-2ef61590c607 tempest-TestMinimumBasicScenario-1682130434 tempest-TestMinimumBasicScenario-1682130434-project-member] Using url versioning {{(pid=99720) process_request /opt/stack/glance/glance/api/middleware/version_negotiation.py:57}}
Jul 22 05:28:56.704940 np0000005621 devstack@g-api.service[99720]: DEBUG glance.api.middleware.version_negotiation [None req-55be5466-1f8e-411d-b504-2ef61590c607 tempest-TestMinimumBasicScenario-1682130434 tempest-TestMinimumBasicScenario-1682130434-project-member] Matched version: v2 {{(pid=99720) process_request /opt/stack/glance/glance/api/middleware/version_negotiation.py:69}}
Jul 22 05:28:56.704940 np0000005621 devstack@g-api.service[99720]: DEBUG glance.api.middleware.version_negotiation [None req-55be5466-1f8e-411d-b504-2ef61590c607 tempest-TestMinimumBasicScenario-1682130434 tempest-TestMinimumBasicScenario-1682130434-project-member] new path /v2/images/003f9381-2de8-4ce2-a261-7ff381c0b841 {{(pid=99720) process_request /opt/stack/glance/glance/api/middleware/version_negotiation.py:70}}
Jul 22 05:28:56.715754 np0000005621 devstack@g-api.service[99720]: [pid: 99720|app: 0|req: 107/314] 127.0.0.1 () {44 vars in 1111 bytes} [Wed Jul 22 05:28:56 2026] GET /v2/images/003f9381-2de8-4ce2-a261-7ff381c0b841 => generated 1044 bytes in 14 msecs (HTTP/1.1 200) 4 headers in 158 bytes (1 switches on core 0)
Jul 22 05:28:56.725923 np0000005621 devstack@g-api.service[99721]: DEBUG glance.api.middleware.version_negotiation [None req-c28516c7-db82-4926-8178-22db53e2e0ad tempest-ServerBootFromVolumeStableRescueTest-1927361056 tempest-ServerBootFromVolumeStableRescueTest-1927361056-project-member] Determining version of request: GET /v2/schemas/image Accept: */* {{(pid=99721) process_request /opt/stack/glance/glance/api/middleware/version_negotiation.py:44}}
Jul 22 05:28:56.726168 np0000005621 devstack@g-api.service[99721]: DEBUG glance.api.middleware.version_negotiation [None req-c28516c7-db82-4926-8178-22db53e2e0ad tempest-ServerBootFromVolumeStableRescueTest-1927361056 tempest-ServerBootFromVolumeStableRescueTest-1927361056-project-member] Using url versioning {{(pid=99721) process_request /opt/stack/glance/glance/api/middleware/version_negotiation.py:57}}
Jul 22 05:28:56.726306 np0000005621 devstack@g-api.service[99721]: DEBUG glance.api.middleware.version_negotiation [None req-c28516c7-db82-4926-8178-22db53e2e0ad tempest-ServerBootFromVolumeStableRescueTest-1927361056 tempest-ServerBootFromVolumeStableRescueTest-1927361056-project-member] Matched version: v2 {{(pid=99721) process_request /opt/stack/glance/glance/api/middleware/version_negotiation.py:69}}
Jul 22 05:28:56.726384 np0000005621 devstack@g-api.service[99721]: DEBUG glance.api.middleware.version_negotiation [None req-c28516c7-db82-4926-8178-22db53e2e0ad tempest-ServerBootFromVolumeStableRescueTest-1927361056 tempest-ServerBootFromVolumeStableRescueTest-1927361056-project-member] new path /v2/schemas/image {{(pid=99721) process_request /opt/stack/glance/glance/api/middleware/version_negotiation.py:70}}
Jul 22 05:28:56.730160 np0000005621 devstack@g-api.service[99721]: [pid: 99721|app: 0|req: 107/315] 127.0.0.1 () {44 vars in 1051 bytes} [Wed Jul 22 05:28:56 2026] GET /v2/schemas/image => generated 6083 bytes in 4 msecs (HTTP/1.1 200) 4 headers in 158 bytes (1 switches on core 0)
Jul 22 05:28:56.751595 np0000005621 devstack@g-api.service[99722]: DEBUG glance.api.middleware.version_negotiation [None req-c28516c7-db82-4926-8178-22db53e2e0ad service glance] Determining version of request: GET /v2/schemas/image Accept: */* {{(pid=99722) process_request /opt/stack/glance/glance/api/middleware/version_negotiation.py:44}}
Jul 22 05:28:56.751595 np0000005621 devstack@g-api.service[99722]: DEBUG glance.api.middleware.version_negotiation [None req-c28516c7-db82-4926-8178-22db53e2e0ad service glance] Using url versioning {{(pid=99722) process_request /opt/stack/glance/glance/api/middleware/version_negotiation.py:57}}
Jul 22 05:28:56.751595 np0000005621 devstack@g-api.service[99722]: DEBUG glance.api.middleware.version_negotiation [None req-c28516c7-db82-4926-8178-22db53e2e0ad service glance] Matched version: v2 {{(pid=99722) process_request /opt/stack/glance/glance/api/middleware/version_negotiation.py:69}}
Jul 22 05:28:56.751595 np0000005621 devstack@g-api.service[99722]: DEBUG glance.api.middleware.version_negotiation [None req-c28516c7-db82-4926-8178-22db53e2e0ad service glance] new path /v2/schemas/image {{(pid=99722) process_request /opt/stack/glance/glance/api/middleware/version_negotiation.py:70}}
Jul 22 05:28:56.756958 np0000005621 devstack@g-api.service[99722]: [pid: 99722|app: 0|req: 102/316] 127.0.0.1 () {44 vars in 1051 bytes} [Wed Jul 22 05:28:56 2026] GET /v2/schemas/image => generated 6083 bytes in 7 msecs (HTTP/1.1 200) 4 headers in 158 bytes (1 switches on core 0)
Jul 22 05:28:58.965819 np0000005621 devstack@g-api.service[99720]: DEBUG glance.api.middleware.version_negotiation [None req-c28516c7-db82-4926-8178-22db53e2e0ad tempest-ServerBootFromVolumeStableRescueTest-1927361056 tempest-ServerBootFromVolumeStableRescueTest-1927361056-project-member] Determining version of request: GET /v2/images/7e1687bb-ab98-474f-98e8-62fc55505a34 Accept: */* {{(pid=99720) process_request /opt/stack/glance/glance/api/middleware/version_negotiation.py:44}}
Jul 22 05:28:58.966291 np0000005621 devstack@g-api.service[99720]: DEBUG glance.api.middleware.version_negotiation [None req-c28516c7-db82-4926-8178-22db53e2e0ad tempest-ServerBootFromVolumeStableRescueTest-1927361056 tempest-ServerBootFromVolumeStableRescueTest-1927361056-project-member] Using url versioning {{(pid=99720) process_request /opt/stack/glance/glance/api/middleware/version_negotiation.py:57}}
Jul 22 05:28:58.967109 np0000005621 devstack@g-api.service[99720]: DEBUG glance.api.middleware.version_negotiation [None req-c28516c7-db82-4926-8178-22db53e2e0ad tempest-ServerBootFromVolumeStableRescueTest-1927361056 tempest-ServerBootFromVolumeStableRescueTest-1927361056-project-member] Matched version: v2 {{(pid=99720) process_request /opt/stack/glance/glance/api/middleware/version_negotiation.py:69}}
Jul 22 05:28:58.967546 np0000005621 devstack@g-api.service[99720]: DEBUG glance.api.middleware.version_negotiation [None req-c28516c7-db82-4926-8178-22db53e2e0ad tempest-ServerBootFromVolumeStableRescueTest-1927361056 tempest-ServerBootFromVolumeStableRescueTest-1927361056-project-member] new path /v2/images/7e1687bb-ab98-474f-98e8-62fc55505a34 {{(pid=99720) process_request /opt/stack/glance/glance/api/middleware/version_negotiation.py:70}}
Jul 22 05:28:58.987758 np0000005621 devstack@g-api.service[99720]: [pid: 99720|app: 0|req: 108/317] 127.0.0.1 () {44 vars in 1111 bytes} [Wed Jul 22 05:28:58 2026] GET /v2/images/7e1687bb-ab98-474f-98e8-62fc55505a34 => generated 811 bytes in 22 msecs (HTTP/1.1 200) 4 headers in 157 bytes (1 switches on core 0)
Jul 22 05:28:59.042697 np0000005621 devstack@g-api.service[99721]: DEBUG glance.api.middleware.version_negotiation [None req-c28516c7-db82-4926-8178-22db53e2e0ad tempest-ServerBootFromVolumeStableRescueTest-1927361056 tempest-ServerBootFromVolumeStableRescueTest-1927361056-project-member] Determining version of request: GET /v2/images/7e1687bb-ab98-474f-98e8-62fc55505a34/file Accept: */* {{(pid=99721) process_request /opt/stack/glance/glance/api/middleware/version_negotiation.py:44}}
Jul 22 05:28:59.043801 np0000005621 devstack@g-api.service[99721]: DEBUG glance.api.middleware.version_negotiation [None req-c28516c7-db82-4926-8178-22db53e2e0ad tempest-ServerBootFromVolumeStableRescueTest-1927361056 tempest-ServerBootFromVolumeStableRescueTest-1927361056-project-member] Using url versioning {{(pid=99721) process_request /opt/stack/glance/glance/api/middleware/version_negotiation.py:57}}
Jul 22 05:28:59.044703 np0000005621 devstack@g-api.service[99721]: DEBUG glance.api.middleware.version_negotiation [None req-c28516c7-db82-4926-8178-22db53e2e0ad tempest-ServerBootFromVolumeStableRescueTest-1927361056 tempest-ServerBootFromVolumeStableRescueTest-1927361056-project-member] Matched version: v2 {{(pid=99721) process_request /opt/stack/glance/glance/api/middleware/version_negotiation.py:69}}
Jul 22 05:28:59.045265 np0000005621 devstack@g-api.service[99721]: DEBUG glance.api.middleware.version_negotiation [None req-c28516c7-db82-4926-8178-22db53e2e0ad tempest-ServerBootFromVolumeStableRescueTest-1927361056 tempest-ServerBootFromVolumeStableRescueTest-1927361056-project-member] new path /v2/images/7e1687bb-ab98-474f-98e8-62fc55505a34/file {{(pid=99721) process_request /opt/stack/glance/glance/api/middleware/version_negotiation.py:70}}
Jul 22 05:28:59.059773 np0000005621 devstack@g-api.service[99721]: DEBUG glance_store.backend [None req-55be5466-1f8e-411d-b504-2ef61590c607 tempest-TestMinimumBasicScenario-1682130434 tempest-TestMinimumBasicScenario-1682130434-project-member] Attempting to import store swift {{(pid=99721) _load_store /opt/stack/data/venv/lib/python3.12/site-packages/glance_store/backend.py:215}}
