Jul 10 04:16:11.756423 np0000004949 devstack@g-api.service[99652]: DEBUG glance_store.backend [-] Registering store swift with schemes ('swift+https', 'swift', 'swift+http', 'swift+config') {{(pid=99652) create_stores /opt/stack/data/venv/lib/python3.12/site-packages/glance_store/backend.py:261}}
Jul 10 04:16:11.756520 np0000004949 devstack@g-api.service[99652]: DEBUG glance_store.driver [-] Late loading location class glance_store._drivers.swift.store.StoreLocation {{(pid=99652) get_store_location_class /opt/stack/data/venv/lib/python3.12/site-packages/glance_store/driver.py:134}}
Jul 10 04:16:11.756634 np0000004949 devstack@g-api.service[99652]: DEBUG glance_store.location [-] Registering scheme swift+https with {'store': , 'location_class': , 'store_entry': 'swift'} {{(pid=99652) register_scheme_map /opt/stack/data/venv/lib/python3.12/site-packages/glance_store/location.py:146}}
Jul 10 04:16:11.756732 np0000004949 devstack@g-api.service[99652]: DEBUG glance_store.location [-] Registering scheme swift with {'store': , 'location_class': , 'store_entry': 'swift'} {{(pid=99652) register_scheme_map /opt/stack/data/venv/lib/python3.12/site-packages/glance_store/location.py:146}}
Jul 10 04:16:11.756832 np0000004949 devstack@g-api.service[99652]: DEBUG glance_store.location [-] Registering scheme swift+http with {'store': , 'location_class': , 'store_entry': 'swift'} {{(pid=99652) register_scheme_map /opt/stack/data/venv/lib/python3.12/site-packages/glance_store/location.py:146}}
Jul 10 04:16:11.756926 np0000004949 devstack@g-api.service[99652]: DEBUG glance_store.location [-] Registering scheme swift+config with {'store': , 'location_class': , 'store_entry': 'swift'} {{(pid=99652) register_scheme_map /opt/stack/data/venv/lib/python3.12/site-packages/glance_store/location.py:146}}
Jul 10 04:16:11.757034 np0000004949 devstack@g-api.service[99652]: DEBUG glance_store.backend [-] Attempting to import store file {{(pid=99652) _load_store /opt/stack/data/venv/lib/python3.12/site-packages/glance_store/backend.py:215}}
Jul 10 04:16:11.757616 np0000004949 devstack@g-api.service[99652]: DEBUG glance_store.capabilities [-] Store glance_store._drivers.filesystem.Store doesn't support updating dynamic storage capabilities. Please overwrite 'update_capabilities' method of the store to implement updating logics if needed. {{(pid=99652) update_capabilities /opt/stack/data/venv/lib/python3.12/site-packages/glance_store/capabilities.py:91}}
Jul 10 04:16:11.757681 np0000004949 devstack@g-api.service[99652]: DEBUG glance_store.backend [-] Registering store file with schemes ('file', 'filesystem') {{(pid=99652) create_stores /opt/stack/data/venv/lib/python3.12/site-packages/glance_store/backend.py:261}}
Jul 10 04:16:11.757746 np0000004949 devstack@g-api.service[99652]: DEBUG glance_store.driver [-] Late loading location class glance_store._drivers.filesystem.StoreLocation {{(pid=99652) get_store_location_class /opt/stack/data/venv/lib/python3.12/site-packages/glance_store/driver.py:134}}
Jul 10 04:16:11.757794 np0000004949 devstack@g-api.service[99652]: DEBUG glance_store.location [-] Registering scheme file with {'store': , 'location_class': , 'store_entry': 'file'} {{(pid=99652) register_scheme_map /opt/stack/data/venv/lib/python3.12/site-packages/glance_store/location.py:146}}
Jul 10 04:16:11.757837 np0000004949 devstack@g-api.service[99652]: DEBUG glance_store.location [-] Registering scheme filesystem with {'store': , 'location_class': , 'store_entry': 'file'} {{(pid=99652) register_scheme_map /opt/stack/data/venv/lib/python3.12/site-packages/glance_store/location.py:146}}
Jul 10 04:16:11.757962 np0000004949 devstack@g-api.service[99652]: DEBUG glance_store.backend [-] Attempting to import store swift {{(pid=99652) _load_store /opt/stack/data/venv/lib/python3.12/site-packages/glance_store/backend.py:215}}
Jul 10 04:16:11.759028 np0000004949 devstack@g-api.service[99652]: DEBUG glance_store.capabilities [-] Store glance_store._drivers.swift.store.SingleTenantStore doesn't support updating dynamic storage capabilities. Please overwrite 'update_capabilities' method of the store to implement updating logics if needed. {{(pid=99652) update_capabilities /opt/stack/data/venv/lib/python3.12/site-packages/glance_store/capabilities.py:91}}
Jul 10 04:16:11.759091 np0000004949 devstack@g-api.service[99652]: DEBUG glance_store.driver [-] Late loading location class glance_store._drivers.swift.store.StoreLocation {{(pid=99652) get_store_location_class /opt/stack/data/venv/lib/python3.12/site-packages/glance_store/driver.py:134}}
Jul 10 04:16:11.759154 np0000004949 devstack@g-api.service[99652]: DEBUG glance_store.location [-] Registering scheme swift+https with {'store': , 'location_class': , 'store_entry': 'swift'} {{(pid=99652) register_scheme_map /opt/stack/data/venv/lib/python3.12/site-packages/glance_store/location.py:146}}
Jul 10 04:16:11.759234 np0000004949 devstack@g-api.service[99652]: DEBUG glance_store.location [-] Registering scheme swift+https with {'store': , 'location_class': , 'store_entry': 'swift'} {{(pid=99652) register_scheme_map /opt/stack/data/venv/lib/python3.12/site-packages/glance_store/location.py:146}}
Jul 10 04:16:11.759288 np0000004949 devstack@g-api.service[99652]: DEBUG glance_store.location [-] Registering scheme swift with {'store': , 'location_class': , 'store_entry': 'swift'} {{(pid=99652) register_scheme_map /opt/stack/data/venv/lib/python3.12/site-packages/glance_store/location.py:146}}
Jul 10 04:16:11.759338 np0000004949 devstack@g-api.service[99652]: DEBUG glance_store.location [-] Registering scheme swift+https with {'store': , 'location_class': , 'store_entry': 'swift'} {{(pid=99652) register_scheme_map /opt/stack/data/venv/lib/python3.12/site-packages/glance_store/location.py:146}}
Jul 10 04:16:11.759387 np0000004949 devstack@g-api.service[99652]: DEBUG glance_store.location [-] Registering scheme swift with {'store': , 'location_class': , 'store_entry': 'swift'} {{(pid=99652) register_scheme_map /opt/stack/data/venv/lib/python3.12/site-packages/glance_store/location.py:146}}
Jul 10 04:16:11.759438 np0000004949 devstack@g-api.service[99652]: DEBUG glance_store.location [-] Registering scheme swift+http with {'store': , 'location_class': , 'store_entry': 'swift'} {{(pid=99652) register_scheme_map /opt/stack/data/venv/lib/python3.12/site-packages/glance_store/location.py:146}}
Jul 10 04:16:11.759468 np0000004949 devstack@g-api.service[99652]: DEBUG glance_store.location [-] Registering scheme swift+https with {'store': , 'location_class': , 'store_entry': 'swift'} {{(pid=99652) register_scheme_map /opt/stack/data/venv/lib/python3.12/site-packages/glance_store/location.py:146}}
Jul 10 04:16:11.759520 np0000004949 devstack@g-api.service[99652]: DEBUG glance_store.location [-] Registering scheme swift with {'store': , 'location_class': , 'store_entry': 'swift'} {{(pid=99652) register_scheme_map /opt/stack/data/venv/lib/python3.12/site-packages/glance_store/location.py:146}}
Jul 10 04:16:11.759586 np0000004949 devstack@g-api.service[99652]: DEBUG glance_store.location [-] Registering scheme swift+http with {'store': , 'location_class': , 'store_entry': 'swift'} {{(pid=99652) register_scheme_map /opt/stack/data/venv/lib/python3.12/site-packages/glance_store/location.py:146}}
Jul 10 04:16:11.759653 np0000004949 devstack@g-api.service[99652]: DEBUG glance_store.location [-] Registering scheme swift+config with {'store': , 'location_class': , 'store_entry': 'swift'} {{(pid=99652) register_scheme_map /opt/stack/data/venv/lib/python3.12/site-packages/glance_store/location.py:146}}
Jul 10 04:16:11.759883 np0000004949 devstack@g-api.service[99652]: DEBUG glance.sqlite_migration [-] SQLite caching database not located, skipping migration {{(pid=99652) get_db_path /opt/stack/glance/glance/sqlite_migration.py:68}}
Jul 10 04:16:11.760084 np0000004949 devstack@g-api.service[99652]: WARNING glance.common.wsgi_app [-] Import methods are enabled but staging directory /tmp/staging/ does not exist; Imports will fail!
Jul 10 04:16:11.886185 np0000004949 devstack@g-api.service[99653]: DEBUG glance.common.config [None req-96d188b5-66ab-4716-ae85-f74f3d34bfde None None] Loading glance-api-keystone+cachemanagement from /etc/glance/glance-api-paste.ini {{(pid=99653) load_paste_app /opt/stack/glance/glance/common/config.py:765}}
Jul 10 04:16:11.896740 np0000004949 devstack@g-api.service[99654]: DEBUG glance.common.config [None req-cb7d4969-e82e-4d25-8022-6390f9b66e8f None None] Loading glance-api-keystone+cachemanagement from /etc/glance/glance-api-paste.ini {{(pid=99654) load_paste_app /opt/stack/glance/glance/common/config.py:765}}
Jul 10 04:16:11.913013 np0000004949 devstack@g-api.service[99652]: DEBUG glance.common.config [None req-d17b5b30-4ff9-4964-b639-360ab5757adc None None] Loading glance-api-keystone+cachemanagement from /etc/glance/glance-api-paste.ini {{(pid=99652) load_paste_app /opt/stack/glance/glance/common/config.py:765}}
Jul 10 04:16:12.512997 np0000004949 devstack@g-api.service[99653]: INFO glance.image_cache [None req-96d188b5-66ab-4716-ae85-f74f3d34bfde None None] Image cache loaded driver 'centralized_db'.
Jul 10 04:16:12.517682 np0000004949 devstack@g-api.service[99652]: INFO glance.image_cache [None req-d17b5b30-4ff9-4964-b639-360ab5757adc None None] Image cache loaded driver 'centralized_db'.
Jul 10 04:16:12.517788 np0000004949 devstack@g-api.service[99654]: INFO glance.image_cache [None req-cb7d4969-e82e-4d25-8022-6390f9b66e8f None None] Image cache loaded driver 'centralized_db'.
Jul 10 04:16:12.556388 np0000004949 devstack@g-api.service[99653]: INFO dbcounter [None req-96d188b5-66ab-4716-ae85-f74f3d34bfde None None] Registered counter for database glance
Jul 10 04:16:12.562925 np0000004949 devstack@g-api.service[99654]: INFO dbcounter [None req-cb7d4969-e82e-4d25-8022-6390f9b66e8f None None] Registered counter for database glance
Jul 10 04:16:12.563492 np0000004949 devstack@g-api.service[99652]: INFO dbcounter [None req-d17b5b30-4ff9-4964-b639-360ab5757adc None None] Registered counter for database glance
Jul 10 04:16:12.597158 np0000004949 devstack@g-api.service[99653]: DEBUG oslo_db.sqlalchemy.engines [None req-96d188b5-66ab-4716-ae85-f74f3d34bfde None None] MySQL server mode set to STRICT_TRANS_TABLES,STRICT_ALL_TABLES,NO_ZERO_IN_DATE,NO_ZERO_DATE,ERROR_FOR_DIVISION_BY_ZERO,TRADITIONAL,NO_ENGINE_SUBSTITUTION {{(pid=99653) _check_effective_sql_mode /opt/stack/data/venv/lib/python3.12/site-packages/oslo_db/sqlalchemy/engines.py:325}}
Jul 10 04:16:12.604379 np0000004949 devstack@g-api.service[99654]: DEBUG oslo_db.sqlalchemy.engines [None req-cb7d4969-e82e-4d25-8022-6390f9b66e8f None None] MySQL server mode set to STRICT_TRANS_TABLES,STRICT_ALL_TABLES,NO_ZERO_IN_DATE,NO_ZERO_DATE,ERROR_FOR_DIVISION_BY_ZERO,TRADITIONAL,NO_ENGINE_SUBSTITUTION {{(pid=99654) _check_effective_sql_mode /opt/stack/data/venv/lib/python3.12/site-packages/oslo_db/sqlalchemy/engines.py:325}}
Jul 10 04:16:12.607600 np0000004949 devstack@g-api.service[99652]: DEBUG oslo_db.sqlalchemy.engines [None req-d17b5b30-4ff9-4964-b639-360ab5757adc None None] MySQL server mode set to STRICT_TRANS_TABLES,STRICT_ALL_TABLES,NO_ZERO_IN_DATE,NO_ZERO_DATE,ERROR_FOR_DIVISION_BY_ZERO,TRADITIONAL,NO_ENGINE_SUBSTITUTION {{(pid=99652) _check_effective_sql_mode /opt/stack/data/venv/lib/python3.12/site-packages/oslo_db/sqlalchemy/engines.py:325}}
Jul 10 04:16:12.618066 np0000004949 devstack@g-api.service[99653]: DEBUG dbcounter [-] [99653] Writer thread running {{(pid=99653) stat_writer /opt/stack/data/venv/lib/python3.12/site-packages/dbcounter.py:102}}
Jul 10 04:16:12.628894 np0000004949 devstack@g-api.service[99654]: DEBUG dbcounter [-] [99654] Writer thread running {{(pid=99654) stat_writer /opt/stack/data/venv/lib/python3.12/site-packages/dbcounter.py:102}}
Jul 10 04:16:12.630221 np0000004949 devstack@g-api.service[99653]: INFO glance.image_cache [None req-96d188b5-66ab-4716-ae85-f74f3d34bfde None None] Image cache loaded driver 'centralized_db'.
Jul 10 04:16:12.630797 np0000004949 devstack@g-api.service[99652]: DEBUG dbcounter [-] [99652] Writer thread running {{(pid=99652) stat_writer /opt/stack/data/venv/lib/python3.12/site-packages/dbcounter.py:102}}
Jul 10 04:16:12.631751 np0000004949 devstack@g-api.service[99654]: DEBUG glance.image_cache.drivers.centralized_db [None req-cb7d4969-e82e-4d25-8022-6390f9b66e8f None None] Node reference is already recorded, ignoring it {{(pid=99654) configure /opt/stack/glance/glance/image_cache/drivers/centralized_db.py:71}}
Jul 10 04:16:12.633131 np0000004949 devstack@g-api.service[99652]: DEBUG glance.image_cache.drivers.centralized_db [None req-d17b5b30-4ff9-4964-b639-360ab5757adc None None] Node reference is already recorded, ignoring it {{(pid=99652) configure /opt/stack/glance/glance/image_cache/drivers/centralized_db.py:71}}
Jul 10 04:16:12.638370 np0000004949 devstack@g-api.service[99652]: INFO glance.image_cache [None req-d17b5b30-4ff9-4964-b639-360ab5757adc None None] Image cache loaded driver 'centralized_db'.
Jul 10 04:16:12.639675 np0000004949 devstack@g-api.service[99654]: INFO glance.image_cache [None req-cb7d4969-e82e-4d25-8022-6390f9b66e8f None None] Image cache loaded driver 'centralized_db'.
Jul 10 04:16:12.646375 np0000004949 devstack@g-api.service[99652]: DEBUG glance.image_cache.drivers.centralized_db [None req-d17b5b30-4ff9-4964-b639-360ab5757adc None None] Node reference is already recorded, ignoring it {{(pid=99652) configure /opt/stack/glance/glance/image_cache/drivers/centralized_db.py:71}}
Jul 10 04:16:12.726450 np0000004949 devstack@g-api.service[99653]: DEBUG glance.image_cache.drivers.centralized_db [None req-96d188b5-66ab-4716-ae85-f74f3d34bfde None None] Node reference is already recorded, ignoring it {{(pid=99653) configure /opt/stack/glance/glance/image_cache/drivers/centralized_db.py:71}}
Jul 10 04:16:12.731117 np0000004949 devstack@g-api.service[99653]: DEBUG glance.api.v2.cached_images [None req-96d188b5-66ab-4716-ae85-f74f3d34bfde None None] Started cache worker thread {{(pid=99653) __init__ /opt/stack/glance/glance/api/v2/cached_images.py:71}}
Jul 10 04:16:12.731714 np0000004949 devstack@g-api.service[99653]: INFO glance.image_cache [None req-96d188b5-66ab-4716-ae85-f74f3d34bfde None None] Image cache loaded driver 'centralized_db'.
Jul 10 04:16:12.737607 np0000004949 devstack@g-api.service[99653]: DEBUG glance.image_cache.drivers.centralized_db [None req-96d188b5-66ab-4716-ae85-f74f3d34bfde None None] Node reference is already recorded, ignoring it {{(pid=99653) configure /opt/stack/glance/glance/image_cache/drivers/centralized_db.py:71}}
Jul 10 04:16:12.739930 np0000004949 devstack@g-api.service[99652]: DEBUG glance.api.v2.cached_images [None req-d17b5b30-4ff9-4964-b639-360ab5757adc None None] Started cache worker thread {{(pid=99652) __init__ /opt/stack/glance/glance/api/v2/cached_images.py:71}}
Jul 10 04:16:12.740726 np0000004949 devstack@g-api.service[99652]: INFO glance.image_cache [None req-d17b5b30-4ff9-4964-b639-360ab5757adc None None] Image cache loaded driver 'centralized_db'.
Jul 10 04:16:12.741780 np0000004949 devstack@g-api.service[99653]: INFO glance.api.middleware.cache_manage [None req-96d188b5-66ab-4716-ae85-f74f3d34bfde None None] Initialized image cache management middleware
Jul 10 04:16:12.741915 np0000004949 devstack@g-api.service[99653]: INFO glance.image_cache [None req-96d188b5-66ab-4716-ae85-f74f3d34bfde None None] Image cache loaded driver 'centralized_db'.
Jul 10 04:16:12.748129 np0000004949 devstack@g-api.service[99653]: DEBUG glance.image_cache.drivers.centralized_db [None req-96d188b5-66ab-4716-ae85-f74f3d34bfde None None] Node reference is already recorded, ignoring it {{(pid=99653) configure /opt/stack/glance/glance/image_cache/drivers/centralized_db.py:71}}
Jul 10 04:16:12.748488 np0000004949 devstack@g-api.service[99652]: DEBUG glance.image_cache.drivers.centralized_db [None req-d17b5b30-4ff9-4964-b639-360ab5757adc None None] Node reference is already recorded, ignoring it {{(pid=99652) configure /opt/stack/glance/glance/image_cache/drivers/centralized_db.py:71}}
Jul 10 04:16:12.750742 np0000004949 devstack@g-api.service[99654]: DEBUG glance.image_cache.drivers.centralized_db [None req-cb7d4969-e82e-4d25-8022-6390f9b66e8f None None] Node reference is already recorded, ignoring it {{(pid=99654) configure /opt/stack/glance/glance/image_cache/drivers/centralized_db.py:71}}
Jul 10 04:16:12.751592 np0000004949 devstack@g-api.service[99653]: INFO glance.api.middleware.cache [None req-96d188b5-66ab-4716-ae85-f74f3d34bfde None None] Initialized image cache middleware
Jul 10 04:16:12.754299 np0000004949 devstack@g-api.service[99652]: INFO glance.api.middleware.cache_manage [None req-d17b5b30-4ff9-4964-b639-360ab5757adc None None] Initialized image cache management middleware
Jul 10 04:16:12.754491 np0000004949 devstack@g-api.service[99652]: INFO glance.image_cache [None req-d17b5b30-4ff9-4964-b639-360ab5757adc None None] Image cache loaded driver 'centralized_db'.
Jul 10 04:16:12.755717 np0000004949 devstack@g-api.service[99654]: DEBUG glance.api.v2.cached_images [None req-cb7d4969-e82e-4d25-8022-6390f9b66e8f None None] Started cache worker thread {{(pid=99654) __init__ /opt/stack/glance/glance/api/v2/cached_images.py:71}}
Jul 10 04:16:12.756498 np0000004949 devstack@g-api.service[99654]: INFO glance.image_cache [None req-cb7d4969-e82e-4d25-8022-6390f9b66e8f None None] Image cache loaded driver 'centralized_db'.
Jul 10 04:16:12.762686 np0000004949 devstack@g-api.service[99652]: DEBUG glance.image_cache.drivers.centralized_db [None req-d17b5b30-4ff9-4964-b639-360ab5757adc None None] Node reference is already recorded, ignoring it {{(pid=99652) configure /opt/stack/glance/glance/image_cache/drivers/centralized_db.py:71}}
Jul 10 04:16:12.762774 np0000004949 devstack@g-api.service[99653]: DEBUG glance.common.config [None req-96d188b5-66ab-4716-ae85-f74f3d34bfde None None] ******************************************************************************** {{(pid=99653) log_opt_values /opt/stack/data/venv/lib/python3.12/site-packages/oslo_config/cfg.py:3226}}
Jul 10 04:16:12.762820 np0000004949 devstack@g-api.service[99653]: DEBUG glance.common.config [None req-96d188b5-66ab-4716-ae85-f74f3d34bfde None None] Configuration options gathered from: {{(pid=99653) log_opt_values /opt/stack/data/venv/lib/python3.12/site-packages/oslo_config/cfg.py:3227}}
Jul 10 04:16:12.763120 np0000004949 devstack@g-api.service[99653]: DEBUG glance.common.config [None req-96d188b5-66ab-4716-ae85-f74f3d34bfde None None] command line args: [] {{(pid=99653) log_opt_values /opt/stack/data/venv/lib/python3.12/site-packages/oslo_config/cfg.py:3228}}
Jul 10 04:16:12.763255 np0000004949 devstack@g-api.service[99653]: DEBUG glance.common.config [None req-96d188b5-66ab-4716-ae85-f74f3d34bfde None None] config files: ['/etc/glance/glance-image-import.conf', '/etc/glance/glance-api.conf'] {{(pid=99653) log_opt_values /opt/stack/data/venv/lib/python3.12/site-packages/oslo_config/cfg.py:3229}}
Jul 10 04:16:12.763525 np0000004949 devstack@g-api.service[99653]: DEBUG glance.common.config [None req-96d188b5-66ab-4716-ae85-f74f3d34bfde None None] ================================================================================ {{(pid=99653) log_opt_values /opt/stack/data/venv/lib/python3.12/site-packages/oslo_config/cfg.py:3234}}
Jul 10 04:16:12.763525 np0000004949 devstack@g-api.service[99653]: DEBUG glance.common.config [None req-96d188b5-66ab-4716-ae85-f74f3d34bfde None None] allow_anonymous_access = False {{(pid=99653) log_opt_values /opt/stack/data/venv/lib/python3.12/site-packages/oslo_config/cfg.py:3242}}
Jul 10 04:16:12.763525 np0000004949 devstack@g-api.service[99653]: DEBUG glance.common.config [None req-96d188b5-66ab-4716-ae85-f74f3d34bfde None None] api_limit_max = 1000 {{(pid=99653) log_opt_values /opt/stack/data/venv/lib/python3.12/site-packages/oslo_config/cfg.py:3242}}
Jul 10 04:16:12.763649 np0000004949 devstack@g-api.service[99653]: DEBUG glance.common.config [None req-96d188b5-66ab-4716-ae85-f74f3d34bfde None None] config_dir = [] {{(pid=99653) log_opt_values /opt/stack/data/venv/lib/python3.12/site-packages/oslo_config/cfg.py:3242}}
Jul 10 04:16:12.763711 np0000004949 devstack@g-api.service[99653]: DEBUG glance.common.config [None req-96d188b5-66ab-4716-ae85-f74f3d34bfde None None] config_file = ['/etc/glance/glance-image-import.conf', '/etc/glance/glance-api.conf'] {{(pid=99653) log_opt_values /opt/stack/data/venv/lib/python3.12/site-packages/oslo_config/cfg.py:3242}}
Jul 10 04:16:12.763814 np0000004949 devstack@g-api.service[99653]: DEBUG glance.common.config [None req-96d188b5-66ab-4716-ae85-f74f3d34bfde None None] config_source = [] {{(pid=99653) log_opt_values /opt/stack/data/venv/lib/python3.12/site-packages/oslo_config/cfg.py:3242}}
Jul 10 04:16:12.763905 np0000004949 devstack@g-api.service[99653]: DEBUG glance.common.config [None req-96d188b5-66ab-4716-ae85-f74f3d34bfde None None] control_exchange = glance {{(pid=99653) log_opt_values /opt/stack/data/venv/lib/python3.12/site-packages/oslo_config/cfg.py:3242}}
Jul 10 04:16:12.763983 np0000004949 devstack@g-api.service[99653]: DEBUG glance.common.config [None req-96d188b5-66ab-4716-ae85-f74f3d34bfde None None] debug = True {{(pid=99653) log_opt_values /opt/stack/data/venv/lib/python3.12/site-packages/oslo_config/cfg.py:3242}}
Jul 10 04:16:12.764139 np0000004949 devstack@g-api.service[99653]: DEBUG glance.common.config [None req-96d188b5-66ab-4716-ae85-f74f3d34bfde None None] default_log_levels = ['amqp=WARN', 'boto=WARN', 'sqlalchemy=WARN', 'suds=INFO', 'oslo.messaging=INFO', 'oslo_messaging=INFO', 'iso8601=WARN', 'requests.packages.urllib3.connectionpool=WARN', 'urllib3.connectionpool=WARN', 'websocket=WARN', 'requests.packages.urllib3.util.retry=WARN', 'urllib3.util.retry=WARN', 'keystonemiddleware=WARN', 'routes.middleware=WARN', 'stevedore=WARN', 'taskflow=WARN', 'keystoneauth=WARN', 'oslo.cache=INFO', 'oslo_policy=INFO', 'dogpile.core.dogpile=INFO'] {{(pid=99653) log_opt_values /opt/stack/data/venv/lib/python3.12/site-packages/oslo_config/cfg.py:3242}}
Jul 10 04:16:12.764258 np0000004949 devstack@g-api.service[99653]: DEBUG glance.common.config [None req-96d188b5-66ab-4716-ae85-f74f3d34bfde None None] default_publisher_id = image.localhost {{(pid=99653) log_opt_values /opt/stack/data/venv/lib/python3.12/site-packages/oslo_config/cfg.py:3242}}
Jul 10 04:16:12.764336 np0000004949 devstack@g-api.service[99653]: DEBUG glance.common.config [None req-96d188b5-66ab-4716-ae85-f74f3d34bfde None None] delayed_delete = False {{(pid=99653) log_opt_values /opt/stack/data/venv/lib/python3.12/site-packages/oslo_config/cfg.py:3242}}
Jul 10 04:16:12.764439 np0000004949 devstack@g-api.service[99653]: DEBUG glance.common.config [None req-96d188b5-66ab-4716-ae85-f74f3d34bfde None None] digest_algorithm = sha256 {{(pid=99653) log_opt_values /opt/stack/data/venv/lib/python3.12/site-packages/oslo_config/cfg.py:3242}}
Jul 10 04:16:12.764540 np0000004949 devstack@g-api.service[99653]: DEBUG glance.common.config [None req-96d188b5-66ab-4716-ae85-f74f3d34bfde None None] disabled_notifications = [] {{(pid=99653) log_opt_values /opt/stack/data/venv/lib/python3.12/site-packages/oslo_config/cfg.py:3242}}
Jul 10 04:16:12.764628 np0000004949 devstack@g-api.service[99653]: DEBUG glance.common.config [None req-96d188b5-66ab-4716-ae85-f74f3d34bfde None None] do_secure_hash = True {{(pid=99653) log_opt_values /opt/stack/data/venv/lib/python3.12/site-packages/oslo_config/cfg.py:3242}}
Jul 10 04:16:12.764735 np0000004949 devstack@g-api.service[99653]: DEBUG glance.common.config [None req-96d188b5-66ab-4716-ae85-f74f3d34bfde None None] enabled_backends = None {{(pid=99653) log_opt_values /opt/stack/data/venv/lib/python3.12/site-packages/oslo_config/cfg.py:3242}}
Jul 10 04:16:12.764828 np0000004949 devstack@g-api.service[99654]: DEBUG glance.image_cache.drivers.centralized_db [None req-cb7d4969-e82e-4d25-8022-6390f9b66e8f None None] Node reference is already recorded, ignoring it {{(pid=99654) configure /opt/stack/glance/glance/image_cache/drivers/centralized_db.py:71}}
Jul 10 04:16:12.764872 np0000004949 devstack@g-api.service[99653]: DEBUG glance.common.config [None req-96d188b5-66ab-4716-ae85-f74f3d34bfde None None] enabled_import_methods = ['glance-direct', 'web-download', 'copy-image'] {{(pid=99653) log_opt_values /opt/stack/data/venv/lib/python3.12/site-packages/oslo_config/cfg.py:3242}}
Jul 10 04:16:12.764945 np0000004949 devstack@g-api.service[99653]: DEBUG glance.common.config [None req-96d188b5-66ab-4716-ae85-f74f3d34bfde None None] fatal_deprecations = False {{(pid=99653) log_opt_values /opt/stack/data/venv/lib/python3.12/site-packages/oslo_config/cfg.py:3242}}
Jul 10 04:16:12.765044 np0000004949 devstack@g-api.service[99653]: DEBUG glance.common.config [None req-96d188b5-66ab-4716-ae85-f74f3d34bfde None None] hashing_algorithm = sha512 {{(pid=99653) log_opt_values /opt/stack/data/venv/lib/python3.12/site-packages/oslo_config/cfg.py:3242}}
Jul 10 04:16:12.765132 np0000004949 devstack@g-api.service[99653]: DEBUG glance.common.config [None req-96d188b5-66ab-4716-ae85-f74f3d34bfde None None] http_retries = 3 {{(pid=99653) log_opt_values /opt/stack/data/venv/lib/python3.12/site-packages/oslo_config/cfg.py:3242}}
Jul 10 04:16:12.765241 np0000004949 devstack@g-api.service[99653]: DEBUG glance.common.config [None req-96d188b5-66ab-4716-ae85-f74f3d34bfde None None] image_cache_dir = /opt/stack/data/glance/cache/ {{(pid=99653) log_opt_values /opt/stack/data/venv/lib/python3.12/site-packages/oslo_config/cfg.py:3242}}
Jul 10 04:16:12.765336 np0000004949 devstack@g-api.service[99653]: DEBUG glance.common.config [None req-96d188b5-66ab-4716-ae85-f74f3d34bfde None None] image_cache_driver = centralized_db {{(pid=99653) log_opt_values /opt/stack/data/venv/lib/python3.12/site-packages/oslo_config/cfg.py:3242}}
Jul 10 04:16:12.765455 np0000004949 devstack@g-api.service[99653]: DEBUG glance.common.config [None req-96d188b5-66ab-4716-ae85-f74f3d34bfde None None] image_cache_max_size = 10737418240 {{(pid=99653) log_opt_values /opt/stack/data/venv/lib/python3.12/site-packages/oslo_config/cfg.py:3242}}
Jul 10 04:16:12.765542 np0000004949 devstack@g-api.service[99653]: DEBUG glance.common.config [None req-96d188b5-66ab-4716-ae85-f74f3d34bfde None None] image_cache_sqlite_db = cache.db {{(pid=99653) log_opt_values /opt/stack/data/venv/lib/python3.12/site-packages/oslo_config/cfg.py:3242}}
Jul 10 04:16:12.765630 np0000004949 devstack@g-api.service[99653]: DEBUG glance.common.config [None req-96d188b5-66ab-4716-ae85-f74f3d34bfde None None] image_cache_stall_time = 86400 {{(pid=99653) log_opt_values /opt/stack/data/venv/lib/python3.12/site-packages/oslo_config/cfg.py:3242}}
Jul 10 04:16:12.765733 np0000004949 devstack@g-api.service[99653]: DEBUG glance.common.config [None req-96d188b5-66ab-4716-ae85-f74f3d34bfde None None] image_location_quota = 10 {{(pid=99653) log_opt_values /opt/stack/data/venv/lib/python3.12/site-packages/oslo_config/cfg.py:3242}}
Jul 10 04:16:12.765817 np0000004949 devstack@g-api.service[99653]: DEBUG glance.common.config [None req-96d188b5-66ab-4716-ae85-f74f3d34bfde None None] image_member_quota = 128 {{(pid=99653) log_opt_values /opt/stack/data/venv/lib/python3.12/site-packages/oslo_config/cfg.py:3242}}
Jul 10 04:16:12.765903 np0000004949 devstack@g-api.service[99653]: DEBUG glance.common.config [None req-96d188b5-66ab-4716-ae85-f74f3d34bfde None None] image_property_quota = 128 {{(pid=99653) log_opt_values /opt/stack/data/venv/lib/python3.12/site-packages/oslo_config/cfg.py:3242}}
Jul 10 04:16:12.766001 np0000004949 devstack@g-api.service[99653]: DEBUG glance.common.config [None req-96d188b5-66ab-4716-ae85-f74f3d34bfde None None] image_size_cap = 1099511627776 {{(pid=99653) log_opt_values /opt/stack/data/venv/lib/python3.12/site-packages/oslo_config/cfg.py:3242}}
Jul 10 04:16:12.766088 np0000004949 devstack@g-api.service[99653]: DEBUG glance.common.config [None req-96d188b5-66ab-4716-ae85-f74f3d34bfde None None] image_tag_quota = 128 {{(pid=99653) log_opt_values /opt/stack/data/venv/lib/python3.12/site-packages/oslo_config/cfg.py:3242}}
Jul 10 04:16:12.766177 np0000004949 devstack@g-api.service[99653]: DEBUG glance.common.config [None req-96d188b5-66ab-4716-ae85-f74f3d34bfde None None] instance_format = [instance: %(uuid)s] {{(pid=99653) log_opt_values /opt/stack/data/venv/lib/python3.12/site-packages/oslo_config/cfg.py:3242}}
Jul 10 04:16:12.766289 np0000004949 devstack@g-api.service[99653]: DEBUG glance.common.config [None req-96d188b5-66ab-4716-ae85-f74f3d34bfde None None] instance_uuid_format = [instance: %(uuid)s] {{(pid=99653) log_opt_values /opt/stack/data/venv/lib/python3.12/site-packages/oslo_config/cfg.py:3242}}
Jul 10 04:16:12.766377 np0000004949 devstack@g-api.service[99653]: DEBUG glance.common.config [None req-96d188b5-66ab-4716-ae85-f74f3d34bfde None None] limit_param_default = 25 {{(pid=99653) log_opt_values /opt/stack/data/venv/lib/python3.12/site-packages/oslo_config/cfg.py:3242}}
Jul 10 04:16:12.766503 np0000004949 devstack@g-api.service[99653]: DEBUG glance.common.config [None req-96d188b5-66ab-4716-ae85-f74f3d34bfde None None] log_color = False {{(pid=99653) log_opt_values /opt/stack/data/venv/lib/python3.12/site-packages/oslo_config/cfg.py:3242}}
Jul 10 04:16:12.766601 np0000004949 devstack@g-api.service[99653]: DEBUG glance.common.config [None req-96d188b5-66ab-4716-ae85-f74f3d34bfde None None] log_config_append = None {{(pid=99653) log_opt_values /opt/stack/data/venv/lib/python3.12/site-packages/oslo_config/cfg.py:3242}}
Jul 10 04:16:12.766709 np0000004949 devstack@g-api.service[99653]: DEBUG glance.common.config [None req-96d188b5-66ab-4716-ae85-f74f3d34bfde None None] log_date_format = %Y-%m-%d %H:%M:%S {{(pid=99653) log_opt_values /opt/stack/data/venv/lib/python3.12/site-packages/oslo_config/cfg.py:3242}}
Jul 10 04:16:12.766801 np0000004949 devstack@g-api.service[99653]: DEBUG glance.common.config [None req-96d188b5-66ab-4716-ae85-f74f3d34bfde None None] log_dir = None {{(pid=99653) log_opt_values /opt/stack/data/venv/lib/python3.12/site-packages/oslo_config/cfg.py:3242}}
Jul 10 04:16:12.766886 np0000004949 devstack@g-api.service[99653]: DEBUG glance.common.config [None req-96d188b5-66ab-4716-ae85-f74f3d34bfde None None] log_file = None {{(pid=99653) log_opt_values /opt/stack/data/venv/lib/python3.12/site-packages/oslo_config/cfg.py:3242}}
Jul 10 04:16:12.766980 np0000004949 devstack@g-api.service[99653]: DEBUG glance.common.config [None req-96d188b5-66ab-4716-ae85-f74f3d34bfde None None] log_rotate_interval = 1 {{(pid=99653) log_opt_values /opt/stack/data/venv/lib/python3.12/site-packages/oslo_config/cfg.py:3242}}
Jul 10 04:16:12.767074 np0000004949 devstack@g-api.service[99653]: DEBUG glance.common.config [None req-96d188b5-66ab-4716-ae85-f74f3d34bfde None None] log_rotate_interval_type = days {{(pid=99653) log_opt_values /opt/stack/data/venv/lib/python3.12/site-packages/oslo_config/cfg.py:3242}}
Jul 10 04:16:12.767160 np0000004949 devstack@g-api.service[99652]: INFO glance.api.middleware.cache [None req-d17b5b30-4ff9-4964-b639-360ab5757adc None None] Initialized image cache middleware
Jul 10 04:16:12.767217 np0000004949 devstack@g-api.service[99653]: DEBUG glance.common.config [None req-96d188b5-66ab-4716-ae85-f74f3d34bfde None None] log_rotation_type = none {{(pid=99653) log_opt_values /opt/stack/data/venv/lib/python3.12/site-packages/oslo_config/cfg.py:3242}}
Jul 10 04:16:12.767256 np0000004949 devstack@g-api.service[99653]: DEBUG glance.common.config [None req-96d188b5-66ab-4716-ae85-f74f3d34bfde None None] logging_context_format_string = %(color)s%(levelname)s %(name)s [%(global_request_id)s %(request_id)s %(project_name)s %(user_name)s%(color)s] %(instance)s%(color)s%(message)s {{(pid=99653) log_opt_values /opt/stack/data/venv/lib/python3.12/site-packages/oslo_config/cfg.py:3242}}
Jul 10 04:16:12.767303 np0000004949 devstack@g-api.service[99653]: DEBUG glance.common.config [None req-96d188b5-66ab-4716-ae85-f74f3d34bfde None None] logging_debug_format_suffix = {{(pid=%(process)d) %(funcName)s %(pathname)s:%(lineno)d}} {{(pid=99653) log_opt_values /opt/stack/data/venv/lib/python3.12/site-packages/oslo_config/cfg.py:3242}}
Jul 10 04:16:12.767402 np0000004949 devstack@g-api.service[99653]: DEBUG glance.common.config [None req-96d188b5-66ab-4716-ae85-f74f3d34bfde None None] logging_default_format_string = %(color)s%(levelname)s %(name)s [-%(color)s] %(instance)s%(color)s%(message)s {{(pid=99653) log_opt_values /opt/stack/data/venv/lib/python3.12/site-packages/oslo_config/cfg.py:3242}}
Jul 10 04:16:12.767493 np0000004949 devstack@g-api.service[99653]: DEBUG glance.common.config [None req-96d188b5-66ab-4716-ae85-f74f3d34bfde None None] logging_exception_prefix = ERROR %(name)s %(instance)s {{(pid=99653) log_opt_values /opt/stack/data/venv/lib/python3.12/site-packages/oslo_config/cfg.py:3242}}
Jul 10 04:16:12.767557 np0000004949 devstack@g-api.service[99653]: DEBUG glance.common.config [None req-96d188b5-66ab-4716-ae85-f74f3d34bfde None None] logging_user_identity_format = %(user)s %(project)s %(domain)s %(system_scope)s %(user_domain)s %(project_domain)s {{(pid=99653) log_opt_values /opt/stack/data/venv/lib/python3.12/site-packages/oslo_config/cfg.py:3242}}
Jul 10 04:16:12.767647 np0000004949 devstack@g-api.service[99653]: DEBUG glance.common.config [None req-96d188b5-66ab-4716-ae85-f74f3d34bfde None None] max_logfile_count = 30 {{(pid=99653) log_opt_values /opt/stack/data/venv/lib/python3.12/site-packages/oslo_config/cfg.py:3242}}
Jul 10 04:16:12.767750 np0000004949 devstack@g-api.service[99653]: DEBUG glance.common.config [None req-96d188b5-66ab-4716-ae85-f74f3d34bfde None None] max_logfile_size_mb = 200 {{(pid=99653) log_opt_values /opt/stack/data/venv/lib/python3.12/site-packages/oslo_config/cfg.py:3242}}
Jul 10 04:16:12.767841 np0000004949 devstack@g-api.service[99653]: DEBUG glance.common.config [None req-96d188b5-66ab-4716-ae85-f74f3d34bfde None None] max_request_id_length = 64 {{(pid=99653) log_opt_values /opt/stack/data/venv/lib/python3.12/site-packages/oslo_config/cfg.py:3242}}
Jul 10 04:16:12.767997 np0000004949 devstack@g-api.service[99653]: DEBUG glance.common.config [None req-96d188b5-66ab-4716-ae85-f74f3d34bfde None None] metadata_encryption_key = **** {{(pid=99653) log_opt_values /opt/stack/data/venv/lib/python3.12/site-packages/oslo_config/cfg.py:3242}}
Jul 10 04:16:12.768123 np0000004949 devstack@g-api.service[99653]: DEBUG glance.common.config [None req-96d188b5-66ab-4716-ae85-f74f3d34bfde None None] node_staging_uri = file:///tmp/staging/ {{(pid=99653) log_opt_values /opt/stack/data/venv/lib/python3.12/site-packages/oslo_config/cfg.py:3242}}
Jul 10 04:16:12.768277 np0000004949 devstack@g-api.service[99653]: DEBUG glance.common.config [None req-96d188b5-66ab-4716-ae85-f74f3d34bfde None None] property_protection_file = None {{(pid=99653) log_opt_values /opt/stack/data/venv/lib/python3.12/site-packages/oslo_config/cfg.py:3242}}
Jul 10 04:16:12.768435 np0000004949 devstack@g-api.service[99653]: DEBUG glance.common.config [None req-96d188b5-66ab-4716-ae85-f74f3d34bfde None None] property_protection_rule_format = roles {{(pid=99653) log_opt_values /opt/stack/data/venv/lib/python3.12/site-packages/oslo_config/cfg.py:3242}}
Jul 10 04:16:12.768566 np0000004949 devstack@g-api.service[99653]: DEBUG glance.common.config [None req-96d188b5-66ab-4716-ae85-f74f3d34bfde None None] public_endpoint = https://10.4.3.133/image {{(pid=99653) log_opt_values /opt/stack/data/venv/lib/python3.12/site-packages/oslo_config/cfg.py:3242}}
Jul 10 04:16:12.768687 np0000004949 devstack@g-api.service[99653]: DEBUG glance.common.config [None req-96d188b5-66ab-4716-ae85-f74f3d34bfde None None] publish_errors = False {{(pid=99653) log_opt_values /opt/stack/data/venv/lib/python3.12/site-packages/oslo_config/cfg.py:3242}}
Jul 10 04:16:12.768801 np0000004949 devstack@g-api.service[99653]: DEBUG glance.common.config [None req-96d188b5-66ab-4716-ae85-f74f3d34bfde None None] pydev_worker_debug_host = None {{(pid=99653) log_opt_values /opt/stack/data/venv/lib/python3.12/site-packages/oslo_config/cfg.py:3242}}
Jul 10 04:16:12.768922 np0000004949 devstack@g-api.service[99653]: DEBUG glance.common.config [None req-96d188b5-66ab-4716-ae85-f74f3d34bfde None None] pydev_worker_debug_port = 5678 {{(pid=99653) log_opt_values /opt/stack/data/venv/lib/python3.12/site-packages/oslo_config/cfg.py:3242}}
Jul 10 04:16:12.769058 np0000004949 devstack@g-api.service[99653]: DEBUG glance.common.config [None req-96d188b5-66ab-4716-ae85-f74f3d34bfde None None] rate_limit_burst = 0 {{(pid=99653) log_opt_values /opt/stack/data/venv/lib/python3.12/site-packages/oslo_config/cfg.py:3242}}
Jul 10 04:16:12.769178 np0000004949 devstack@g-api.service[99653]: DEBUG glance.common.config [None req-96d188b5-66ab-4716-ae85-f74f3d34bfde None None] rate_limit_except_level = CRITICAL {{(pid=99653) log_opt_values /opt/stack/data/venv/lib/python3.12/site-packages/oslo_config/cfg.py:3242}}
Jul 10 04:16:12.769290 np0000004949 devstack@g-api.service[99653]: DEBUG glance.common.config [None req-96d188b5-66ab-4716-ae85-f74f3d34bfde None None] rate_limit_interval = 0 {{(pid=99653) log_opt_values /opt/stack/data/venv/lib/python3.12/site-packages/oslo_config/cfg.py:3242}}
Jul 10 04:16:12.769377 np0000004949 devstack@g-api.service[99653]: DEBUG glance.common.config [None req-96d188b5-66ab-4716-ae85-f74f3d34bfde None None] scrub_pool_size = 1 {{(pid=99653) log_opt_values /opt/stack/data/venv/lib/python3.12/site-packages/oslo_config/cfg.py:3242}}
Jul 10 04:16:12.769461 np0000004949 devstack@g-api.service[99653]: DEBUG glance.common.config [None req-96d188b5-66ab-4716-ae85-f74f3d34bfde None None] scrub_time = 0 {{(pid=99653) log_opt_values /opt/stack/data/venv/lib/python3.12/site-packages/oslo_config/cfg.py:3242}}
Jul 10 04:16:12.769546 np0000004949 devstack@g-api.service[99653]: DEBUG glance.common.config [None req-96d188b5-66ab-4716-ae85-f74f3d34bfde None None] shell_completion = None {{(pid=99653) log_opt_values /opt/stack/data/venv/lib/python3.12/site-packages/oslo_config/cfg.py:3242}}
Jul 10 04:16:12.769641 np0000004949 devstack@g-api.service[99653]: DEBUG glance.common.config [None req-96d188b5-66ab-4716-ae85-f74f3d34bfde None None] show_image_direct_url = False {{(pid=99653) log_opt_values /opt/stack/data/venv/lib/python3.12/site-packages/oslo_config/cfg.py:3242}}
Jul 10 04:16:12.769833 np0000004949 devstack@g-api.service[99653]: WARNING oslo_config.cfg [None req-96d188b5-66ab-4716-ae85-f74f3d34bfde None None] Deprecated: Option "show_multiple_locations" from group "DEFAULT" is deprecated for removal (Use of this option, deprecated since Newton, is a security risk and will be removed once we figure out a way to satisfy those use cases that currently require it. An earlier announcement that the same functionality can be achieved with greater granularity by using policies is incorrect. You cannot work around this option via policy configuration at the present time, though that is the direction we believe the fix will take. Please keep an eye on the Glance release notes to stay up to date on progress in addressing this issue.). Its value may be silently ignored in the future.
Jul 10 04:16:12.769927 np0000004949 devstack@g-api.service[99653]: DEBUG glance.common.config [None req-96d188b5-66ab-4716-ae85-f74f3d34bfde None None] show_multiple_locations = False {{(pid=99653) log_opt_values /opt/stack/data/venv/lib/python3.12/site-packages/oslo_config/cfg.py:3242}}
Jul 10 04:16:12.770040 np0000004949 devstack@g-api.service[99653]: DEBUG glance.common.config [None req-96d188b5-66ab-4716-ae85-f74f3d34bfde None None] syslog_log_facility = LOG_USER {{(pid=99653) log_opt_values /opt/stack/data/venv/lib/python3.12/site-packages/oslo_config/cfg.py:3242}}
Jul 10 04:16:12.770133 np0000004949 devstack@g-api.service[99653]: DEBUG glance.common.config [None req-96d188b5-66ab-4716-ae85-f74f3d34bfde None None] transport_url = **** {{(pid=99653) log_opt_values /opt/stack/data/venv/lib/python3.12/site-packages/oslo_config/cfg.py:3242}}
Jul 10 04:16:12.770247 np0000004949 devstack@g-api.service[99653]: DEBUG glance.common.config [None req-96d188b5-66ab-4716-ae85-f74f3d34bfde None None] use_journal = False {{(pid=99653) log_opt_values /opt/stack/data/venv/lib/python3.12/site-packages/oslo_config/cfg.py:3242}}
Jul 10 04:16:12.770287 np0000004949 devstack@g-api.service[99654]: INFO glance.api.middleware.cache_manage [None req-cb7d4969-e82e-4d25-8022-6390f9b66e8f None None] Initialized image cache management middleware
Jul 10 04:16:12.770334 np0000004949 devstack@g-api.service[99653]: DEBUG glance.common.config [None req-96d188b5-66ab-4716-ae85-f74f3d34bfde None None] use_json = False {{(pid=99653) log_opt_values /opt/stack/data/venv/lib/python3.12/site-packages/oslo_config/cfg.py:3242}}
Jul 10 04:16:12.770427 np0000004949 devstack@g-api.service[99653]: DEBUG glance.common.config [None req-96d188b5-66ab-4716-ae85-f74f3d34bfde None None] use_keystone_limits = True {{(pid=99653) log_opt_values /opt/stack/data/venv/lib/python3.12/site-packages/oslo_config/cfg.py:3242}}
Jul 10 04:16:12.770466 np0000004949 devstack@g-api.service[99654]: INFO glance.image_cache [None req-cb7d4969-e82e-4d25-8022-6390f9b66e8f None None] Image cache loaded driver 'centralized_db'.
Jul 10 04:16:12.770511 np0000004949 devstack@g-api.service[99653]: DEBUG glance.common.config [None req-96d188b5-66ab-4716-ae85-f74f3d34bfde None None] use_stderr = False {{(pid=99653) log_opt_values /opt/stack/data/venv/lib/python3.12/site-packages/oslo_config/cfg.py:3242}}
Jul 10 04:16:12.770600 np0000004949 devstack@g-api.service[99653]: DEBUG glance.common.config [None req-96d188b5-66ab-4716-ae85-f74f3d34bfde None None] use_syslog = False {{(pid=99653) log_opt_values /opt/stack/data/venv/lib/python3.12/site-packages/oslo_config/cfg.py:3242}}
Jul 10 04:16:12.770689 np0000004949 devstack@g-api.service[99653]: DEBUG glance.common.config [None req-96d188b5-66ab-4716-ae85-f74f3d34bfde None None] user_storage_quota = 0 {{(pid=99653) log_opt_values /opt/stack/data/venv/lib/python3.12/site-packages/oslo_config/cfg.py:3242}}
Jul 10 04:16:12.770781 np0000004949 devstack@g-api.service[99653]: DEBUG glance.common.config [None req-96d188b5-66ab-4716-ae85-f74f3d34bfde None None] worker_self_reference_url = http://127.0.0.1:60999 {{(pid=99653) log_opt_values /opt/stack/data/venv/lib/python3.12/site-packages/oslo_config/cfg.py:3242}}
Jul 10 04:16:12.770884 np0000004949 devstack@g-api.service[99653]: DEBUG glance.common.config [None req-96d188b5-66ab-4716-ae85-f74f3d34bfde None None] oslo_concurrency.disable_process_locking = False {{(pid=99653) log_opt_values /opt/stack/data/venv/lib/python3.12/site-packages/oslo_config/cfg.py:3253}}
Jul 10 04:16:12.770990 np0000004949 devstack@g-api.service[99653]: DEBUG glance.common.config [None req-96d188b5-66ab-4716-ae85-f74f3d34bfde None None] oslo_concurrency.lock_path = /opt/stack/data/glance/locks {{(pid=99653) log_opt_values /opt/stack/data/venv/lib/python3.12/site-packages/oslo_config/cfg.py:3253}}
Jul 10 04:16:12.771087 np0000004949 devstack@g-api.service[99653]: DEBUG glance.common.config [None req-96d188b5-66ab-4716-ae85-f74f3d34bfde None None] oslo_middleware.enable_proxy_headers_parsing = False {{(pid=99653) log_opt_values /opt/stack/data/venv/lib/python3.12/site-packages/oslo_config/cfg.py:3253}}
Jul 10 04:16:12.771191 np0000004949 devstack@g-api.service[99653]: DEBUG glance.common.config [None req-96d188b5-66ab-4716-ae85-f74f3d34bfde None None] oslo_middleware.http_basic_auth_user_file = /etc/htpasswd {{(pid=99653) log_opt_values /opt/stack/data/venv/lib/python3.12/site-packages/oslo_config/cfg.py:3253}}
Jul 10 04:16:12.771322 np0000004949 devstack@g-api.service[99653]: DEBUG glance.common.config [None req-96d188b5-66ab-4716-ae85-f74f3d34bfde None None] paste_deploy.config_file = None {{(pid=99653) log_opt_values /opt/stack/data/venv/lib/python3.12/site-packages/oslo_config/cfg.py:3253}}
Jul 10 04:16:12.771434 np0000004949 devstack@g-api.service[99653]: DEBUG glance.common.config [None req-96d188b5-66ab-4716-ae85-f74f3d34bfde None None] paste_deploy.flavor = keystone+cachemanagement {{(pid=99653) log_opt_values /opt/stack/data/venv/lib/python3.12/site-packages/oslo_config/cfg.py:3253}}
Jul 10 04:16:12.771618 np0000004949 devstack@g-api.service[99653]: DEBUG glance.common.config [None req-96d188b5-66ab-4716-ae85-f74f3d34bfde None None] image_format.container_formats = ['ami', 'ari', 'aki', 'bare', 'ovf', 'ova', 'docker', 'compressed'] {{(pid=99653) log_opt_values /opt/stack/data/venv/lib/python3.12/site-packages/oslo_config/cfg.py:3253}}
Jul 10 04:16:12.771829 np0000004949 devstack@g-api.service[99653]: DEBUG glance.common.config [None req-96d188b5-66ab-4716-ae85-f74f3d34bfde None None] image_format.disk_formats = ['ami', 'ari', 'aki', 'vhd', 'vhdx', 'vmdk', 'raw', 'qcow2', 'vdi', 'iso', 'ploop'] {{(pid=99653) log_opt_values /opt/stack/data/venv/lib/python3.12/site-packages/oslo_config/cfg.py:3253}}
Jul 10 04:16:12.771923 np0000004949 devstack@g-api.service[99653]: DEBUG glance.common.config [None req-96d188b5-66ab-4716-ae85-f74f3d34bfde None None] image_format.gpt_safety_checks_nonfatal = [] {{(pid=99653) log_opt_values /opt/stack/data/venv/lib/python3.12/site-packages/oslo_config/cfg.py:3253}}
Jul 10 04:16:12.772038 np0000004949 devstack@g-api.service[99653]: DEBUG glance.common.config [None req-96d188b5-66ab-4716-ae85-f74f3d34bfde None None] image_format.require_image_format_match = True {{(pid=99653) log_opt_values /opt/stack/data/venv/lib/python3.12/site-packages/oslo_config/cfg.py:3253}}
Jul 10 04:16:12.772209 np0000004949 devstack@g-api.service[99653]: DEBUG glance.common.config [None req-96d188b5-66ab-4716-ae85-f74f3d34bfde None None] image_format.vmdk_allowed_types = ['streamOptimized', 'monolithicSparse'] {{(pid=99653) log_opt_values /opt/stack/data/venv/lib/python3.12/site-packages/oslo_config/cfg.py:3253}}
Jul 10 04:16:12.772374 np0000004949 devstack@g-api.service[99653]: DEBUG glance.common.config [None req-96d188b5-66ab-4716-ae85-f74f3d34bfde None None] task.task_executor = taskflow {{(pid=99653) log_opt_values /opt/stack/data/venv/lib/python3.12/site-packages/oslo_config/cfg.py:3253}}
Jul 10 04:16:12.772520 np0000004949 devstack@g-api.service[99653]: DEBUG glance.common.config [None req-96d188b5-66ab-4716-ae85-f74f3d34bfde None None] task.task_time_to_live = 48 {{(pid=99653) log_opt_values /opt/stack/data/venv/lib/python3.12/site-packages/oslo_config/cfg.py:3253}}
Jul 10 04:16:12.772638 np0000004949 devstack@g-api.service[99653]: DEBUG glance.common.config [None req-96d188b5-66ab-4716-ae85-f74f3d34bfde None None] task.work_dir = None {{(pid=99653) log_opt_values /opt/stack/data/venv/lib/python3.12/site-packages/oslo_config/cfg.py:3253}}
Jul 10 04:16:12.772761 np0000004949 devstack@g-api.service[99653]: DEBUG glance.common.config [None req-96d188b5-66ab-4716-ae85-f74f3d34bfde None None] wsgi.python_interpreter = /opt/stack/data/venv/bin/python3 {{(pid=99653) log_opt_values /opt/stack/data/venv/lib/python3.12/site-packages/oslo_config/cfg.py:3253}}
Jul 10 04:16:12.772881 np0000004949 devstack@g-api.service[99653]: DEBUG glance.common.config [None req-96d188b5-66ab-4716-ae85-f74f3d34bfde None None] wsgi.task_pool_threads = 16 {{(pid=99653) log_opt_values /opt/stack/data/venv/lib/python3.12/site-packages/oslo_config/cfg.py:3253}}
Jul 10 04:16:12.773030 np0000004949 devstack@g-api.service[99653]: DEBUG glance.common.config [None req-96d188b5-66ab-4716-ae85-f74f3d34bfde None None] import_filtering_opts.allowed_hosts = [] {{(pid=99653) log_opt_values /opt/stack/data/venv/lib/python3.12/site-packages/oslo_config/cfg.py:3253}}
Jul 10 04:16:12.773129 np0000004949 devstack@g-api.service[99653]: DEBUG glance.common.config [None req-96d188b5-66ab-4716-ae85-f74f3d34bfde None None] import_filtering_opts.allowed_ports = [80, 443] {{(pid=99653) log_opt_values /opt/stack/data/venv/lib/python3.12/site-packages/oslo_config/cfg.py:3253}}
Jul 10 04:16:12.773256 np0000004949 devstack@g-api.service[99653]: DEBUG glance.common.config [None req-96d188b5-66ab-4716-ae85-f74f3d34bfde None None] import_filtering_opts.allowed_schemes = ['http', 'https'] {{(pid=99653) log_opt_values /opt/stack/data/venv/lib/python3.12/site-packages/oslo_config/cfg.py:3253}}
Jul 10 04:16:12.773349 np0000004949 devstack@g-api.service[99653]: DEBUG glance.common.config [None req-96d188b5-66ab-4716-ae85-f74f3d34bfde None None] import_filtering_opts.disallowed_hosts = [] {{(pid=99653) log_opt_values /opt/stack/data/venv/lib/python3.12/site-packages/oslo_config/cfg.py:3253}}
Jul 10 04:16:12.773456 np0000004949 devstack@g-api.service[99653]: DEBUG glance.common.config [None req-96d188b5-66ab-4716-ae85-f74f3d34bfde None None] import_filtering_opts.disallowed_ports = [] {{(pid=99653) log_opt_values /opt/stack/data/venv/lib/python3.12/site-packages/oslo_config/cfg.py:3253}}
Jul 10 04:16:12.773551 np0000004949 devstack@g-api.service[99653]: DEBUG glance.common.config [None req-96d188b5-66ab-4716-ae85-f74f3d34bfde None None] import_filtering_opts.disallowed_schemes = [] {{(pid=99653) log_opt_values /opt/stack/data/venv/lib/python3.12/site-packages/oslo_config/cfg.py:3253}}
Jul 10 04:16:12.773643 np0000004949 devstack@g-api.service[99653]: DEBUG glance.common.config [None req-96d188b5-66ab-4716-ae85-f74f3d34bfde None None] oslo_messaging_metrics.metrics_buffer_size = 1000 {{(pid=99653) log_opt_values /opt/stack/data/venv/lib/python3.12/site-packages/oslo_config/cfg.py:3253}}
Jul 10 04:16:12.773728 np0000004949 devstack@g-api.service[99653]: DEBUG glance.common.config [None req-96d188b5-66ab-4716-ae85-f74f3d34bfde None None] oslo_messaging_metrics.metrics_enabled = False {{(pid=99653) log_opt_values /opt/stack/data/venv/lib/python3.12/site-packages/oslo_config/cfg.py:3253}}
