Aug 04 10:21:06.432746 np0000006410 devstack@n-api.service[84286]: DEBUG oslo_concurrency.lockutils [None req-461716af-a2f3-4470-baaf-9996a1aaff96 tempest-DeleteServersTestJSON-87204607 tempest-DeleteServersTestJSON-87204607-project-member] Lock "ff57330e-bfa0-4f21-8570-f8f86a90b425" acquired by "nova.context.set_target_cell..get_or_set_cached_cell_and_set_connections" :: waited 0.000s {{(pid=84286) inner /opt/stack/data/venv/lib/python3.12/site-packages/oslo_concurrency/lockutils.py:525}}
Aug 04 10:21:06.432746 np0000006410 devstack@n-api.service[84286]: DEBUG oslo_concurrency.lockutils [None req-461716af-a2f3-4470-baaf-9996a1aaff96 tempest-DeleteServersTestJSON-87204607 tempest-DeleteServersTestJSON-87204607-project-member] Lock "ff57330e-bfa0-4f21-8570-f8f86a90b425" "released" by "nova.context.set_target_cell..get_or_set_cached_cell_and_set_connections" :: held 0.000s {{(pid=84286) inner /opt/stack/data/venv/lib/python3.12/site-packages/oslo_concurrency/lockutils.py:544}}
Aug 04 10:21:06.433214 np0000006410 devstack@n-api.service[84286]: DEBUG oslo_concurrency.lockutils [None req-461716af-a2f3-4470-baaf-9996a1aaff96 tempest-DeleteServersTestJSON-87204607 tempest-DeleteServersTestJSON-87204607-project-member] Acquiring lock "ff57330e-bfa0-4f21-8570-f8f86a90b425" by "nova.context.set_target_cell..get_or_set_cached_cell_and_set_connections" {{(pid=84286) inner /opt/stack/data/venv/lib/python3.12/site-packages/oslo_concurrency/lockutils.py:512}}
Aug 04 10:21:06.433443 np0000006410 devstack@n-api.service[84286]: DEBUG oslo_concurrency.lockutils [None req-461716af-a2f3-4470-baaf-9996a1aaff96 tempest-DeleteServersTestJSON-87204607 tempest-DeleteServersTestJSON-87204607-project-member] Lock "ff57330e-bfa0-4f21-8570-f8f86a90b425" acquired by "nova.context.set_target_cell..get_or_set_cached_cell_and_set_connections" :: waited 0.000s {{(pid=84286) inner /opt/stack/data/venv/lib/python3.12/site-packages/oslo_concurrency/lockutils.py:525}}
Aug 04 10:21:06.433762 np0000006410 devstack@n-api.service[84286]: DEBUG oslo_concurrency.lockutils [None req-461716af-a2f3-4470-baaf-9996a1aaff96 tempest-DeleteServersTestJSON-87204607 tempest-DeleteServersTestJSON-87204607-project-member] Lock "ff57330e-bfa0-4f21-8570-f8f86a90b425" "released" by "nova.context.set_target_cell..get_or_set_cached_cell_and_set_connections" :: held 0.000s {{(pid=84286) inner /opt/stack/data/venv/lib/python3.12/site-packages/oslo_concurrency/lockutils.py:544}}
Aug 04 10:21:06.434156 np0000006410 devstack@n-api.service[84288]: INFO nova.api.openstack.compute.server_external_events [req-35d4ac43-338d-4e5d-b7c9-ec783d9f609b req-af074f5f-3a7c-4d6e-b9b3-4900ec853ed4 service nova] Creating event network-vif-plugged:f8cbbee3-6be6-432d-8d8c-61d4827f980a for instance 2b82a524-1937-47ec-a79a-ca51b2271287 on np0000006410
Aug 04 10:21:06.434622 np0000006410 devstack@n-api.service[84288]: DEBUG nova.compute.rpcapi [req-35d4ac43-338d-4e5d-b7c9-ec783d9f609b req-af074f5f-3a7c-4d6e-b9b3-4900ec853ed4 service nova] RPC: Sending the message to topic: compute-alt {{(pid=84288) prepare_for_alt_rpcserver /opt/stack/nova/nova/compute/rpcapi.py:595}}
Aug 04 10:21:06.437082 np0000006410 devstack@n-api.service[84287]: DEBUG oslo_concurrency.lockutils [None req-49319971-6a31-49ff-aeca-a6b8a71d5295 tempest-TaggedAttachmentsTest-360094164 tempest-TaggedAttachmentsTest-360094164-project-member] Acquiring lock "00000000-0000-0000-0000-000000000000" by "nova.context.set_target_cell..get_or_set_cached_cell_and_set_connections" {{(pid=84287) inner /opt/stack/data/venv/lib/python3.12/site-packages/oslo_concurrency/lockutils.py:512}}
Aug 04 10:21:06.437277 np0000006410 devstack@n-api.service[84287]: DEBUG oslo_concurrency.lockutils [None req-49319971-6a31-49ff-aeca-a6b8a71d5295 tempest-TaggedAttachmentsTest-360094164 tempest-TaggedAttachmentsTest-360094164-project-member] Lock "00000000-0000-0000-0000-000000000000" acquired by "nova.context.set_target_cell..get_or_set_cached_cell_and_set_connections" :: waited 0.000s {{(pid=84287) inner /opt/stack/data/venv/lib/python3.12/site-packages/oslo_concurrency/lockutils.py:525}}
Aug 04 10:21:06.437409 np0000006410 devstack@n-api.service[84287]: DEBUG oslo_concurrency.lockutils [None req-49319971-6a31-49ff-aeca-a6b8a71d5295 tempest-TaggedAttachmentsTest-360094164 tempest-TaggedAttachmentsTest-360094164-project-member] Lock "00000000-0000-0000-0000-000000000000" "released" by "nova.context.set_target_cell..get_or_set_cached_cell_and_set_connections" :: held 0.000s {{(pid=84287) inner /opt/stack/data/venv/lib/python3.12/site-packages/oslo_concurrency/lockutils.py:544}}
Aug 04 10:21:06.437910 np0000006410 devstack@n-api.service[84287]: DEBUG oslo_concurrency.lockutils [None req-49319971-6a31-49ff-aeca-a6b8a71d5295 tempest-TaggedAttachmentsTest-360094164 tempest-TaggedAttachmentsTest-360094164-project-member] Acquiring lock "ff57330e-bfa0-4f21-8570-f8f86a90b425" by "nova.context.set_target_cell..get_or_set_cached_cell_and_set_connections" {{(pid=84287) inner /opt/stack/data/venv/lib/python3.12/site-packages/oslo_concurrency/lockutils.py:512}}
Aug 04 10:21:06.438335 np0000006410 devstack@n-api.service[84287]: DEBUG oslo_concurrency.lockutils [None req-49319971-6a31-49ff-aeca-a6b8a71d5295 tempest-TaggedAttachmentsTest-360094164 tempest-TaggedAttachmentsTest-360094164-project-member] Lock "ff57330e-bfa0-4f21-8570-f8f86a90b425" acquired by "nova.context.set_target_cell..get_or_set_cached_cell_and_set_connections" :: waited 0.000s {{(pid=84287) inner /opt/stack/data/venv/lib/python3.12/site-packages/oslo_concurrency/lockutils.py:525}}
Aug 04 10:21:06.438335 np0000006410 devstack@n-api.service[84287]: DEBUG oslo_concurrency.lockutils [None req-49319971-6a31-49ff-aeca-a6b8a71d5295 tempest-TaggedAttachmentsTest-360094164 tempest-TaggedAttachmentsTest-360094164-project-member] Lock "ff57330e-bfa0-4f21-8570-f8f86a90b425" "released" by "nova.context.set_target_cell..get_or_set_cached_cell_and_set_connections" :: held 0.000s {{(pid=84287) inner /opt/stack/data/venv/lib/python3.12/site-packages/oslo_concurrency/lockutils.py:544}}
Aug 04 10:21:06.438914 np0000006410 devstack@n-api.service[84288]: INFO nova.api.openstack.requestlog [req-35d4ac43-338d-4e5d-b7c9-ec783d9f609b req-af074f5f-3a7c-4d6e-b9b3-4900ec853ed4 service nova] 10.4.3.212 "POST /compute/v2.1/os-server-external-events" status: 200 len: 183 microversion: 2.1 time: 0.022929
Aug 04 10:21:06.439284 np0000006410 devstack@n-api.service[84288]: [pid: 84288|app: 0|req: 20/51] 10.4.3.212 () {72 vars in 1432 bytes} [Tue Aug 4 10:21:06 2026] POST /compute/v2.1/os-server-external-events => generated 183 bytes in 23 msecs (HTTP/1.1 200) 9 headers in 357 bytes (1 switches on core 0)
Aug 04 10:21:06.441964 np0000006410 devstack@n-api.service[84288]: DEBUG nova.api.openstack.wsgi [None req-ebd21f4b-d509-4cb8-92cf-75325be3f12e tempest-AttachSCSIVolumeTestJSON-742342767 tempest-AttachSCSIVolumeTestJSON-742342767-project-member] Action: 'create', calling method: >, body: {"server": {"name": "tempest-AttachSCSIVolumeTestJSON-server-2046705479", "imageRef": "c6be8ea6-3926-41a1-96d9-7bdb77d06aee", "flavorRef": "42", "config_drive": true, "networks": [{"uuid": "aa7341ff-301f-4730-b02d-094c547f4ee4"}], "security_groups": [{"name": "tempest-securitygroup--1363476033"}], "key_name": "tempest-keypair-463525595", "user_data": "IyEvYmluL3NoCmVjaG8gIlByaW50aW5nIGNpcnJvcyB1c2VyIGF1dGhvcml6ZWQga2V5cyIKY2F0IH5jaXJyb3MvLnNzaC9hdXRob3JpemVkX2tleXMgfHwgdHJ1ZQo="}} {{(pid=84288) _process_stack /opt/stack/nova/nova/api/openstack/wsgi.py:549}}
Aug 04 10:21:06.451157 np0000006410 devstack@n-api.service[84286]: WARNING neutronclient.v2_0.client [None req-461716af-a2f3-4470-baaf-9996a1aaff96 tempest-DeleteServersTestJSON-87204607 tempest-DeleteServersTestJSON-87204607-project-member] The python binding code in neutronclient is deprecated in favor of OpenstackSDK, please use that as this will be removed in a future release.
Aug 04 10:21:06.454367 np0000006410 devstack@n-api.service[84287]: DEBUG nova.quota [None req-49319971-6a31-49ff-aeca-a6b8a71d5295 tempest-TaggedAttachmentsTest-360094164 tempest-TaggedAttachmentsTest-360094164-project-member] Getting quotas for project a633d2deaf2b4112bff4f688a48d8496. Resources: {'instances', 'ram', 'cores'} {{(pid=84287) _get_quotas /opt/stack/nova/nova/quota.py:389}}
Aug 04 10:21:06.456838 np0000006410 devstack@n-api.service[84287]: DEBUG nova.quota [None req-49319971-6a31-49ff-aeca-a6b8a71d5295 tempest-TaggedAttachmentsTest-360094164 tempest-TaggedAttachmentsTest-360094164-project-member] Getting quotas for user 92085e9ed6df45aeb5977eff46f07b8a and project a633d2deaf2b4112bff4f688a48d8496. Resources: {'instances', 'ram', 'cores'} {{(pid=84287) _get_quotas /opt/stack/nova/nova/quota.py:379}}
Aug 04 10:21:06.466670 np0000006410 devstack@n-api.service[84287]: DEBUG nova.compute.api [None req-49319971-6a31-49ff-aeca-a6b8a71d5295 tempest-TaggedAttachmentsTest-360094164 tempest-TaggedAttachmentsTest-360094164-project-member] Going to run 1 instances... {{(pid=84287) _provision_instances /opt/stack/nova/nova/compute/api.py:1480}}
Aug 04 10:21:06.468639 np0000006410 devstack@n-api.service[84287]: DEBUG nova.compute.api [None req-49319971-6a31-49ff-aeca-a6b8a71d5295 tempest-TaggedAttachmentsTest-360094164 tempest-TaggedAttachmentsTest-360094164-project-member] [instance: efb5e903-fc10-4ba6-a0e8-8cf14a801ffa] block_device_mapping [BlockDeviceMapping(attachment_id=,boot_index=0,connection_info=None,created_at=,delete_on_termination=True,deleted=,deleted_at=,destination_type='local',device_name=None,device_type='disk',disk_bus=None,encrypted=False,encryption_format=None,encryption_options=None,encryption_secret_uuid=None,guest_format=None,id=,image_id='690f0aca-6950-4c6f-a399-ec8896ba6b54',instance=,instance_uuid=,no_device=False,snapshot_id=None,source_type='image',tag=None,updated_at=,uuid=,volume_id=None,volume_size=None,volume_type=None)] {{(pid=84287) _bdm_validate_set_size_and_instance /opt/stack/nova/nova/compute/api.py:1942}}
Aug 04 10:21:06.563221 np0000006410 devstack@n-api.service[84287]: INFO nova.api.openstack.requestlog [None req-49319971-6a31-49ff-aeca-a6b8a71d5295 tempest-TaggedAttachmentsTest-360094164 tempest-TaggedAttachmentsTest-360094164-project-member] 10.4.3.212 "POST /compute/v2.1/servers" status: 202 len: 406 microversion: 2.49 time: 2.028515
Aug 04 10:21:06.563811 np0000006410 devstack@n-api.service[84287]: [pid: 84287|app: 0|req: 15/52] 10.4.3.212 () {70 vars in 1306 bytes} [Tue Aug 4 10:21:04 2026] POST /compute/v2.1/servers => generated 406 bytes in 2029 msecs (HTTP/1.1 202) 10 headers in 453 bytes (1 switches on core 0)
Aug 04 10:21:06.572769 np0000006410 devstack@n-api.service[84288]: DEBUG oslo_concurrency.lockutils [None req-ebd21f4b-d509-4cb8-92cf-75325be3f12e tempest-AttachSCSIVolumeTestJSON-742342767 tempest-AttachSCSIVolumeTestJSON-742342767-project-member] Acquiring lock "00000000-0000-0000-0000-000000000000" by "nova.context.set_target_cell..get_or_set_cached_cell_and_set_connections" {{(pid=84288) inner /opt/stack/data/venv/lib/python3.12/site-packages/oslo_concurrency/lockutils.py:512}}
Aug 04 10:21:06.573138 np0000006410 devstack@n-api.service[84288]: DEBUG oslo_concurrency.lockutils [None req-ebd21f4b-d509-4cb8-92cf-75325be3f12e tempest-AttachSCSIVolumeTestJSON-742342767 tempest-AttachSCSIVolumeTestJSON-742342767-project-member] Lock "00000000-0000-0000-0000-000000000000" acquired by "nova.context.set_target_cell..get_or_set_cached_cell_and_set_connections" :: waited 0.000s {{(pid=84288) inner /opt/stack/data/venv/lib/python3.12/site-packages/oslo_concurrency/lockutils.py:525}}
Aug 04 10:21:06.573524 np0000006410 devstack@n-api.service[84288]: DEBUG oslo_concurrency.lockutils [None req-ebd21f4b-d509-4cb8-92cf-75325be3f12e tempest-AttachSCSIVolumeTestJSON-742342767 tempest-AttachSCSIVolumeTestJSON-742342767-project-member] Lock "00000000-0000-0000-0000-000000000000" "released" by "nova.context.set_target_cell..get_or_set_cached_cell_and_set_connections" :: held 0.000s {{(pid=84288) inner /opt/stack/data/venv/lib/python3.12/site-packages/oslo_concurrency/lockutils.py:544}}
Aug 04 10:21:06.574147 np0000006410 devstack@n-api.service[84288]: DEBUG oslo_concurrency.lockutils [None req-ebd21f4b-d509-4cb8-92cf-75325be3f12e tempest-AttachSCSIVolumeTestJSON-742342767 tempest-AttachSCSIVolumeTestJSON-742342767-project-member] Acquiring lock "ff57330e-bfa0-4f21-8570-f8f86a90b425" by "nova.context.set_target_cell..get_or_set_cached_cell_and_set_connections" {{(pid=84288) inner /opt/stack/data/venv/lib/python3.12/site-packages/oslo_concurrency/lockutils.py:512}}
Aug 04 10:21:06.579604 np0000006410 devstack@n-api.service[84288]: DEBUG oslo_concurrency.lockutils [None req-ebd21f4b-d509-4cb8-92cf-75325be3f12e tempest-AttachSCSIVolumeTestJSON-742342767 tempest-AttachSCSIVolumeTestJSON-742342767-project-member] Lock "ff57330e-bfa0-4f21-8570-f8f86a90b425" acquired by "nova.context.set_target_cell..get_or_set_cached_cell_and_set_connections" :: waited 0.005s {{(pid=84288) inner /opt/stack/data/venv/lib/python3.12/site-packages/oslo_concurrency/lockutils.py:525}}
Aug 04 10:21:06.582500 np0000006410 devstack@n-api.service[84288]: DEBUG oslo_concurrency.lockutils [None req-ebd21f4b-d509-4cb8-92cf-75325be3f12e tempest-AttachSCSIVolumeTestJSON-742342767 tempest-AttachSCSIVolumeTestJSON-742342767-project-member] Lock "ff57330e-bfa0-4f21-8570-f8f86a90b425" "released" by "nova.context.set_target_cell..get_or_set_cached_cell_and_set_connections" :: held 0.003s {{(pid=84288) inner /opt/stack/data/venv/lib/python3.12/site-packages/oslo_concurrency/lockutils.py:544}}
Aug 04 10:21:06.587763 np0000006410 devstack@n-api.service[84288]: WARNING neutronclient.v2_0.client [None req-ebd21f4b-d509-4cb8-92cf-75325be3f12e tempest-AttachSCSIVolumeTestJSON-742342767 tempest-AttachSCSIVolumeTestJSON-742342767-project-member] The python binding code in neutronclient is deprecated in favor of OpenstackSDK, please use that as this will be removed in a future release.
Aug 04 10:21:06.703875 np0000006410 devstack@n-api.service[84288]: DEBUG nova.network.neutron [None req-ebd21f4b-d509-4cb8-92cf-75325be3f12e tempest-AttachSCSIVolumeTestJSON-742342767 tempest-AttachSCSIVolumeTestJSON-742342767-project-member] validate_networks() for [('aa7341ff-301f-4730-b02d-094c547f4ee4', None, None, None, None, None)] {{(pid=84288) validate_networks /opt/stack/nova/nova/network/neutron.py:2686}}
Aug 04 10:21:06.704404 np0000006410 devstack@n-api.service[84288]: WARNING neutronclient.v2_0.client [None req-ebd21f4b-d509-4cb8-92cf-75325be3f12e tempest-AttachSCSIVolumeTestJSON-742342767 tempest-AttachSCSIVolumeTestJSON-742342767-project-member] The python binding code in neutronclient is deprecated in favor of OpenstackSDK, please use that as this will be removed in a future release.
Aug 04 10:21:06.709144 np0000006410 devstack@n-api.service[84286]: DEBUG nova.policy [None req-461716af-a2f3-4470-baaf-9996a1aaff96 tempest-DeleteServersTestJSON-87204607 tempest-DeleteServersTestJSON-87204607-project-member] Policy check for os_compute_api:os-extended-server-attributes failed with credentials {'is_admin': False, 'user_id': '432665ae57a54739863c8335fc576212', 'user_domain_id': 'default', 'system_scope': None, 'domain_id': None, 'project_id': '99313830341f4c28a814cbb842139c14', 'project_domain_id': 'default', 'roles': ['reader', 'member'], 'is_admin_project': True, 'service_user_id': None, 'service_user_domain_id': None, 'service_project_id': None, 'service_project_domain_id': None, 'service_roles': []} {{(pid=84286) authorize /opt/stack/nova/nova/policy.py:202}}
Aug 04 10:21:06.720322 np0000006410 devstack@n-api.service[84286]: INFO nova.api.openstack.requestlog [None req-461716af-a2f3-4470-baaf-9996a1aaff96 tempest-DeleteServersTestJSON-87204607 tempest-DeleteServersTestJSON-87204607-project-member] 10.4.3.212 "GET /compute/v2.1/servers/2b82a524-1937-47ec-a79a-ca51b2271287" status: 200 len: 1312 microversion: 2.1 time: 0.302999
Aug 04 10:21:06.721622 np0000006410 devstack@n-api.service[84286]: [pid: 84286|app: 0|req: 18/53] 10.4.3.212 () {66 vars in 1354 bytes} [Tue Aug 4 10:21:06 2026] GET /compute/v2.1/servers/2b82a524-1937-47ec-a79a-ca51b2271287 => generated 1312 bytes in 303 msecs (HTTP/1.1 200) 9 headers in 358 bytes (1 switches on core 0)
Aug 04 10:21:06.724710 np0000006410 devstack@n-api.service[84286]: DEBUG nova.api.openstack.wsgi [None req-ff4381bc-5b10-4ceb-81af-18be0cda39f2 tempest-VolumesAdminNegativeTest-1319389783 tempest-VolumesAdminNegativeTest-1319389783-project-member] Calling method '>' {{(pid=84286) _process_stack /opt/stack/nova/nova/api/openstack/wsgi.py:551}}
Aug 04 10:21:06.731748 np0000006410 devstack@n-api.service[84286]: DEBUG nova.compute.api [None req-ff4381bc-5b10-4ceb-81af-18be0cda39f2 tempest-VolumesAdminNegativeTest-1319389783 tempest-VolumesAdminNegativeTest-1319389783-project-member] [instance: 8f619fc4-ad05-49d9-aaad-542e7903cf5f] Fetching instance by UUID {{(pid=84286) get /opt/stack/nova/nova/compute/api.py:3068}}
Aug 04 10:21:06.760177 np0000006410 devstack@n-api.service[84286]: WARNING neutronclient.v2_0.client [None req-ff4381bc-5b10-4ceb-81af-18be0cda39f2 tempest-VolumesAdminNegativeTest-1319389783 tempest-VolumesAdminNegativeTest-1319389783-project-member] The python binding code in neutronclient is deprecated in favor of OpenstackSDK, please use that as this will be removed in a future release.
Aug 04 10:21:06.830930 np0000006410 devstack@n-api.service[84286]: DEBUG nova.policy [None req-ff4381bc-5b10-4ceb-81af-18be0cda39f2 tempest-VolumesAdminNegativeTest-1319389783 tempest-VolumesAdminNegativeTest-1319389783-project-member] Policy check for os_compute_api:os-extended-server-attributes failed with credentials {'is_admin': False, 'user_id': 'dbd6eff0cc0741608033034f8b157343', 'user_domain_id': 'default', 'system_scope': None, 'domain_id': None, 'project_id': '7c042556976145adac02c5692f682287', 'project_domain_id': 'default', 'roles': ['reader', 'member'], 'is_admin_project': True, 'service_user_id': None, 'service_user_domain_id': None, 'service_project_id': None, 'service_project_domain_id': None, 'service_roles': []} {{(pid=84286) authorize /opt/stack/nova/nova/policy.py:202}}
Aug 04 10:21:06.843237 np0000006410 devstack@n-api.service[84286]: INFO nova.api.openstack.requestlog [None req-ff4381bc-5b10-4ceb-81af-18be0cda39f2 tempest-VolumesAdminNegativeTest-1319389783 tempest-VolumesAdminNegativeTest-1319389783-project-member] 10.4.3.212 "GET /compute/v2.1/servers/8f619fc4-ad05-49d9-aaad-542e7903cf5f" status: 200 len: 1215 microversion: 2.1 time: 0.122015
Aug 04 10:21:06.843442 np0000006410 devstack@n-api.service[84286]: [pid: 84286|app: 0|req: 19/54] 10.4.3.212 () {66 vars in 1354 bytes} [Tue Aug 4 10:21:06 2026] GET /compute/v2.1/servers/8f619fc4-ad05-49d9-aaad-542e7903cf5f => generated 1215 bytes in 122 msecs (HTTP/1.1 200) 9 headers in 358 bytes (1 switches on core 0)
Aug 04 10:21:06.845754 np0000006410 devstack@n-api.service[84286]: DEBUG nova.api.openstack.wsgi [None req-da5a6d90-bbe3-4184-8d09-1a92ac7d29c6 tempest-TaggedAttachmentsTest-360094164 tempest-TaggedAttachmentsTest-360094164-project-member] Calling method '>' {{(pid=84286) _process_stack /opt/stack/nova/nova/api/openstack/wsgi.py:551}}
Aug 04 10:21:06.847542 np0000006410 devstack@n-api.service[84286]: DEBUG nova.compute.api [None req-da5a6d90-bbe3-4184-8d09-1a92ac7d29c6 tempest-TaggedAttachmentsTest-360094164 tempest-TaggedAttachmentsTest-360094164-project-member] [instance: efb5e903-fc10-4ba6-a0e8-8cf14a801ffa] Fetching instance by UUID {{(pid=84286) get /opt/stack/nova/nova/compute/api.py:3068}}
Aug 04 10:21:06.881827 np0000006410 devstack@n-api.service[84286]: WARNING neutronclient.v2_0.client [None req-da5a6d90-bbe3-4184-8d09-1a92ac7d29c6 tempest-TaggedAttachmentsTest-360094164 tempest-TaggedAttachmentsTest-360094164-project-member] The python binding code in neutronclient is deprecated in favor of OpenstackSDK, please use that as this will be removed in a future release.
Aug 04 10:21:06.916381 np0000006410 devstack@n-api.service[84287]: DEBUG nova.api.openstack.wsgi [None req-7080d005-c2d7-4701-bed4-175e3e7eb109 tempest-VolumesAssistedSnapshotsTest-241334679 tempest-VolumesAssistedSnapshotsTest-241334679-project-member] Action: 'create', calling method: >, body: {"keypair": {"name": "tempest-keypair-2034466829", "public_key": "ecdsa-sha2-nistp384 AAAAE2VjZHNhLXNoYTItbmlzdHAzODQAAAAIbmlzdHAzODQAAABhBHWNYqU5ApBKC6vjsN837Jh43hyLNGQJyOqRW5joT9wfEftKv5/NAGJrcZVfnBWehwZxsTHU1zrkZ/NIFnyCFe47sfFcoE+0eF+b6sv4H4ifzp9Wdto5vd8fy/Eif3U9/g=="}} {{(pid=84287) _process_stack /opt/stack/nova/nova/api/openstack/wsgi.py:549}}
Aug 04 10:21:06.933180 np0000006410 devstack@n-api.service[84287]: DEBUG nova.quota [None req-7080d005-c2d7-4701-bed4-175e3e7eb109 tempest-VolumesAssistedSnapshotsTest-241334679 tempest-VolumesAssistedSnapshotsTest-241334679-project-member] Getting quotas for project 777d89c7be7f4ba0bf2c7bb2d89dd50b. Resources: {'key_pairs'} {{(pid=84287) _get_quotas /opt/stack/nova/nova/quota.py:389}}
Aug 04 10:21:06.936697 np0000006410 devstack@n-api.service[84287]: DEBUG nova.quota [None req-7080d005-c2d7-4701-bed4-175e3e7eb109 tempest-VolumesAssistedSnapshotsTest-241334679 tempest-VolumesAssistedSnapshotsTest-241334679-project-member] Getting quotas for user a707bdf0f8b34a28a08be21d6c598b95 and project 777d89c7be7f4ba0bf2c7bb2d89dd50b. Resources: {'key_pairs'} {{(pid=84287) _get_quotas /opt/stack/nova/nova/quota.py:379}}
Aug 04 10:21:06.942681 np0000006410 devstack@n-api.service[84286]: DEBUG nova.policy [None req-da5a6d90-bbe3-4184-8d09-1a92ac7d29c6 tempest-TaggedAttachmentsTest-360094164 tempest-TaggedAttachmentsTest-360094164-project-member] Policy check for os_compute_api:os-extended-server-attributes failed with credentials {'is_admin': False, 'user_id': '92085e9ed6df45aeb5977eff46f07b8a', 'user_domain_id': 'default', 'system_scope': None, 'domain_id': None, 'project_id': 'a633d2deaf2b4112bff4f688a48d8496', 'project_domain_id': 'default', 'roles': ['reader', 'member'], 'is_admin_project': True, 'service_user_id': None, 'service_user_domain_id': None, 'service_project_id': None, 'service_project_domain_id': None, 'service_roles': []} {{(pid=84286) authorize /opt/stack/nova/nova/policy.py:202}}
Aug 04 10:21:06.955551 np0000006410 devstack@n-api.service[84286]: DEBUG nova.policy [None req-da5a6d90-bbe3-4184-8d09-1a92ac7d29c6 tempest-TaggedAttachmentsTest-360094164 tempest-TaggedAttachmentsTest-360094164-project-member] Policy check for os_compute_api:servers:show:host_status failed with credentials {'is_admin': False, 'user_id': '92085e9ed6df45aeb5977eff46f07b8a', 'user_domain_id': 'default', 'system_scope': None, 'domain_id': None, 'project_id': 'a633d2deaf2b4112bff4f688a48d8496', 'project_domain_id': 'default', 'roles': ['reader', 'member'], 'is_admin_project': True, 'service_user_id': None, 'service_user_domain_id': None, 'service_project_id': None, 'service_project_domain_id': None, 'service_roles': []} {{(pid=84286) authorize /opt/stack/nova/nova/policy.py:202}}
Aug 04 10:21:06.956464 np0000006410 devstack@n-api.service[84286]: DEBUG nova.policy [None req-da5a6d90-bbe3-4184-8d09-1a92ac7d29c6 tempest-TaggedAttachmentsTest-360094164 tempest-TaggedAttachmentsTest-360094164-project-member] Policy check for os_compute_api:servers:show:host_status:unknown-only failed with credentials {'is_admin': False, 'user_id': '92085e9ed6df45aeb5977eff46f07b8a', 'user_domain_id': 'default', 'system_scope': None, 'domain_id': None, 'project_id': 'a633d2deaf2b4112bff4f688a48d8496', 'project_domain_id': 'default', 'roles': ['reader', 'member'], 'is_admin_project': True, 'service_user_id': None, 'service_user_domain_id': None, 'service_project_id': None, 'service_project_domain_id': None, 'service_roles': []} {{(pid=84286) authorize /opt/stack/nova/nova/policy.py:202}}
Aug 04 10:21:06.962764 np0000006410 devstack@n-api.service[84286]: INFO nova.api.openstack.requestlog [None req-da5a6d90-bbe3-4184-8d09-1a92ac7d29c6 tempest-TaggedAttachmentsTest-360094164 tempest-TaggedAttachmentsTest-360094164-project-member] 10.4.3.212 "GET /compute/v2.1/servers/efb5e903-fc10-4ba6-a0e8-8cf14a801ffa" status: 200 len: 1322 microversion: 2.49 time: 0.118317
Aug 04 10:21:06.962764 np0000006410 devstack@n-api.service[84286]: [pid: 84286|app: 0|req: 20/55] 10.4.3.212 () {68 vars in 1395 bytes} [Tue Aug 4 10:21:06 2026] GET /compute/v2.1/servers/efb5e903-fc10-4ba6-a0e8-8cf14a801ffa => generated 1322 bytes in 119 msecs (HTTP/1.1 200) 9 headers in 360 bytes (1 switches on core 0)
Aug 04 10:21:06.972167 np0000006410 devstack@n-api.service[84287]: INFO nova.api.openstack.requestlog [None req-7080d005-c2d7-4701-bed4-175e3e7eb109 tempest-VolumesAssistedSnapshotsTest-241334679 tempest-VolumesAssistedSnapshotsTest-241334679-project-member] 10.4.3.212 "POST /compute/v2.1/os-keypairs" status: 200 len: 386 microversion: 2.1 time: 0.406994
Aug 04 10:21:06.973516 np0000006410 devstack@n-api.service[84287]: [pid: 84287|app: 0|req: 16/56] 10.4.3.212 () {68 vars in 1277 bytes} [Tue Aug 4 10:21:06 2026] POST /compute/v2.1/os-keypairs => generated 386 bytes in 409 msecs (HTTP/1.1 200) 9 headers in 357 bytes (1 switches on core 0)
Aug 04 10:21:06.979216 np0000006410 devstack@n-api.service[84287]: DEBUG nova.api.openstack.wsgi [None req-c3f8f09f-e6a7-463f-acf4-fee056b4883d tempest-ServerActionsTestOtherA-154186669 tempest-ServerActionsTestOtherA-154186669-project-member] Calling method '>' {{(pid=84287) _process_stack /opt/stack/nova/nova/api/openstack/wsgi.py:551}}
Aug 04 10:21:06.981983 np0000006410 devstack@n-api.service[84287]: DEBUG nova.compute.api [None req-c3f8f09f-e6a7-463f-acf4-fee056b4883d tempest-ServerActionsTestOtherA-154186669 tempest-ServerActionsTestOtherA-154186669-project-member] [instance: a5ed96e7-b536-4919-a5ad-b799966ca560] Fetching instance by UUID {{(pid=84287) get /opt/stack/nova/nova/compute/api.py:3068}}
Aug 04 10:21:06.992771 np0000006410 devstack@n-api.service[84287]: DEBUG oslo_concurrency.lockutils [None req-c3f8f09f-e6a7-463f-acf4-fee056b4883d tempest-ServerActionsTestOtherA-154186669 tempest-ServerActionsTestOtherA-154186669-project-member] Acquiring lock "ff57330e-bfa0-4f21-8570-f8f86a90b425" by "nova.context.set_target_cell..get_or_set_cached_cell_and_set_connections" {{(pid=84287) inner /opt/stack/data/venv/lib/python3.12/site-packages/oslo_concurrency/lockutils.py:512}}
Aug 04 10:21:06.993123 np0000006410 devstack@n-api.service[84287]: DEBUG oslo_concurrency.lockutils [None req-c3f8f09f-e6a7-463f-acf4-fee056b4883d tempest-ServerActionsTestOtherA-154186669 tempest-ServerActionsTestOtherA-154186669-project-member] Lock "ff57330e-bfa0-4f21-8570-f8f86a90b425" acquired by "nova.context.set_target_cell..get_or_set_cached_cell_and_set_connections" :: waited 0.000s {{(pid=84287) inner /opt/stack/data/venv/lib/python3.12/site-packages/oslo_concurrency/lockutils.py:525}}
Aug 04 10:21:06.994724 np0000006410 devstack@n-api.service[84287]: DEBUG oslo_concurrency.lockutils [None req-c3f8f09f-e6a7-463f-acf4-fee056b4883d tempest-ServerActionsTestOtherA-154186669 tempest-ServerActionsTestOtherA-154186669-project-member] Lock "ff57330e-bfa0-4f21-8570-f8f86a90b425" "released" by "nova.context.set_target_cell..get_or_set_cached_cell_and_set_connections" :: held 0.002s {{(pid=84287) inner /opt/stack/data/venv/lib/python3.12/site-packages/oslo_concurrency/lockutils.py:544}}
Aug 04 10:21:06.995186 np0000006410 devstack@n-api.service[84287]: DEBUG oslo_concurrency.lockutils [None req-c3f8f09f-e6a7-463f-acf4-fee056b4883d tempest-ServerActionsTestOtherA-154186669 tempest-ServerActionsTestOtherA-154186669-project-member] Acquiring lock "ff57330e-bfa0-4f21-8570-f8f86a90b425" by "nova.context.set_target_cell..get_or_set_cached_cell_and_set_connections" {{(pid=84287) inner /opt/stack/data/venv/lib/python3.12/site-packages/oslo_concurrency/lockutils.py:512}}
Aug 04 10:21:06.997116 np0000006410 devstack@n-api.service[84287]: DEBUG oslo_concurrency.lockutils [None req-c3f8f09f-e6a7-463f-acf4-fee056b4883d tempest-ServerActionsTestOtherA-154186669 tempest-ServerActionsTestOtherA-154186669-project-member] Lock "ff57330e-bfa0-4f21-8570-f8f86a90b425" acquired by "nova.context.set_target_cell..get_or_set_cached_cell_and_set_connections" :: waited 0.001s {{(pid=84287) inner /opt/stack/data/venv/lib/python3.12/site-packages/oslo_concurrency/lockutils.py:525}}
Aug 04 10:21:06.998959 np0000006410 devstack@n-api.service[84287]: DEBUG oslo_concurrency.lockutils [None req-c3f8f09f-e6a7-463f-acf4-fee056b4883d tempest-ServerActionsTestOtherA-154186669 tempest-ServerActionsTestOtherA-154186669-project-member] Lock "ff57330e-bfa0-4f21-8570-f8f86a90b425" "released" by "nova.context.set_target_cell..get_or_set_cached_cell_and_set_connections" :: held 0.000s {{(pid=84287) inner /opt/stack/data/venv/lib/python3.12/site-packages/oslo_concurrency/lockutils.py:544}}
Aug 04 10:21:07.036630 np0000006410 devstack@n-api.service[84287]: WARNING neutronclient.v2_0.client [None req-c3f8f09f-e6a7-463f-acf4-fee056b4883d tempest-ServerActionsTestOtherA-154186669 tempest-ServerActionsTestOtherA-154186669-project-member] The python binding code in neutronclient is deprecated in favor of OpenstackSDK, please use that as this will be removed in a future release.
Aug 04 10:21:07.076153 np0000006410 devstack@n-api.service[84288]: WARNING neutronclient.v2_0.client [None req-ebd21f4b-d509-4cb8-92cf-75325be3f12e tempest-AttachSCSIVolumeTestJSON-742342767 tempest-AttachSCSIVolumeTestJSON-742342767-project-member] The python binding code in neutronclient is deprecated in favor of OpenstackSDK, please use that as this will be removed in a future release.
Aug 04 10:21:07.184261 np0000006410 devstack@n-api.service[84286]: DEBUG nova.api.openstack.wsgi [req-3e8f385c-954a-47b3-a1a3-ebcc0dbc65f5 req-9f159852-6107-449a-85a4-8a37cf8053af service nova] Action: 'create', calling method: >, body: {"events": [{"server_uuid": "a5ed96e7-b536-4919-a5ad-b799966ca560", "name": "network-vif-unplugged", "status": "completed", "tag": "0b72da18-220b-4c3b-b898-9e1fc7497535"}]} {{(pid=84286) _process_stack /opt/stack/nova/nova/api/openstack/wsgi.py:549}}
Aug 04 10:21:07.200552 np0000006410 devstack@n-api.service[84286]: DEBUG oslo_concurrency.lockutils [req-3e8f385c-954a-47b3-a1a3-ebcc0dbc65f5 req-9f159852-6107-449a-85a4-8a37cf8053af service nova] Acquiring lock "ff57330e-bfa0-4f21-8570-f8f86a90b425" by "nova.context.set_target_cell..get_or_set_cached_cell_and_set_connections" {{(pid=84286) inner /opt/stack/data/venv/lib/python3.12/site-packages/oslo_concurrency/lockutils.py:512}}
Aug 04 10:21:07.200694 np0000006410 devstack@n-api.service[84286]: DEBUG oslo_concurrency.lockutils [req-3e8f385c-954a-47b3-a1a3-ebcc0dbc65f5 req-9f159852-6107-449a-85a4-8a37cf8053af service nova] Lock "ff57330e-bfa0-4f21-8570-f8f86a90b425" acquired by "nova.context.set_target_cell..get_or_set_cached_cell_and_set_connections" :: waited 0.000s {{(pid=84286) inner /opt/stack/data/venv/lib/python3.12/site-packages/oslo_concurrency/lockutils.py:525}}
Aug 04 10:21:07.200877 np0000006410 devstack@n-api.service[84286]: DEBUG oslo_concurrency.lockutils [req-3e8f385c-954a-47b3-a1a3-ebcc0dbc65f5 req-9f159852-6107-449a-85a4-8a37cf8053af service nova] Lock "ff57330e-bfa0-4f21-8570-f8f86a90b425" "released" by "nova.context.set_target_cell..get_or_set_cached_cell_and_set_connections" :: held 0.000s {{(pid=84286) inner /opt/stack/data/venv/lib/python3.12/site-packages/oslo_concurrency/lockutils.py:544}}
Aug 04 10:21:07.214559 np0000006410 devstack@n-api.service[84286]: INFO nova.api.openstack.compute.server_external_events [req-3e8f385c-954a-47b3-a1a3-ebcc0dbc65f5 req-9f159852-6107-449a-85a4-8a37cf8053af service nova] Creating event network-vif-unplugged:0b72da18-220b-4c3b-b898-9e1fc7497535 for instance a5ed96e7-b536-4919-a5ad-b799966ca560 on np0000006410
Aug 04 10:21:07.214727 np0000006410 devstack@n-api.service[84286]: DEBUG oslo_concurrency.lockutils [req-3e8f385c-954a-47b3-a1a3-ebcc0dbc65f5 req-9f159852-6107-449a-85a4-8a37cf8053af service nova] Acquiring lock "compute-rpcapi-router" {{(pid=84286) lock /opt/stack/data/venv/lib/python3.12/site-packages/oslo_concurrency/lockutils.py:396}}
Aug 04 10:21:07.214799 np0000006410 devstack@n-api.service[84286]: DEBUG oslo_concurrency.lockutils [req-3e8f385c-954a-47b3-a1a3-ebcc0dbc65f5 req-9f159852-6107-449a-85a4-8a37cf8053af service nova] Acquired lock "compute-rpcapi-router" {{(pid=84286) lock /opt/stack/data/venv/lib/python3.12/site-packages/oslo_concurrency/lockutils.py:399}}
Aug 04 10:21:07.215303 np0000006410 devstack@n-api.service[84286]: DEBUG oslo_concurrency.lockutils [None req-f10a8417-22d3-4ff7-9a6a-26f216db8979 None None] Acquiring lock "00000000-0000-0000-0000-000000000000" by "nova.context.set_target_cell..get_or_set_cached_cell_and_set_connections" {{(pid=84286) inner /opt/stack/data/venv/lib/python3.12/site-packages/oslo_concurrency/lockutils.py:512}}
Aug 04 10:21:07.215370 np0000006410 devstack@n-api.service[84286]: DEBUG oslo_concurrency.lockutils [None req-f10a8417-22d3-4ff7-9a6a-26f216db8979 None None] Lock "00000000-0000-0000-0000-000000000000" acquired by "nova.context.set_target_cell..get_or_set_cached_cell_and_set_connections" :: waited 0.000s {{(pid=84286) inner /opt/stack/data/venv/lib/python3.12/site-packages/oslo_concurrency/lockutils.py:525}}
Aug 04 10:21:07.215563 np0000006410 devstack@n-api.service[84286]: DEBUG oslo_concurrency.lockutils [None req-f10a8417-22d3-4ff7-9a6a-26f216db8979 None None] Lock "00000000-0000-0000-0000-000000000000" "released" by "nova.context.set_target_cell..get_or_set_cached_cell_and_set_connections" :: held 0.000s {{(pid=84286) inner /opt/stack/data/venv/lib/python3.12/site-packages/oslo_concurrency/lockutils.py:544}}
Aug 04 10:21:07.215750 np0000006410 devstack@n-api.service[84286]: DEBUG oslo_concurrency.lockutils [None req-f10a8417-22d3-4ff7-9a6a-26f216db8979 None None] Acquiring lock "ff57330e-bfa0-4f21-8570-f8f86a90b425" by "nova.context.set_target_cell..get_or_set_cached_cell_and_set_connections" {{(pid=84286) inner /opt/stack/data/venv/lib/python3.12/site-packages/oslo_concurrency/lockutils.py:512}}
Aug 04 10:21:07.215917 np0000006410 devstack@n-api.service[84286]: DEBUG oslo_concurrency.lockutils [None req-f10a8417-22d3-4ff7-9a6a-26f216db8979 None None] Lock "ff57330e-bfa0-4f21-8570-f8f86a90b425" acquired by "nova.context.set_target_cell..get_or_set_cached_cell_and_set_connections" :: waited 0.000s {{(pid=84286) inner /opt/stack/data/venv/lib/python3.12/site-packages/oslo_concurrency/lockutils.py:525}}
Aug 04 10:21:07.215964 np0000006410 devstack@n-api.service[84286]: DEBUG oslo_concurrency.lockutils [None req-f10a8417-22d3-4ff7-9a6a-26f216db8979 None None] Lock "ff57330e-bfa0-4f21-8570-f8f86a90b425" "released" by "nova.context.set_target_cell..get_or_set_cached_cell_and_set_connections" :: held 0.000s {{(pid=84286) inner /opt/stack/data/venv/lib/python3.12/site-packages/oslo_concurrency/lockutils.py:544}}
Aug 04 10:21:07.226279 np0000006410 devstack@n-api.service[84286]: INFO nova.compute.rpcapi [None req-f10a8417-22d3-4ff7-9a6a-26f216db8979 None None] Automatically selected compute RPC version 6.5 from minimum service version 72
Aug 04 10:21:07.226279 np0000006410 devstack@n-api.service[84286]: DEBUG oslo_concurrency.lockutils [None req-f10a8417-22d3-4ff7-9a6a-26f216db8979 None None] Releasing lock "compute-rpcapi-router" {{(pid=84286) lock /opt/stack/data/venv/lib/python3.12/site-packages/oslo_concurrency/lockutils.py:419}}
Aug 04 10:21:07.226279 np0000006410 devstack@n-api.service[84286]: DEBUG nova.compute.rpcapi [None req-f10a8417-22d3-4ff7-9a6a-26f216db8979 None None] RPC: Sending the message to topic: compute-alt {{(pid=84286) prepare_for_alt_rpcserver /opt/stack/nova/nova/compute/rpcapi.py:595}}
Aug 04 10:21:07.241977 np0000006410 devstack@n-api.service[84286]: INFO nova.api.openstack.requestlog [None req-f10a8417-22d3-4ff7-9a6a-26f216db8979 None None] 10.4.3.212 "POST /compute/v2.1/os-server-external-events" status: 200 len: 185 microversion: 2.1 time: 0.278655
Aug 04 10:21:07.242111 np0000006410 devstack@n-api.service[84286]: [pid: 84286|app: 0|req: 21/57] 10.4.3.212 () {72 vars in 1432 bytes} [Tue Aug 4 10:21:06 2026] POST /compute/v2.1/os-server-external-events => generated 185 bytes in 279 msecs (HTTP/1.1 200) 9 headers in 357 bytes (1 switches on core 0)
Aug 04 10:21:07.427396 np0000006410 devstack@n-api.service[84287]: DEBUG nova.policy [None req-c3f8f09f-e6a7-463f-acf4-fee056b4883d tempest-ServerActionsTestOtherA-154186669 tempest-ServerActionsTestOtherA-154186669-project-member] Policy check for os_compute_api:os-extended-server-attributes failed with credentials {'is_admin': False, 'user_id': 'dc28455ce3aa4b0e8f32fe64aefdb64b', 'user_domain_id': 'default', 'system_scope': None, 'domain_id': None, 'project_id': '7b9952d05ec0493087a67c6d4dc20e75', 'project_domain_id': 'default', 'roles': ['reader', 'member'], 'is_admin_project': True, 'service_user_id': None, 'service_user_domain_id': None, 'service_project_id': None, 'service_project_domain_id': None, 'service_roles': []} {{(pid=84287) authorize /opt/stack/nova/nova/policy.py:202}}
Aug 04 10:21:07.432609 np0000006410 devstack@n-api.service[84286]: DEBUG nova.api.openstack.wsgi [req-f49d1d4d-084b-4a3f-ba84-8f8e6d0e179b req-6b1014ec-3fbf-460f-956b-e7c8f02ee7b8 service nova] Action: 'create', calling method: >, body: {"events": [{"name": "network-changed", "server_uuid": "2d72427d-d3df-4d9d-8f11-942b30f31b9c", "tag": "f6560fed-1e8c-45b7-bf31-c9784a52c0ac"}]} {{(pid=84286) _process_stack /opt/stack/nova/nova/api/openstack/wsgi.py:549}}
Aug 04 10:21:07.438820 np0000006410 devstack@n-api.service[84287]: INFO nova.api.openstack.requestlog [None req-c3f8f09f-e6a7-463f-acf4-fee056b4883d tempest-ServerActionsTestOtherA-154186669 tempest-ServerActionsTestOtherA-154186669-project-member] 10.4.3.212 "GET /compute/v2.1/servers/a5ed96e7-b536-4919-a5ad-b799966ca560" status: 200 len: 1364 microversion: 2.1 time: 0.464750
Aug 04 10:21:07.439105 np0000006410 devstack@n-api.service[84287]: [pid: 84287|app: 0|req: 17/58] 10.4.3.212 () {66 vars in 1354 bytes} [Tue Aug 4 10:21:06 2026] GET /compute/v2.1/servers/a5ed96e7-b536-4919-a5ad-b799966ca560 => generated 1364 bytes in 465 msecs (HTTP/1.1 200) 9 headers in 358 bytes (1 switches on core 0)
Aug 04 10:21:07.439756 np0000006410 devstack@n-api.service[84286]: DEBUG oslo_concurrency.lockutils [req-f49d1d4d-084b-4a3f-ba84-8f8e6d0e179b req-6b1014ec-3fbf-460f-956b-e7c8f02ee7b8 service nova] Acquiring lock "ff57330e-bfa0-4f21-8570-f8f86a90b425" by "nova.context.set_target_cell..get_or_set_cached_cell_and_set_connections" {{(pid=84286) inner /opt/stack/data/venv/lib/python3.12/site-packages/oslo_concurrency/lockutils.py:512}}
Aug 04 10:21:07.440141 np0000006410 devstack@n-api.service[84286]: DEBUG oslo_concurrency.lockutils [req-f49d1d4d-084b-4a3f-ba84-8f8e6d0e179b req-6b1014ec-3fbf-460f-956b-e7c8f02ee7b8 service nova] Lock "ff57330e-bfa0-4f21-8570-f8f86a90b425" acquired by "nova.context.set_target_cell..get_or_set_cached_cell_and_set_connections" :: waited 0.001s {{(pid=84286) inner /opt/stack/data/venv/lib/python3.12/site-packages/oslo_concurrency/lockutils.py:525}}
Aug 04 10:21:07.440352 np0000006410 devstack@n-api.service[84286]: DEBUG oslo_concurrency.lockutils [req-f49d1d4d-084b-4a3f-ba84-8f8e6d0e179b req-6b1014ec-3fbf-460f-956b-e7c8f02ee7b8 service nova] Lock "ff57330e-bfa0-4f21-8570-f8f86a90b425" "released" by "nova.context.set_target_cell..get_or_set_cached_cell_and_set_connections" :: held 0.000s {{(pid=84286) inner /opt/stack/data/venv/lib/python3.12/site-packages/oslo_concurrency/lockutils.py:544}}
Aug 04 10:21:07.440953 np0000006410 devstack@n-api.service[84287]: DEBUG nova.api.openstack.wsgi [None req-2274100f-53e8-4521-aed6-9bb09e96153c tempest-ServerStableDeviceRescueTest-271894462 tempest-ServerStableDeviceRescueTest-271894462-project-member] Calling method '>' {{(pid=84287) _process_stack /opt/stack/nova/nova/api/openstack/wsgi.py:551}}
Aug 04 10:21:07.442176 np0000006410 devstack@n-api.service[84287]: DEBUG nova.compute.api [None req-2274100f-53e8-4521-aed6-9bb09e96153c tempest-ServerStableDeviceRescueTest-271894462 tempest-ServerStableDeviceRescueTest-271894462-project-member] [instance: 2d72427d-d3df-4d9d-8f11-942b30f31b9c] Fetching instance by UUID {{(pid=84287) get /opt/stack/nova/nova/compute/api.py:3068}}
Aug 04 10:21:07.447764 np0000006410 devstack@n-api.service[84287]: DEBUG oslo_concurrency.lockutils [None req-2274100f-53e8-4521-aed6-9bb09e96153c tempest-ServerStableDeviceRescueTest-271894462 tempest-ServerStableDeviceRescueTest-271894462-project-member] Acquiring lock "ff57330e-bfa0-4f21-8570-f8f86a90b425" by "nova.context.set_target_cell..get_or_set_cached_cell_and_set_connections" {{(pid=84287) inner /opt/stack/data/venv/lib/python3.12/site-packages/oslo_concurrency/lockutils.py:512}}
Aug 04 10:21:07.448052 np0000006410 devstack@n-api.service[84287]: DEBUG oslo_concurrency.lockutils [None req-2274100f-53e8-4521-aed6-9bb09e96153c tempest-ServerStableDeviceRescueTest-271894462 tempest-ServerStableDeviceRescueTest-271894462-project-member] Lock "ff57330e-bfa0-4f21-8570-f8f86a90b425" acquired by "nova.context.set_target_cell..get_or_set_cached_cell_and_set_connections" :: waited 0.000s {{(pid=84287) inner /opt/stack/data/venv/lib/python3.12/site-packages/oslo_concurrency/lockutils.py:525}}
Aug 04 10:21:07.448290 np0000006410 devstack@n-api.service[84287]: DEBUG oslo_concurrency.lockutils [None req-2274100f-53e8-4521-aed6-9bb09e96153c tempest-ServerStableDeviceRescueTest-271894462 tempest-ServerStableDeviceRescueTest-271894462-project-member] Lock "ff57330e-bfa0-4f21-8570-f8f86a90b425" "released" by "nova.context.set_target_cell..get_or_set_cached_cell_and_set_connections" :: held 0.000s {{(pid=84287) inner /opt/stack/data/venv/lib/python3.12/site-packages/oslo_concurrency/lockutils.py:544}}
Aug 04 10:21:07.448756 np0000006410 devstack@n-api.service[84287]: DEBUG oslo_concurrency.lockutils [None req-2274100f-53e8-4521-aed6-9bb09e96153c tempest-ServerStableDeviceRescueTest-271894462 tempest-ServerStableDeviceRescueTest-271894462-project-member] Acquiring lock "ff57330e-bfa0-4f21-8570-f8f86a90b425" by "nova.context.set_target_cell..get_or_set_cached_cell_and_set_connections" {{(pid=84287) inner /opt/stack/data/venv/lib/python3.12/site-packages/oslo_concurrency/lockutils.py:512}}
Aug 04 10:21:07.450147 np0000006410 devstack@n-api.service[84287]: DEBUG oslo_concurrency.lockutils [None req-2274100f-53e8-4521-aed6-9bb09e96153c tempest-ServerStableDeviceRescueTest-271894462 tempest-ServerStableDeviceRescueTest-271894462-project-member] Lock "ff57330e-bfa0-4f21-8570-f8f86a90b425" acquired by "nova.context.set_target_cell..get_or_set_cached_cell_and_set_connections" :: waited 0.000s {{(pid=84287) inner /opt/stack/data/venv/lib/python3.12/site-packages/oslo_concurrency/lockutils.py:525}}
Aug 04 10:21:07.450147 np0000006410 devstack@n-api.service[84287]: DEBUG oslo_concurrency.lockutils [None req-2274100f-53e8-4521-aed6-9bb09e96153c tempest-ServerStableDeviceRescueTest-271894462 tempest-ServerStableDeviceRescueTest-271894462-project-member] Lock "ff57330e-bfa0-4f21-8570-f8f86a90b425" "released" by "nova.context.set_target_cell..get_or_set_cached_cell_and_set_connections" :: held 0.000s {{(pid=84287) inner /opt/stack/data/venv/lib/python3.12/site-packages/oslo_concurrency/lockutils.py:544}}
Aug 04 10:21:07.452261 np0000006410 devstack@n-api.service[84286]: INFO nova.api.openstack.compute.server_external_events [req-f49d1d4d-084b-4a3f-ba84-8f8e6d0e179b req-6b1014ec-3fbf-460f-956b-e7c8f02ee7b8 service nova] Creating event network-changed:f6560fed-1e8c-45b7-bf31-c9784a52c0ac for instance 2d72427d-d3df-4d9d-8f11-942b30f31b9c on np0000006410
Aug 04 10:21:07.454127 np0000006410 devstack@n-api.service[84286]: DEBUG nova.compute.rpcapi [req-f49d1d4d-084b-4a3f-ba84-8f8e6d0e179b req-6b1014ec-3fbf-460f-956b-e7c8f02ee7b8 service nova] RPC: Sending the message to topic: compute-alt {{(pid=84286) prepare_for_alt_rpcserver /opt/stack/nova/nova/compute/rpcapi.py:595}}
Aug 04 10:21:07.458948 np0000006410 devstack@n-api.service[84286]: INFO nova.api.openstack.requestlog [req-f49d1d4d-084b-4a3f-ba84-8f8e6d0e179b req-6b1014ec-3fbf-460f-956b-e7c8f02ee7b8 service nova] 10.4.3.212 "POST /compute/v2.1/os-server-external-events" status: 200 len: 179 microversion: 2.1 time: 0.185922
Aug 04 10:21:07.459370 np0000006410 devstack@n-api.service[84286]: [pid: 84286|app: 0|req: 22/59] 10.4.3.212 () {72 vars in 1432 bytes} [Tue Aug 4 10:21:07 2026] POST /compute/v2.1/os-server-external-events => generated 179 bytes in 187 msecs (HTTP/1.1 200) 9 headers in 357 bytes (1 switches on core 0)
Aug 04 10:21:07.475498 np0000006410 devstack@n-api.service[84287]: WARNING neutronclient.v2_0.client [None req-2274100f-53e8-4521-aed6-9bb09e96153c tempest-ServerStableDeviceRescueTest-271894462 tempest-ServerStableDeviceRescueTest-271894462-project-member] The python binding code in neutronclient is deprecated in favor of OpenstackSDK, please use that as this will be removed in a future release.
Aug 04 10:21:07.590033 np0000006410 devstack@n-api.service[84288]: DEBUG nova.virt.hardware [None req-ebd21f4b-d509-4cb8-92cf-75325be3f12e tempest-AttachSCSIVolumeTestJSON-742342767 tempest-AttachSCSIVolumeTestJSON-742342767-project-member] Flavor limits 0:0:0 {{(pid=84288) get_cpu_topology_constraints /opt/stack/nova/nova/virt/hardware.py:516}}
Aug 04 10:21:07.590270 np0000006410 devstack@n-api.service[84288]: DEBUG nova.virt.hardware [None req-ebd21f4b-d509-4cb8-92cf-75325be3f12e tempest-AttachSCSIVolumeTestJSON-742342767 tempest-AttachSCSIVolumeTestJSON-742342767-project-member] Image limits 0:0:0 {{(pid=84288) get_cpu_topology_constraints /opt/stack/nova/nova/virt/hardware.py:520}}
Aug 04 10:21:07.590445 np0000006410 devstack@n-api.service[84288]: DEBUG nova.virt.hardware [None req-ebd21f4b-d509-4cb8-92cf-75325be3f12e tempest-AttachSCSIVolumeTestJSON-742342767 tempest-AttachSCSIVolumeTestJSON-742342767-project-member] Flavor pref 0:0:0 {{(pid=84288) get_cpu_topology_constraints /opt/stack/nova/nova/virt/hardware.py:556}}
Aug 04 10:21:07.590601 np0000006410 devstack@n-api.service[84288]: DEBUG nova.virt.hardware [None req-ebd21f4b-d509-4cb8-92cf-75325be3f12e tempest-AttachSCSIVolumeTestJSON-742342767 tempest-AttachSCSIVolumeTestJSON-742342767-project-member] Image pref 0:0:0 {{(pid=84288) get_cpu_topology_constraints /opt/stack/nova/nova/virt/hardware.py:560}}
Aug 04 10:21:07.590820 np0000006410 devstack@n-api.service[84288]: DEBUG nova.virt.hardware [None req-ebd21f4b-d509-4cb8-92cf-75325be3f12e tempest-AttachSCSIVolumeTestJSON-742342767 tempest-AttachSCSIVolumeTestJSON-742342767-project-member] Chose sockets=0, cores=0, threads=0; limits were sockets=65536, cores=65536, threads=65536 {{(pid=84288) get_cpu_topology_constraints /opt/stack/nova/nova/virt/hardware.py:598}}
Aug 04 10:21:07.603351 np0000006410 devstack@n-api.service[84288]: DEBUG oslo_concurrency.lockutils [None req-ebd21f4b-d509-4cb8-92cf-75325be3f12e tempest-AttachSCSIVolumeTestJSON-742342767 tempest-AttachSCSIVolumeTestJSON-742342767-project-member] Acquiring lock "00000000-0000-0000-0000-000000000000" by "nova.context.set_target_cell..get_or_set_cached_cell_and_set_connections" {{(pid=84288) inner /opt/stack/data/venv/lib/python3.12/site-packages/oslo_concurrency/lockutils.py:512}}
Aug 04 10:21:07.603351 np0000006410 devstack@n-api.service[84288]: DEBUG oslo_concurrency.lockutils [None req-ebd21f4b-d509-4cb8-92cf-75325be3f12e tempest-AttachSCSIVolumeTestJSON-742342767 tempest-AttachSCSIVolumeTestJSON-742342767-project-member] Lock "00000000-0000-0000-0000-000000000000" acquired by "nova.context.set_target_cell..get_or_set_cached_cell_and_set_connections" :: waited 0.000s {{(pid=84288) inner /opt/stack/data/venv/lib/python3.12/site-packages/oslo_concurrency/lockutils.py:525}}
Aug 04 10:21:07.603351 np0000006410 devstack@n-api.service[84288]: DEBUG oslo_concurrency.lockutils [None req-ebd21f4b-d509-4cb8-92cf-75325be3f12e tempest-AttachSCSIVolumeTestJSON-742342767 tempest-AttachSCSIVolumeTestJSON-742342767-project-member] Lock "00000000-0000-0000-0000-000000000000" "released" by "nova.context.set_target_cell..get_or_set_cached_cell_and_set_connections" :: held 0.000s {{(pid=84288) inner /opt/stack/data/venv/lib/python3.12/site-packages/oslo_concurrency/lockutils.py:544}}
Aug 04 10:21:07.605583 np0000006410 devstack@n-api.service[84288]: DEBUG oslo_concurrency.lockutils [None req-ebd21f4b-d509-4cb8-92cf-75325be3f12e tempest-AttachSCSIVolumeTestJSON-742342767 tempest-AttachSCSIVolumeTestJSON-742342767-project-member] Acquiring lock "ff57330e-bfa0-4f21-8570-f8f86a90b425" by "nova.context.set_target_cell..get_or_set_cached_cell_and_set_connections" {{(pid=84288) inner /opt/stack/data/venv/lib/python3.12/site-packages/oslo_concurrency/lockutils.py:512}}
Aug 04 10:21:07.605732 np0000006410 devstack@n-api.service[84288]: DEBUG oslo_concurrency.lockutils [None req-ebd21f4b-d509-4cb8-92cf-75325be3f12e tempest-AttachSCSIVolumeTestJSON-742342767 tempest-AttachSCSIVolumeTestJSON-742342767-project-member] Lock "ff57330e-bfa0-4f21-8570-f8f86a90b425" acquired by "nova.context.set_target_cell..get_or_set_cached_cell_and_set_connections" :: waited 0.000s {{(pid=84288) inner /opt/stack/data/venv/lib/python3.12/site-packages/oslo_concurrency/lockutils.py:525}}
Aug 04 10:21:07.608783 np0000006410 devstack@n-api.service[84288]: DEBUG oslo_concurrency.lockutils [None req-ebd21f4b-d509-4cb8-92cf-75325be3f12e tempest-AttachSCSIVolumeTestJSON-742342767 tempest-AttachSCSIVolumeTestJSON-742342767-project-member] Lock "ff57330e-bfa0-4f21-8570-f8f86a90b425" "released" by "nova.context.set_target_cell..get_or_set_cached_cell_and_set_connections" :: held 0.003s {{(pid=84288) inner /opt/stack/data/venv/lib/python3.12/site-packages/oslo_concurrency/lockutils.py:544}}
