Aug 04 10:18:28.832913 np0000006410 nova-scheduler[93482]: DEBUG cotyledon.oslo_config_glue [-] oslo_messaging_rabbit.rabbit_quorum_max_memory_bytes = 0 {{(pid=93482) log_opt_values /opt/stack/data/venv/lib/python3.12/site-packages/oslo_config/cfg.py:3545}}
Aug 04 10:18:28.832913 np0000006410 nova-scheduler[93482]: DEBUG cotyledon.oslo_config_glue [-] oslo_messaging_rabbit.rabbit_quorum_max_memory_length = 0 {{(pid=93482) log_opt_values /opt/stack/data/venv/lib/python3.12/site-packages/oslo_config/cfg.py:3545}}
Aug 04 10:18:28.832913 np0000006410 nova-scheduler[93482]: DEBUG cotyledon.oslo_config_glue [-] oslo_messaging_rabbit.rabbit_quorum_queue = False {{(pid=93482) log_opt_values /opt/stack/data/venv/lib/python3.12/site-packages/oslo_config/cfg.py:3545}}
Aug 04 10:18:28.832913 np0000006410 nova-scheduler[93482]: DEBUG cotyledon.oslo_config_glue [-] oslo_messaging_rabbit.rabbit_retry_backoff = 2 {{(pid=93482) log_opt_values /opt/stack/data/venv/lib/python3.12/site-packages/oslo_config/cfg.py:3545}}
Aug 04 10:18:28.832913 np0000006410 nova-scheduler[93482]: DEBUG cotyledon.oslo_config_glue [-] oslo_messaging_rabbit.rabbit_retry_interval = 1 {{(pid=93482) log_opt_values /opt/stack/data/venv/lib/python3.12/site-packages/oslo_config/cfg.py:3545}}
Aug 04 10:18:28.832913 np0000006410 nova-scheduler[93482]: DEBUG cotyledon.oslo_config_glue [-] oslo_messaging_rabbit.rabbit_stream_fanout = False {{(pid=93482) log_opt_values /opt/stack/data/venv/lib/python3.12/site-packages/oslo_config/cfg.py:3545}}
Aug 04 10:18:28.833206 np0000006410 nova-scheduler[93482]: DEBUG cotyledon.oslo_config_glue [-] oslo_messaging_rabbit.rabbit_transient_queues_ttl = 1800 {{(pid=93482) log_opt_values /opt/stack/data/venv/lib/python3.12/site-packages/oslo_config/cfg.py:3545}}
Aug 04 10:18:28.833206 np0000006410 nova-scheduler[93482]: DEBUG cotyledon.oslo_config_glue [-] oslo_messaging_rabbit.rabbit_transient_quorum_queue = False {{(pid=93482) log_opt_values /opt/stack/data/venv/lib/python3.12/site-packages/oslo_config/cfg.py:3545}}
Aug 04 10:18:28.833206 np0000006410 nova-scheduler[93482]: DEBUG cotyledon.oslo_config_glue [-] oslo_messaging_rabbit.rpc_conn_pool_size = 30 {{(pid=93482) log_opt_values /opt/stack/data/venv/lib/python3.12/site-packages/oslo_config/cfg.py:3545}}
Aug 04 10:18:28.833206 np0000006410 nova-scheduler[93482]: DEBUG cotyledon.oslo_config_glue [-] oslo_messaging_rabbit.ssl = False {{(pid=93482) log_opt_values /opt/stack/data/venv/lib/python3.12/site-packages/oslo_config/cfg.py:3545}}
Aug 04 10:18:28.833206 np0000006410 nova-scheduler[93482]: DEBUG cotyledon.oslo_config_glue [-] oslo_messaging_rabbit.ssl_ca_file = {{(pid=93482) log_opt_values /opt/stack/data/venv/lib/python3.12/site-packages/oslo_config/cfg.py:3545}}
Aug 04 10:18:28.833206 np0000006410 nova-scheduler[93482]: DEBUG cotyledon.oslo_config_glue [-] oslo_messaging_rabbit.ssl_cert_file = {{(pid=93482) log_opt_values /opt/stack/data/venv/lib/python3.12/site-packages/oslo_config/cfg.py:3545}}
Aug 04 10:18:28.833206 np0000006410 nova-scheduler[93482]: DEBUG cotyledon.oslo_config_glue [-] oslo_messaging_rabbit.ssl_enforce_fips_mode = False {{(pid=93482) log_opt_values /opt/stack/data/venv/lib/python3.12/site-packages/oslo_config/cfg.py:3545}}
Aug 04 10:18:28.833206 np0000006410 nova-scheduler[93482]: DEBUG cotyledon.oslo_config_glue [-] oslo_messaging_rabbit.ssl_enforce_hostname_verification = True {{(pid=93482) log_opt_values /opt/stack/data/venv/lib/python3.12/site-packages/oslo_config/cfg.py:3545}}
Aug 04 10:18:28.833206 np0000006410 nova-scheduler[93482]: DEBUG cotyledon.oslo_config_glue [-] oslo_messaging_rabbit.ssl_key_file = {{(pid=93482) log_opt_values /opt/stack/data/venv/lib/python3.12/site-packages/oslo_config/cfg.py:3545}}
Aug 04 10:18:28.833490 np0000006410 nova-scheduler[93482]: DEBUG cotyledon.oslo_config_glue [-] oslo_messaging_rabbit.ssl_version = {{(pid=93482) log_opt_values /opt/stack/data/venv/lib/python3.12/site-packages/oslo_config/cfg.py:3545}}
Aug 04 10:18:28.833490 np0000006410 nova-scheduler[93482]: DEBUG cotyledon.oslo_config_glue [-] oslo_messaging_rabbit.use_queue_manager = False {{(pid=93482) log_opt_values /opt/stack/data/venv/lib/python3.12/site-packages/oslo_config/cfg.py:3545}}
Aug 04 10:18:28.833490 np0000006410 nova-scheduler[93482]: DEBUG cotyledon.oslo_config_glue [-] oslo_messaging_notifications.driver = ['messagingv2'] {{(pid=93482) log_opt_values /opt/stack/data/venv/lib/python3.12/site-packages/oslo_config/cfg.py:3545}}
Aug 04 10:18:28.833490 np0000006410 nova-scheduler[93482]: DEBUG cotyledon.oslo_config_glue [-] oslo_messaging_notifications.retry = -1 {{(pid=93482) log_opt_values /opt/stack/data/venv/lib/python3.12/site-packages/oslo_config/cfg.py:3545}}
Aug 04 10:18:28.833490 np0000006410 nova-scheduler[93482]: DEBUG cotyledon.oslo_config_glue [-] oslo_messaging_notifications.topics = ['notifications'] {{(pid=93482) log_opt_values /opt/stack/data/venv/lib/python3.12/site-packages/oslo_config/cfg.py:3545}}
Aug 04 10:18:28.833490 np0000006410 nova-scheduler[93482]: DEBUG cotyledon.oslo_config_glue [-] oslo_messaging_notifications.transport_url = **** {{(pid=93482) log_opt_values /opt/stack/data/venv/lib/python3.12/site-packages/oslo_config/cfg.py:3545}}
Aug 04 10:18:28.833490 np0000006410 nova-scheduler[93482]: DEBUG cotyledon.oslo_config_glue [-] oslo_limit.auth_section = None {{(pid=93482) log_opt_values /opt/stack/data/venv/lib/python3.12/site-packages/oslo_config/cfg.py:3545}}
Aug 04 10:18:28.833490 np0000006410 nova-scheduler[93482]: DEBUG cotyledon.oslo_config_glue [-] oslo_limit.auth_type = None {{(pid=93482) log_opt_values /opt/stack/data/venv/lib/python3.12/site-packages/oslo_config/cfg.py:3545}}
Aug 04 10:18:28.833490 np0000006410 nova-scheduler[93482]: DEBUG cotyledon.oslo_config_glue [-] oslo_limit.cafile = None {{(pid=93482) log_opt_values /opt/stack/data/venv/lib/python3.12/site-packages/oslo_config/cfg.py:3545}}
Aug 04 10:18:28.833770 np0000006410 nova-scheduler[93482]: DEBUG cotyledon.oslo_config_glue [-] oslo_limit.certfile = None {{(pid=93482) log_opt_values /opt/stack/data/venv/lib/python3.12/site-packages/oslo_config/cfg.py:3545}}
Aug 04 10:18:28.833770 np0000006410 nova-scheduler[93482]: DEBUG cotyledon.oslo_config_glue [-] oslo_limit.collect_timing = False {{(pid=93482) log_opt_values /opt/stack/data/venv/lib/python3.12/site-packages/oslo_config/cfg.py:3545}}
Aug 04 10:18:28.833770 np0000006410 nova-scheduler[93482]: DEBUG cotyledon.oslo_config_glue [-] oslo_limit.connect_retries = None {{(pid=93482) log_opt_values /opt/stack/data/venv/lib/python3.12/site-packages/oslo_config/cfg.py:3545}}
Aug 04 10:18:28.833770 np0000006410 nova-scheduler[93482]: DEBUG cotyledon.oslo_config_glue [-] oslo_limit.connect_retry_delay = None {{(pid=93482) log_opt_values /opt/stack/data/venv/lib/python3.12/site-packages/oslo_config/cfg.py:3545}}
Aug 04 10:18:28.833770 np0000006410 nova-scheduler[93482]: DEBUG cotyledon.oslo_config_glue [-] oslo_limit.endpoint_id = None {{(pid=93482) log_opt_values /opt/stack/data/venv/lib/python3.12/site-packages/oslo_config/cfg.py:3545}}
Aug 04 10:18:28.833770 np0000006410 nova-scheduler[93482]: DEBUG cotyledon.oslo_config_glue [-] oslo_limit.endpoint_interface = public {{(pid=93482) log_opt_values /opt/stack/data/venv/lib/python3.12/site-packages/oslo_config/cfg.py:3545}}
Aug 04 10:18:28.833770 np0000006410 nova-scheduler[93482]: DEBUG cotyledon.oslo_config_glue [-] oslo_limit.endpoint_override = None {{(pid=93482) log_opt_values /opt/stack/data/venv/lib/python3.12/site-packages/oslo_config/cfg.py:3545}}
Aug 04 10:18:28.833770 np0000006410 nova-scheduler[93482]: DEBUG cotyledon.oslo_config_glue [-] oslo_limit.endpoint_region_name = None {{(pid=93482) log_opt_values /opt/stack/data/venv/lib/python3.12/site-packages/oslo_config/cfg.py:3545}}
Aug 04 10:18:28.833770 np0000006410 nova-scheduler[93482]: DEBUG cotyledon.oslo_config_glue [-] oslo_limit.endpoint_service_name = None {{(pid=93482) log_opt_values /opt/stack/data/venv/lib/python3.12/site-packages/oslo_config/cfg.py:3545}}
Aug 04 10:18:28.834075 np0000006410 nova-scheduler[93482]: DEBUG cotyledon.oslo_config_glue [-] oslo_limit.endpoint_service_type = None {{(pid=93482) log_opt_values /opt/stack/data/venv/lib/python3.12/site-packages/oslo_config/cfg.py:3545}}
Aug 04 10:18:28.834075 np0000006410 nova-scheduler[93482]: DEBUG cotyledon.oslo_config_glue [-] oslo_limit.insecure = False {{(pid=93482) log_opt_values /opt/stack/data/venv/lib/python3.12/site-packages/oslo_config/cfg.py:3545}}
Aug 04 10:18:28.834075 np0000006410 nova-scheduler[93482]: DEBUG cotyledon.oslo_config_glue [-] oslo_limit.keyfile = None {{(pid=93482) log_opt_values /opt/stack/data/venv/lib/python3.12/site-packages/oslo_config/cfg.py:3545}}
Aug 04 10:18:28.834075 np0000006410 nova-scheduler[93482]: DEBUG cotyledon.oslo_config_glue [-] oslo_limit.max_version = None {{(pid=93482) log_opt_values /opt/stack/data/venv/lib/python3.12/site-packages/oslo_config/cfg.py:3545}}
Aug 04 10:18:28.834075 np0000006410 nova-scheduler[93482]: DEBUG cotyledon.oslo_config_glue [-] oslo_limit.min_version = None {{(pid=93482) log_opt_values /opt/stack/data/venv/lib/python3.12/site-packages/oslo_config/cfg.py:3545}}
Aug 04 10:18:28.834075 np0000006410 nova-scheduler[93482]: DEBUG cotyledon.oslo_config_glue [-] oslo_limit.region_name = None {{(pid=93482) log_opt_values /opt/stack/data/venv/lib/python3.12/site-packages/oslo_config/cfg.py:3545}}
Aug 04 10:18:28.834075 np0000006410 nova-scheduler[93482]: DEBUG cotyledon.oslo_config_glue [-] oslo_limit.retriable_status_codes = None {{(pid=93482) log_opt_values /opt/stack/data/venv/lib/python3.12/site-packages/oslo_config/cfg.py:3545}}
Aug 04 10:18:28.834075 np0000006410 nova-scheduler[93482]: DEBUG cotyledon.oslo_config_glue [-] oslo_limit.service_name = None {{(pid=93482) log_opt_values /opt/stack/data/venv/lib/python3.12/site-packages/oslo_config/cfg.py:3545}}
Aug 04 10:18:28.834075 np0000006410 nova-scheduler[93482]: DEBUG cotyledon.oslo_config_glue [-] oslo_limit.service_type = None {{(pid=93482) log_opt_values /opt/stack/data/venv/lib/python3.12/site-packages/oslo_config/cfg.py:3545}}
Aug 04 10:18:28.834390 np0000006410 nova-scheduler[93482]: DEBUG cotyledon.oslo_config_glue [-] oslo_limit.split_loggers = False {{(pid=93482) log_opt_values /opt/stack/data/venv/lib/python3.12/site-packages/oslo_config/cfg.py:3545}}
Aug 04 10:18:28.834390 np0000006410 nova-scheduler[93482]: DEBUG cotyledon.oslo_config_glue [-] oslo_limit.status_code_retries = None {{(pid=93482) log_opt_values /opt/stack/data/venv/lib/python3.12/site-packages/oslo_config/cfg.py:3545}}
Aug 04 10:18:28.834390 np0000006410 nova-scheduler[93482]: DEBUG cotyledon.oslo_config_glue [-] oslo_limit.status_code_retry_delay = None {{(pid=93482) log_opt_values /opt/stack/data/venv/lib/python3.12/site-packages/oslo_config/cfg.py:3545}}
Aug 04 10:18:28.834390 np0000006410 nova-scheduler[93482]: DEBUG cotyledon.oslo_config_glue [-] oslo_limit.timeout = None {{(pid=93482) log_opt_values /opt/stack/data/venv/lib/python3.12/site-packages/oslo_config/cfg.py:3545}}
Aug 04 10:18:28.834390 np0000006410 nova-scheduler[93482]: DEBUG cotyledon.oslo_config_glue [-] oslo_limit.valid_interfaces = None {{(pid=93482) log_opt_values /opt/stack/data/venv/lib/python3.12/site-packages/oslo_config/cfg.py:3545}}
Aug 04 10:18:28.834390 np0000006410 nova-scheduler[93482]: DEBUG cotyledon.oslo_config_glue [-] oslo_limit.version = None {{(pid=93482) log_opt_values /opt/stack/data/venv/lib/python3.12/site-packages/oslo_config/cfg.py:3545}}
Aug 04 10:18:28.834390 np0000006410 nova-scheduler[93482]: DEBUG cotyledon.oslo_config_glue [-] oslo_reports.file_event_handler = None {{(pid=93482) log_opt_values /opt/stack/data/venv/lib/python3.12/site-packages/oslo_config/cfg.py:3545}}
Aug 04 10:18:28.834390 np0000006410 nova-scheduler[93482]: DEBUG cotyledon.oslo_config_glue [-] oslo_reports.file_event_handler_interval = 1 {{(pid=93482) log_opt_values /opt/stack/data/venv/lib/python3.12/site-packages/oslo_config/cfg.py:3545}}
Aug 04 10:18:28.834390 np0000006410 nova-scheduler[93482]: DEBUG cotyledon.oslo_config_glue [-] oslo_reports.log_dir = None {{(pid=93482) log_opt_values /opt/stack/data/venv/lib/python3.12/site-packages/oslo_config/cfg.py:3545}}
Aug 04 10:18:28.834700 np0000006410 nova-scheduler[93482]: DEBUG cotyledon.oslo_config_glue [-] ******************************************************************************** {{(pid=93482) log_opt_values /opt/stack/data/venv/lib/python3.12/site-packages/oslo_config/cfg.py:3552}}
Aug 04 10:18:28.834700 np0000006410 nova-scheduler[93482]: DEBUG cotyledon._service_worker [-] Run service ServiceWrapper(1) [93482] {{(pid=93482) wait_forever /opt/stack/data/venv/lib/python3.12/site-packages/cotyledon/_service_worker.py:218}}
Aug 04 10:18:28.834700 np0000006410 nova-scheduler[93482]: INFO nova.service [-] Starting scheduler node (version 33.1.0)
Aug 04 10:18:28.834700 np0000006410 nova-scheduler[93482]: INFO dbcounter [None req-76473d0a-e6d4-42f2-a1b6-889a92fc7a25 None None] Registered counter for database nova_cell0
Aug 04 10:18:28.850812 np0000006410 nova-scheduler[93484]: DEBUG oslo_db.sqlalchemy.engines [None req-4fbe88e3-f21b-4898-bf2b-9f8b835d5782 None None] MySQL server mode set to STRICT_TRANS_TABLES,STRICT_ALL_TABLES,NO_ZERO_IN_DATE,NO_ZERO_DATE,ERROR_FOR_DIVISION_BY_ZERO,TRADITIONAL,NO_ENGINE_SUBSTITUTION {{(pid=93484) _check_effective_sql_mode /opt/stack/data/venv/lib/python3.12/site-packages/oslo_db/sqlalchemy/engines.py:325}}
Aug 04 10:18:28.853850 np0000006410 nova-scheduler[93472]: DEBUG oslo_db.sqlalchemy.engines [None req-3e81c37c-43cd-43d6-b739-9934f46791a0 None None] MySQL server mode set to STRICT_TRANS_TABLES,STRICT_ALL_TABLES,NO_ZERO_IN_DATE,NO_ZERO_DATE,ERROR_FOR_DIVISION_BY_ZERO,TRADITIONAL,NO_ENGINE_SUBSTITUTION {{(pid=93472) _check_effective_sql_mode /opt/stack/data/venv/lib/python3.12/site-packages/oslo_db/sqlalchemy/engines.py:325}}
Aug 04 10:18:28.861174 np0000006410 nova-scheduler[93484]: DEBUG dbcounter [-] [93484] Writer thread running {{(pid=93484) stat_writer /opt/stack/data/venv/lib/python3.12/site-packages/dbcounter.py:102}}
Aug 04 10:18:28.861484 np0000006410 nova-scheduler[93482]: DEBUG oslo_db.sqlalchemy.engines [None req-76473d0a-e6d4-42f2-a1b6-889a92fc7a25 None None] MySQL server mode set to STRICT_TRANS_TABLES,STRICT_ALL_TABLES,NO_ZERO_IN_DATE,NO_ZERO_DATE,ERROR_FOR_DIVISION_BY_ZERO,TRADITIONAL,NO_ENGINE_SUBSTITUTION {{(pid=93482) _check_effective_sql_mode /opt/stack/data/venv/lib/python3.12/site-packages/oslo_db/sqlalchemy/engines.py:325}}
Aug 04 10:18:28.864345 np0000006410 nova-scheduler[93472]: DEBUG dbcounter [-] [93472] Writer thread running {{(pid=93472) stat_writer /opt/stack/data/venv/lib/python3.12/site-packages/dbcounter.py:102}}
Aug 04 10:18:28.870653 np0000006410 nova-scheduler[93482]: DEBUG dbcounter [-] [93482] Writer thread running {{(pid=93482) stat_writer /opt/stack/data/venv/lib/python3.12/site-packages/dbcounter.py:102}}
Aug 04 10:18:28.878509 np0000006410 nova-scheduler[93484]: DEBUG nova.service [None req-4fbe88e3-f21b-4898-bf2b-9f8b835d5782 None None] Creating RPC server for service: nova-scheduler on topic: scheduler {{(pid=93484) start /opt/stack/nova/nova/service.py:196}}
Aug 04 10:18:28.883167 np0000006410 nova-scheduler[93472]: DEBUG nova.service [None req-3e81c37c-43cd-43d6-b739-9934f46791a0 None None] Creating RPC server for service: nova-scheduler on topic: scheduler {{(pid=93472) start /opt/stack/nova/nova/service.py:196}}
Aug 04 10:18:28.884092 np0000006410 nova-scheduler[93482]: DEBUG nova.service [None req-76473d0a-e6d4-42f2-a1b6-889a92fc7a25 None None] Creating RPC server for service: nova-scheduler on topic: scheduler {{(pid=93482) start /opt/stack/nova/nova/service.py:196}}
Aug 04 10:18:28.907864 np0000006410 nova-scheduler[93472]: DEBUG nova.service [None req-3e81c37c-43cd-43d6-b739-9934f46791a0 None None] Join ServiceGroup membership for this service scheduler {{(pid=93472) start /opt/stack/nova/nova/service.py:222}}
Aug 04 10:18:28.908112 np0000006410 nova-scheduler[93472]: DEBUG nova.servicegroup.drivers.db [None req-3e81c37c-43cd-43d6-b739-9934f46791a0 None None] DB_Driver: join new ServiceGroup member np0000006410 to the scheduler group, service = {{(pid=93472) join /opt/stack/nova/nova/servicegroup/drivers/db.py:44}}
Aug 04 10:18:28.909553 np0000006410 nova-scheduler[93482]: DEBUG nova.service [None req-76473d0a-e6d4-42f2-a1b6-889a92fc7a25 None None] Join ServiceGroup membership for this service scheduler {{(pid=93482) start /opt/stack/nova/nova/service.py:222}}
Aug 04 10:18:28.909791 np0000006410 nova-scheduler[93482]: DEBUG nova.servicegroup.drivers.db [None req-76473d0a-e6d4-42f2-a1b6-889a92fc7a25 None None] DB_Driver: join new ServiceGroup member np0000006410 to the scheduler group, service = {{(pid=93482) join /opt/stack/nova/nova/servicegroup/drivers/db.py:44}}
Aug 04 10:18:28.917148 np0000006410 nova-scheduler[93484]: DEBUG nova.service [None req-4fbe88e3-f21b-4898-bf2b-9f8b835d5782 None None] Join ServiceGroup membership for this service scheduler {{(pid=93484) start /opt/stack/nova/nova/service.py:222}}
Aug 04 10:18:28.917341 np0000006410 nova-scheduler[93484]: DEBUG nova.servicegroup.drivers.db [None req-4fbe88e3-f21b-4898-bf2b-9f8b835d5782 None None] DB_Driver: join new ServiceGroup member np0000006410 to the scheduler group, service = {{(pid=93484) join /opt/stack/nova/nova/servicegroup/drivers/db.py:44}}
Aug 04 10:18:33.928851 np0000006410 nova-scheduler[93482]: DEBUG oslo.service.backend._threading.loopingcall [-] Fixed interval looping call 'nova.servicegroup.drivers.db.DbDriver._report_state' sleeping for 119.98 seconds {{(pid=93482) _run_loop /opt/stack/data/venv/lib/python3.12/site-packages/oslo_service/backend/_threading/loopingcall.py:125}}
Aug 04 10:18:33.938122 np0000006410 nova-scheduler[93472]: DEBUG oslo.service.backend._threading.loopingcall [-] Fixed interval looping call 'nova.servicegroup.drivers.db.DbDriver._report_state' sleeping for 119.97 seconds {{(pid=93472) _run_loop /opt/stack/data/venv/lib/python3.12/site-packages/oslo_service/backend/_threading/loopingcall.py:125}}
Aug 04 10:18:33.957798 np0000006410 nova-scheduler[93484]: DEBUG oslo.service.backend._threading.loopingcall [-] Fixed interval looping call 'nova.servicegroup.drivers.db.DbDriver._report_state' sleeping for 119.96 seconds {{(pid=93484) _run_loop /opt/stack/data/venv/lib/python3.12/site-packages/oslo_service/backend/_threading/loopingcall.py:125}}
Aug 04 10:18:37.450682 np0000006410 nova-scheduler[92207]: DEBUG dbcounter [-] [92207] Writing DB stats nova_api:SELECT=3 {{(pid=92207) stat_writer /opt/stack/data/venv/lib/python3.12/site-packages/dbcounter.py:115}}
Aug 04 10:18:37.575548 np0000006410 nova-scheduler[92207]: DEBUG dbcounter [-] [92207] Writing DB stats nova_cell1:SELECT=1 {{(pid=92207) stat_writer /opt/stack/data/venv/lib/python3.12/site-packages/dbcounter.py:115}}
Aug 04 10:18:37.579619 np0000006410 nova-scheduler[92207]: DEBUG dbcounter [-] [92207] Writing DB stats nova_cell0:SELECT=1 {{(pid=92207) stat_writer /opt/stack/data/venv/lib/python3.12/site-packages/dbcounter.py:115}}
Aug 04 10:18:43.920750 np0000006410 nova-scheduler[93482]: DEBUG dbcounter [-] [93482] Writing DB stats nova_cell0:SELECT=5,nova_cell0:INSERT=1,nova_cell0:UPDATE=1 {{(pid=93482) stat_writer /opt/stack/data/venv/lib/python3.12/site-packages/dbcounter.py:115}}
Aug 04 10:18:43.940466 np0000006410 nova-scheduler[93472]: DEBUG dbcounter [-] [93472] Writing DB stats nova_cell0:SELECT=5,nova_cell0:INSERT=1,nova_cell0:UPDATE=1 {{(pid=93472) stat_writer /opt/stack/data/venv/lib/python3.12/site-packages/dbcounter.py:115}}
Aug 04 10:18:43.950213 np0000006410 nova-scheduler[93484]: DEBUG dbcounter [-] [93484] Writing DB stats nova_cell0:SELECT=4,nova_cell0:INSERT=1 {{(pid=93484) stat_writer /opt/stack/data/venv/lib/python3.12/site-packages/dbcounter.py:115}}
Aug 04 10:18:49.920810 np0000006410 nova-scheduler[93484]: DEBUG oslo.service.backend._threading.loopingcall [None req-8e1a8b5f-bfec-402e-84da-0e167ba5a4ec None None] Dynamic interval looping call 'nova.service.Service.periodic_tasks' sleeping for 60.00 seconds {{(pid=93484) _run_loop /opt/stack/data/venv/lib/python3.12/site-packages/oslo_service/backend/_threading/loopingcall.py:125}}
Aug 04 10:19:22.911891 np0000006410 nova-scheduler[93482]: DEBUG oslo.service.backend._threading.loopingcall [None req-d8de3668-7390-4e1c-a425-e7069ae333f9 None None] Dynamic interval looping call 'nova.service.Service.periodic_tasks' sleeping for 60.00 seconds {{(pid=93482) _run_loop /opt/stack/data/venv/lib/python3.12/site-packages/oslo_service/backend/_threading/loopingcall.py:125}}
Aug 04 10:19:25.910051 np0000006410 nova-scheduler[93472]: DEBUG oslo.service.backend._threading.loopingcall [None req-4c82b763-20c8-4fd7-9413-5b88439341b2 None None] Dynamic interval looping call 'nova.service.Service.periodic_tasks' sleeping for 60.00 seconds {{(pid=93472) _run_loop /opt/stack/data/venv/lib/python3.12/site-packages/oslo_service/backend/_threading/loopingcall.py:125}}
Aug 04 10:19:49.921465 np0000006410 nova-scheduler[93484]: DEBUG oslo.service.backend._threading.loopingcall [None req-8e1a8b5f-bfec-402e-84da-0e167ba5a4ec None None] Dynamic interval looping call 'nova.service.Service.periodic_tasks' sleeping for 60.00 seconds {{(pid=93484) _run_loop /opt/stack/data/venv/lib/python3.12/site-packages/oslo_service/backend/_threading/loopingcall.py:125}}
Aug 04 10:20:22.912438 np0000006410 nova-scheduler[93482]: DEBUG oslo.service.backend._threading.loopingcall [None req-d8de3668-7390-4e1c-a425-e7069ae333f9 None None] Dynamic interval looping call 'nova.service.Service.periodic_tasks' sleeping for 60.00 seconds {{(pid=93482) _run_loop /opt/stack/data/venv/lib/python3.12/site-packages/oslo_service/backend/_threading/loopingcall.py:125}}
Aug 04 10:20:25.910639 np0000006410 nova-scheduler[93472]: DEBUG oslo.service.backend._threading.loopingcall [None req-4c82b763-20c8-4fd7-9413-5b88439341b2 None None] Dynamic interval looping call 'nova.service.Service.periodic_tasks' sleeping for 60.00 seconds {{(pid=93472) _run_loop /opt/stack/data/venv/lib/python3.12/site-packages/oslo_service/backend/_threading/loopingcall.py:125}}
Aug 04 10:20:33.918361 np0000006410 nova-scheduler[93482]: DEBUG oslo.service.backend._threading.loopingcall [-] Fixed interval looping call 'nova.servicegroup.drivers.db.DbDriver._report_state' sleeping for 119.99 seconds {{(pid=93482) _run_loop /opt/stack/data/venv/lib/python3.12/site-packages/oslo_service/backend/_threading/loopingcall.py:125}}
Aug 04 10:20:33.918972 np0000006410 nova-scheduler[93472]: DEBUG oslo.service.backend._threading.loopingcall [-] Fixed interval looping call 'nova.servicegroup.drivers.db.DbDriver._report_state' sleeping for 119.99 seconds {{(pid=93472) _run_loop /opt/stack/data/venv/lib/python3.12/site-packages/oslo_service/backend/_threading/loopingcall.py:125}}
Aug 04 10:20:33.921301 np0000006410 nova-scheduler[93484]: DEBUG oslo.service.backend._threading.loopingcall [-] Fixed interval looping call 'nova.servicegroup.drivers.db.DbDriver._report_state' sleeping for 120.00 seconds {{(pid=93484) _run_loop /opt/stack/data/venv/lib/python3.12/site-packages/oslo_service/backend/_threading/loopingcall.py:125}}
Aug 04 10:20:43.912925 np0000006410 nova-scheduler[93482]: DEBUG dbcounter [-] [93482] Writing DB stats nova_cell0:SELECT=1,nova_cell0:UPDATE=1 {{(pid=93482) stat_writer /opt/stack/data/venv/lib/python3.12/site-packages/dbcounter.py:115}}
Aug 04 10:20:43.913998 np0000006410 nova-scheduler[93472]: DEBUG dbcounter [-] [93472] Writing DB stats nova_cell0:SELECT=1,nova_cell0:UPDATE=1 {{(pid=93472) stat_writer /opt/stack/data/venv/lib/python3.12/site-packages/dbcounter.py:115}}
Aug 04 10:20:43.919608 np0000006410 nova-scheduler[93484]: DEBUG dbcounter [-] [93484] Writing DB stats nova_cell0:SELECT=1 {{(pid=93484) stat_writer /opt/stack/data/venv/lib/python3.12/site-packages/dbcounter.py:115}}
Aug 04 10:20:49.922032 np0000006410 nova-scheduler[93484]: DEBUG oslo.service.backend._threading.loopingcall [None req-8e1a8b5f-bfec-402e-84da-0e167ba5a4ec None None] Dynamic interval looping call 'nova.service.Service.periodic_tasks' sleeping for 60.00 seconds {{(pid=93484) _run_loop /opt/stack/data/venv/lib/python3.12/site-packages/oslo_service/backend/_threading/loopingcall.py:125}}
Aug 04 10:20:54.951728 np0000006410 nova-scheduler[93472]: DEBUG nova.scheduler.manager [None req-eb5ef0ee-db27-46c5-910a-f3b68d8c43b1 tempest-DeleteServersTestJSON-87204607 tempest-DeleteServersTestJSON-87204607-project-member] Starting to schedule for instances: ['2b82a524-1937-47ec-a79a-ca51b2271287'] {{(pid=93472) select_destinations /opt/stack/nova/nova/scheduler/manager.py:209}}
Aug 04 10:20:54.952132 np0000006410 nova-scheduler[93472]: DEBUG nova.scheduler.request_filter [None req-eb5ef0ee-db27-46c5-910a-f3b68d8c43b1 tempest-DeleteServersTestJSON-87204607 tempest-DeleteServersTestJSON-87204607-project-member] compute_status_filter request filter added forbidden trait COMPUTE_STATUS_DISABLED {{(pid=93472) compute_status_filter /opt/stack/nova/nova/scheduler/request_filter.py:253}}
Aug 04 10:20:54.952309 np0000006410 nova-scheduler[93472]: DEBUG nova.scheduler.request_filter [None req-eb5ef0ee-db27-46c5-910a-f3b68d8c43b1 tempest-DeleteServersTestJSON-87204607 tempest-DeleteServersTestJSON-87204607-project-member] Request filter 'compute_status_filter' took 0.0 seconds {{(pid=93472) wrapper /opt/stack/nova/nova/scheduler/request_filter.py:46}}
Aug 04 10:20:54.952870 np0000006410 nova-scheduler[93472]: DEBUG nova.scheduler.request_filter [None req-eb5ef0ee-db27-46c5-910a-f3b68d8c43b1 tempest-DeleteServersTestJSON-87204607 tempest-DeleteServersTestJSON-87204607-project-member] Request filter 'accelerators_filter' took 0.0 seconds {{(pid=93472) wrapper /opt/stack/nova/nova/scheduler/request_filter.py:46}}
Aug 04 10:20:54.953081 np0000006410 nova-scheduler[93472]: DEBUG nova.scheduler.request_filter [None req-eb5ef0ee-db27-46c5-910a-f3b68d8c43b1 tempest-DeleteServersTestJSON-87204607 tempest-DeleteServersTestJSON-87204607-project-member] Request filter 'packed_virtqueue_filter' took 0.0 seconds {{(pid=93472) wrapper /opt/stack/nova/nova/scheduler/request_filter.py:46}}
Aug 04 10:20:54.953349 np0000006410 nova-scheduler[93472]: DEBUG nova.scheduler.request_filter [None req-eb5ef0ee-db27-46c5-910a-f3b68d8c43b1 tempest-DeleteServersTestJSON-87204607 tempest-DeleteServersTestJSON-87204607-project-member] Request filter 'remote_managed_ports_filter' took 0.0 seconds {{(pid=93472) wrapper /opt/stack/nova/nova/scheduler/request_filter.py:46}}
Aug 04 10:20:54.953470 np0000006410 nova-scheduler[93472]: DEBUG nova.scheduler.request_filter [None req-eb5ef0ee-db27-46c5-910a-f3b68d8c43b1 tempest-DeleteServersTestJSON-87204607 tempest-DeleteServersTestJSON-87204607-project-member] ephemeral_encryption_filter skipped {{(pid=93472) ephemeral_encryption_filter /opt/stack/nova/nova/scheduler/request_filter.py:426}}
Aug 04 10:20:54.953600 np0000006410 nova-scheduler[93472]: DEBUG nova.scheduler.request_filter [None req-eb5ef0ee-db27-46c5-910a-f3b68d8c43b1 tempest-DeleteServersTestJSON-87204607 tempest-DeleteServersTestJSON-87204607-project-member] virtio_sound_filter skipped {{(pid=93472) virtio_sound_filter /opt/stack/nova/nova/scheduler/request_filter.py:460}}
Aug 04 10:20:54.953729 np0000006410 nova-scheduler[93472]: DEBUG nova.scheduler.request_filter [None req-eb5ef0ee-db27-46c5-910a-f3b68d8c43b1 tempest-DeleteServersTestJSON-87204607 tempest-DeleteServersTestJSON-87204607-project-member] tpm_secret_security_filter skipped {{(pid=93472) tpm_secret_security_filter /opt/stack/nova/nova/scheduler/request_filter.py:477}}
Aug 04 10:20:55.488574 np0000006410 nova-scheduler[93472]: INFO nova.utils [None req-eb5ef0ee-db27-46c5-910a-f3b68d8c43b1 tempest-DeleteServersTestJSON-87204607 tempest-DeleteServersTestJSON-87204607-project-member] The cell worker thread pool ForkProcess-1.cell_worker is initialized
Aug 04 10:20:55.488922 np0000006410 nova-scheduler[93472]: DEBUG oslo_concurrency.lockutils [None req-eb5ef0ee-db27-46c5-910a-f3b68d8c43b1 tempest-DeleteServersTestJSON-87204607 tempest-DeleteServersTestJSON-87204607-project-member] Acquiring lock "ff57330e-bfa0-4f21-8570-f8f86a90b425" by "nova.context.set_target_cell..get_or_set_cached_cell_and_set_connections" {{(pid=93472) inner /opt/stack/data/venv/lib/python3.12/site-packages/oslo_concurrency/lockutils.py:512}}
Aug 04 10:20:55.489106 np0000006410 nova-scheduler[93472]: DEBUG oslo_concurrency.lockutils [None req-eb5ef0ee-db27-46c5-910a-f3b68d8c43b1 tempest-DeleteServersTestJSON-87204607 tempest-DeleteServersTestJSON-87204607-project-member] Lock "ff57330e-bfa0-4f21-8570-f8f86a90b425" acquired by "nova.context.set_target_cell..get_or_set_cached_cell_and_set_connections" :: waited 0.000s {{(pid=93472) inner /opt/stack/data/venv/lib/python3.12/site-packages/oslo_concurrency/lockutils.py:525}}
Aug 04 10:20:55.490809 np0000006410 nova-scheduler[93472]: DEBUG oslo_concurrency.lockutils [None req-eb5ef0ee-db27-46c5-910a-f3b68d8c43b1 tempest-DeleteServersTestJSON-87204607 tempest-DeleteServersTestJSON-87204607-project-member] Lock "ff57330e-bfa0-4f21-8570-f8f86a90b425" "released" by "nova.context.set_target_cell..get_or_set_cached_cell_and_set_connections" :: held 0.001s {{(pid=93472) inner /opt/stack/data/venv/lib/python3.12/site-packages/oslo_concurrency/lockutils.py:544}}
Aug 04 10:20:55.492607 np0000006410 nova-scheduler[93472]: INFO dbcounter [None req-eb5ef0ee-db27-46c5-910a-f3b68d8c43b1 tempest-DeleteServersTestJSON-87204607 tempest-DeleteServersTestJSON-87204607-project-member] Registered counter for database nova_cell1
Aug 04 10:20:55.531322 np0000006410 nova-scheduler[93472]: DEBUG oslo_db.sqlalchemy.engines [None req-eb5ef0ee-db27-46c5-910a-f3b68d8c43b1 tempest-DeleteServersTestJSON-87204607 tempest-DeleteServersTestJSON-87204607-project-member] MySQL server mode set to STRICT_TRANS_TABLES,STRICT_ALL_TABLES,NO_ZERO_IN_DATE,NO_ZERO_DATE,ERROR_FOR_DIVISION_BY_ZERO,TRADITIONAL,NO_ENGINE_SUBSTITUTION {{(pid=93472) _check_effective_sql_mode /opt/stack/data/venv/lib/python3.12/site-packages/oslo_db/sqlalchemy/engines.py:325}}
Aug 04 10:20:55.536947 np0000006410 nova-scheduler[93472]: DEBUG dbcounter [-] [93472] Writer thread running {{(pid=93472) stat_writer /opt/stack/data/venv/lib/python3.12/site-packages/dbcounter.py:102}}
Aug 04 10:20:55.547169 np0000006410 nova-scheduler[93472]: DEBUG oslo_db.sqlalchemy.engines [None req-eb5ef0ee-db27-46c5-910a-f3b68d8c43b1 tempest-DeleteServersTestJSON-87204607 tempest-DeleteServersTestJSON-87204607-project-member] Parent process 92207 forked (93472) with an open database connection, which is being discarded and recreated. {{(pid=93472) checkout /opt/stack/data/venv/lib/python3.12/site-packages/oslo_db/sqlalchemy/engines.py:402}}
Aug 04 10:20:55.583294 np0000006410 nova-scheduler[93472]: DEBUG dbcounter [-] [93472] Writer thread running {{(pid=93472) stat_writer /opt/stack/data/venv/lib/python3.12/site-packages/dbcounter.py:102}}
Aug 04 10:20:55.585845 np0000006410 nova-scheduler[93472]: DEBUG oslo_concurrency.lockutils [None req-eb5ef0ee-db27-46c5-910a-f3b68d8c43b1 tempest-DeleteServersTestJSON-87204607 tempest-DeleteServersTestJSON-87204607-project-member] Acquiring lock "ff57330e-bfa0-4f21-8570-f8f86a90b425" by "nova.context.set_target_cell..get_or_set_cached_cell_and_set_connections" {{(pid=93472) inner /opt/stack/data/venv/lib/python3.12/site-packages/oslo_concurrency/lockutils.py:512}}
Aug 04 10:20:55.586005 np0000006410 nova-scheduler[93472]: DEBUG oslo_concurrency.lockutils [None req-eb5ef0ee-db27-46c5-910a-f3b68d8c43b1 tempest-DeleteServersTestJSON-87204607 tempest-DeleteServersTestJSON-87204607-project-member] Lock "ff57330e-bfa0-4f21-8570-f8f86a90b425" acquired by "nova.context.set_target_cell..get_or_set_cached_cell_and_set_connections" :: waited 0.000s {{(pid=93472) inner /opt/stack/data/venv/lib/python3.12/site-packages/oslo_concurrency/lockutils.py:525}}
Aug 04 10:20:55.586112 np0000006410 nova-scheduler[93472]: DEBUG oslo_concurrency.lockutils [None req-eb5ef0ee-db27-46c5-910a-f3b68d8c43b1 tempest-DeleteServersTestJSON-87204607 tempest-DeleteServersTestJSON-87204607-project-member] Lock "ff57330e-bfa0-4f21-8570-f8f86a90b425" "released" by "nova.context.set_target_cell..get_or_set_cached_cell_and_set_connections" :: held 0.000s {{(pid=93472) inner /opt/stack/data/venv/lib/python3.12/site-packages/oslo_concurrency/lockutils.py:544}}
Aug 04 10:20:55.588722 np0000006410 nova-scheduler[93472]: DEBUG oslo_concurrency.lockutils [None req-eb5ef0ee-db27-46c5-910a-f3b68d8c43b1 tempest-DeleteServersTestJSON-87204607 tempest-DeleteServersTestJSON-87204607-project-member] Acquiring lock "np0000006410-np0000006410" by "nova.scheduler.host_manager.HostState.update.._locked_update" {{(pid=93472) inner /opt/stack/data/venv/lib/python3.12/site-packages/oslo_concurrency/lockutils.py:512}}
Aug 04 10:20:55.588894 np0000006410 nova-scheduler[93472]: DEBUG oslo_concurrency.lockutils [None req-eb5ef0ee-db27-46c5-910a-f3b68d8c43b1 tempest-DeleteServersTestJSON-87204607 tempest-DeleteServersTestJSON-87204607-project-member] Lock "np0000006410-np0000006410" acquired by "nova.scheduler.host_manager.HostState.update.._locked_update" :: waited 0.000s {{(pid=93472) inner /opt/stack/data/venv/lib/python3.12/site-packages/oslo_concurrency/lockutils.py:525}}
Aug 04 10:20:55.589992 np0000006410 nova-scheduler[93472]: DEBUG nova.scheduler.host_manager [None req-eb5ef0ee-db27-46c5-910a-f3b68d8c43b1 tempest-DeleteServersTestJSON-87204607 tempest-DeleteServersTestJSON-87204607-project-member] Update host state from compute node: ComputeNode(cpu_allocation_ratio=4.0,cpu_info='{"arch": "x86_64", "model": "EPYC-Milan", "vendor": "AMD", "topology": {"cells": 1, "sockets": 16, "cores": 1, "threads": 1}, "maxphysaddr": {"mode": "emulate", "bits": 40}, "features": ["erms", "invpcid", "ssbd", "ssse3", "pse", "bmi1", "abm", "f16c", "fsrm", "lahf_lm", "sse4.1", "apic", "umip", "lbrv", "skip-l1dfl-vmentry", "xsaveerptr", "sse4.2", "xgetbv1", "arch-capabilities", "svme-addr-chk", "clflushopt", "ibrs", "osvw", "hypervisor", "mds-no", "flushbyasid", "aes", "rdseed", "amd-psfd", "fma", "no-nested-data-bp", "clzero", "svm", "xsave", "clflush", "lfence-always-serializing", "mmxext", "pschange-mc-no", "amd-ssbd", "sep", "virt-ssbd", "stibp-always-on", "popcnt", "de", "mtrr", "pat", "tsc", "adx", "npt", "nrip-save", "lm", "3dnowprefetch", "rdrand", "smep", "spec-ctrl", "cr8legacy", "vme", "pfthreshold", "vaes", "fxsr_opt", "sse4a", "pae", "tsc_adjust", "cmp_legacy", "fxsr", "movbe", "wbnoinvd", "avx", "stibp", "pse36", "topoext", "xsaves", "rdctl-no", "vgif", "bmi2", "gds-no", "v-vmsave-vmload", "rdtscp", "vpclmulqdq", "pni", "sha-ni", "cmov", "sse2", "cx16", "fpu", "tsc-scale", "x2apic", "xsavec", "fsgsbase", "misalignsse", "arat", "tsc-deadline", "ibpb", "pge", "vmcb-clean", "pause-filter", "pdpe1gb", "avx2", "nx", "null-sel-clr-base", "xsaveopt", "msr", "rdpid", "cx8", "amd-stibp", "mmx", "sse", "pku", "mce", "pclmuldq", "pcid", "clwb", "perfctr_core", "syscall", "mca", "smap"]}',created_at=2026-08-04T10:18:50Z,current_workload=0,deleted=False,deleted_at=None,disk_allocation_ratio=1.0,disk_available_least=73,free_disk_gb=95,free_ram_mb=62765,host='np0000006410',host_ip=10.4.3.212,hypervisor_hostname='np0000006410',hypervisor_type='QEMU',hypervisor_version=8002002,id=1,local_gb=95,local_gb_used=0,mapped=1,memory_mb=63277,memory_mb_used=512,metrics='[]',numa_topology='{"nova_object.name": "NUMATopology", "nova_object.namespace": "nova", "nova_object.version": "1.2", "nova_object.data": {"cells": [{"nova_object.name": "NUMACell", "nova_object.namespace": "nova", "nova_object.version": "1.5", "nova_object.data": {"id": 0, "cpuset": [0, 1, 2, 3, 4, 5, 6, 7, 8, 9, 10, 11, 12, 13, 14, 15], "pcpuset": [0, 1, 2, 3, 4, 5, 6, 7, 8, 9, 10, 11, 12, 13, 14, 15], "memory": 63277, "cpu_usage": 0, "memory_usage": 0, "pinned_cpus": [], "siblings": [[6], [12], [2], [15], [5], [11], [8], [14], [4], [1], [7], [10], [0], [13], [3], [9]], "mempages": [{"nova_object.name": "NUMAPagesTopology", "nova_object.namespace": "nova", "nova_object.version": "1.1", "nova_object.data": {"size_kb": 4, "total": 16177929, "used": 0, "reserved": 0}, "nova_object.changes": ["total", "used", "size_kb", "reserved"]}, {"nova_object.name": "NUMAPagesTopology", "nova_object.namespace": "nova", "nova_object.version": "1.1", "nova_object.data": {"size_kb": 2048, "total": 41, "used": 0, "reserved": 0}, "nova_object.changes": ["total", "used", "size_kb", "reserved"]}, {"nova_object.name": "NUMAPagesTopology", "nova_object.namespace": "nova", "nova_object.version": "1.1", "nova_object.data": {"size_kb": 1048576, "total": 0, "used": 0, "reserved": 0}, "nova_object.changes": ["total", "used", "size_kb", "reserved"]}], "network_metadata": {"nova_object.name": "NetworkMetadata", "nova_object.namespace": "nova", "nova_object.version": "1.0", "nova_object.data": {"physnets": [], "tunneled": false}, "nova_object.changes": ["physnets", "tunneled"]}, "socket": null}, "nova_object.changes": ["mempages", "siblings", "memory_usage", "memory", "network_metadata", "socket", "pinned_cpus", "pcpuset", "cpu_usage", "cpuset", "id"]}]}, "nova_object.changes": ["cells"]}',pci_device_pools=PciDevicePoolList,ram_allocation_ratio=1.0,running_vms=0,service_id=2,stats={failed_builds='0',uptime=' 10:20:38 up 14 min, 2 users, load average: 2.29, 1.57, 0.84
Aug 04 10:20:55.589992 np0000006410 nova-scheduler[93472]: '},supported_hv_specs=[HVSpec,HVSpec,HVSpec,HVSpec,HVSpec,HVSpec,HVSpec,HVSpec,HVSpec,HVSpec,HVSpec,HVSpec,HVSpec,HVSpec,HVSpec,HVSpec,HVSpec,HVSpec,HVSpec,HVSpec,HVSpec,HVSpec,HVSpec,HVSpec,HVSpec],updated_at=2026-08-04T10:20:39Z,uuid=6b176a8a-25e0-47eb-a426-eb830450783b,vcpus=16,vcpus_used=0) {{(pid=93472) _locked_update /opt/stack/nova/nova/scheduler/host_manager.py:168}}
Aug 04 10:20:55.590796 np0000006410 nova-scheduler[93472]: DEBUG nova.scheduler.host_manager [None req-eb5ef0ee-db27-46c5-910a-f3b68d8c43b1 tempest-DeleteServersTestJSON-87204607 tempest-DeleteServersTestJSON-87204607-project-member] Update host state with aggregates: [] {{(pid=93472) _locked_update /opt/stack/nova/nova/scheduler/host_manager.py:171}}
Aug 04 10:20:55.590919 np0000006410 nova-scheduler[93472]: DEBUG nova.scheduler.host_manager [None req-eb5ef0ee-db27-46c5-910a-f3b68d8c43b1 tempest-DeleteServersTestJSON-87204607 tempest-DeleteServersTestJSON-87204607-project-member] Update host state with service dict: {'id': 2, 'uuid': '369b08dc-e673-40e6-9de1-dbc72815a9cb', 'host': 'np0000006410', 'binary': 'nova-compute', 'topic': 'compute', 'report_count': 1, 'disabled': False, 'disabled_reason': None, 'last_seen_up': datetime.datetime(2026, 8, 4, 10, 18, 56, tzinfo=datetime.timezone.utc), 'forced_down': False, 'version': 72, 'created_at': datetime.datetime(2026, 8, 4, 10, 18, 49, tzinfo=datetime.timezone.utc), 'updated_at': datetime.datetime(2026, 8, 4, 10, 18, 56, tzinfo=datetime.timezone.utc), 'deleted_at': None, 'deleted': False} {{(pid=93472) _locked_update /opt/stack/nova/nova/scheduler/host_manager.py:174}}
Aug 04 10:20:55.591039 np0000006410 nova-scheduler[93472]: DEBUG nova.scheduler.host_manager [None req-eb5ef0ee-db27-46c5-910a-f3b68d8c43b1 tempest-DeleteServersTestJSON-87204607 tempest-DeleteServersTestJSON-87204607-project-member] Update host state with instances: [] {{(pid=93472) _locked_update /opt/stack/nova/nova/scheduler/host_manager.py:177}}
Aug 04 10:20:55.591154 np0000006410 nova-scheduler[93472]: DEBUG oslo_concurrency.lockutils [None req-eb5ef0ee-db27-46c5-910a-f3b68d8c43b1 tempest-DeleteServersTestJSON-87204607 tempest-DeleteServersTestJSON-87204607-project-member] Lock "np0000006410-np0000006410" "released" by "nova.scheduler.host_manager.HostState.update.._locked_update" :: held 0.002s {{(pid=93472) inner /opt/stack/data/venv/lib/python3.12/site-packages/oslo_concurrency/lockutils.py:544}}
Aug 04 10:20:55.591788 np0000006410 nova-scheduler[93472]: DEBUG nova.filters [None req-eb5ef0ee-db27-46c5-910a-f3b68d8c43b1 tempest-DeleteServersTestJSON-87204607 tempest-DeleteServersTestJSON-87204607-project-member] Starting with 1 host(s) {{(pid=93472) get_filtered_objects /opt/stack/nova/nova/filters.py:70}}
Aug 04 10:20:55.592004 np0000006410 nova-scheduler[93472]: DEBUG nova.filters [None req-eb5ef0ee-db27-46c5-910a-f3b68d8c43b1 tempest-DeleteServersTestJSON-87204607 tempest-DeleteServersTestJSON-87204607-project-member] Filter ComputeFilter returned 1 host(s) {{(pid=93472) get_filtered_objects /opt/stack/nova/nova/filters.py:102}}
Aug 04 10:20:55.592172 np0000006410 nova-scheduler[93472]: DEBUG nova.filters [None req-eb5ef0ee-db27-46c5-910a-f3b68d8c43b1 tempest-DeleteServersTestJSON-87204607 tempest-DeleteServersTestJSON-87204607-project-member] Filter ComputeCapabilitiesFilter returned 1 host(s) {{(pid=93472) get_filtered_objects /opt/stack/nova/nova/filters.py:102}}
Aug 04 10:20:55.592412 np0000006410 nova-scheduler[93472]: DEBUG nova.filters [None req-eb5ef0ee-db27-46c5-910a-f3b68d8c43b1 tempest-DeleteServersTestJSON-87204607 tempest-DeleteServersTestJSON-87204607-project-member] Filter ImagePropertiesFilter returned 1 host(s) {{(pid=93472) get_filtered_objects /opt/stack/nova/nova/filters.py:102}}
Aug 04 10:20:55.592550 np0000006410 nova-scheduler[93472]: DEBUG nova.filters [None req-eb5ef0ee-db27-46c5-910a-f3b68d8c43b1 tempest-DeleteServersTestJSON-87204607 tempest-DeleteServersTestJSON-87204607-project-member] Filter ServerGroupAntiAffinityFilter returned 1 host(s) {{(pid=93472) get_filtered_objects /opt/stack/nova/nova/filters.py:102}}
Aug 04 10:20:55.592669 np0000006410 nova-scheduler[93472]: DEBUG nova.filters [None req-eb5ef0ee-db27-46c5-910a-f3b68d8c43b1 tempest-DeleteServersTestJSON-87204607 tempest-DeleteServersTestJSON-87204607-project-member] Filter ServerGroupAffinityFilter returned 1 host(s) {{(pid=93472) get_filtered_objects /opt/stack/nova/nova/filters.py:102}}
Aug 04 10:20:55.592798 np0000006410 nova-scheduler[93472]: DEBUG nova.filters [None req-eb5ef0ee-db27-46c5-910a-f3b68d8c43b1 tempest-DeleteServersTestJSON-87204607 tempest-DeleteServersTestJSON-87204607-project-member] Filter SameHostFilter returned 1 host(s) {{(pid=93472) get_filtered_objects /opt/stack/nova/nova/filters.py:102}}
Aug 04 10:20:55.592917 np0000006410 nova-scheduler[93472]: DEBUG nova.filters [None req-eb5ef0ee-db27-46c5-910a-f3b68d8c43b1 tempest-DeleteServersTestJSON-87204607 tempest-DeleteServersTestJSON-87204607-project-member] Filter DifferentHostFilter returned 1 host(s) {{(pid=93472) get_filtered_objects /opt/stack/nova/nova/filters.py:102}}
Aug 04 10:20:55.593056 np0000006410 nova-scheduler[93472]: DEBUG nova.scheduler.manager [None req-eb5ef0ee-db27-46c5-910a-f3b68d8c43b1 tempest-DeleteServersTestJSON-87204607 tempest-DeleteServersTestJSON-87204607-project-member] Filtered [(np0000006410, np0000006410) ram: 62765MB disk: 74752MB io_ops: 0 instances: 0, allocation_candidates: 1] {{(pid=93472) _get_sorted_hosts /opt/stack/nova/nova/scheduler/manager.py:742}}
Aug 04 10:20:55.593266 np0000006410 nova-scheduler[93472]: DEBUG nova.scheduler.manager [None req-eb5ef0ee-db27-46c5-910a-f3b68d8c43b1 tempest-DeleteServersTestJSON-87204607 tempest-DeleteServersTestJSON-87204607-project-member] Weighed [WeighedHost [host: (np0000006410, np0000006410) ram: 62765MB disk: 74752MB io_ops: 0 instances: 0, allocation_candidates: 1, weight: 0.0]] {{(pid=93472) _get_sorted_hosts /opt/stack/nova/nova/scheduler/manager.py:764}}
Aug 04 10:20:55.593443 np0000006410 nova-scheduler[93472]: DEBUG nova.scheduler.utils [None req-eb5ef0ee-db27-46c5-910a-f3b68d8c43b1 tempest-DeleteServersTestJSON-87204607 tempest-DeleteServersTestJSON-87204607-project-member] Attempting to claim resources in the placement API for instance 2b82a524-1937-47ec-a79a-ca51b2271287 {{(pid=93472) claim_resources /opt/stack/nova/nova/scheduler/utils.py:1345}}
Aug 04 10:20:55.740989 np0000006410 nova-scheduler[93472]: DEBUG nova.scheduler.manager [None req-eb5ef0ee-db27-46c5-910a-f3b68d8c43b1 tempest-DeleteServersTestJSON-87204607 tempest-DeleteServersTestJSON-87204607-project-member] [instance: 2b82a524-1937-47ec-a79a-ca51b2271287] Selected host: (np0000006410, np0000006410) ram: 62765MB disk: 74752MB io_ops: 0 instances: 0, allocation_candidates: 1 {{(pid=93472) _consume_selected_host /opt/stack/nova/nova/scheduler/manager.py:624}}
Aug 04 10:20:55.741306 np0000006410 nova-scheduler[93472]: DEBUG oslo_concurrency.lockutils [None req-eb5ef0ee-db27-46c5-910a-f3b68d8c43b1 tempest-DeleteServersTestJSON-87204607 tempest-DeleteServersTestJSON-87204607-project-member] Acquiring lock "np0000006410-np0000006410" by "nova.scheduler.host_manager.HostState.consume_from_request.._locked" {{(pid=93472) inner /opt/stack/data/venv/lib/python3.12/site-packages/oslo_concurrency/lockutils.py:512}}
Aug 04 10:20:55.741479 np0000006410 nova-scheduler[93472]: DEBUG oslo_concurrency.lockutils [None req-eb5ef0ee-db27-46c5-910a-f3b68d8c43b1 tempest-DeleteServersTestJSON-87204607 tempest-DeleteServersTestJSON-87204607-project-member] Lock "np0000006410-np0000006410" acquired by "nova.scheduler.host_manager.HostState.consume_from_request.._locked" :: waited 0.000s {{(pid=93472) inner /opt/stack/data/venv/lib/python3.12/site-packages/oslo_concurrency/lockutils.py:525}}
Aug 04 10:20:55.741648 np0000006410 nova-scheduler[93472]: DEBUG oslo_concurrency.lockutils [None req-eb5ef0ee-db27-46c5-910a-f3b68d8c43b1 tempest-DeleteServersTestJSON-87204607 tempest-DeleteServersTestJSON-87204607-project-member] Lock "np0000006410-np0000006410" "released" by "nova.scheduler.host_manager.HostState.consume_from_request.._locked" :: held 0.000s {{(pid=93472) inner /opt/stack/data/venv/lib/python3.12/site-packages/oslo_concurrency/lockutils.py:544}}
Aug 04 10:21:02.140478 np0000006410 nova-scheduler[93482]: DEBUG nova.scheduler.manager [None req-b91fed72-1c50-43db-8026-108afc83fedd tempest-ServerActionsTestOtherA-154186669 tempest-ServerActionsTestOtherA-154186669-project-member] Starting to schedule for instances: ['a5ed96e7-b536-4919-a5ad-b799966ca560'] {{(pid=93482) select_destinations /opt/stack/nova/nova/scheduler/manager.py:209}}
Aug 04 10:21:02.140478 np0000006410 nova-scheduler[93482]: DEBUG nova.scheduler.request_filter [None req-b91fed72-1c50-43db-8026-108afc83fedd tempest-ServerActionsTestOtherA-154186669 tempest-ServerActionsTestOtherA-154186669-project-member] compute_status_filter request filter added forbidden trait COMPUTE_STATUS_DISABLED {{(pid=93482) compute_status_filter /opt/stack/nova/nova/scheduler/request_filter.py:253}}
Aug 04 10:21:02.140478 np0000006410 nova-scheduler[93482]: DEBUG nova.scheduler.request_filter [None req-b91fed72-1c50-43db-8026-108afc83fedd tempest-ServerActionsTestOtherA-154186669 tempest-ServerActionsTestOtherA-154186669-project-member] Request filter 'compute_status_filter' took 0.0 seconds {{(pid=93482) wrapper /opt/stack/nova/nova/scheduler/request_filter.py:46}}
Aug 04 10:21:02.140478 np0000006410 nova-scheduler[93482]: DEBUG nova.scheduler.request_filter [None req-b91fed72-1c50-43db-8026-108afc83fedd tempest-ServerActionsTestOtherA-154186669 tempest-ServerActionsTestOtherA-154186669-project-member] Request filter 'accelerators_filter' took 0.0 seconds {{(pid=93482) wrapper /opt/stack/nova/nova/scheduler/request_filter.py:46}}
Aug 04 10:21:02.140478 np0000006410 nova-scheduler[93482]: DEBUG nova.scheduler.request_filter [None req-b91fed72-1c50-43db-8026-108afc83fedd tempest-ServerActionsTestOtherA-154186669 tempest-ServerActionsTestOtherA-154186669-project-member] Request filter 'packed_virtqueue_filter' took 0.0 seconds {{(pid=93482) wrapper /opt/stack/nova/nova/scheduler/request_filter.py:46}}
Aug 04 10:21:02.141693 np0000006410 nova-scheduler[93482]: DEBUG nova.scheduler.request_filter [None req-b91fed72-1c50-43db-8026-108afc83fedd tempest-ServerActionsTestOtherA-154186669 tempest-ServerActionsTestOtherA-154186669-project-member] Request filter 'remote_managed_ports_filter' took 0.0 seconds {{(pid=93482) wrapper /opt/stack/nova/nova/scheduler/request_filter.py:46}}
Aug 04 10:21:02.142336 np0000006410 nova-scheduler[93482]: DEBUG nova.scheduler.request_filter [None req-b91fed72-1c50-43db-8026-108afc83fedd tempest-ServerActionsTestOtherA-154186669 tempest-ServerActionsTestOtherA-154186669-project-member] ephemeral_encryption_filter skipped {{(pid=93482) ephemeral_encryption_filter /opt/stack/nova/nova/scheduler/request_filter.py:426}}
Aug 04 10:21:02.142637 np0000006410 nova-scheduler[93482]: DEBUG nova.scheduler.request_filter [None req-b91fed72-1c50-43db-8026-108afc83fedd tempest-ServerActionsTestOtherA-154186669 tempest-ServerActionsTestOtherA-154186669-project-member] virtio_sound_filter skipped {{(pid=93482) virtio_sound_filter /opt/stack/nova/nova/scheduler/request_filter.py:460}}
Aug 04 10:21:02.142858 np0000006410 nova-scheduler[93482]: DEBUG nova.scheduler.request_filter [None req-b91fed72-1c50-43db-8026-108afc83fedd tempest-ServerActionsTestOtherA-154186669 tempest-ServerActionsTestOtherA-154186669-project-member] tpm_secret_security_filter skipped {{(pid=93482) tpm_secret_security_filter /opt/stack/nova/nova/scheduler/request_filter.py:477}}
Aug 04 10:21:02.251939 np0000006410 nova-scheduler[93482]: INFO nova.utils [None req-b91fed72-1c50-43db-8026-108afc83fedd tempest-ServerActionsTestOtherA-154186669 tempest-ServerActionsTestOtherA-154186669-project-member] The cell worker thread pool ForkProcess-2.cell_worker is initialized
