Aug 04 10:18:12.761987 np0000006410 devstack@neutron-api.service[87571]: INFO neutron.db.ovn_revision_numbers_db [None req-a5edb4e8-1539-4f1c-ae86-a83642b9da27 admin admin] Successfully bumped revision number for resource e4b6c51e-6ea2-4297-81c6-0c8f8761da1f (type: subnets) to 0
Aug 04 10:18:12.763035 np0000006410 devstack@neutron-api.service[87571]: DEBUG neutron.pecan_wsgi.hooks.policy_enforcement [None req-a5edb4e8-1539-4f1c-ae86-a83642b9da27 admin admin] Attributes excluded by policy engine: ['standard_attr_id', 'shared', 'network'] {{(pid=87571) _exclude_attributes_by_policy /opt/stack/neutron/neutron/pecan_wsgi/hooks/policy_enforcement.py:259}}
Aug 04 10:18:12.763365 np0000006410 devstack@neutron-api.service[87571]: DEBUG neutron_lib.callbacks.manager [None req-a5edb4e8-1539-4f1c-ae86-a83642b9da27 admin admin] Publish callbacks [] for subnet (None), before_response {{(pid=87571) _notify_loop /opt/stack/data/venv/lib/python3.12/site-packages/neutron_lib/callbacks/manager.py:184}}
Aug 04 10:18:12.772965 np0000006410 devstack@neutron-api.service[87571]: [pid: 87571|app: 0|req: 5/11] 10.4.3.212 () {68 vars in 1324 bytes} [Tue Aug 4 10:18:12 2026] POST /networking/v2.0/subnets => generated 730 bytes in 645 msecs (HTTP/1.1 201) 4 headers in 162 bytes (1 switches on core 0)
Aug 04 10:18:13.021920 np0000006410 devstack@neutron-api.service[87572]: DEBUG neutron.api.wsgi [None req-64a1e6aa-d58c-4725-9717-ae093150d4c0 admin admin] Missing Content-Type {{(pid=87572) get_content_type /opt/stack/neutron/neutron/api/wsgi.py:80}}
Aug 04 10:18:13.022411 np0000006410 devstack@neutron-api.service[87572]: DEBUG neutron.api.wsgi [None req-64a1e6aa-d58c-4725-9717-ae093150d4c0 admin admin] https://10.4.3.212/networking/v2.0/extensions returned with HTTP 200 {{(pid=87572) __call__ /opt/stack/neutron/neutron/api/wsgi.py:540}}
Aug 04 10:18:13.022719 np0000006410 devstack@neutron-api.service[87572]: [pid: 87572|app: 0|req: 4/12] 10.4.3.212 () {64 vars in 1292 bytes} [Tue Aug 4 10:18:13 2026] GET /networking/v2.0/extensions => generated 16171 bytes in 3 msecs (HTTP/1.1 200) 4 headers in 159 bytes (1 switches on core 0)
Aug 04 10:18:13.303760 np0000006410 devstack@neutron-api.service[87570]: DEBUG neutron.api.wsgi [None req-57bd870a-a417-455c-89f3-374bedd59d87 admin admin] Missing Content-Type {{(pid=87570) get_content_type /opt/stack/neutron/neutron/api/wsgi.py:80}}
Aug 04 10:18:13.304155 np0000006410 devstack@neutron-api.service[87570]: DEBUG neutron.api.wsgi [None req-57bd870a-a417-455c-89f3-374bedd59d87 admin admin] https://10.4.3.212/networking/v2.0/extensions returned with HTTP 200 {{(pid=87570) __call__ /opt/stack/neutron/neutron/api/wsgi.py:540}}
Aug 04 10:18:13.304473 np0000006410 devstack@neutron-api.service[87570]: [pid: 87570|app: 0|req: 4/13] 10.4.3.212 () {64 vars in 1292 bytes} [Tue Aug 4 10:18:13 2026] GET /networking/v2.0/extensions => generated 16171 bytes in 3 msecs (HTTP/1.1 200) 4 headers in 159 bytes (1 switches on core 0)
Aug 04 10:18:13.588600 np0000006410 devstack@neutron-api.service[87571]: DEBUG neutron.api.v2.base [None req-ace1acf4-0b68-4c28-a547-6c11e9d9b9df admin admin] Request body: {'router': {'admin_state_up': True, 'name': 'router1'}} {{(pid=87571) prepare_request_body /opt/stack/neutron/neutron/api/v2/base.py:727}}
Aug 04 10:18:13.602598 np0000006410 devstack@neutron-api.service[87571]: DEBUG neutron_lib.callbacks.manager [None req-ace1acf4-0b68-4c28-a547-6c11e9d9b9df admin admin] Publish callbacks ['neutron.services.ovn_l3.service_providers.driver_controller.DriverController._check_router_request-60185'] for router (97db7eb5-9e09-4b94-b5d9-de04abae8fed), before_create {{(pid=87571) _notify_loop /opt/stack/data/venv/lib/python3.12/site-packages/neutron_lib/callbacks/manager.py:184}}
Aug 04 10:18:13.603283 np0000006410 devstack@neutron-api.service[87571]: DEBUG neutron_lib.callbacks.manager [None req-ace1acf4-0b68-4c28-a547-6c11e9d9b9df admin admin] Publish callbacks ['neutron.services.ovn_l3.service_providers.ovn.OVN_L3_HA_db_mixin._precommit_router_create-39552', 'neutron.services.ovn_l3.plugin.RouterAvailabilityZoneMixin._process_az_request-1135853', 'neutron.services.ovn_l3.plugin.ExtraGatewaysDbOnlyMixin._process_bfd_ecmp_create-12751', 'neutron.services.ovn_l3.service_providers.ovn.OvnDriver._process_router_create_precommit-39612', 'neutron.services.ovn_l3.service_providers.driver_controller.DriverController._set_router_provider-60271'] for router (97db7eb5-9e09-4b94-b5d9-de04abae8fed), precommit_create {{(pid=87571) _notify_loop /opt/stack/data/venv/lib/python3.12/site-packages/neutron_lib/callbacks/manager.py:184}}
Aug 04 10:18:13.615434 np0000006410 devstack@neutron-api.service[87571]: DEBUG neutron.db.ovn_revision_numbers_db [None req-ace1acf4-0b68-4c28-a547-6c11e9d9b9df admin admin] create_initial_revision uuid=97db7eb5-9e09-4b94-b5d9-de04abae8fed, type=routers, rev=-1 {{(pid=87571) create_initial_revision /opt/stack/neutron/neutron/db/ovn_revision_numbers_db.py:98}}
Aug 04 10:18:13.686694 np0000006410 devstack@neutron-api.service[87571]: DEBUG neutron_lib.callbacks.manager [None req-ace1acf4-0b68-4c28-a547-6c11e9d9b9df admin admin] Publish callbacks [] for router_controller (97db7eb5-9e09-4b94-b5d9-de04abae8fed), precommit_add_association {{(pid=87571) _notify_loop /opt/stack/data/venv/lib/python3.12/site-packages/neutron_lib/callbacks/manager.py:184}}
Aug 04 10:18:13.689693 np0000006410 devstack@neutron-api.service[87571]: DEBUG neutron_lib.callbacks.manager [None req-ace1acf4-0b68-4c28-a547-6c11e9d9b9df admin admin] Publish callbacks ['neutron.services.ovn_l3.service_providers.ovn.OvnDriver._process_router_create-39660'] for router (97db7eb5-9e09-4b94-b5d9-de04abae8fed), after_create {{(pid=87571) _notify_loop /opt/stack/data/venv/lib/python3.12/site-packages/neutron_lib/callbacks/manager.py:184}}
Aug 04 10:18:13.689825 np0000006410 devstack@neutron-api.service[87571]: INFO neutron.plugins.ml2.drivers.ovn.mech_driver.ovsdb.extensions.qos [None req-ace1acf4-0b68-4c28-a547-6c11e9d9b9df admin admin] Starting OVNClientQosExtension
Aug 04 10:18:13.690093 np0000006410 devstack@neutron-api.service[87571]: DEBUG neutron.plugins.ml2.drivers.ovn.mech_driver.ovsdb.extensions.qos [None req-ace1acf4-0b68-4c28-a547-6c11e9d9b9df admin admin] Router 97db7eb5-9e09-4b94-b5d9-de04abae8fed does not have ID or gateway assigned {{(pid=87571) update_router /opt/stack/neutron/neutron/plugins/ml2/drivers/ovn/mech_driver/ovsdb/extensions/qos.py:527}}
Aug 04 10:18:13.690423 np0000006410 devstack@neutron-api.service[87571]: DEBUG ovsdbapp.backend.ovs_idl.transaction [-] Running txn n=1 command(idx=0): LrAddCommand(_result=None, router=neutron-97db7eb5-9e09-4b94-b5d9-de04abae8fed, may_exist=True, columns={'external_ids': {'neutron:router_name': 'router1', 'neutron:revision_number': '1', 'neutron:availability_zone_hints': ''}, 'enabled': True, 'options': {'always_learn_from_arp_request': 'false', 'dynamic_neigh_routers': 'true', 'mac_binding_age_threshold': '300'}}) {{(pid=87571) do_commit /opt/stack/data/venv/lib/python3.12/site-packages/ovsdbapp/backend/ovs_idl/transaction.py:89}}
Aug 04 10:18:13.702491 np0000006410 devstack@neutron-api.service[87572]: DEBUG neutron.plugins.ml2.drivers.ovn.mech_driver.ovsdb.ovsdb_monitor [-] Hash Ring: Node 4cf8c9457a4f5d8c8c6619971f4f945a (host: np0000006410) handling event "create" for row 11b90983-559e-4c33-8441-f9f7a3250a0e (table: Logical_Router) {{(pid=87572) notify /opt/stack/neutron/neutron/plugins/ml2/drivers/ovn/mech_driver/ovsdb/ovsdb_monitor.py:1099}}
Aug 04 10:18:13.703113 np0000006410 devstack@neutron-api.service[87571]: DEBUG neutron.plugins.ml2.drivers.ovn.mech_driver.ovsdb.ovsdb_monitor [-] Hash Ring: Node 22e7cca7c06c542c88555052b8b574f9 (host: np0000006410) handling event "create" for row 11b90983-559e-4c33-8441-f9f7a3250a0e (table: Logical_Router) {{(pid=87571) notify /opt/stack/neutron/neutron/plugins/ml2/drivers/ovn/mech_driver/ovsdb/ovsdb_monitor.py:1099}}
Aug 04 10:18:13.708711 np0000006410 devstack@neutron-api.service[87572]: DEBUG neutron.plugins.ml2.drivers.ovn.mech_driver.ovsdb.ovsdb_monitor [-] Hash Ring: Node 4cf8c9457a4f5d8c8c6619971f4f945a (host: np0000006410) handling event "create" for row 8c35e48d-919d-4ed8-a793-7719aff97006 (table: Datapath_Binding) {{(pid=87572) notify /opt/stack/neutron/neutron/plugins/ml2/drivers/ovn/mech_driver/ovsdb/ovsdb_monitor.py:1099}}
Aug 04 10:18:13.721880 np0000006410 devstack@neutron-api.service[87571]: DEBUG neutron.plugins.ml2.drivers.ovn.mech_driver.ovsdb.ovsdb_monitor [-] Hash Ring: Node 22e7cca7c06c542c88555052b8b574f9 (host: np0000006410) handling event "create" for row 8c35e48d-919d-4ed8-a793-7719aff97006 (table: Datapath_Binding) {{(pid=87571) notify /opt/stack/neutron/neutron/plugins/ml2/drivers/ovn/mech_driver/ovsdb/ovsdb_monitor.py:1099}}
Aug 04 10:18:13.809216 np0000006410 devstack@neutron-api.service[87571]: INFO neutron.db.ovn_revision_numbers_db [None req-ace1acf4-0b68-4c28-a547-6c11e9d9b9df admin admin] Successfully bumped revision number for resource 97db7eb5-9e09-4b94-b5d9-de04abae8fed (type: routers) to 1
Aug 04 10:18:13.818919 np0000006410 devstack@neutron-api.service[87571]: DEBUG neutron_lib.callbacks.manager [None req-ace1acf4-0b68-4c28-a547-6c11e9d9b9df admin admin] Publish callbacks [] for router (None), before_response {{(pid=87571) _notify_loop /opt/stack/data/venv/lib/python3.12/site-packages/neutron_lib/callbacks/manager.py:184}}
Aug 04 10:18:13.819475 np0000006410 devstack@neutron-api.service[87571]: [pid: 87571|app: 0|req: 6/14] 10.4.3.212 () {68 vars in 1323 bytes} [Tue Aug 4 10:18:13 2026] POST /networking/v2.0/routers => generated 599 bytes in 233 msecs (HTTP/1.1 201) 4 headers in 162 bytes (1 switches on core 0)
Aug 04 10:18:14.067255 np0000006410 devstack@neutron-api.service[87572]: DEBUG neutron.api.wsgi [None req-997f1829-792d-42fa-b312-649b6cb027c9 admin admin] Missing Content-Type {{(pid=87572) get_content_type /opt/stack/neutron/neutron/api/wsgi.py:80}}
Aug 04 10:18:14.067652 np0000006410 devstack@neutron-api.service[87572]: DEBUG neutron.api.wsgi [None req-997f1829-792d-42fa-b312-649b6cb027c9 admin admin] https://10.4.3.212/networking/v2.0/extensions returned with HTTP 200 {{(pid=87572) __call__ /opt/stack/neutron/neutron/api/wsgi.py:540}}
Aug 04 10:18:14.068336 np0000006410 devstack@neutron-api.service[87572]: [pid: 87572|app: 0|req: 5/15] 10.4.3.212 () {64 vars in 1292 bytes} [Tue Aug 4 10:18:14 2026] GET /networking/v2.0/extensions => generated 16171 bytes in 3 msecs (HTTP/1.1 200) 4 headers in 159 bytes (1 switches on core 0)
Aug 04 10:18:14.344080 np0000006410 devstack@neutron-api.service[87570]: DEBUG neutron.api.v2.base [None req-8644bb50-8b14-43fa-b637-2f34aec27354 admin admin] Request body: {'network': {'admin_state_up': True, 'router:external': True, 'is_default': True, 'provider:network_type': 'flat', 'name': 'public', 'provider:physical_network': 'public'}} {{(pid=87570) prepare_request_body /opt/stack/neutron/neutron/api/v2/base.py:727}}
Aug 04 10:18:14.360325 np0000006410 devstack@neutron-api.service[87570]: DEBUG neutron.pecan_wsgi.hooks.quota_enforcement [None req-8644bb50-8b14-43fa-b637-2f34aec27354 admin admin] Made reservation on behalf of a8dbf36be7214846b04445be8c79bb61 for: {'network': 1} {{(pid=87570) before /opt/stack/neutron/neutron/pecan_wsgi/hooks/quota_enforcement.py:66}}
Aug 04 10:18:14.364384 np0000006410 devstack@neutron-api.service[87570]: DEBUG neutron_lib.callbacks.manager [None req-8644bb50-8b14-43fa-b637-2f34aec27354 admin admin] Publish callbacks ['neutron.plugins.ml2.plugin.SecurityGroupDbMixin._ensure_default_security_group_handler-323561'] for network (None), before_create {{(pid=87570) _notify_loop /opt/stack/data/venv/lib/python3.12/site-packages/neutron_lib/callbacks/manager.py:184}}
Aug 04 10:18:14.399348 np0000006410 devstack@neutron-api.service[87570]: DEBUG neutron.plugins.ml2.drivers.type_flat [None req-8644bb50-8b14-43fa-b637-2f34aec27354 admin admin] Reserving flat network on physical network public {{(pid=87570) reserve_provider_segment /opt/stack/neutron/neutron/plugins/ml2/drivers/type_flat.py:100}}
Aug 04 10:18:14.410535 np0000006410 devstack@neutron-api.service[87570]: DEBUG neutron_lib.callbacks.manager [None req-8644bb50-8b14-43fa-b637-2f34aec27354 admin admin] Publish callbacks ['neutron.services.segments.db._add_segment_host_mapping_for_segment-8443971979378', 'neutron.plugins.ml2.plugin.Ml2Plugin._handle_segment_change-2019715'] for segment (99448f82-eb40-45c7-bee6-68afb11f5d6b), precommit_create {{(pid=87570) _notify_loop /opt/stack/data/venv/lib/python3.12/site-packages/neutron_lib/callbacks/manager.py:184}}
Aug 04 10:18:14.410767 np0000006410 devstack@neutron-api.service[87570]: DEBUG neutron_lib.callbacks.manager [None req-8644bb50-8b14-43fa-b637-2f34aec27354 admin admin] Unsubscribe: segment precommit_create {{(pid=87570) unsubscribe /opt/stack/data/venv/lib/python3.12/site-packages/neutron_lib/callbacks/manager.py:90}}
Aug 04 10:18:14.411000 np0000006410 devstack@neutron-api.service[87570]: INFO neutron.db.segments_db [None req-8644bb50-8b14-43fa-b637-2f34aec27354 admin admin] Added segment 99448f82-eb40-45c7-bee6-68afb11f5d6b of type flat for network 5c5ffb6d-05c6-4c66-b633-987d46f0bc50
Aug 04 10:18:14.448396 np0000006410 devstack@neutron-api.service[87570]: DEBUG neutron_lib.callbacks.manager [None req-8644bb50-8b14-43fa-b637-2f34aec27354 admin admin] Publish callbacks ['neutron.services.auto_allocate.db._ensure_external_network_default_value_callback-8443970721562'] for network (5c5ffb6d-05c6-4c66-b633-987d46f0bc50), precommit_create {{(pid=87570) _notify_loop /opt/stack/data/venv/lib/python3.12/site-packages/neutron_lib/callbacks/manager.py:184}}
Aug 04 10:18:14.469750 np0000006410 devstack@neutron-api.service[87570]: DEBUG neutron.plugins.ml2.drivers.ovn.mech_driver.mech_driver [None req-8644bb50-8b14-43fa-b637-2f34aec27354 admin admin] Validating network segment with type flat, segmentation ID None, physical network public {{(pid=87570) _validate_network_segments /opt/stack/neutron/neutron/plugins/ml2/drivers/ovn/mech_driver/mech_driver.py:646}}
Aug 04 10:18:14.469889 np0000006410 devstack@neutron-api.service[87570]: DEBUG neutron.db.ovn_revision_numbers_db [None req-8644bb50-8b14-43fa-b637-2f34aec27354 admin admin] create_initial_revision uuid=5c5ffb6d-05c6-4c66-b633-987d46f0bc50, type=networks, rev=-1 {{(pid=87570) create_initial_revision /opt/stack/neutron/neutron/db/ovn_revision_numbers_db.py:98}}
Aug 04 10:18:14.488471 np0000006410 devstack@neutron-api.service[87570]: DEBUG neutron_lib.callbacks.manager [None req-8644bb50-8b14-43fa-b637-2f34aec27354 admin admin] Publish callbacks ['neutron.plugins.ml2.ovo_rpc._ObjectChangeHandler.handle_event-2661645'] for network (5c5ffb6d-05c6-4c66-b633-987d46f0bc50), after_create {{(pid=87570) _notify_loop /opt/stack/data/venv/lib/python3.12/site-packages/neutron_lib/callbacks/manager.py:184}}
Aug 04 10:18:14.531377 np0000006410 devstack@neutron-api.service[87570]: DEBUG neutron.api.rpc.handlers.resources_rpc [None req-8644bb50-8b14-43fa-b637-2f34aec27354 admin admin] Pushing event updated for resources: {'Network': ['ID=5c5ffb6d-05c6-4c66-b633-987d46f0bc50,revision_number=1']} {{(pid=87570) push /opt/stack/neutron/neutron/api/rpc/handlers/resources_rpc.py:237}}
Aug 04 10:18:14.536570 np0000006410 devstack@neutron-api.service[87570]: DEBUG neutron.api.rpc.callbacks.version_manager [None req-8644bb50-8b14-43fa-b637-2f34aec27354 admin admin] Tracked resource versions report:
Aug 04 10:18:14.536570 np0000006410 devstack@neutron-api.service[87570]: pushed versions:
Aug 04 10:18:14.536570 np0000006410 devstack@neutron-api.service[87570]: { 'AddressGroup': {'1.2'},
Aug 04 10:18:14.536570 np0000006410 devstack@neutron-api.service[87570]: 'Agent': {'1.1'},
Aug 04 10:18:14.536570 np0000006410 devstack@neutron-api.service[87570]: 'ConntrackHelper': {'1.0'},
Aug 04 10:18:14.536570 np0000006410 devstack@neutron-api.service[87570]: 'LocalIPAssociation': {'1.0'},
Aug 04 10:18:14.536570 np0000006410 devstack@neutron-api.service[87570]: 'Log': {'1.0'},
Aug 04 10:18:14.536570 np0000006410 devstack@neutron-api.service[87570]: 'NDPProxy': {'1.0'},
Aug 04 10:18:14.536570 np0000006410 devstack@neutron-api.service[87570]: 'Network': {'1.3'},
Aug 04 10:18:14.536570 np0000006410 devstack@neutron-api.service[87570]: 'Port': {'1.11'},
Aug 04 10:18:14.536570 np0000006410 devstack@neutron-api.service[87570]: 'PortForwarding': {'1.3'},
Aug 04 10:18:14.536570 np0000006410 devstack@neutron-api.service[87570]: 'QosPolicy': {'1.10'},
Aug 04 10:18:14.536570 np0000006410 devstack@neutron-api.service[87570]: 'SecurityGroup': {'1.6'},
Aug 04 10:18:14.536570 np0000006410 devstack@neutron-api.service[87570]: 'SecurityGroupRule': {'1.3'},
Aug 04 10:18:14.536570 np0000006410 devstack@neutron-api.service[87570]: 'SubPort': {'1.0'},
Aug 04 10:18:14.536570 np0000006410 devstack@neutron-api.service[87570]: 'Subnet': {'1.2'},
Aug 04 10:18:14.536570 np0000006410 devstack@neutron-api.service[87570]: 'Trunk': {'1.1'}}
Aug 04 10:18:14.536570 np0000006410 devstack@neutron-api.service[87570]: consumer versions:
Aug 04 10:18:14.536570 np0000006410 devstack@neutron-api.service[87570]: { OVN Controller Gateway agent@np0000006410: {},
Aug 04 10:18:14.536570 np0000006410 devstack@neutron-api.service[87570]: OVN Neutron agent@np0000006410: {}}
Aug 04 10:18:14.536570 np0000006410 devstack@neutron-api.service[87570]: {{(pid=87570) report /opt/stack/neutron/neutron/api/rpc/callbacks/version_manager.py:183}}
Aug 04 10:18:14.547051 np0000006410 devstack@neutron-api.service[87570]: INFO neutron.plugins.ml2.drivers.ovn.mech_driver.ovsdb.extensions.qos [None req-8644bb50-8b14-43fa-b637-2f34aec27354 admin admin] Starting OVNClientQosExtension
Aug 04 10:18:14.547163 np0000006410 devstack@neutron-api.service[87570]: INFO neutron.plugins.ml2.drivers.ovn.mech_driver.ovsdb.extensions.placement [None req-8644bb50-8b14-43fa-b637-2f34aec27354 admin admin] Starting OVNClientPlacementExtension
Aug 04 10:18:14.552817 np0000006410 devstack@neutron-api.service[87570]: DEBUG ovsdbapp.backend.ovs_idl.transaction [-] Running txn n=1 command(idx=0): AddNetworkCommand(_result=None, network_uuid=5c5ffb6d-05c6-4c66-b633-987d46f0bc50, may_exist=True, columns={'external_ids': {'neutron:network_name': 'public', 'neutron:mtu': '1430', 'neutron:revision_number': '1', 'neutron:availability_zone_hints': '', 'neutron:provnet-network-type': 'flat', 'neutron:provnet-physical-network': 'public'}, 'other_config': {'mcast_snoop': 'false', 'mcast_flood_unregistered': 'false', 'vlan-passthru': 'false', 'fdb_age_threshold': '300', 'broadcast-arps-to-all-routers': 'true'}}) {{(pid=87570) do_commit /opt/stack/data/venv/lib/python3.12/site-packages/ovsdbapp/backend/ovs_idl/transaction.py:89}}
Aug 04 10:18:14.553281 np0000006410 devstack@neutron-api.service[87570]: DEBUG neutron.common.ovn.utils [-] OVS persist_uuid supported=True {{(pid=87570) ovs_persist_uuid_supported /opt/stack/neutron/neutron/common/ovn/utils.py:1565}}
Aug 04 10:18:14.553607 np0000006410 devstack@neutron-api.service[87570]: DEBUG ovsdbapp.backend.ovs_idl.transaction [-] Running txn n=1 command(idx=1): AddLSwitchPortCommand(_result=None, lport=provnet-99448f82-eb40-45c7-bee6-68afb11f5d6b, lswitch=neutron-5c5ffb6d-05c6-4c66-b633-987d46f0bc50, may_exist=True, network_uuid=5c5ffb6d-05c6-4c66-b633-987d46f0bc50, columns={'addresses': ['unknown'], 'external_ids': {'neutron:provnet-physical-network': 'public'}, 'type': 'localnet', 'tag_request': [], 'options': {'network_name': 'public', 'mcast_flood_reports': 'true', 'mcast_flood': 'false', 'localnet_learn_fdb': 'false'}}) {{(pid=87570) do_commit /opt/stack/data/venv/lib/python3.12/site-packages/ovsdbapp/backend/ovs_idl/transaction.py:89}}
Aug 04 10:18:14.558910 np0000006410 devstack@neutron-api.service[87571]: DEBUG neutron.plugins.ml2.drivers.ovn.mech_driver.ovsdb.ovsdb_monitor [-] Hash Ring: Node 22e7cca7c06c542c88555052b8b574f9 (host: np0000006410) handling event "create" for row 5c5ffb6d-05c6-4c66-b633-987d46f0bc50 (table: Logical_Switch) {{(pid=87571) notify /opt/stack/neutron/neutron/plugins/ml2/drivers/ovn/mech_driver/ovsdb/ovsdb_monitor.py:1099}}
Aug 04 10:18:14.559062 np0000006410 devstack@neutron-api.service[87571]: DEBUG neutron.plugins.ml2.drivers.ovn.mech_driver.ovsdb.ovsdb_monitor [-] Hash Ring: Node 22e7cca7c06c542c88555052b8b574f9 (host: np0000006410) handling event "create" for row 88e7b7f8-f510-43fe-bfb2-b33447392703 (table: Logical_Switch_Port) {{(pid=87571) notify /opt/stack/neutron/neutron/plugins/ml2/drivers/ovn/mech_driver/ovsdb/ovsdb_monitor.py:1099}}
Aug 04 10:18:14.561908 np0000006410 devstack@neutron-api.service[87571]: DEBUG neutron.plugins.ml2.drivers.ovn.mech_driver.ovsdb.ovsdb_monitor [-] Hash Ring: Node 22e7cca7c06c542c88555052b8b574f9 (host: np0000006410) handling event "update" for row 88e7b7f8-f510-43fe-bfb2-b33447392703 (table: Logical_Switch_Port) {{(pid=87571) notify /opt/stack/neutron/neutron/plugins/ml2/drivers/ovn/mech_driver/ovsdb/ovsdb_monitor.py:1099}}
Aug 04 10:18:14.562498 np0000006410 devstack@neutron-api.service[87571]: DEBUG neutron.plugins.ml2.drivers.ovn.mech_driver.ovsdb.ovsdb_monitor [-] Hash Ring: Node 22e7cca7c06c542c88555052b8b574f9 (host: np0000006410) handling event "create" for row f55fe456-ae65-4f48-b1ca-51bd42a93261 (table: Datapath_Binding) {{(pid=87571) notify /opt/stack/neutron/neutron/plugins/ml2/drivers/ovn/mech_driver/ovsdb/ovsdb_monitor.py:1099}}
Aug 04 10:18:14.562651 np0000006410 devstack@neutron-api.service[87570]: DEBUG neutron.plugins.ml2.drivers.ovn.mech_driver.ovsdb.ovsdb_monitor [-] Hash Ring: Node 311ce43b205757d38a7d8fa599b959e1 (host: np0000006410) handling event "create" for row 5c5ffb6d-05c6-4c66-b633-987d46f0bc50 (table: Logical_Switch) {{(pid=87570) notify /opt/stack/neutron/neutron/plugins/ml2/drivers/ovn/mech_driver/ovsdb/ovsdb_monitor.py:1099}}
Aug 04 10:18:14.562772 np0000006410 devstack@neutron-api.service[87571]: DEBUG neutron.plugins.ml2.drivers.ovn.mech_driver.ovsdb.ovsdb_monitor [-] Hash Ring: Node 22e7cca7c06c542c88555052b8b574f9 (host: np0000006410) handling event "create" for row 6346907b-8c03-41d9-9c44-79ef90afe0e9 (table: Port_Binding) {{(pid=87571) notify /opt/stack/neutron/neutron/plugins/ml2/drivers/ovn/mech_driver/ovsdb/ovsdb_monitor.py:1099}}
Aug 04 10:18:14.563897 np0000006410 devstack@neutron-api.service[87572]: DEBUG neutron.plugins.ml2.drivers.ovn.mech_driver.ovsdb.ovsdb_monitor [-] Hash Ring: Node 4cf8c9457a4f5d8c8c6619971f4f945a (host: np0000006410) handling event "create" for row 6346907b-8c03-41d9-9c44-79ef90afe0e9 (table: Port_Binding) {{(pid=87572) notify /opt/stack/neutron/neutron/plugins/ml2/drivers/ovn/mech_driver/ovsdb/ovsdb_monitor.py:1099}}
Aug 04 10:18:14.565039 np0000006410 devstack@neutron-api.service[87570]: DEBUG neutron.plugins.ml2.drivers.ovn.mech_driver.ovsdb.ovsdb_monitor [-] Hash Ring: Node 311ce43b205757d38a7d8fa599b959e1 (host: np0000006410) handling event "create" for row f55fe456-ae65-4f48-b1ca-51bd42a93261 (table: Datapath_Binding) {{(pid=87570) notify /opt/stack/neutron/neutron/plugins/ml2/drivers/ovn/mech_driver/ovsdb/ovsdb_monitor.py:1099}}
Aug 04 10:18:14.595887 np0000006410 devstack@neutron-api.service[87570]: INFO neutron.db.ovn_revision_numbers_db [None req-8644bb50-8b14-43fa-b637-2f34aec27354 admin admin] Successfully bumped revision number for resource 5c5ffb6d-05c6-4c66-b633-987d46f0bc50 (type: networks) to 1
Aug 04 10:18:14.643636 np0000006410 devstack@neutron-api.service[87570]: DEBUG neutron_lib.callbacks.manager [None req-8644bb50-8b14-43fa-b637-2f34aec27354 admin admin] Publish callbacks ['neutron.plugins.ml2.plugin.SecurityGroupDbMixin._ensure_default_security_group_handler-323561'] for port (None), before_create {{(pid=87570) _notify_loop /opt/stack/data/venv/lib/python3.12/site-packages/neutron_lib/callbacks/manager.py:184}}
Aug 04 10:18:14.727960 np0000006410 devstack@neutron-api.service[87570]: DEBUG neutron_lib.callbacks.manager [None req-8644bb50-8b14-43fa-b637-2f34aec27354 admin admin] Publish callbacks ['neutron.plugins.ml2.drivers.ovn.mech_driver.mech_driver.OVNMechanismDriver._validate_allowed_address_pairs-1882533'] for allowed_address_pair (0a4da822-b012-40fe-8003-446970b52d61), before_create {{(pid=87570) _notify_loop /opt/stack/data/venv/lib/python3.12/site-packages/neutron_lib/callbacks/manager.py:184}}
Aug 04 10:18:14.728505 np0000006410 devstack@neutron-api.service[87570]: DEBUG neutron_lib.callbacks.manager [None req-8644bb50-8b14-43fa-b637-2f34aec27354 admin admin] Publish callbacks [] for port (0a4da822-b012-40fe-8003-446970b52d61), precommit_create {{(pid=87570) _notify_loop /opt/stack/data/venv/lib/python3.12/site-packages/neutron_lib/callbacks/manager.py:184}}
Aug 04 10:18:14.728687 np0000006410 devstack@neutron-api.service[87570]: DEBUG neutron.plugins.ml2.drivers.ovn.mech_driver.mech_driver [None req-8644bb50-8b14-43fa-b637-2f34aec27354 admin admin] No provisioning block for port 0a4da822-b012-40fe-8003-446970b52d61 since it does not have a host {{(pid=87570) _is_port_provisioning_required /opt/stack/neutron/neutron/plugins/ml2/drivers/ovn/mech_driver/mech_driver.py:899}}
Aug 04 10:18:14.728792 np0000006410 devstack@neutron-api.service[87570]: DEBUG neutron.db.ovn_revision_numbers_db [None req-8644bb50-8b14-43fa-b637-2f34aec27354 admin admin] create_initial_revision uuid=0a4da822-b012-40fe-8003-446970b52d61, type=ports, rev=-1 {{(pid=87570) create_initial_revision /opt/stack/neutron/neutron/db/ovn_revision_numbers_db.py:98}}
Aug 04 10:18:14.963574 np0000006410 devstack@neutron-api.service[87570]: DEBUG neutron_lib.callbacks.manager [None req-8644bb50-8b14-43fa-b637-2f34aec27354 admin admin] Publish callbacks ['neutron.plugins.ml2.ovo_rpc._ObjectChangeHandler.handle_event-2661628'] for port (0a4da822-b012-40fe-8003-446970b52d61), after_create {{(pid=87570) _notify_loop /opt/stack/data/venv/lib/python3.12/site-packages/neutron_lib/callbacks/manager.py:184}}
Aug 04 10:18:15.013781 np0000006410 devstack@neutron-api.service[87570]: DEBUG neutron.api.rpc.handlers.resources_rpc [None req-8644bb50-8b14-43fa-b637-2f34aec27354 admin admin] Pushing event updated for resources: {'Port': ['ID=0a4da822-b012-40fe-8003-446970b52d61,revision_number=1']} {{(pid=87570) push /opt/stack/neutron/neutron/api/rpc/handlers/resources_rpc.py:237}}
Aug 04 10:18:15.042949 np0000006410 devstack@neutron-api.service[87570]: DEBUG neutron.plugins.ml2.drivers.ovn.mech_driver.ovsdb.commands [None req-8644bb50-8b14-43fa-b637-2f34aec27354 admin admin] Converting tag [] to a tag_request {{(pid=87570) _tag_column_to_tag_request /opt/stack/neutron/neutron/plugins/ml2/drivers/ovn/mech_driver/ovsdb/commands.py:227}}
Aug 04 10:18:15.043742 np0000006410 devstack@neutron-api.service[87570]: DEBUG ovsdbapp.backend.ovs_idl.transaction [-] Running txn n=1 command(idx=0): AddLSwitchPortCommand(_result=None, lport=0a4da822-b012-40fe-8003-446970b52d61, lswitch=neutron-5c5ffb6d-05c6-4c66-b633-987d46f0bc50, may_exist=True, network_uuid=5c5ffb6d-05c6-4c66-b633-987d46f0bc50, columns={'addresses': ['fa:16:3e:69:b3:9a'], 'external_ids': {'neutron:port_name': '', 'neutron:device_id': 'ovnmeta-5c5ffb6d-05c6-4c66-b633-987d46f0bc50', 'neutron:project_id': 'a8dbf36be7214846b04445be8c79bb61', 'neutron:cidrs': '', 'neutron:device_owner': 'network:distributed', 'neutron:subnet_pool_addr_scope4': '', 'neutron:subnet_pool_addr_scope6': '', 'neutron:network_name': 'neutron-5c5ffb6d-05c6-4c66-b633-987d46f0bc50', 'neutron:security_group_ids': '', 'neutron:revision_number': '1', 'neutron:vnic_type': 'normal', 'neutron:port_capabilities': '', 'neutron:mtu': '1430'}, 'parent_name': [], 'enabled': True, 'options': {}, 'type': 'localport', 'port_security': [], 'dhcpv4_options': [], 'dhcpv6_options': [], 'tag_request': []}) {{(pid=87570) do_commit /opt/stack/data/venv/lib/python3.12/site-packages/ovsdbapp/backend/ovs_idl/transaction.py:89}}
Aug 04 10:18:15.044266 np0000006410 devstack@neutron-api.service[87570]: DEBUG ovsdbapp.backend.ovs_idl.transaction [-] Running txn n=1 command(idx=1): QoSDelCommand(_result=None, switch=neutron-5c5ffb6d-05c6-4c66-b633-987d46f0bc50, conditions=[('direction', '=', 'to-lport'), ('priority', '=', 2002), ('match', '=', 'outport == "0a4da822-b012-40fe-8003-446970b52d61"')], if_exists=True) {{(pid=87570) do_commit /opt/stack/data/venv/lib/python3.12/site-packages/ovsdbapp/backend/ovs_idl/transaction.py:89}}
Aug 04 10:18:15.044534 np0000006410 devstack@neutron-api.service[87570]: DEBUG ovsdbapp.backend.ovs_idl.transaction [-] Running txn n=1 command(idx=2): QoSDelCommand(_result=None, switch=neutron-5c5ffb6d-05c6-4c66-b633-987d46f0bc50, conditions=[('direction', '=', 'from-lport'), ('priority', '=', 2002), ('match', '=', 'inport == "0a4da822-b012-40fe-8003-446970b52d61"')], if_exists=True) {{(pid=87570) do_commit /opt/stack/data/venv/lib/python3.12/site-packages/ovsdbapp/backend/ovs_idl/transaction.py:89}}
Aug 04 10:18:15.044743 np0000006410 devstack@neutron-api.service[87570]: DEBUG ovsdbapp.backend.ovs_idl.transaction [-] Running txn n=1 command(idx=3): UpdateLSwitchPortQosOptionsCommand(_result=None, lport=AddLSwitchPortCommand(_result=ead9bef8-fd87-440e-ad8d-cddcd5cc8c16, lport=0a4da822-b012-40fe-8003-446970b52d61, lswitch=neutron-5c5ffb6d-05c6-4c66-b633-987d46f0bc50, may_exist=True, network_uuid=5c5ffb6d-05c6-4c66-b633-987d46f0bc50, columns={'addresses': ['fa:16:3e:69:b3:9a'], 'external_ids': {'neutron:port_name': '', 'neutron:device_id': 'ovnmeta-5c5ffb6d-05c6-4c66-b633-987d46f0bc50', 'neutron:project_id': 'a8dbf36be7214846b04445be8c79bb61', 'neutron:cidrs': '', 'neutron:device_owner': 'network:distributed', 'neutron:subnet_pool_addr_scope4': '', 'neutron:subnet_pool_addr_scope6': '', 'neutron:network_name': 'neutron-5c5ffb6d-05c6-4c66-b633-987d46f0bc50', 'neutron:security_group_ids': '', 'neutron:revision_number': '1', 'neutron:vnic_type': 'normal', 'neutron:port_capabilities': '', 'neutron:mtu': '1430'}, 'parent_name': [], 'enabled': True, 'options': {}, 'type': 'localport', 'port_security': [], 'tag_request': []}), if_exists=True, qos={'qos_max_rate': None, 'qos_burst': None, 'qos_min_rate': None}) {{(pid=87570) do_commit /opt/stack/data/venv/lib/python3.12/site-packages/ovsdbapp/backend/ovs_idl/transaction.py:89}}
Aug 04 10:18:15.050298 np0000006410 devstack@neutron-api.service[87570]: DEBUG neutron.plugins.ml2.drivers.ovn.mech_driver.ovsdb.ovsdb_monitor [-] Hash Ring: Node 311ce43b205757d38a7d8fa599b959e1 (host: np0000006410) handling event "update" for row 5c5ffb6d-05c6-4c66-b633-987d46f0bc50 (table: Logical_Switch) {{(pid=87570) notify /opt/stack/neutron/neutron/plugins/ml2/drivers/ovn/mech_driver/ovsdb/ovsdb_monitor.py:1099}}
Aug 04 10:18:15.051751 np0000006410 devstack@neutron-api.service[87572]: DEBUG neutron.plugins.ml2.drivers.ovn.mech_driver.ovsdb.ovsdb_monitor [-] Hash Ring: Node 4cf8c9457a4f5d8c8c6619971f4f945a (host: np0000006410) handling event "create" for row be3f780a-96ec-4ce9-92b8-9aa94e23de72 (table: Port_Binding) {{(pid=87572) notify /opt/stack/neutron/neutron/plugins/ml2/drivers/ovn/mech_driver/ovsdb/ovsdb_monitor.py:1099}}
Aug 04 10:18:15.052879 np0000006410 devstack@neutron-api.service[87571]: DEBUG neutron.plugins.ml2.drivers.ovn.mech_driver.ovsdb.ovsdb_monitor [-] Hash Ring: Node 22e7cca7c06c542c88555052b8b574f9 (host: np0000006410) handling event "create" for row be3f780a-96ec-4ce9-92b8-9aa94e23de72 (table: Port_Binding) {{(pid=87571) notify /opt/stack/neutron/neutron/plugins/ml2/drivers/ovn/mech_driver/ovsdb/ovsdb_monitor.py:1099}}
Aug 04 10:18:15.053864 np0000006410 devstack@neutron-api.service[87571]: DEBUG neutron.plugins.ml2.drivers.ovn.mech_driver.ovsdb.ovsdb_monitor [-] Hash Ring: Node 22e7cca7c06c542c88555052b8b574f9 (host: np0000006410) handling event "update" for row 5c5ffb6d-05c6-4c66-b633-987d46f0bc50 (table: Logical_Switch) {{(pid=87571) notify /opt/stack/neutron/neutron/plugins/ml2/drivers/ovn/mech_driver/ovsdb/ovsdb_monitor.py:1099}}
Aug 04 10:18:15.054323 np0000006410 devstack@neutron-api.service[87571]: DEBUG neutron.plugins.ml2.drivers.ovn.mech_driver.ovsdb.ovsdb_monitor [-] Hash Ring: Node 22e7cca7c06c542c88555052b8b574f9 (host: np0000006410) handling event "create" for row b1e54433-4cab-427f-8425-d1414bbbba4c (table: Logical_Switch_Port) {{(pid=87571) notify /opt/stack/neutron/neutron/plugins/ml2/drivers/ovn/mech_driver/ovsdb/ovsdb_monitor.py:1099}}
Aug 04 10:18:15.055443 np0000006410 devstack@neutron-api.service[87571]: DEBUG ovsdbapp.backend.ovs_idl.event [-] Matched CREATE: LogicalSwitchPortCreateEvent(events=('create',), table='Logical_Switch_Port', conditions=[], old_conditions=None), priority=20 to row=Logical_Switch_Port(uuid=b1e54433-4cab-427f-8425-d1414bbbba4c, addresses=['fa:16:3e:69:b3:9a'], dhcpv4_options=[], dhcpv6_options=[], dynamic_addresses=[], enabled=True, external_ids={'neutron:cidrs': '', 'neutron:device_id': 'ovnmeta-5c5ffb6d-05c6-4c66-b633-987d46f0bc50', 'neutron:device_owner': 'network:distributed', 'neutron:mtu': '1430', 'neutron:network_name': 'neutron-5c5ffb6d-05c6-4c66-b633-987d46f0bc50', 'neutron:port_capabilities': '', 'neutron:port_name': '', 'neutron:project_id': 'a8dbf36be7214846b04445be8c79bb61', 'neutron:revision_number': '1', 'neutron:security_group_ids': '', 'neutron:subnet_pool_addr_scope4': '', 'neutron:subnet_pool_addr_scope6': '', 'neutron:vnic_type': 'normal'}, ha_chassis_group=[], mirror_rules=[], name='0a4da822-b012-40fe-8003-446970b52d61', options={}, parent_name=[], port_security=[], tag=[], tag_request=[], type='localport', up=[]) old= {{(pid=87571) matches /opt/stack/data/venv/lib/python3.12/site-packages/ovsdbapp/backend/ovs_idl/event.py:55}}
Aug 04 10:18:15.056343 np0000006410 devstack@neutron-api.service[87571]: INFO neutron.plugins.ml2.drivers.ovn.mech_driver.mech_driver [None req-f8fccd16-6cdb-47ca-9c35-9292bd828225 None None] OVN reports status down for port: 0a4da822-b012-40fe-8003-446970b52d61
Aug 04 10:18:15.056925 np0000006410 devstack@neutron-api.service[87571]: DEBUG neutron.plugins.ml2.drivers.ovn.mech_driver.ovsdb.ovsdb_monitor [-] Hash Ring: Node 22e7cca7c06c542c88555052b8b574f9 (host: np0000006410) handling event "update" for row b1e54433-4cab-427f-8425-d1414bbbba4c (table: Logical_Switch_Port) {{(pid=87571) notify /opt/stack/neutron/neutron/plugins/ml2/drivers/ovn/mech_driver/ovsdb/ovsdb_monitor.py:1099}}
Aug 04 10:18:15.083477 np0000006410 devstack@neutron-api.service[87571]: DEBUG neutron.db.provisioning_blocks [None req-f8fccd16-6cdb-47ca-9c35-9292bd828225 None None] Transition to ACTIVE for port object 0a4da822-b012-40fe-8003-446970b52d61 will not be triggered until provisioned by entity L2. {{(pid=87571) add_provisioning_component /opt/stack/neutron/neutron/db/provisioning_blocks.py:74}}
Aug 04 10:18:15.101644 np0000006410 devstack@neutron-api.service[87570]: INFO neutron.db.ovn_revision_numbers_db [None req-8644bb50-8b14-43fa-b637-2f34aec27354 admin admin] Successfully bumped revision number for resource 0a4da822-b012-40fe-8003-446970b52d61 (type: ports) to 1
Aug 04 10:18:15.108572 np0000006410 devstack@neutron-api.service[87571]: DEBUG neutron.plugins.ml2.plugin [None req-f8fccd16-6cdb-47ca-9c35-9292bd828225 None None] Current status of the port 0a4da822-b012-40fe-8003-446970b52d61 is: DOWN; New status is: DOWN {{(pid=87571) _update_individual_port_db_status /opt/stack/neutron/neutron/plugins/ml2/plugin.py:2473}}
Aug 04 10:18:15.110478 np0000006410 devstack@neutron-api.service[87571]: DEBUG ovsdbapp.backend.ovs_idl.transaction [-] Running txn n=1 command(idx=0): DbRemoveCommand(_result=None, table=Logical_Switch_Port, record=0a4da822-b012-40fe-8003-446970b52d61, column=external_ids, values=('neutron:host_id',), keyvalues={}, if_exists=True) {{(pid=87571) do_commit /opt/stack/data/venv/lib/python3.12/site-packages/ovsdbapp/backend/ovs_idl/transaction.py:89}}
Aug 04 10:18:15.113567 np0000006410 devstack@neutron-api.service[87570]: DEBUG neutron.pecan_wsgi.hooks.policy_enforcement [None req-8644bb50-8b14-43fa-b637-2f34aec27354 admin admin] Attributes excluded by policy engine: ['standard_attr_id'] {{(pid=87570) _exclude_attributes_by_policy /opt/stack/neutron/neutron/pecan_wsgi/hooks/policy_enforcement.py:259}}
Aug 04 10:18:15.113927 np0000006410 devstack@neutron-api.service[87570]: DEBUG neutron_lib.callbacks.manager [None req-8644bb50-8b14-43fa-b637-2f34aec27354 admin admin] Publish callbacks [] for network (None), before_response {{(pid=87570) _notify_loop /opt/stack/data/venv/lib/python3.12/site-packages/neutron_lib/callbacks/manager.py:184}}
Aug 04 10:18:15.130428 np0000006410 devstack@neutron-api.service[87570]: [pid: 87570|app: 0|req: 5/16] 10.4.3.212 () {68 vars in 1327 bytes} [Tue Aug 4 10:18:14 2026] POST /networking/v2.0/networks => generated 679 bytes in 789 msecs (HTTP/1.1 201) 4 headers in 162 bytes (1 switches on core 0)
Aug 04 10:18:15.386436 np0000006410 devstack@neutron-api.service[87571]: DEBUG neutron.pecan_wsgi.hooks.policy_enforcement [None req-359a87e9-6477-45ee-9e24-60bb23ecd0e9 admin admin] Attributes excluded by policy engine: ['standard_attr_id', 'shared'] {{(pid=87571) _exclude_attributes_by_policy /opt/stack/neutron/neutron/pecan_wsgi/hooks/policy_enforcement.py:259}}
Aug 04 10:18:15.387459 np0000006410 devstack@neutron-api.service[87571]: [pid: 87571|app: 0|req: 7/17] 10.4.3.212 () {64 vars in 1381 bytes} [Tue Aug 4 10:18:15 2026] GET /networking/v2.0/subnets/d4438c9a-8356-4b4a-a12c-a9e86e9650b6 => generated 666 bytes in 21 msecs (HTTP/1.1 200) 4 headers in 157 bytes (1 switches on core 0)
Aug 04 10:18:15.399305 np0000006410 devstack@neutron-api.service[87572]: DEBUG neutron.api.wsgi [None req-ad0861c8-79d4-4c2d-a6a4-bc62cb19466e admin admin] Missing Content-Type {{(pid=87572) get_content_type /opt/stack/neutron/neutron/api/wsgi.py:80}}
Aug 04 10:18:15.667735 np0000006410 devstack@neutron-api.service[87572]: [pid: 87572|app: 0|req: 6/18] 10.4.3.212 () {64 vars in 1381 bytes} [Tue Aug 4 10:18:15 2026] GET /networking/v2.0/routers/97db7eb5-9e09-4b94-b5d9-de04abae8fed => generated 599 bytes in 270 msecs (HTTP/1.1 200) 4 headers in 157 bytes (1 switches on core 0)
Aug 04 10:18:15.815853 np0000006410 devstack@neutron-api.service[87570]: DEBUG neutron_lib.callbacks.manager [None req-2b6ba722-9d24-4669-92fe-10d22f62894f admin admin] Publish callbacks ['neutron.plugins.ml2.plugin.SecurityGroupDbMixin._ensure_default_security_group_handler-323561'] for port (None), before_create {{(pid=87570) _notify_loop /opt/stack/data/venv/lib/python3.12/site-packages/neutron_lib/callbacks/manager.py:184}}
Aug 04 10:18:15.924798 np0000006410 devstack@neutron-api.service[87570]: DEBUG neutron.db.db_base_plugin_common [None req-2b6ba722-9d24-4669-92fe-10d22f62894f admin admin] Allocated IP 10.1.0.1 (9b7b0fbd-d5b8-4d16-b84a-ed2e5745c9ec/d4438c9a-8356-4b4a-a12c-a9e86e9650b6/b1aa7fca-df43-4d09-a33f-f9e8c4f33483) {{(pid=87570) _store_ip_allocation /opt/stack/neutron/neutron/db/db_base_plugin_common.py:131}}
Aug 04 10:18:15.987654 np0000006410 devstack@neutron-api.service[87570]: DEBUG neutron_lib.callbacks.manager [None req-2b6ba722-9d24-4669-92fe-10d22f62894f admin admin] Publish callbacks ['neutron.plugins.ml2.drivers.ovn.mech_driver.mech_driver.OVNMechanismDriver._validate_allowed_address_pairs-1882533'] for allowed_address_pair (b1aa7fca-df43-4d09-a33f-f9e8c4f33483), before_create {{(pid=87570) _notify_loop /opt/stack/data/venv/lib/python3.12/site-packages/neutron_lib/callbacks/manager.py:184}}
Aug 04 10:18:15.988263 np0000006410 devstack@neutron-api.service[87570]: DEBUG neutron_lib.callbacks.manager [None req-2b6ba722-9d24-4669-92fe-10d22f62894f admin admin] Publish callbacks [] for port (b1aa7fca-df43-4d09-a33f-f9e8c4f33483), precommit_create {{(pid=87570) _notify_loop /opt/stack/data/venv/lib/python3.12/site-packages/neutron_lib/callbacks/manager.py:184}}
Aug 04 10:18:15.988440 np0000006410 devstack@neutron-api.service[87570]: DEBUG neutron.plugins.ml2.drivers.ovn.mech_driver.mech_driver [None req-2b6ba722-9d24-4669-92fe-10d22f62894f admin admin] No provisioning block for port b1aa7fca-df43-4d09-a33f-f9e8c4f33483 since it does not have a host {{(pid=87570) _is_port_provisioning_required /opt/stack/neutron/neutron/plugins/ml2/drivers/ovn/mech_driver/mech_driver.py:899}}
Aug 04 10:18:15.988573 np0000006410 devstack@neutron-api.service[87570]: DEBUG neutron.db.ovn_revision_numbers_db [None req-2b6ba722-9d24-4669-92fe-10d22f62894f admin admin] create_initial_revision uuid=b1aa7fca-df43-4d09-a33f-f9e8c4f33483, type=ports, rev=-1 {{(pid=87570) create_initial_revision /opt/stack/neutron/neutron/db/ovn_revision_numbers_db.py:98}}
Aug 04 10:18:16.049741 np0000006410 devstack@neutron-api.service[87570]: DEBUG neutron.db.ovn_revision_numbers_db [None req-2b6ba722-9d24-4669-92fe-10d22f62894f admin admin] create_initial_revision uuid=b1aa7fca-df43-4d09-a33f-f9e8c4f33483, type=router_ports, rev=-1 {{(pid=87570) create_initial_revision /opt/stack/neutron/neutron/db/ovn_revision_numbers_db.py:98}}
Aug 04 10:18:16.073275 np0000006410 devstack@neutron-api.service[87570]: DEBUG neutron_lib.callbacks.manager [None req-2b6ba722-9d24-4669-92fe-10d22f62894f admin admin] Publish callbacks ['neutron.plugins.ml2.ovo_rpc._ObjectChangeHandler.handle_event-2661628'] for port (b1aa7fca-df43-4d09-a33f-f9e8c4f33483), after_create {{(pid=87570) _notify_loop /opt/stack/data/venv/lib/python3.12/site-packages/neutron_lib/callbacks/manager.py:184}}
Aug 04 10:18:16.093839 np0000006410 devstack@neutron-api.service[87570]: DEBUG neutron.api.rpc.handlers.resources_rpc [None req-2b6ba722-9d24-4669-92fe-10d22f62894f admin admin] Pushing event updated for resources: {'Port': ['ID=b1aa7fca-df43-4d09-a33f-f9e8c4f33483,revision_number=1']} {{(pid=87570) push /opt/stack/neutron/neutron/api/rpc/handlers/resources_rpc.py:237}}
Aug 04 10:18:16.149128 np0000006410 devstack@neutron-api.service[87570]: DEBUG neutron.plugins.ml2.drivers.ovn.mech_driver.ovsdb.commands [None req-2b6ba722-9d24-4669-92fe-10d22f62894f admin admin] Converting tag [] to a tag_request {{(pid=87570) _tag_column_to_tag_request /opt/stack/neutron/neutron/plugins/ml2/drivers/ovn/mech_driver/ovsdb/commands.py:227}}
Aug 04 10:18:16.149948 np0000006410 devstack@neutron-api.service[87570]: DEBUG ovsdbapp.backend.ovs_idl.transaction [-] Running txn n=1 command(idx=0): AddLSwitchPortCommand(_result=None, lport=b1aa7fca-df43-4d09-a33f-f9e8c4f33483, lswitch=neutron-9b7b0fbd-d5b8-4d16-b84a-ed2e5745c9ec, may_exist=True, network_uuid=9b7b0fbd-d5b8-4d16-b84a-ed2e5745c9ec, columns={'addresses': ['unknown'], 'external_ids': {'neutron:port_name': '', 'neutron:device_id': '97db7eb5-9e09-4b94-b5d9-de04abae8fed', 'neutron:project_id': 'a8dbf36be7214846b04445be8c79bb61', 'neutron:cidrs': '10.1.0.1/26', 'neutron:device_owner': 'network:router_interface', 'neutron:subnet_pool_addr_scope4': '', 'neutron:subnet_pool_addr_scope6': '', 'neutron:network_name': 'neutron-9b7b0fbd-d5b8-4d16-b84a-ed2e5745c9ec', 'neutron:security_group_ids': '', 'neutron:revision_number': '1', 'neutron:vnic_type': 'normal', 'neutron:port_capabilities': '', 'neutron:mtu': ''}, 'parent_name': [], 'enabled': True, 'options': {}, 'type': '', 'port_security': [], 'dhcpv4_options': [], 'dhcpv6_options': [], 'tag_request': []}) {{(pid=87570) do_commit /opt/stack/data/venv/lib/python3.12/site-packages/ovsdbapp/backend/ovs_idl/transaction.py:89}}
Aug 04 10:18:16.150593 np0000006410 devstack@neutron-api.service[87570]: DEBUG ovsdbapp.backend.ovs_idl.transaction [-] Running txn n=1 command(idx=1): QoSDelCommand(_result=None, switch=neutron-9b7b0fbd-d5b8-4d16-b84a-ed2e5745c9ec, conditions=[('direction', '=', 'to-lport'), ('priority', '=', 2002), ('match', '=', 'outport == "b1aa7fca-df43-4d09-a33f-f9e8c4f33483"')], if_exists=True) {{(pid=87570) do_commit /opt/stack/data/venv/lib/python3.12/site-packages/ovsdbapp/backend/ovs_idl/transaction.py:89}}
Aug 04 10:18:16.150793 np0000006410 devstack@neutron-api.service[87570]: DEBUG ovsdbapp.backend.ovs_idl.transaction [-] Running txn n=1 command(idx=2): QoSDelCommand(_result=None, switch=neutron-9b7b0fbd-d5b8-4d16-b84a-ed2e5745c9ec, conditions=[('direction', '=', 'from-lport'), ('priority', '=', 2002), ('match', '=', 'inport == "b1aa7fca-df43-4d09-a33f-f9e8c4f33483"')], if_exists=True) {{(pid=87570) do_commit /opt/stack/data/venv/lib/python3.12/site-packages/ovsdbapp/backend/ovs_idl/transaction.py:89}}
Aug 04 10:18:16.154351 np0000006410 devstack@neutron-api.service[87570]: DEBUG neutron.plugins.ml2.drivers.ovn.mech_driver.ovsdb.ovsdb_monitor [-] Hash Ring: Node 311ce43b205757d38a7d8fa599b959e1 (host: np0000006410) handling event "create" for row 432e1a57-52cd-4346-ae88-0bf295e1235d (table: Logical_Switch_Port) {{(pid=87570) notify /opt/stack/neutron/neutron/plugins/ml2/drivers/ovn/mech_driver/ovsdb/ovsdb_monitor.py:1099}}
Aug 04 10:18:16.156557 np0000006410 devstack@neutron-api.service[87571]: DEBUG neutron.plugins.ml2.drivers.ovn.mech_driver.ovsdb.ovsdb_monitor [-] Hash Ring: Node 22e7cca7c06c542c88555052b8b574f9 (host: np0000006410) handling event "update" for row 9b7b0fbd-d5b8-4d16-b84a-ed2e5745c9ec (table: Logical_Switch) {{(pid=87571) notify /opt/stack/neutron/neutron/plugins/ml2/drivers/ovn/mech_driver/ovsdb/ovsdb_monitor.py:1099}}
Aug 04 10:18:16.156891 np0000006410 devstack@neutron-api.service[87572]: DEBUG neutron.plugins.ml2.drivers.ovn.mech_driver.ovsdb.ovsdb_monitor [-] Hash Ring: Node 4cf8c9457a4f5d8c8c6619971f4f945a (host: np0000006410) handling event "create" for row 1041ff88-c9e3-41e6-8699-67350264de64 (table: Port_Binding) {{(pid=87572) notify /opt/stack/neutron/neutron/plugins/ml2/drivers/ovn/mech_driver/ovsdb/ovsdb_monitor.py:1099}}
Aug 04 10:18:16.157165 np0000006410 devstack@neutron-api.service[87571]: DEBUG neutron.plugins.ml2.drivers.ovn.mech_driver.ovsdb.ovsdb_monitor [-] Hash Ring: Node 22e7cca7c06c542c88555052b8b574f9 (host: np0000006410) handling event "create" for row 432e1a57-52cd-4346-ae88-0bf295e1235d (table: Logical_Switch_Port) {{(pid=87571) notify /opt/stack/neutron/neutron/plugins/ml2/drivers/ovn/mech_driver/ovsdb/ovsdb_monitor.py:1099}}
Aug 04 10:18:16.157286 np0000006410 devstack@neutron-api.service[87570]: DEBUG ovsdbapp.backend.ovs_idl.event [-] Matched CREATE: LogicalSwitchPortCreateEvent(events=('create',), table='Logical_Switch_Port', conditions=[], old_conditions=None), priority=20 to row=Logical_Switch_Port(uuid=432e1a57-52cd-4346-ae88-0bf295e1235d, addresses=['unknown'], dhcpv4_options=[], dhcpv6_options=[], dynamic_addresses=[], enabled=True, external_ids={'neutron:cidrs': '10.1.0.1/26', 'neutron:device_id': '97db7eb5-9e09-4b94-b5d9-de04abae8fed', 'neutron:device_owner': 'network:router_interface', 'neutron:mtu': '', 'neutron:network_name': 'neutron-9b7b0fbd-d5b8-4d16-b84a-ed2e5745c9ec', 'neutron:port_capabilities': '', 'neutron:port_name': '', 'neutron:project_id': 'a8dbf36be7214846b04445be8c79bb61', 'neutron:revision_number': '1', 'neutron:security_group_ids': '', 'neutron:subnet_pool_addr_scope4': '', 'neutron:subnet_pool_addr_scope6': '', 'neutron:vnic_type': 'normal'}, ha_chassis_group=[], mirror_rules=[], name='b1aa7fca-df43-4d09-a33f-f9e8c4f33483', options={}, parent_name=[], port_security=[], tag=[], tag_request=[], type='', up=[]) old= {{(pid=87570) matches /opt/stack/data/venv/lib/python3.12/site-packages/ovsdbapp/backend/ovs_idl/event.py:55}}
Aug 04 10:18:16.157657 np0000006410 devstack@neutron-api.service[87571]: DEBUG ovsdbapp.backend.ovs_idl.event [-] Matched CREATE: LogicalSwitchPortCreateEvent(events=('create',), table='Logical_Switch_Port', conditions=[], old_conditions=None), priority=20 to row=Logical_Switch_Port(uuid=432e1a57-52cd-4346-ae88-0bf295e1235d, addresses=['unknown'], dhcpv4_options=[], dhcpv6_options=[], dynamic_addresses=[], enabled=True, external_ids={'neutron:cidrs': '10.1.0.1/26', 'neutron:device_id': '97db7eb5-9e09-4b94-b5d9-de04abae8fed', 'neutron:device_owner': 'network:router_interface', 'neutron:mtu': '', 'neutron:network_name': 'neutron-9b7b0fbd-d5b8-4d16-b84a-ed2e5745c9ec', 'neutron:port_capabilities': '', 'neutron:port_name': '', 'neutron:project_id': 'a8dbf36be7214846b04445be8c79bb61', 'neutron:revision_number': '1', 'neutron:security_group_ids': '', 'neutron:subnet_pool_addr_scope4': '', 'neutron:subnet_pool_addr_scope6': '', 'neutron:vnic_type': 'normal'}, ha_chassis_group=[], mirror_rules=[], name='b1aa7fca-df43-4d09-a33f-f9e8c4f33483', options={}, parent_name=[], port_security=[], tag=[], tag_request=[], type='', up=[]) old= {{(pid=87571) matches /opt/stack/data/venv/lib/python3.12/site-packages/ovsdbapp/backend/ovs_idl/event.py:55}}
Aug 04 10:18:16.159868 np0000006410 devstack@neutron-api.service[87571]: DEBUG neutron.plugins.ml2.drivers.ovn.mech_driver.ovsdb.ovsdb_monitor [-] Hash Ring: Node 22e7cca7c06c542c88555052b8b574f9 (host: np0000006410) handling event "update" for row 432e1a57-52cd-4346-ae88-0bf295e1235d (table: Logical_Switch_Port) {{(pid=87571) notify /opt/stack/neutron/neutron/plugins/ml2/drivers/ovn/mech_driver/ovsdb/ovsdb_monitor.py:1099}}
Aug 04 10:18:16.161130 np0000006410 devstack@neutron-api.service[87570]: INFO neutron.plugins.ml2.drivers.ovn.mech_driver.mech_driver [-] OVN reports status down for port: b1aa7fca-df43-4d09-a33f-f9e8c4f33483
Aug 04 10:18:16.162094 np0000006410 devstack@neutron-api.service[87571]: INFO neutron.plugins.ml2.drivers.ovn.mech_driver.mech_driver [None req-f8fccd16-6cdb-47ca-9c35-9292bd828225 None None] OVN reports status down for port: b1aa7fca-df43-4d09-a33f-f9e8c4f33483
Aug 04 10:18:16.162509 np0000006410 devstack@neutron-api.service[87571]: DEBUG neutron.plugins.ml2.drivers.ovn.mech_driver.ovsdb.ovsdb_monitor [-] Hash Ring: Node 22e7cca7c06c542c88555052b8b574f9 (host: np0000006410) handling event "create" for row 1041ff88-c9e3-41e6-8699-67350264de64 (table: Port_Binding) {{(pid=87571) notify /opt/stack/neutron/neutron/plugins/ml2/drivers/ovn/mech_driver/ovsdb/ovsdb_monitor.py:1099}}
