May 14 03:35:38.706798 np0000000741 devstack@g-api.service[101656]: DEBUG glance.api.middleware.version_negotiation [None req-d605898d-affa-4e08-a73e-bb59329d19ad tempest-VolumesActionsTest-329536730 tempest-VolumesActionsTest-329536730-project-member] new path /v2/images/70799258-cf72-4b4f-92f3-d22206279eaf {{(pid=101656) process_request /opt/stack/glance/glance/api/middleware/version_negotiation.py:70}}
May 14 03:35:38.723795 np0000000741 devstack@g-api.service[101656]: [pid: 101656|app: 0|req: 70/209] 127.0.0.1 () {40 vars in 834 bytes} [Thu May 14 03:35:38 2026] GET /v2/images/70799258-cf72-4b4f-92f3-d22206279eaf => generated 649 bytes in 18 msecs (HTTP/1.1 200) 4 headers in 157 bytes (1 switches on core 0)
May 14 03:35:38.940389 np0000000741 devstack@g-api.service[101657]: DEBUG glance.api.middleware.version_negotiation [None req-b4bb5e93-eb93-4f7c-8cf3-d8a21863b6dd tempest-VolumesActionsTest-329536730 tempest-VolumesActionsTest-329536730-project-member] Determining version of request: PUT /v2/images/70799258-cf72-4b4f-92f3-d22206279eaf/file Accept: */* {{(pid=101657) process_request /opt/stack/glance/glance/api/middleware/version_negotiation.py:44}}
May 14 03:35:38.940389 np0000000741 devstack@g-api.service[101657]: DEBUG glance.api.middleware.version_negotiation [None req-b4bb5e93-eb93-4f7c-8cf3-d8a21863b6dd tempest-VolumesActionsTest-329536730 tempest-VolumesActionsTest-329536730-project-member] Using url versioning {{(pid=101657) process_request /opt/stack/glance/glance/api/middleware/version_negotiation.py:57}}
May 14 03:35:38.940389 np0000000741 devstack@g-api.service[101657]: DEBUG glance.api.middleware.version_negotiation [None req-b4bb5e93-eb93-4f7c-8cf3-d8a21863b6dd tempest-VolumesActionsTest-329536730 tempest-VolumesActionsTest-329536730-project-member] Matched version: v2 {{(pid=101657) process_request /opt/stack/glance/glance/api/middleware/version_negotiation.py:69}}
May 14 03:35:38.940389 np0000000741 devstack@g-api.service[101657]: DEBUG glance.api.middleware.version_negotiation [None req-b4bb5e93-eb93-4f7c-8cf3-d8a21863b6dd tempest-VolumesActionsTest-329536730 tempest-VolumesActionsTest-329536730-project-member] new path /v2/images/70799258-cf72-4b4f-92f3-d22206279eaf/file {{(pid=101657) process_request /opt/stack/glance/glance/api/middleware/version_negotiation.py:70}}
May 14 03:35:39.559066 np0000000741 devstack@g-api.service[101657]: INFO glance.api.v2.image_data [None req-e6943815-9228-4b90-b730-fcad651a19ad tempest-VolumesActionsTest-329536730 tempest-VolumesActionsTest-329536730-project-member] Unable to create trust: no such option collect_timing in group [keystone_authtoken] Use the existing user token.
May 14 03:35:39.734688 np0000000741 devstack@g-api.service[101655]: DEBUG glance.api.middleware.version_negotiation [None req-f407432b-2baa-4e14-9ceb-a6c79b1ddba1 tempest-VolumesActionsTest-329536730 tempest-VolumesActionsTest-329536730-project-member] Determining version of request: GET /v2/images/70799258-cf72-4b4f-92f3-d22206279eaf Accept: application/json {{(pid=101655) process_request /opt/stack/glance/glance/api/middleware/version_negotiation.py:44}}
May 14 03:35:39.734688 np0000000741 devstack@g-api.service[101655]: DEBUG glance.api.middleware.version_negotiation [None req-f407432b-2baa-4e14-9ceb-a6c79b1ddba1 tempest-VolumesActionsTest-329536730 tempest-VolumesActionsTest-329536730-project-member] Using url versioning {{(pid=101655) process_request /opt/stack/glance/glance/api/middleware/version_negotiation.py:57}}
May 14 03:35:39.734688 np0000000741 devstack@g-api.service[101655]: DEBUG glance.api.middleware.version_negotiation [None req-f407432b-2baa-4e14-9ceb-a6c79b1ddba1 tempest-VolumesActionsTest-329536730 tempest-VolumesActionsTest-329536730-project-member] Matched version: v2 {{(pid=101655) process_request /opt/stack/glance/glance/api/middleware/version_negotiation.py:69}}
May 14 03:35:39.734688 np0000000741 devstack@g-api.service[101655]: DEBUG glance.api.middleware.version_negotiation [None req-f407432b-2baa-4e14-9ceb-a6c79b1ddba1 tempest-VolumesActionsTest-329536730 tempest-VolumesActionsTest-329536730-project-member] new path /v2/images/70799258-cf72-4b4f-92f3-d22206279eaf {{(pid=101655) process_request /opt/stack/glance/glance/api/middleware/version_negotiation.py:70}}
May 14 03:35:39.749464 np0000000741 devstack@g-api.service[101655]: [pid: 101655|app: 0|req: 71/210] 127.0.0.1 () {40 vars in 834 bytes} [Thu May 14 03:35:39 2026] GET /v2/images/70799258-cf72-4b4f-92f3-d22206279eaf => generated 649 bytes in 16 msecs (HTTP/1.1 200) 4 headers in 157 bytes (1 switches on core 0)
May 14 03:35:40.227736 np0000000741 devstack@g-api.service[101657]: DEBUG glance.location [None req-e6943815-9228-4b90-b730-fcad651a19ad tempest-VolumesActionsTest-329536730 tempest-VolumesActionsTest-329536730-project-member] Enabling in-flight format inspection for raw {{(pid=101657) set_data /opt/stack/glance/glance/location.py:616}}
May 14 03:35:40.228217 np0000000741 devstack@g-api.service[101657]: DEBUG glance_store.backend [None req-e6943815-9228-4b90-b730-fcad651a19ad tempest-VolumesActionsTest-329536730 tempest-VolumesActionsTest-329536730-project-member] Attempting to import store swift {{(pid=101657) _load_store /opt/stack/data/venv/lib/python3.12/site-packages/glance_store/backend.py:215}}
May 14 03:35:40.229679 np0000000741 devstack@g-api.service[101657]: DEBUG glance_store.capabilities [None req-e6943815-9228-4b90-b730-fcad651a19ad tempest-VolumesActionsTest-329536730 tempest-VolumesActionsTest-329536730-project-member] Store glance_store._drivers.swift.store.SingleTenantStore doesn't support updating dynamic storage capabilities. Please overwrite 'update_capabilities' method of the store to implement updating logics if needed. {{(pid=101657) update_capabilities /opt/stack/data/venv/lib/python3.12/site-packages/glance_store/capabilities.py:91}}
May 14 03:35:40.229854 np0000000741 devstack@g-api.service[101657]: DEBUG glance_store.driver [None req-e6943815-9228-4b90-b730-fcad651a19ad tempest-VolumesActionsTest-329536730 tempest-VolumesActionsTest-329536730-project-member] Late loading location class glance_store._drivers.swift.store.StoreLocation {{(pid=101657) get_store_location_class /opt/stack/data/venv/lib/python3.12/site-packages/glance_store/driver.py:134}}
May 14 03:35:40.229910 np0000000741 devstack@g-api.service[101657]: DEBUG glance_store.location [None req-e6943815-9228-4b90-b730-fcad651a19ad tempest-VolumesActionsTest-329536730 tempest-VolumesActionsTest-329536730-project-member] Registering scheme swift+https with {'store': , 'location_class': , 'store_entry': 'swift'} {{(pid=101657) register_scheme_map /opt/stack/data/venv/lib/python3.12/site-packages/glance_store/location.py:146}}
May 14 03:35:40.229977 np0000000741 devstack@g-api.service[101657]: DEBUG glance_store.location [None req-e6943815-9228-4b90-b730-fcad651a19ad tempest-VolumesActionsTest-329536730 tempest-VolumesActionsTest-329536730-project-member] Registering scheme swift+https with {'store': , 'location_class': , 'store_entry': 'swift'} {{(pid=101657) register_scheme_map /opt/stack/data/venv/lib/python3.12/site-packages/glance_store/location.py:146}}
May 14 03:35:40.230041 np0000000741 devstack@g-api.service[101657]: DEBUG glance_store.location [None req-e6943815-9228-4b90-b730-fcad651a19ad tempest-VolumesActionsTest-329536730 tempest-VolumesActionsTest-329536730-project-member] Registering scheme swift with {'store': , 'location_class': , 'store_entry': 'swift'} {{(pid=101657) register_scheme_map /opt/stack/data/venv/lib/python3.12/site-packages/glance_store/location.py:146}}
May 14 03:35:40.230164 np0000000741 devstack@g-api.service[101657]: DEBUG glance_store.location [None req-e6943815-9228-4b90-b730-fcad651a19ad tempest-VolumesActionsTest-329536730 tempest-VolumesActionsTest-329536730-project-member] Registering scheme swift+https with {'store': , 'location_class': , 'store_entry': 'swift'} {{(pid=101657) register_scheme_map /opt/stack/data/venv/lib/python3.12/site-packages/glance_store/location.py:146}}
May 14 03:35:40.230225 np0000000741 devstack@g-api.service[101657]: DEBUG glance_store.location [None req-e6943815-9228-4b90-b730-fcad651a19ad tempest-VolumesActionsTest-329536730 tempest-VolumesActionsTest-329536730-project-member] Registering scheme swift with {'store': , 'location_class': , 'store_entry': 'swift'} {{(pid=101657) register_scheme_map /opt/stack/data/venv/lib/python3.12/site-packages/glance_store/location.py:146}}
May 14 03:35:40.230297 np0000000741 devstack@g-api.service[101657]: DEBUG glance_store.location [None req-e6943815-9228-4b90-b730-fcad651a19ad tempest-VolumesActionsTest-329536730 tempest-VolumesActionsTest-329536730-project-member] Registering scheme swift+http with {'store': , 'location_class': , 'store_entry': 'swift'} {{(pid=101657) register_scheme_map /opt/stack/data/venv/lib/python3.12/site-packages/glance_store/location.py:146}}
May 14 03:35:40.230362 np0000000741 devstack@g-api.service[101657]: DEBUG glance_store.location [None req-e6943815-9228-4b90-b730-fcad651a19ad tempest-VolumesActionsTest-329536730 tempest-VolumesActionsTest-329536730-project-member] Registering scheme swift+https with {'store': , 'location_class': , 'store_entry': 'swift'} {{(pid=101657) register_scheme_map /opt/stack/data/venv/lib/python3.12/site-packages/glance_store/location.py:146}}
May 14 03:35:40.230429 np0000000741 devstack@g-api.service[101657]: DEBUG glance_store.location [None req-e6943815-9228-4b90-b730-fcad651a19ad tempest-VolumesActionsTest-329536730 tempest-VolumesActionsTest-329536730-project-member] Registering scheme swift with {'store': , 'location_class': , 'store_entry': 'swift'} {{(pid=101657) register_scheme_map /opt/stack/data/venv/lib/python3.12/site-packages/glance_store/location.py:146}}
May 14 03:35:40.230503 np0000000741 devstack@g-api.service[101657]: DEBUG glance_store.location [None req-e6943815-9228-4b90-b730-fcad651a19ad tempest-VolumesActionsTest-329536730 tempest-VolumesActionsTest-329536730-project-member] Registering scheme swift+http with {'store': , 'location_class': , 'store_entry': 'swift'} {{(pid=101657) register_scheme_map /opt/stack/data/venv/lib/python3.12/site-packages/glance_store/location.py:146}}
May 14 03:35:40.230594 np0000000741 devstack@g-api.service[101657]: DEBUG glance_store.location [None req-e6943815-9228-4b90-b730-fcad651a19ad tempest-VolumesActionsTest-329536730 tempest-VolumesActionsTest-329536730-project-member] Registering scheme swift+config with {'store': , 'location_class': , 'store_entry': 'swift'} {{(pid=101657) register_scheme_map /opt/stack/data/venv/lib/python3.12/site-packages/glance_store/location.py:146}}
May 14 03:35:40.430161 np0000000741 devstack@g-api.service[101657]: DEBUG swiftclient [None req-e6943815-9228-4b90-b730-fcad651a19ad tempest-VolumesActionsTest-329536730 tempest-VolumesActionsTest-329536730-project-member] REQ: curl -i https://10.4.3.36:8080/v1/AUTH_498c5939374a47bfb69881dbae849629/glance -I -H "X-Auth-Token: gAAAAABqBUMMGlot..." {{(pid=101657) http_log /opt/stack/data/venv/lib/python3.12/site-packages/swiftclient/client.py:160}}
May 14 03:35:40.430248 np0000000741 devstack@g-api.service[101657]: DEBUG swiftclient [None req-e6943815-9228-4b90-b730-fcad651a19ad tempest-VolumesActionsTest-329536730 tempest-VolumesActionsTest-329536730-project-member] RESP STATUS: 204 No Content {{(pid=101657) http_log /opt/stack/data/venv/lib/python3.12/site-packages/swiftclient/client.py:161}}
May 14 03:35:40.430377 np0000000741 devstack@g-api.service[101657]: DEBUG swiftclient [None req-e6943815-9228-4b90-b730-fcad651a19ad tempest-VolumesActionsTest-329536730 tempest-VolumesActionsTest-329536730-project-member] RESP HEADERS: {'Date': 'Thu, 14 May 2026 03:35:40 GMT', 'Server': 'Apache/2.4.58 (Ubuntu)', 'Content-Type': 'text/plain; charset=utf-8', 'X-Container-Object-Count': '3', 'X-Container-Bytes-Used': '64356352', 'X-Timestamp': '1778729432.66801', 'Last-Modified': 'Thu, 14 May 2026 03:30:33 GMT', 'Accept-Ranges': 'bytes', 'X-Storage-Policy': 'Policy-0', 'X-Container-Sharding': 'False', 'Vary': 'Accept', 'X-Trans-Id': 'tx7b240dcd95274b7381d89-006a05430c', 'X-Openstack-Request-Id': 'tx7b240dcd95274b7381d89-006a05430c', 'Connection': 'close'} {{(pid=101657) http_log /opt/stack/data/venv/lib/python3.12/site-packages/swiftclient/client.py:162}}
May 14 03:35:40.430512 np0000000741 devstack@g-api.service[101657]: DEBUG glance_store._drivers.swift.store [None req-e6943815-9228-4b90-b730-fcad651a19ad tempest-VolumesActionsTest-329536730 tempest-VolumesActionsTest-329536730-project-member] Adding image object '70799258-cf72-4b4f-92f3-d22206279eaf' to Swift {{(pid=101657) add /opt/stack/data/venv/lib/python3.12/site-packages/glance_store/_drivers/swift/store.py:978}}
May 14 03:35:40.430584 np0000000741 devstack@g-api.service[101657]: DEBUG glance_store._drivers.swift.store [None req-e6943815-9228-4b90-b730-fcad651a19ad tempest-VolumesActionsTest-329536730 tempest-VolumesActionsTest-329536730-project-member] Cannot determine image size because it is either not provided in the request or chunked-transfer encoding is used. Adding image as a segmented object to Swift. {{(pid=101657) add /opt/stack/data/venv/lib/python3.12/site-packages/glance_store/_drivers/swift/store.py:1002}}
May 14 03:35:40.437277 np0000000741 devstack@g-api.service[101657]: DEBUG oslo_utils.imageutils.format_inspector [None req-e6943815-9228-4b90-b730-fcad651a19ad tempest-VolumesActionsTest-329536730 tempest-VolumesActionsTest-329536730-project-member] Format inspector for vmdk does not match, excluding from consideration (Signature KDMV not found: b'\x00\x00\x00\x00') {{(pid=101657) _process_chunk /opt/stack/data/venv/lib/python3.12/site-packages/oslo_utils/imageutils/format_inspector.py:1538}}
May 14 03:35:40.440912 np0000000741 devstack@g-api.service[101657]: DEBUG oslo_utils.imageutils.format_inspector [None req-e6943815-9228-4b90-b730-fcad651a19ad tempest-VolumesActionsTest-329536730 tempest-VolumesActionsTest-329536730-project-member] Format inspector for vhdx does not match, excluding from consideration (Region signature not found at 30000) {{(pid=101657) _process_chunk /opt/stack/data/venv/lib/python3.12/site-packages/oslo_utils/imageutils/format_inspector.py:1538}}
May 14 03:35:40.761688 np0000000741 devstack@g-api.service[101656]: DEBUG glance.api.middleware.version_negotiation [None req-3a50d1a5-1384-411e-9eec-890f32d57bdb tempest-VolumesActionsTest-329536730 tempest-VolumesActionsTest-329536730-project-member] Determining version of request: GET /v2/images/70799258-cf72-4b4f-92f3-d22206279eaf Accept: application/json {{(pid=101656) process_request /opt/stack/glance/glance/api/middleware/version_negotiation.py:44}}
May 14 03:35:40.762272 np0000000741 devstack@g-api.service[101656]: DEBUG glance.api.middleware.version_negotiation [None req-3a50d1a5-1384-411e-9eec-890f32d57bdb tempest-VolumesActionsTest-329536730 tempest-VolumesActionsTest-329536730-project-member] Using url versioning {{(pid=101656) process_request /opt/stack/glance/glance/api/middleware/version_negotiation.py:57}}
May 14 03:35:40.762272 np0000000741 devstack@g-api.service[101656]: DEBUG glance.api.middleware.version_negotiation [None req-3a50d1a5-1384-411e-9eec-890f32d57bdb tempest-VolumesActionsTest-329536730 tempest-VolumesActionsTest-329536730-project-member] Matched version: v2 {{(pid=101656) process_request /opt/stack/glance/glance/api/middleware/version_negotiation.py:69}}
May 14 03:35:40.762272 np0000000741 devstack@g-api.service[101656]: DEBUG glance.api.middleware.version_negotiation [None req-3a50d1a5-1384-411e-9eec-890f32d57bdb tempest-VolumesActionsTest-329536730 tempest-VolumesActionsTest-329536730-project-member] new path /v2/images/70799258-cf72-4b4f-92f3-d22206279eaf {{(pid=101656) process_request /opt/stack/glance/glance/api/middleware/version_negotiation.py:70}}
May 14 03:35:40.779399 np0000000741 devstack@g-api.service[101656]: [pid: 101656|app: 0|req: 71/211] 127.0.0.1 () {40 vars in 834 bytes} [Thu May 14 03:35:40 2026] GET /v2/images/70799258-cf72-4b4f-92f3-d22206279eaf => generated 649 bytes in 18 msecs (HTTP/1.1 200) 4 headers in 157 bytes (1 switches on core 0)
May 14 03:35:41.788735 np0000000741 devstack@g-api.service[101655]: DEBUG glance.api.middleware.version_negotiation [None req-5aa04e61-27f2-45aa-bab9-a55fb5f4a83b tempest-VolumesActionsTest-329536730 tempest-VolumesActionsTest-329536730-project-member] Determining version of request: GET /v2/images/70799258-cf72-4b4f-92f3-d22206279eaf Accept: application/json {{(pid=101655) process_request /opt/stack/glance/glance/api/middleware/version_negotiation.py:44}}
May 14 03:35:41.789817 np0000000741 devstack@g-api.service[101655]: DEBUG glance.api.middleware.version_negotiation [None req-5aa04e61-27f2-45aa-bab9-a55fb5f4a83b tempest-VolumesActionsTest-329536730 tempest-VolumesActionsTest-329536730-project-member] Using url versioning {{(pid=101655) process_request /opt/stack/glance/glance/api/middleware/version_negotiation.py:57}}
May 14 03:35:41.789817 np0000000741 devstack@g-api.service[101655]: DEBUG glance.api.middleware.version_negotiation [None req-5aa04e61-27f2-45aa-bab9-a55fb5f4a83b tempest-VolumesActionsTest-329536730 tempest-VolumesActionsTest-329536730-project-member] Matched version: v2 {{(pid=101655) process_request /opt/stack/glance/glance/api/middleware/version_negotiation.py:69}}
May 14 03:35:41.789817 np0000000741 devstack@g-api.service[101655]: DEBUG glance.api.middleware.version_negotiation [None req-5aa04e61-27f2-45aa-bab9-a55fb5f4a83b tempest-VolumesActionsTest-329536730 tempest-VolumesActionsTest-329536730-project-member] new path /v2/images/70799258-cf72-4b4f-92f3-d22206279eaf {{(pid=101655) process_request /opt/stack/glance/glance/api/middleware/version_negotiation.py:70}}
May 14 03:35:41.809588 np0000000741 devstack@g-api.service[101655]: [pid: 101655|app: 0|req: 72/212] 127.0.0.1 () {40 vars in 834 bytes} [Thu May 14 03:35:41 2026] GET /v2/images/70799258-cf72-4b4f-92f3-d22206279eaf => generated 649 bytes in 21 msecs (HTTP/1.1 200) 4 headers in 157 bytes (1 switches on core 0)
May 14 03:35:42.571304 np0000000741 devstack@g-api.service[101657]: DEBUG swiftclient [None req-e6943815-9228-4b90-b730-fcad651a19ad tempest-VolumesActionsTest-329536730 tempest-VolumesActionsTest-329536730-project-member] REQ: curl -i https://10.4.3.36:8080/v1/AUTH_498c5939374a47bfb69881dbae849629/glance/70799258-cf72-4b4f-92f3-d22206279eaf-00001 -X PUT -H "X-Auth-Token: gAAAAABqBUMMGlot..." {{(pid=101657) http_log /opt/stack/data/venv/lib/python3.12/site-packages/swiftclient/client.py:160}}
May 14 03:35:42.571669 np0000000741 devstack@g-api.service[101657]: DEBUG swiftclient [None req-e6943815-9228-4b90-b730-fcad651a19ad tempest-VolumesActionsTest-329536730 tempest-VolumesActionsTest-329536730-project-member] RESP STATUS: 201 Created {{(pid=101657) http_log /opt/stack/data/venv/lib/python3.12/site-packages/swiftclient/client.py:161}}
May 14 03:35:42.571669 np0000000741 devstack@g-api.service[101657]: DEBUG swiftclient [None req-e6943815-9228-4b90-b730-fcad651a19ad tempest-VolumesActionsTest-329536730 tempest-VolumesActionsTest-329536730-project-member] RESP HEADERS: {'Date': 'Thu, 14 May 2026 03:35:42 GMT', 'Server': 'Apache/2.4.58 (Ubuntu)', 'Content-Type': 'text/html; charset=UTF-8', 'Content-Length': '0', 'Etag': 'eda9a9889837ac4bc81d6387d92c1bec', 'Last-Modified': 'Thu, 14 May 2026 03:35:41 GMT', 'X-Trans-Id': 'tx1ae429c3633c4acb85274-006a05430c', 'X-Openstack-Request-Id': 'tx1ae429c3633c4acb85274-006a05430c', 'Connection': 'close'} {{(pid=101657) http_log /opt/stack/data/venv/lib/python3.12/site-packages/swiftclient/client.py:162}}
May 14 03:35:42.571807 np0000000741 devstack@g-api.service[101657]: DEBUG glance_store._drivers.swift.store [None req-e6943815-9228-4b90-b730-fcad651a19ad tempest-VolumesActionsTest-329536730 tempest-VolumesActionsTest-329536730-project-member] Wrote chunk 70799258-cf72-4b4f-92f3-d22206279eaf-00001 (1/?) of length 204800000 to Swift returning MD5 of content: eda9a9889837ac4bc81d6387d92c1bec {{(pid=101657) add /opt/stack/data/venv/lib/python3.12/site-packages/glance_store/_drivers/swift/store.py:1067}}
May 14 03:35:42.820489 np0000000741 devstack@g-api.service[101656]: DEBUG glance.api.middleware.version_negotiation [None req-de6035d1-d38b-47cc-9b46-78a48f2b13f5 tempest-VolumesActionsTest-329536730 tempest-VolumesActionsTest-329536730-project-member] Determining version of request: GET /v2/images/70799258-cf72-4b4f-92f3-d22206279eaf Accept: application/json {{(pid=101656) process_request /opt/stack/glance/glance/api/middleware/version_negotiation.py:44}}
May 14 03:35:42.820489 np0000000741 devstack@g-api.service[101656]: DEBUG glance.api.middleware.version_negotiation [None req-de6035d1-d38b-47cc-9b46-78a48f2b13f5 tempest-VolumesActionsTest-329536730 tempest-VolumesActionsTest-329536730-project-member] Using url versioning {{(pid=101656) process_request /opt/stack/glance/glance/api/middleware/version_negotiation.py:57}}
May 14 03:35:42.820489 np0000000741 devstack@g-api.service[101656]: DEBUG glance.api.middleware.version_negotiation [None req-de6035d1-d38b-47cc-9b46-78a48f2b13f5 tempest-VolumesActionsTest-329536730 tempest-VolumesActionsTest-329536730-project-member] Matched version: v2 {{(pid=101656) process_request /opt/stack/glance/glance/api/middleware/version_negotiation.py:69}}
May 14 03:35:42.820990 np0000000741 devstack@g-api.service[101656]: DEBUG glance.api.middleware.version_negotiation [None req-de6035d1-d38b-47cc-9b46-78a48f2b13f5 tempest-VolumesActionsTest-329536730 tempest-VolumesActionsTest-329536730-project-member] new path /v2/images/70799258-cf72-4b4f-92f3-d22206279eaf {{(pid=101656) process_request /opt/stack/glance/glance/api/middleware/version_negotiation.py:70}}
May 14 03:35:42.838548 np0000000741 devstack@g-api.service[101656]: [pid: 101656|app: 0|req: 72/213] 127.0.0.1 () {40 vars in 834 bytes} [Thu May 14 03:35:42 2026] GET /v2/images/70799258-cf72-4b4f-92f3-d22206279eaf => generated 649 bytes in 19 msecs (HTTP/1.1 200) 4 headers in 157 bytes (1 switches on core 0)
May 14 03:35:43.849940 np0000000741 devstack@g-api.service[101655]: DEBUG glance.api.middleware.version_negotiation [None req-b363f5c4-d7f1-43c8-abf4-bd630b6506ee tempest-VolumesActionsTest-329536730 tempest-VolumesActionsTest-329536730-project-member] Determining version of request: GET /v2/images/70799258-cf72-4b4f-92f3-d22206279eaf Accept: application/json {{(pid=101655) process_request /opt/stack/glance/glance/api/middleware/version_negotiation.py:44}}
May 14 03:35:43.850390 np0000000741 devstack@g-api.service[101655]: DEBUG glance.api.middleware.version_negotiation [None req-b363f5c4-d7f1-43c8-abf4-bd630b6506ee tempest-VolumesActionsTest-329536730 tempest-VolumesActionsTest-329536730-project-member] Using url versioning {{(pid=101655) process_request /opt/stack/glance/glance/api/middleware/version_negotiation.py:57}}
May 14 03:35:43.850390 np0000000741 devstack@g-api.service[101655]: DEBUG glance.api.middleware.version_negotiation [None req-b363f5c4-d7f1-43c8-abf4-bd630b6506ee tempest-VolumesActionsTest-329536730 tempest-VolumesActionsTest-329536730-project-member] Matched version: v2 {{(pid=101655) process_request /opt/stack/glance/glance/api/middleware/version_negotiation.py:69}}
May 14 03:35:43.850390 np0000000741 devstack@g-api.service[101655]: DEBUG glance.api.middleware.version_negotiation [None req-b363f5c4-d7f1-43c8-abf4-bd630b6506ee tempest-VolumesActionsTest-329536730 tempest-VolumesActionsTest-329536730-project-member] new path /v2/images/70799258-cf72-4b4f-92f3-d22206279eaf {{(pid=101655) process_request /opt/stack/glance/glance/api/middleware/version_negotiation.py:70}}
May 14 03:35:43.869384 np0000000741 devstack@g-api.service[101655]: [pid: 101655|app: 0|req: 73/214] 127.0.0.1 () {40 vars in 834 bytes} [Thu May 14 03:35:43 2026] GET /v2/images/70799258-cf72-4b4f-92f3-d22206279eaf => generated 649 bytes in 19 msecs (HTTP/1.1 200) 4 headers in 157 bytes (1 switches on core 0)
May 14 03:35:44.644331 np0000000741 devstack@g-api.service[101657]: DEBUG swiftclient [None req-e6943815-9228-4b90-b730-fcad651a19ad tempest-VolumesActionsTest-329536730 tempest-VolumesActionsTest-329536730-project-member] REQ: curl -i https://10.4.3.36:8080/v1/AUTH_498c5939374a47bfb69881dbae849629/glance/70799258-cf72-4b4f-92f3-d22206279eaf-00002 -X PUT -H "X-Auth-Token: gAAAAABqBUMMGlot..." {{(pid=101657) http_log /opt/stack/data/venv/lib/python3.12/site-packages/swiftclient/client.py:160}}
May 14 03:35:44.644604 np0000000741 devstack@g-api.service[101657]: DEBUG swiftclient [None req-e6943815-9228-4b90-b730-fcad651a19ad tempest-VolumesActionsTest-329536730 tempest-VolumesActionsTest-329536730-project-member] RESP STATUS: 201 Created {{(pid=101657) http_log /opt/stack/data/venv/lib/python3.12/site-packages/swiftclient/client.py:161}}
May 14 03:35:44.644676 np0000000741 devstack@g-api.service[101657]: DEBUG swiftclient [None req-e6943815-9228-4b90-b730-fcad651a19ad tempest-VolumesActionsTest-329536730 tempest-VolumesActionsTest-329536730-project-member] RESP HEADERS: {'Date': 'Thu, 14 May 2026 03:35:44 GMT', 'Server': 'Apache/2.4.58 (Ubuntu)', 'Content-Type': 'text/html; charset=UTF-8', 'Content-Length': '0', 'Etag': 'eda9a9889837ac4bc81d6387d92c1bec', 'Last-Modified': 'Thu, 14 May 2026 03:35:43 GMT', 'X-Trans-Id': 'tx5f5e4da1e33f4be59888b-006a05430e', 'X-Openstack-Request-Id': 'tx5f5e4da1e33f4be59888b-006a05430e', 'Connection': 'close'} {{(pid=101657) http_log /opt/stack/data/venv/lib/python3.12/site-packages/swiftclient/client.py:162}}
May 14 03:35:44.644831 np0000000741 devstack@g-api.service[101657]: DEBUG glance_store._drivers.swift.store [None req-e6943815-9228-4b90-b730-fcad651a19ad tempest-VolumesActionsTest-329536730 tempest-VolumesActionsTest-329536730-project-member] Wrote chunk 70799258-cf72-4b4f-92f3-d22206279eaf-00002 (2/?) of length 204800000 to Swift returning MD5 of content: eda9a9889837ac4bc81d6387d92c1bec {{(pid=101657) add /opt/stack/data/venv/lib/python3.12/site-packages/glance_store/_drivers/swift/store.py:1067}}
May 14 03:35:44.884553 np0000000741 devstack@g-api.service[101656]: DEBUG glance.api.middleware.version_negotiation [None req-0794e932-5985-46fb-8385-1bf0f26b735e tempest-VolumesActionsTest-329536730 tempest-VolumesActionsTest-329536730-project-member] Determining version of request: GET /v2/images/70799258-cf72-4b4f-92f3-d22206279eaf Accept: application/json {{(pid=101656) process_request /opt/stack/glance/glance/api/middleware/version_negotiation.py:44}}
May 14 03:35:44.885410 np0000000741 devstack@g-api.service[101656]: DEBUG glance.api.middleware.version_negotiation [None req-0794e932-5985-46fb-8385-1bf0f26b735e tempest-VolumesActionsTest-329536730 tempest-VolumesActionsTest-329536730-project-member] Using url versioning {{(pid=101656) process_request /opt/stack/glance/glance/api/middleware/version_negotiation.py:57}}
May 14 03:35:44.885410 np0000000741 devstack@g-api.service[101656]: DEBUG glance.api.middleware.version_negotiation [None req-0794e932-5985-46fb-8385-1bf0f26b735e tempest-VolumesActionsTest-329536730 tempest-VolumesActionsTest-329536730-project-member] Matched version: v2 {{(pid=101656) process_request /opt/stack/glance/glance/api/middleware/version_negotiation.py:69}}
May 14 03:35:44.885410 np0000000741 devstack@g-api.service[101656]: DEBUG glance.api.middleware.version_negotiation [None req-0794e932-5985-46fb-8385-1bf0f26b735e tempest-VolumesActionsTest-329536730 tempest-VolumesActionsTest-329536730-project-member] new path /v2/images/70799258-cf72-4b4f-92f3-d22206279eaf {{(pid=101656) process_request /opt/stack/glance/glance/api/middleware/version_negotiation.py:70}}
May 14 03:35:44.904832 np0000000741 devstack@g-api.service[101656]: [pid: 101656|app: 0|req: 73/215] 127.0.0.1 () {40 vars in 834 bytes} [Thu May 14 03:35:44 2026] GET /v2/images/70799258-cf72-4b4f-92f3-d22206279eaf => generated 649 bytes in 20 msecs (HTTP/1.1 200) 4 headers in 157 bytes (1 switches on core 0)
May 14 03:35:45.920885 np0000000741 devstack@g-api.service[101655]: DEBUG glance.api.middleware.version_negotiation [None req-364f9c64-b2ca-4123-86e7-474f2821819c tempest-VolumesActionsTest-329536730 tempest-VolumesActionsTest-329536730-project-member] Determining version of request: GET /v2/images/70799258-cf72-4b4f-92f3-d22206279eaf Accept: application/json {{(pid=101655) process_request /opt/stack/glance/glance/api/middleware/version_negotiation.py:44}}
May 14 03:35:45.920885 np0000000741 devstack@g-api.service[101655]: DEBUG glance.api.middleware.version_negotiation [None req-364f9c64-b2ca-4123-86e7-474f2821819c tempest-VolumesActionsTest-329536730 tempest-VolumesActionsTest-329536730-project-member] Using url versioning {{(pid=101655) process_request /opt/stack/glance/glance/api/middleware/version_negotiation.py:57}}
May 14 03:35:45.921463 np0000000741 devstack@g-api.service[101655]: DEBUG glance.api.middleware.version_negotiation [None req-364f9c64-b2ca-4123-86e7-474f2821819c tempest-VolumesActionsTest-329536730 tempest-VolumesActionsTest-329536730-project-member] Matched version: v2 {{(pid=101655) process_request /opt/stack/glance/glance/api/middleware/version_negotiation.py:69}}
May 14 03:35:45.921463 np0000000741 devstack@g-api.service[101655]: DEBUG glance.api.middleware.version_negotiation [None req-364f9c64-b2ca-4123-86e7-474f2821819c tempest-VolumesActionsTest-329536730 tempest-VolumesActionsTest-329536730-project-member] new path /v2/images/70799258-cf72-4b4f-92f3-d22206279eaf {{(pid=101655) process_request /opt/stack/glance/glance/api/middleware/version_negotiation.py:70}}
May 14 03:35:45.950676 np0000000741 devstack@g-api.service[101655]: [pid: 101655|app: 0|req: 74/216] 127.0.0.1 () {40 vars in 834 bytes} [Thu May 14 03:35:45 2026] GET /v2/images/70799258-cf72-4b4f-92f3-d22206279eaf => generated 649 bytes in 26 msecs (HTTP/1.1 200) 4 headers in 157 bytes (1 switches on core 0)
May 14 03:35:46.913900 np0000000741 devstack@g-api.service[101657]: DEBUG swiftclient [None req-e6943815-9228-4b90-b730-fcad651a19ad tempest-VolumesActionsTest-329536730 tempest-VolumesActionsTest-329536730-project-member] REQ: curl -i https://10.4.3.36:8080/v1/AUTH_498c5939374a47bfb69881dbae849629/glance/70799258-cf72-4b4f-92f3-d22206279eaf-00003 -X PUT -H "X-Auth-Token: gAAAAABqBUMMGlot..." {{(pid=101657) http_log /opt/stack/data/venv/lib/python3.12/site-packages/swiftclient/client.py:160}}
May 14 03:35:46.914244 np0000000741 devstack@g-api.service[101657]: DEBUG swiftclient [None req-e6943815-9228-4b90-b730-fcad651a19ad tempest-VolumesActionsTest-329536730 tempest-VolumesActionsTest-329536730-project-member] RESP STATUS: 201 Created {{(pid=101657) http_log /opt/stack/data/venv/lib/python3.12/site-packages/swiftclient/client.py:161}}
May 14 03:35:46.914244 np0000000741 devstack@g-api.service[101657]: DEBUG swiftclient [None req-e6943815-9228-4b90-b730-fcad651a19ad tempest-VolumesActionsTest-329536730 tempest-VolumesActionsTest-329536730-project-member] RESP HEADERS: {'Date': 'Thu, 14 May 2026 03:35:46 GMT', 'Server': 'Apache/2.4.58 (Ubuntu)', 'Content-Type': 'text/html; charset=UTF-8', 'Content-Length': '0', 'Etag': 'eda9a9889837ac4bc81d6387d92c1bec', 'Last-Modified': 'Thu, 14 May 2026 03:35:45 GMT', 'X-Trans-Id': 'tx46fefc0e11c44708a670e-006a054310', 'X-Openstack-Request-Id': 'tx46fefc0e11c44708a670e-006a054310', 'Connection': 'close'} {{(pid=101657) http_log /opt/stack/data/venv/lib/python3.12/site-packages/swiftclient/client.py:162}}
May 14 03:35:46.914397 np0000000741 devstack@g-api.service[101657]: DEBUG glance_store._drivers.swift.store [None req-e6943815-9228-4b90-b730-fcad651a19ad tempest-VolumesActionsTest-329536730 tempest-VolumesActionsTest-329536730-project-member] Wrote chunk 70799258-cf72-4b4f-92f3-d22206279eaf-00003 (3/?) of length 204800000 to Swift returning MD5 of content: eda9a9889837ac4bc81d6387d92c1bec {{(pid=101657) add /opt/stack/data/venv/lib/python3.12/site-packages/glance_store/_drivers/swift/store.py:1067}}
May 14 03:35:46.965869 np0000000741 devstack@g-api.service[101656]: DEBUG glance.api.middleware.version_negotiation [None req-3de19b2a-8d5d-43df-b246-1d8364c2a162 tempest-VolumesActionsTest-329536730 tempest-VolumesActionsTest-329536730-project-member] Determining version of request: GET /v2/images/70799258-cf72-4b4f-92f3-d22206279eaf Accept: application/json {{(pid=101656) process_request /opt/stack/glance/glance/api/middleware/version_negotiation.py:44}}
May 14 03:35:46.965869 np0000000741 devstack@g-api.service[101656]: DEBUG glance.api.middleware.version_negotiation [None req-3de19b2a-8d5d-43df-b246-1d8364c2a162 tempest-VolumesActionsTest-329536730 tempest-VolumesActionsTest-329536730-project-member] Using url versioning {{(pid=101656) process_request /opt/stack/glance/glance/api/middleware/version_negotiation.py:57}}
May 14 03:35:46.965869 np0000000741 devstack@g-api.service[101656]: DEBUG glance.api.middleware.version_negotiation [None req-3de19b2a-8d5d-43df-b246-1d8364c2a162 tempest-VolumesActionsTest-329536730 tempest-VolumesActionsTest-329536730-project-member] Matched version: v2 {{(pid=101656) process_request /opt/stack/glance/glance/api/middleware/version_negotiation.py:69}}
May 14 03:35:46.966773 np0000000741 devstack@g-api.service[101656]: DEBUG glance.api.middleware.version_negotiation [None req-3de19b2a-8d5d-43df-b246-1d8364c2a162 tempest-VolumesActionsTest-329536730 tempest-VolumesActionsTest-329536730-project-member] new path /v2/images/70799258-cf72-4b4f-92f3-d22206279eaf {{(pid=101656) process_request /opt/stack/glance/glance/api/middleware/version_negotiation.py:70}}
May 14 03:35:46.993016 np0000000741 devstack@g-api.service[101656]: [pid: 101656|app: 0|req: 74/217] 127.0.0.1 () {40 vars in 834 bytes} [Thu May 14 03:35:46 2026] GET /v2/images/70799258-cf72-4b4f-92f3-d22206279eaf => generated 649 bytes in 29 msecs (HTTP/1.1 200) 4 headers in 157 bytes (1 switches on core 0)
May 14 03:35:48.011271 np0000000741 devstack@g-api.service[101655]: DEBUG glance.api.middleware.version_negotiation [None req-d9189d79-7448-4d37-9a57-89a014494dbc tempest-VolumesActionsTest-329536730 tempest-VolumesActionsTest-329536730-project-member] Determining version of request: GET /v2/images/70799258-cf72-4b4f-92f3-d22206279eaf Accept: application/json {{(pid=101655) process_request /opt/stack/glance/glance/api/middleware/version_negotiation.py:44}}
May 14 03:35:48.013045 np0000000741 devstack@g-api.service[101655]: DEBUG glance.api.middleware.version_negotiation [None req-d9189d79-7448-4d37-9a57-89a014494dbc tempest-VolumesActionsTest-329536730 tempest-VolumesActionsTest-329536730-project-member] Using url versioning {{(pid=101655) process_request /opt/stack/glance/glance/api/middleware/version_negotiation.py:57}}
May 14 03:35:48.013045 np0000000741 devstack@g-api.service[101655]: DEBUG glance.api.middleware.version_negotiation [None req-d9189d79-7448-4d37-9a57-89a014494dbc tempest-VolumesActionsTest-329536730 tempest-VolumesActionsTest-329536730-project-member] Matched version: v2 {{(pid=101655) process_request /opt/stack/glance/glance/api/middleware/version_negotiation.py:69}}
May 14 03:35:48.013045 np0000000741 devstack@g-api.service[101655]: DEBUG glance.api.middleware.version_negotiation [None req-d9189d79-7448-4d37-9a57-89a014494dbc tempest-VolumesActionsTest-329536730 tempest-VolumesActionsTest-329536730-project-member] new path /v2/images/70799258-cf72-4b4f-92f3-d22206279eaf {{(pid=101655) process_request /opt/stack/glance/glance/api/middleware/version_negotiation.py:70}}
May 14 03:35:48.026699 np0000000741 devstack@g-api.service[101655]: [pid: 101655|app: 0|req: 75/218] 127.0.0.1 () {40 vars in 834 bytes} [Thu May 14 03:35:48 2026] GET /v2/images/70799258-cf72-4b4f-92f3-d22206279eaf => generated 649 bytes in 15 msecs (HTTP/1.1 200) 4 headers in 157 bytes (1 switches on core 0)
May 14 03:35:49.042858 np0000000741 devstack@g-api.service[101656]: DEBUG glance.api.middleware.version_negotiation [None req-6c0286e1-f48f-4c6d-9b0b-55ed29711f52 tempest-VolumesActionsTest-329536730 tempest-VolumesActionsTest-329536730-project-member] Determining version of request: GET /v2/images/70799258-cf72-4b4f-92f3-d22206279eaf Accept: application/json {{(pid=101656) process_request /opt/stack/glance/glance/api/middleware/version_negotiation.py:44}}
May 14 03:35:49.042858 np0000000741 devstack@g-api.service[101656]: DEBUG glance.api.middleware.version_negotiation [None req-6c0286e1-f48f-4c6d-9b0b-55ed29711f52 tempest-VolumesActionsTest-329536730 tempest-VolumesActionsTest-329536730-project-member] Using url versioning {{(pid=101656) process_request /opt/stack/glance/glance/api/middleware/version_negotiation.py:57}}
May 14 03:35:49.042858 np0000000741 devstack@g-api.service[101656]: DEBUG glance.api.middleware.version_negotiation [None req-6c0286e1-f48f-4c6d-9b0b-55ed29711f52 tempest-VolumesActionsTest-329536730 tempest-VolumesActionsTest-329536730-project-member] Matched version: v2 {{(pid=101656) process_request /opt/stack/glance/glance/api/middleware/version_negotiation.py:69}}
May 14 03:35:49.043616 np0000000741 devstack@g-api.service[101656]: DEBUG glance.api.middleware.version_negotiation [None req-6c0286e1-f48f-4c6d-9b0b-55ed29711f52 tempest-VolumesActionsTest-329536730 tempest-VolumesActionsTest-329536730-project-member] new path /v2/images/70799258-cf72-4b4f-92f3-d22206279eaf {{(pid=101656) process_request /opt/stack/glance/glance/api/middleware/version_negotiation.py:70}}
May 14 03:35:49.069935 np0000000741 devstack@g-api.service[101656]: [pid: 101656|app: 0|req: 75/219] 127.0.0.1 () {40 vars in 834 bytes} [Thu May 14 03:35:49 2026] GET /v2/images/70799258-cf72-4b4f-92f3-d22206279eaf => generated 649 bytes in 30 msecs (HTTP/1.1 200) 4 headers in 157 bytes (1 switches on core 0)
May 14 03:35:49.194476 np0000000741 devstack@g-api.service[101657]: DEBUG swiftclient [None req-e6943815-9228-4b90-b730-fcad651a19ad tempest-VolumesActionsTest-329536730 tempest-VolumesActionsTest-329536730-project-member] REQ: curl -i https://10.4.3.36:8080/v1/AUTH_498c5939374a47bfb69881dbae849629/glance/70799258-cf72-4b4f-92f3-d22206279eaf-00004 -X PUT -H "X-Auth-Token: gAAAAABqBUMMGlot..." {{(pid=101657) http_log /opt/stack/data/venv/lib/python3.12/site-packages/swiftclient/client.py:160}}
May 14 03:35:49.194476 np0000000741 devstack@g-api.service[101657]: DEBUG swiftclient [None req-e6943815-9228-4b90-b730-fcad651a19ad tempest-VolumesActionsTest-329536730 tempest-VolumesActionsTest-329536730-project-member] RESP STATUS: 201 Created {{(pid=101657) http_log /opt/stack/data/venv/lib/python3.12/site-packages/swiftclient/client.py:161}}
May 14 03:35:49.197438 np0000000741 devstack@g-api.service[101657]: DEBUG swiftclient [None req-e6943815-9228-4b90-b730-fcad651a19ad tempest-VolumesActionsTest-329536730 tempest-VolumesActionsTest-329536730-project-member] RESP HEADERS: {'Date': 'Thu, 14 May 2026 03:35:49 GMT', 'Server': 'Apache/2.4.58 (Ubuntu)', 'Content-Type': 'text/html; charset=UTF-8', 'Content-Length': '0', 'Etag': 'eda9a9889837ac4bc81d6387d92c1bec', 'Last-Modified': 'Thu, 14 May 2026 03:35:47 GMT', 'X-Trans-Id': 'txad0af48cff9a4eb0bc09e-006a054312', 'X-Openstack-Request-Id': 'txad0af48cff9a4eb0bc09e-006a054312', 'Connection': 'close'} {{(pid=101657) http_log /opt/stack/data/venv/lib/python3.12/site-packages/swiftclient/client.py:162}}
May 14 03:35:49.197438 np0000000741 devstack@g-api.service[101657]: DEBUG glance_store._drivers.swift.store [None req-e6943815-9228-4b90-b730-fcad651a19ad tempest-VolumesActionsTest-329536730 tempest-VolumesActionsTest-329536730-project-member] Wrote chunk 70799258-cf72-4b4f-92f3-d22206279eaf-00004 (4/?) of length 204800000 to Swift returning MD5 of content: eda9a9889837ac4bc81d6387d92c1bec {{(pid=101657) add /opt/stack/data/venv/lib/python3.12/site-packages/glance_store/_drivers/swift/store.py:1067}}
May 14 03:35:49.726329 np0000000741 devstack@g-api.service[101655]: DEBUG glance.api.middleware.version_negotiation [None req-4367edbd-a060-44d7-812a-54a00ad8f569 tempest-VolumesActionsTest-329536730 tempest-VolumesActionsTest-329536730-project-member] Determining version of request: GET /v2/images/6612e57f-dc02-432a-8f21-51e588d0e5b8 Accept: */* {{(pid=101655) process_request /opt/stack/glance/glance/api/middleware/version_negotiation.py:44}}
May 14 03:35:49.727054 np0000000741 devstack@g-api.service[101655]: DEBUG glance.api.middleware.version_negotiation [None req-4367edbd-a060-44d7-812a-54a00ad8f569 tempest-VolumesActionsTest-329536730 tempest-VolumesActionsTest-329536730-project-member] Using url versioning {{(pid=101655) process_request /opt/stack/glance/glance/api/middleware/version_negotiation.py:57}}
May 14 03:35:49.727054 np0000000741 devstack@g-api.service[101655]: DEBUG glance.api.middleware.version_negotiation [None req-4367edbd-a060-44d7-812a-54a00ad8f569 tempest-VolumesActionsTest-329536730 tempest-VolumesActionsTest-329536730-project-member] Matched version: v2 {{(pid=101655) process_request /opt/stack/glance/glance/api/middleware/version_negotiation.py:69}}
May 14 03:35:49.727054 np0000000741 devstack@g-api.service[101655]: DEBUG glance.api.middleware.version_negotiation [None req-4367edbd-a060-44d7-812a-54a00ad8f569 tempest-VolumesActionsTest-329536730 tempest-VolumesActionsTest-329536730-project-member] new path /v2/images/6612e57f-dc02-432a-8f21-51e588d0e5b8 {{(pid=101655) process_request /opt/stack/glance/glance/api/middleware/version_negotiation.py:70}}
May 14 03:35:49.740425 np0000000741 devstack@g-api.service[101655]: [pid: 101655|app: 0|req: 76/220] 127.0.0.1 () {44 vars in 1111 bytes} [Thu May 14 03:35:49 2026] GET /v2/images/6612e57f-dc02-432a-8f21-51e588d0e5b8 => generated 1044 bytes in 14 msecs (HTTP/1.1 200) 4 headers in 158 bytes (1 switches on core 0)
May 14 03:35:49.790399 np0000000741 devstack@g-api.service[101656]: DEBUG glance.api.middleware.version_negotiation [None req-3f346118-4a10-4344-a1b7-cbd97af1cd16 tempest-VolumesActionsTest-329536730 tempest-VolumesActionsTest-329536730-project-member] Determining version of request: GET /v2/schemas/image Accept: */* {{(pid=101656) process_request /opt/stack/glance/glance/api/middleware/version_negotiation.py:44}}
May 14 03:35:49.790399 np0000000741 devstack@g-api.service[101656]: DEBUG glance.api.middleware.version_negotiation [None req-3f346118-4a10-4344-a1b7-cbd97af1cd16 tempest-VolumesActionsTest-329536730 tempest-VolumesActionsTest-329536730-project-member] Using url versioning {{(pid=101656) process_request /opt/stack/glance/glance/api/middleware/version_negotiation.py:57}}
May 14 03:35:49.790399 np0000000741 devstack@g-api.service[101656]: DEBUG glance.api.middleware.version_negotiation [None req-3f346118-4a10-4344-a1b7-cbd97af1cd16 tempest-VolumesActionsTest-329536730 tempest-VolumesActionsTest-329536730-project-member] Matched version: v2 {{(pid=101656) process_request /opt/stack/glance/glance/api/middleware/version_negotiation.py:69}}
May 14 03:35:49.790399 np0000000741 devstack@g-api.service[101656]: DEBUG glance.api.middleware.version_negotiation [None req-3f346118-4a10-4344-a1b7-cbd97af1cd16 tempest-VolumesActionsTest-329536730 tempest-VolumesActionsTest-329536730-project-member] new path /v2/schemas/image {{(pid=101656) process_request /opt/stack/glance/glance/api/middleware/version_negotiation.py:70}}
May 14 03:35:49.796024 np0000000741 devstack@g-api.service[101656]: [pid: 101656|app: 0|req: 76/221] 127.0.0.1 () {44 vars in 1051 bytes} [Thu May 14 03:35:49 2026] GET /v2/schemas/image => generated 6083 bytes in 6 msecs (HTTP/1.1 200) 4 headers in 158 bytes (1 switches on core 0)
May 14 03:35:50.094867 np0000000741 devstack@g-api.service[101655]: DEBUG glance.api.middleware.version_negotiation [None req-f85b126c-aba9-47d4-816c-c47dc3ed94bd tempest-AttachVolumeTestJSON-1091031368 tempest-AttachVolumeTestJSON-1091031368-project-member] Determining version of request: GET /v2/images/70799258-cf72-4b4f-92f3-d22206279eaf Accept: application/json {{(pid=101655) process_request /opt/stack/glance/glance/api/middleware/version_negotiation.py:44}}
May 14 03:35:50.095568 np0000000741 devstack@g-api.service[101655]: DEBUG glance.api.middleware.version_negotiation [None req-f85b126c-aba9-47d4-816c-c47dc3ed94bd tempest-AttachVolumeTestJSON-1091031368 tempest-AttachVolumeTestJSON-1091031368-project-member] Using url versioning {{(pid=101655) process_request /opt/stack/glance/glance/api/middleware/version_negotiation.py:57}}
May 14 03:35:50.095568 np0000000741 devstack@g-api.service[101655]: DEBUG glance.api.middleware.version_negotiation [None req-f85b126c-aba9-47d4-816c-c47dc3ed94bd tempest-AttachVolumeTestJSON-1091031368 tempest-AttachVolumeTestJSON-1091031368-project-member] Matched version: v2 {{(pid=101655) process_request /opt/stack/glance/glance/api/middleware/version_negotiation.py:69}}
May 14 03:35:50.095746 np0000000741 devstack@g-api.service[101655]: DEBUG glance.api.middleware.version_negotiation [None req-f85b126c-aba9-47d4-816c-c47dc3ed94bd tempest-AttachVolumeTestJSON-1091031368 tempest-AttachVolumeTestJSON-1091031368-project-member] new path /v2/images/70799258-cf72-4b4f-92f3-d22206279eaf {{(pid=101655) process_request /opt/stack/glance/glance/api/middleware/version_negotiation.py:70}}
May 14 03:35:50.120327 np0000000741 devstack@g-api.service[101655]: [pid: 101655|app: 0|req: 77/222] 127.0.0.1 () {40 vars in 834 bytes} [Thu May 14 03:35:50 2026] GET /v2/images/70799258-cf72-4b4f-92f3-d22206279eaf => generated 649 bytes in 26 msecs (HTTP/1.1 200) 4 headers in 157 bytes (1 switches on core 0)
May 14 03:35:50.226094 np0000000741 devstack@g-api.service[101657]: DEBUG dbcounter [-] [101657] Writing DB stats glance:SELECT=16,glance:UPDATE=1 {{(pid=101657) stat_writer /opt/stack/data/venv/lib/python3.12/site-packages/dbcounter.py:115}}
May 14 03:35:51.138193 np0000000741 devstack@g-api.service[101656]: DEBUG glance.api.middleware.version_negotiation [None req-f85b126c-aba9-47d4-816c-c47dc3ed94bd tempest-AttachVolumeTestJSON-1091031368 tempest-AttachVolumeTestJSON-1091031368-project-member] Determining version of request: GET /v2/images/70799258-cf72-4b4f-92f3-d22206279eaf Accept: application/json {{(pid=101656) process_request /opt/stack/glance/glance/api/middleware/version_negotiation.py:44}}
May 14 03:35:51.138692 np0000000741 devstack@g-api.service[101656]: DEBUG glance.api.middleware.version_negotiation [None req-f85b126c-aba9-47d4-816c-c47dc3ed94bd tempest-AttachVolumeTestJSON-1091031368 tempest-AttachVolumeTestJSON-1091031368-project-member] Using url versioning {{(pid=101656) process_request /opt/stack/glance/glance/api/middleware/version_negotiation.py:57}}
May 14 03:35:51.139201 np0000000741 devstack@g-api.service[101656]: DEBUG glance.api.middleware.version_negotiation [None req-f85b126c-aba9-47d4-816c-c47dc3ed94bd tempest-AttachVolumeTestJSON-1091031368 tempest-AttachVolumeTestJSON-1091031368-project-member] Matched version: v2 {{(pid=101656) process_request /opt/stack/glance/glance/api/middleware/version_negotiation.py:69}}
May 14 03:35:51.139201 np0000000741 devstack@g-api.service[101656]: DEBUG glance.api.middleware.version_negotiation [None req-f85b126c-aba9-47d4-816c-c47dc3ed94bd tempest-AttachVolumeTestJSON-1091031368 tempest-AttachVolumeTestJSON-1091031368-project-member] new path /v2/images/70799258-cf72-4b4f-92f3-d22206279eaf {{(pid=101656) process_request /opt/stack/glance/glance/api/middleware/version_negotiation.py:70}}
May 14 03:35:51.159802 np0000000741 devstack@g-api.service[101656]: [pid: 101656|app: 0|req: 77/223] 127.0.0.1 () {40 vars in 834 bytes} [Thu May 14 03:35:51 2026] GET /v2/images/70799258-cf72-4b4f-92f3-d22206279eaf => generated 649 bytes in 22 msecs (HTTP/1.1 200) 4 headers in 157 bytes (1 switches on core 0)
May 14 03:35:51.496253 np0000000741 devstack@g-api.service[101657]: DEBUG swiftclient [None req-e6943815-9228-4b90-b730-fcad651a19ad tempest-VolumesActionsTest-329536730 tempest-VolumesActionsTest-329536730-project-member] REQ: curl -i https://10.4.3.36:8080/v1/AUTH_498c5939374a47bfb69881dbae849629/glance/70799258-cf72-4b4f-92f3-d22206279eaf-00005 -X PUT -H "X-Auth-Token: gAAAAABqBUMMGlot..." {{(pid=101657) http_log /opt/stack/data/venv/lib/python3.12/site-packages/swiftclient/client.py:160}}
May 14 03:35:51.496568 np0000000741 devstack@g-api.service[101657]: DEBUG swiftclient [None req-e6943815-9228-4b90-b730-fcad651a19ad tempest-VolumesActionsTest-329536730 tempest-VolumesActionsTest-329536730-project-member] RESP STATUS: 201 Created {{(pid=101657) http_log /opt/stack/data/venv/lib/python3.12/site-packages/swiftclient/client.py:161}}
May 14 03:35:51.496568 np0000000741 devstack@g-api.service[101657]: DEBUG swiftclient [None req-e6943815-9228-4b90-b730-fcad651a19ad tempest-VolumesActionsTest-329536730 tempest-VolumesActionsTest-329536730-project-member] RESP HEADERS: {'Date': 'Thu, 14 May 2026 03:35:51 GMT', 'Server': 'Apache/2.4.58 (Ubuntu)', 'Content-Type': 'text/html; charset=UTF-8', 'Content-Length': '0', 'Etag': 'eda9a9889837ac4bc81d6387d92c1bec', 'Last-Modified': 'Thu, 14 May 2026 03:35:50 GMT', 'X-Trans-Id': 'tx7ca73dd16d5d492b9da3a-006a054315', 'X-Openstack-Request-Id': 'tx7ca73dd16d5d492b9da3a-006a054315', 'Connection': 'close'} {{(pid=101657) http_log /opt/stack/data/venv/lib/python3.12/site-packages/swiftclient/client.py:162}}
May 14 03:35:51.496568 np0000000741 devstack@g-api.service[101657]: DEBUG glance_store._drivers.swift.store [None req-e6943815-9228-4b90-b730-fcad651a19ad tempest-VolumesActionsTest-329536730 tempest-VolumesActionsTest-329536730-project-member] Wrote chunk 70799258-cf72-4b4f-92f3-d22206279eaf-00005 (5/?) of length 204800000 to Swift returning MD5 of content: eda9a9889837ac4bc81d6387d92c1bec {{(pid=101657) add /opt/stack/data/venv/lib/python3.12/site-packages/glance_store/_drivers/swift/store.py:1067}}
