Jun 24 03:28:15.069016 np0000003509 devstack@g-api.service[99489]: DEBUG swiftclient [None req-4e22209c-bf37-40a2-9f88-bbdee4d97c25 tempest-VolumesNegativeTest-297760275 tempest-VolumesNegativeTest-297760275-project-member] RESP HEADERS: {'Date': 'Wed, 24 Jun 2026 03:28:15 GMT', 'Server': 'Apache/2.4.58 (Ubuntu)', 'Content-Type': 'text/html; charset=UTF-8', 'Content-Length': '0', 'Etag': 'c996447f299f318e75bf24687bb31226', 'Last-Modified': 'Wed, 24 Jun 2026 03:28:16 GMT', 'X-Trans-Id': 'txa1f847e4fae64c02b6623-006a3b4ecf', 'X-Openstack-Request-Id': 'txa1f847e4fae64c02b6623-006a3b4ecf', 'Connection': 'close'} {{(pid=99489) http_log /opt/stack/data/venv/lib/python3.12/site-packages/swiftclient/client.py:162}}
Jun 24 03:28:15.069548 np0000003509 devstack@g-api.service[99489]: INFO glance.location [None req-4e22209c-bf37-40a2-9f88-bbdee4d97c25 tempest-VolumesNegativeTest-297760275 tempest-VolumesNegativeTest-297760275-project-member] Image format matched and virtual size computed: 1024
Jun 24 03:28:15.083395 np0000003509 devstack@g-api.service[99488]: DEBUG swiftclient [None req-7e2bd1cb-37b6-47a1-a033-289af6bb709a tempest-ServerBootFromVolumeStableRescueTest-1161782370 tempest-ServerBootFromVolumeStableRescueTest-1161782370-project-member] REQ: curl -i https://10.4.3.32:8080/v1/AUTH_99b9eaf93e234b8f977cfc956bdacb55/glance/9deeae24-8fe2-46da-b4f3-c8cffcb85c5c -I -H "X-Auth-Token: gAAAAABqO07OZOMX..." {{(pid=99488) http_log /opt/stack/data/venv/lib/python3.12/site-packages/swiftclient/client.py:160}}
Jun 24 03:28:15.083532 np0000003509 devstack@g-api.service[99488]: DEBUG swiftclient [None req-7e2bd1cb-37b6-47a1-a033-289af6bb709a tempest-ServerBootFromVolumeStableRescueTest-1161782370 tempest-ServerBootFromVolumeStableRescueTest-1161782370-project-member] RESP STATUS: 200 OK {{(pid=99488) http_log /opt/stack/data/venv/lib/python3.12/site-packages/swiftclient/client.py:161}}
Jun 24 03:28:15.083796 np0000003509 devstack@g-api.service[99488]: DEBUG swiftclient [None req-7e2bd1cb-37b6-47a1-a033-289af6bb709a tempest-ServerBootFromVolumeStableRescueTest-1161782370 tempest-ServerBootFromVolumeStableRescueTest-1161782370-project-member] RESP HEADERS: {'Date': 'Wed, 24 Jun 2026 03:28:15 GMT', 'Server': 'Apache/2.4.58 (Ubuntu)', 'Content-Type': 'application/octet-stream', 'Content-Length': '23527424', 'X-Object-Manifest': 'glance/9deeae24-8fe2-46da-b4f3-c8cffcb85c5c-', 'Last-Modified': 'Wed, 24 Jun 2026 03:25:52 GMT', 'X-Timestamp': '1782271551.69592', 'Accept-Ranges': 'bytes', 'Etag': '"9c424351ecc3b84373f916fa8ecd34a2"', 'X-Trans-Id': 'tx155c39b6605345c19fec9-006a3b4ece', 'X-Openstack-Request-Id': 'tx155c39b6605345c19fec9-006a3b4ece', 'Connection': 'close'} {{(pid=99488) http_log /opt/stack/data/venv/lib/python3.12/site-packages/swiftclient/client.py:162}}
Jun 24 03:28:15.109998 np0000003509 devstack@g-api.service[99489]: DEBUG glance_store.backend [None req-4e22209c-bf37-40a2-9f88-bbdee4d97c25 tempest-VolumesNegativeTest-297760275 tempest-VolumesNegativeTest-297760275-project-member] Attempting to import store swift {{(pid=99489) _load_store /opt/stack/data/venv/lib/python3.12/site-packages/glance_store/backend.py:215}}
Jun 24 03:28:15.110847 np0000003509 devstack@g-api.service[99488]: DEBUG swiftclient [None req-7e2bd1cb-37b6-47a1-a033-289af6bb709a tempest-ServerBootFromVolumeStableRescueTest-1161782370 tempest-ServerBootFromVolumeStableRescueTest-1161782370-project-member] REQ: curl -i https://10.4.3.32:8080/v1/AUTH_99b9eaf93e234b8f977cfc956bdacb55/glance?format=json&prefix=9deeae24-8fe2-46da-b4f3-c8cffcb85c5c- -X GET -H "X-Auth-Token: gAAAAABqO07OZOMX..." -H "Accept-Encoding: gzip" {{(pid=99488) http_log /opt/stack/data/venv/lib/python3.12/site-packages/swiftclient/client.py:160}}
Jun 24 03:28:15.111020 np0000003509 devstack@g-api.service[99488]: DEBUG swiftclient [None req-7e2bd1cb-37b6-47a1-a033-289af6bb709a tempest-ServerBootFromVolumeStableRescueTest-1161782370 tempest-ServerBootFromVolumeStableRescueTest-1161782370-project-member] RESP STATUS: 200 OK {{(pid=99488) http_log /opt/stack/data/venv/lib/python3.12/site-packages/swiftclient/client.py:161}}
Jun 24 03:28:15.111263 np0000003509 devstack@g-api.service[99488]: DEBUG swiftclient [None req-7e2bd1cb-37b6-47a1-a033-289af6bb709a tempest-ServerBootFromVolumeStableRescueTest-1161782370 tempest-ServerBootFromVolumeStableRescueTest-1161782370-project-member] RESP HEADERS: {'Date': 'Wed, 24 Jun 2026 03:28:15 GMT', 'Server': 'Apache/2.4.58 (Ubuntu)', 'Content-Type': 'application/json; charset=utf-8', 'Content-Length': '210', 'X-Container-Object-Count': '6', 'X-Container-Bytes-Used': '87884800', 'X-Timestamp': '1782271384.38511', 'Last-Modified': 'Wed, 24 Jun 2026 03:23:05 GMT', 'Accept-Ranges': 'bytes', 'X-Storage-Policy': 'Policy-0', 'X-Container-Sharding': 'False', 'X-Trans-Id': 'tx8e34e9ce93e948e09034d-006a3b4ecf', 'X-Openstack-Request-Id': 'tx8e34e9ce93e948e09034d-006a3b4ecf', 'Connection': 'close'} {{(pid=99488) http_log /opt/stack/data/venv/lib/python3.12/site-packages/swiftclient/client.py:162}}
Jun 24 03:28:15.112257 np0000003509 devstack@g-api.service[99489]: DEBUG glance_store.capabilities [None req-4e22209c-bf37-40a2-9f88-bbdee4d97c25 tempest-VolumesNegativeTest-297760275 tempest-VolumesNegativeTest-297760275-project-member] Store glance_store._drivers.swift.store.SingleTenantStore doesn't support updating dynamic storage capabilities. Please overwrite 'update_capabilities' method of the store to implement updating logics if needed. {{(pid=99489) update_capabilities /opt/stack/data/venv/lib/python3.12/site-packages/glance_store/capabilities.py:91}}
Jun 24 03:28:15.112326 np0000003509 devstack@g-api.service[99488]: DEBUG swiftclient [None req-7e2bd1cb-37b6-47a1-a033-289af6bb709a tempest-ServerBootFromVolumeStableRescueTest-1161782370 tempest-ServerBootFromVolumeStableRescueTest-1161782370-project-member] RESP BODY: b'[{"bytes": 23527424, "hash": "4fa343ee581d8d2e78533191fd1ac3e1", "name": "9deeae24-8fe2-46da-b4f3-c8cffcb85c5c-00001", "content_type": "application/octet-stream", "last_modified": "2026-06-24T03:25:51.352680"}]' {{(pid=99488) http_log /opt/stack/data/venv/lib/python3.12/site-packages/swiftclient/client.py:166}}
Jun 24 03:28:15.112455 np0000003509 devstack@g-api.service[99489]: DEBUG glance_store.driver [None req-4e22209c-bf37-40a2-9f88-bbdee4d97c25 tempest-VolumesNegativeTest-297760275 tempest-VolumesNegativeTest-297760275-project-member] Late loading location class glance_store._drivers.swift.store.StoreLocation {{(pid=99489) get_store_location_class /opt/stack/data/venv/lib/python3.12/site-packages/glance_store/driver.py:134}}
Jun 24 03:28:15.112455 np0000003509 devstack@g-api.service[99489]: DEBUG glance_store.location [None req-4e22209c-bf37-40a2-9f88-bbdee4d97c25 tempest-VolumesNegativeTest-297760275 tempest-VolumesNegativeTest-297760275-project-member] Registering scheme swift+https with {'store': , 'location_class': , 'store_entry': 'swift'} {{(pid=99489) register_scheme_map /opt/stack/data/venv/lib/python3.12/site-packages/glance_store/location.py:146}}
Jun 24 03:28:15.112455 np0000003509 devstack@g-api.service[99489]: DEBUG glance_store.location [None req-4e22209c-bf37-40a2-9f88-bbdee4d97c25 tempest-VolumesNegativeTest-297760275 tempest-VolumesNegativeTest-297760275-project-member] Registering scheme swift+https with {'store': , 'location_class': , 'store_entry': 'swift'} {{(pid=99489) register_scheme_map /opt/stack/data/venv/lib/python3.12/site-packages/glance_store/location.py:146}}
Jun 24 03:28:15.112455 np0000003509 devstack@g-api.service[99489]: DEBUG glance_store.location [None req-4e22209c-bf37-40a2-9f88-bbdee4d97c25 tempest-VolumesNegativeTest-297760275 tempest-VolumesNegativeTest-297760275-project-member] Registering scheme swift with {'store': , 'location_class': , 'store_entry': 'swift'} {{(pid=99489) register_scheme_map /opt/stack/data/venv/lib/python3.12/site-packages/glance_store/location.py:146}}
Jun 24 03:28:15.112455 np0000003509 devstack@g-api.service[99489]: DEBUG glance_store.location [None req-4e22209c-bf37-40a2-9f88-bbdee4d97c25 tempest-VolumesNegativeTest-297760275 tempest-VolumesNegativeTest-297760275-project-member] Registering scheme swift+https with {'store': , 'location_class': , 'store_entry': 'swift'} {{(pid=99489) register_scheme_map /opt/stack/data/venv/lib/python3.12/site-packages/glance_store/location.py:146}}
Jun 24 03:28:15.112661 np0000003509 devstack@g-api.service[99489]: DEBUG glance_store.location [None req-4e22209c-bf37-40a2-9f88-bbdee4d97c25 tempest-VolumesNegativeTest-297760275 tempest-VolumesNegativeTest-297760275-project-member] Registering scheme swift with {'store': , 'location_class': , 'store_entry': 'swift'} {{(pid=99489) register_scheme_map /opt/stack/data/venv/lib/python3.12/site-packages/glance_store/location.py:146}}
Jun 24 03:28:15.112661 np0000003509 devstack@g-api.service[99489]: DEBUG glance_store.location [None req-4e22209c-bf37-40a2-9f88-bbdee4d97c25 tempest-VolumesNegativeTest-297760275 tempest-VolumesNegativeTest-297760275-project-member] Registering scheme swift+http with {'store': , 'location_class': , 'store_entry': 'swift'} {{(pid=99489) register_scheme_map /opt/stack/data/venv/lib/python3.12/site-packages/glance_store/location.py:146}}
Jun 24 03:28:15.112734 np0000003509 devstack@g-api.service[99489]: DEBUG glance_store.location [None req-4e22209c-bf37-40a2-9f88-bbdee4d97c25 tempest-VolumesNegativeTest-297760275 tempest-VolumesNegativeTest-297760275-project-member] Registering scheme swift+https with {'store': , 'location_class': , 'store_entry': 'swift'} {{(pid=99489) register_scheme_map /opt/stack/data/venv/lib/python3.12/site-packages/glance_store/location.py:146}}
Jun 24 03:28:15.112847 np0000003509 devstack@g-api.service[99489]: DEBUG glance_store.location [None req-4e22209c-bf37-40a2-9f88-bbdee4d97c25 tempest-VolumesNegativeTest-297760275 tempest-VolumesNegativeTest-297760275-project-member] Registering scheme swift with {'store': , 'location_class': , 'store_entry': 'swift'} {{(pid=99489) register_scheme_map /opt/stack/data/venv/lib/python3.12/site-packages/glance_store/location.py:146}}
Jun 24 03:28:15.112942 np0000003509 devstack@g-api.service[99489]: DEBUG glance_store.location [None req-4e22209c-bf37-40a2-9f88-bbdee4d97c25 tempest-VolumesNegativeTest-297760275 tempest-VolumesNegativeTest-297760275-project-member] Registering scheme swift+http with {'store': , 'location_class': , 'store_entry': 'swift'} {{(pid=99489) register_scheme_map /opt/stack/data/venv/lib/python3.12/site-packages/glance_store/location.py:146}}
Jun 24 03:28:15.113038 np0000003509 devstack@g-api.service[99489]: DEBUG glance_store.location [None req-4e22209c-bf37-40a2-9f88-bbdee4d97c25 tempest-VolumesNegativeTest-297760275 tempest-VolumesNegativeTest-297760275-project-member] Registering scheme swift+config with {'store': , 'location_class': , 'store_entry': 'swift'} {{(pid=99489) register_scheme_map /opt/stack/data/venv/lib/python3.12/site-packages/glance_store/location.py:146}}
Jun 24 03:28:15.113126 np0000003509 devstack@g-api.service[99489]: DEBUG glance_store.backend [None req-4e22209c-bf37-40a2-9f88-bbdee4d97c25 tempest-VolumesNegativeTest-297760275 tempest-VolumesNegativeTest-297760275-project-member] Skipping store.set_acls... not implemented. {{(pid=99489) set_acls /opt/stack/data/venv/lib/python3.12/site-packages/glance_store/backend.py:507}}
Jun 24 03:28:15.115570 np0000003509 devstack@g-api.service[99489]: [pid: 99489|app: 0|req: 85/255] 127.0.0.1 () {40 vars in 843 bytes} [Wed Jun 24 03:28:13 2026] PUT /v2/images/48f15d41-0a53-44ac-9b6f-a9cf4b61de2c/file => generated 0 bytes in 1164 msecs (HTTP/1.1 204) 4 headers in 171 bytes (1 switches on core 0)
Jun 24 03:28:15.125098 np0000003509 devstack@g-api.service[99490]: DEBUG glance.api.middleware.version_negotiation [None req-2ad59b6f-80ae-4c12-8adf-013983398925 tempest-VolumesNegativeTest-297760275 tempest-VolumesNegativeTest-297760275-project-member] Determining version of request: GET /v2/images/48f15d41-0a53-44ac-9b6f-a9cf4b61de2c Accept: application/json {{(pid=99490) process_request /opt/stack/glance/glance/api/middleware/version_negotiation.py:44}}
Jun 24 03:28:15.125765 np0000003509 devstack@g-api.service[99490]: DEBUG glance.api.middleware.version_negotiation [None req-2ad59b6f-80ae-4c12-8adf-013983398925 tempest-VolumesNegativeTest-297760275 tempest-VolumesNegativeTest-297760275-project-member] Using url versioning {{(pid=99490) process_request /opt/stack/glance/glance/api/middleware/version_negotiation.py:57}}
Jun 24 03:28:15.125765 np0000003509 devstack@g-api.service[99490]: DEBUG glance.api.middleware.version_negotiation [None req-2ad59b6f-80ae-4c12-8adf-013983398925 tempest-VolumesNegativeTest-297760275 tempest-VolumesNegativeTest-297760275-project-member] Matched version: v2 {{(pid=99490) process_request /opt/stack/glance/glance/api/middleware/version_negotiation.py:69}}
Jun 24 03:28:15.125765 np0000003509 devstack@g-api.service[99490]: DEBUG glance.api.middleware.version_negotiation [None req-2ad59b6f-80ae-4c12-8adf-013983398925 tempest-VolumesNegativeTest-297760275 tempest-VolumesNegativeTest-297760275-project-member] new path /v2/images/48f15d41-0a53-44ac-9b6f-a9cf4b61de2c {{(pid=99490) process_request /opt/stack/glance/glance/api/middleware/version_negotiation.py:70}}
Jun 24 03:28:15.134246 np0000003509 devstack@g-api.service[99490]: [pid: 99490|app: 0|req: 88/256] 127.0.0.1 () {40 vars in 834 bytes} [Wed Jun 24 03:28:15 2026] GET /v2/images/48f15d41-0a53-44ac-9b6f-a9cf4b61de2c => generated 812 bytes in 9 msecs (HTTP/1.1 200) 4 headers in 157 bytes (1 switches on core 0)
Jun 24 03:28:15.138548 np0000003509 devstack@g-api.service[99488]: DEBUG swiftclient [None req-7e2bd1cb-37b6-47a1-a033-289af6bb709a tempest-ServerBootFromVolumeStableRescueTest-1161782370 tempest-ServerBootFromVolumeStableRescueTest-1161782370-project-member] REQ: curl -i https://10.4.3.32:8080/v1/AUTH_99b9eaf93e234b8f977cfc956bdacb55/glance/9deeae24-8fe2-46da-b4f3-c8cffcb85c5c-00001 DELETE -H "X-Auth-Token: gAAAAABqO07OZOMX..." {{(pid=99488) http_log /opt/stack/data/venv/lib/python3.12/site-packages/swiftclient/client.py:160}}
Jun 24 03:28:15.138682 np0000003509 devstack@g-api.service[99488]: DEBUG swiftclient [None req-7e2bd1cb-37b6-47a1-a033-289af6bb709a tempest-ServerBootFromVolumeStableRescueTest-1161782370 tempest-ServerBootFromVolumeStableRescueTest-1161782370-project-member] RESP STATUS: 204 No Content {{(pid=99488) http_log /opt/stack/data/venv/lib/python3.12/site-packages/swiftclient/client.py:161}}
Jun 24 03:28:15.138844 np0000003509 devstack@g-api.service[99488]: DEBUG swiftclient [None req-7e2bd1cb-37b6-47a1-a033-289af6bb709a tempest-ServerBootFromVolumeStableRescueTest-1161782370 tempest-ServerBootFromVolumeStableRescueTest-1161782370-project-member] RESP HEADERS: {'Date': 'Wed, 24 Jun 2026 03:28:15 GMT', 'Server': 'Apache/2.4.58 (Ubuntu)', 'Content-Type': 'text/html; charset=UTF-8', 'X-Trans-Id': 'tx57ff51ed582549b7b8b1c-006a3b4ecf', 'X-Openstack-Request-Id': 'tx57ff51ed582549b7b8b1c-006a3b4ecf', 'Connection': 'close'} {{(pid=99488) http_log /opt/stack/data/venv/lib/python3.12/site-packages/swiftclient/client.py:162}}
Jun 24 03:28:15.143317 np0000003509 devstack@g-api.service[99489]: DEBUG glance.api.middleware.version_negotiation [None req-4e22209c-bf37-40a2-9f88-bbdee4d97c25 tempest-VolumesNegativeTest-297760275 tempest-VolumesNegativeTest-297760275-project-member] Determining version of request: POST /v2/images/48f15d41-0a53-44ac-9b6f-a9cf4b61de2c/actions/deactivate Accept: application/json {{(pid=99489) process_request /opt/stack/glance/glance/api/middleware/version_negotiation.py:44}}
Jun 24 03:28:15.143584 np0000003509 devstack@g-api.service[99489]: DEBUG glance.api.middleware.version_negotiation [None req-4e22209c-bf37-40a2-9f88-bbdee4d97c25 tempest-VolumesNegativeTest-297760275 tempest-VolumesNegativeTest-297760275-project-member] Using url versioning {{(pid=99489) process_request /opt/stack/glance/glance/api/middleware/version_negotiation.py:57}}
Jun 24 03:28:15.143784 np0000003509 devstack@g-api.service[99489]: DEBUG glance.api.middleware.version_negotiation [None req-4e22209c-bf37-40a2-9f88-bbdee4d97c25 tempest-VolumesNegativeTest-297760275 tempest-VolumesNegativeTest-297760275-project-member] Matched version: v2 {{(pid=99489) process_request /opt/stack/glance/glance/api/middleware/version_negotiation.py:69}}
Jun 24 03:28:15.143940 np0000003509 devstack@g-api.service[99489]: DEBUG glance.api.middleware.version_negotiation [None req-4e22209c-bf37-40a2-9f88-bbdee4d97c25 tempest-VolumesNegativeTest-297760275 tempest-VolumesNegativeTest-297760275-project-member] new path /v2/images/48f15d41-0a53-44ac-9b6f-a9cf4b61de2c/actions/deactivate {{(pid=99489) process_request /opt/stack/glance/glance/api/middleware/version_negotiation.py:70}}
Jun 24 03:28:15.168208 np0000003509 devstack@g-api.service[99488]: DEBUG swiftclient [None req-7e2bd1cb-37b6-47a1-a033-289af6bb709a tempest-ServerBootFromVolumeStableRescueTest-1161782370 tempest-ServerBootFromVolumeStableRescueTest-1161782370-project-member] REQ: curl -i https://10.4.3.32:8080/v1/AUTH_99b9eaf93e234b8f977cfc956bdacb55/glance/9deeae24-8fe2-46da-b4f3-c8cffcb85c5c DELETE -H "X-Auth-Token: gAAAAABqO07OZOMX..." {{(pid=99488) http_log /opt/stack/data/venv/lib/python3.12/site-packages/swiftclient/client.py:160}}
Jun 24 03:28:15.168331 np0000003509 devstack@g-api.service[99488]: DEBUG swiftclient [None req-7e2bd1cb-37b6-47a1-a033-289af6bb709a tempest-ServerBootFromVolumeStableRescueTest-1161782370 tempest-ServerBootFromVolumeStableRescueTest-1161782370-project-member] RESP STATUS: 204 No Content {{(pid=99488) http_log /opt/stack/data/venv/lib/python3.12/site-packages/swiftclient/client.py:161}}
Jun 24 03:28:15.168465 np0000003509 devstack@g-api.service[99488]: DEBUG swiftclient [None req-7e2bd1cb-37b6-47a1-a033-289af6bb709a tempest-ServerBootFromVolumeStableRescueTest-1161782370 tempest-ServerBootFromVolumeStableRescueTest-1161782370-project-member] RESP HEADERS: {'Date': 'Wed, 24 Jun 2026 03:28:15 GMT', 'Server': 'Apache/2.4.58 (Ubuntu)', 'Content-Type': 'text/html; charset=UTF-8', 'X-Trans-Id': 'tx57dfe18dbab644b09cf45-006a3b4ecf', 'X-Openstack-Request-Id': 'tx57dfe18dbab644b09cf45-006a3b4ecf', 'Connection': 'close'} {{(pid=99488) http_log /opt/stack/data/venv/lib/python3.12/site-packages/swiftclient/client.py:162}}
Jun 24 03:28:15.181553 np0000003509 devstack@g-api.service[99489]: DEBUG glance_store.backend [None req-308565ee-3c72-4780-b223-44cc463e0271 tempest-VolumesNegativeTest-297760275 tempest-VolumesNegativeTest-297760275-project-member] Attempting to import store swift {{(pid=99489) _load_store /opt/stack/data/venv/lib/python3.12/site-packages/glance_store/backend.py:215}}
Jun 24 03:28:15.182978 np0000003509 devstack@g-api.service[99489]: DEBUG glance_store.capabilities [None req-308565ee-3c72-4780-b223-44cc463e0271 tempest-VolumesNegativeTest-297760275 tempest-VolumesNegativeTest-297760275-project-member] Store glance_store._drivers.swift.store.SingleTenantStore doesn't support updating dynamic storage capabilities. Please overwrite 'update_capabilities' method of the store to implement updating logics if needed. {{(pid=99489) update_capabilities /opt/stack/data/venv/lib/python3.12/site-packages/glance_store/capabilities.py:91}}
Jun 24 03:28:15.183131 np0000003509 devstack@g-api.service[99489]: DEBUG glance_store.driver [None req-308565ee-3c72-4780-b223-44cc463e0271 tempest-VolumesNegativeTest-297760275 tempest-VolumesNegativeTest-297760275-project-member] Late loading location class glance_store._drivers.swift.store.StoreLocation {{(pid=99489) get_store_location_class /opt/stack/data/venv/lib/python3.12/site-packages/glance_store/driver.py:134}}
Jun 24 03:28:15.183297 np0000003509 devstack@g-api.service[99489]: DEBUG glance_store.location [None req-308565ee-3c72-4780-b223-44cc463e0271 tempest-VolumesNegativeTest-297760275 tempest-VolumesNegativeTest-297760275-project-member] Registering scheme swift+https with {'store': , 'location_class': , 'store_entry': 'swift'} {{(pid=99489) register_scheme_map /opt/stack/data/venv/lib/python3.12/site-packages/glance_store/location.py:146}}
Jun 24 03:28:15.183399 np0000003509 devstack@g-api.service[99489]: DEBUG glance_store.location [None req-308565ee-3c72-4780-b223-44cc463e0271 tempest-VolumesNegativeTest-297760275 tempest-VolumesNegativeTest-297760275-project-member] Registering scheme swift+https with {'store': , 'location_class': , 'store_entry': 'swift'} {{(pid=99489) register_scheme_map /opt/stack/data/venv/lib/python3.12/site-packages/glance_store/location.py:146}}
Jun 24 03:28:15.183470 np0000003509 devstack@g-api.service[99489]: DEBUG glance_store.location [None req-308565ee-3c72-4780-b223-44cc463e0271 tempest-VolumesNegativeTest-297760275 tempest-VolumesNegativeTest-297760275-project-member] Registering scheme swift with {'store': , 'location_class': , 'store_entry': 'swift'} {{(pid=99489) register_scheme_map /opt/stack/data/venv/lib/python3.12/site-packages/glance_store/location.py:146}}
Jun 24 03:28:15.183546 np0000003509 devstack@g-api.service[99489]: DEBUG glance_store.location [None req-308565ee-3c72-4780-b223-44cc463e0271 tempest-VolumesNegativeTest-297760275 tempest-VolumesNegativeTest-297760275-project-member] Registering scheme swift+https with {'store': , 'location_class': , 'store_entry': 'swift'} {{(pid=99489) register_scheme_map /opt/stack/data/venv/lib/python3.12/site-packages/glance_store/location.py:146}}
Jun 24 03:28:15.183611 np0000003509 devstack@g-api.service[99489]: DEBUG glance_store.location [None req-308565ee-3c72-4780-b223-44cc463e0271 tempest-VolumesNegativeTest-297760275 tempest-VolumesNegativeTest-297760275-project-member] Registering scheme swift with {'store': , 'location_class': , 'store_entry': 'swift'} {{(pid=99489) register_scheme_map /opt/stack/data/venv/lib/python3.12/site-packages/glance_store/location.py:146}}
Jun 24 03:28:15.183678 np0000003509 devstack@g-api.service[99489]: DEBUG glance_store.location [None req-308565ee-3c72-4780-b223-44cc463e0271 tempest-VolumesNegativeTest-297760275 tempest-VolumesNegativeTest-297760275-project-member] Registering scheme swift+http with {'store': , 'location_class': , 'store_entry': 'swift'} {{(pid=99489) register_scheme_map /opt/stack/data/venv/lib/python3.12/site-packages/glance_store/location.py:146}}
Jun 24 03:28:15.183741 np0000003509 devstack@g-api.service[99489]: DEBUG glance_store.location [None req-308565ee-3c72-4780-b223-44cc463e0271 tempest-VolumesNegativeTest-297760275 tempest-VolumesNegativeTest-297760275-project-member] Registering scheme swift+https with {'store': , 'location_class': , 'store_entry': 'swift'} {{(pid=99489) register_scheme_map /opt/stack/data/venv/lib/python3.12/site-packages/glance_store/location.py:146}}
Jun 24 03:28:15.183891 np0000003509 devstack@g-api.service[99489]: DEBUG glance_store.location [None req-308565ee-3c72-4780-b223-44cc463e0271 tempest-VolumesNegativeTest-297760275 tempest-VolumesNegativeTest-297760275-project-member] Registering scheme swift with {'store': , 'location_class': , 'store_entry': 'swift'} {{(pid=99489) register_scheme_map /opt/stack/data/venv/lib/python3.12/site-packages/glance_store/location.py:146}}
Jun 24 03:28:15.183891 np0000003509 devstack@g-api.service[99489]: DEBUG glance_store.location [None req-308565ee-3c72-4780-b223-44cc463e0271 tempest-VolumesNegativeTest-297760275 tempest-VolumesNegativeTest-297760275-project-member] Registering scheme swift+http with {'store': , 'location_class': , 'store_entry': 'swift'} {{(pid=99489) register_scheme_map /opt/stack/data/venv/lib/python3.12/site-packages/glance_store/location.py:146}}
Jun 24 03:28:15.183973 np0000003509 devstack@g-api.service[99489]: DEBUG glance_store.location [None req-308565ee-3c72-4780-b223-44cc463e0271 tempest-VolumesNegativeTest-297760275 tempest-VolumesNegativeTest-297760275-project-member] Registering scheme swift+config with {'store': , 'location_class': , 'store_entry': 'swift'} {{(pid=99489) register_scheme_map /opt/stack/data/venv/lib/python3.12/site-packages/glance_store/location.py:146}}
Jun 24 03:28:15.184039 np0000003509 devstack@g-api.service[99489]: DEBUG glance_store.backend [None req-308565ee-3c72-4780-b223-44cc463e0271 tempest-VolumesNegativeTest-297760275 tempest-VolumesNegativeTest-297760275-project-member] Skipping store.set_acls... not implemented. {{(pid=99489) set_acls /opt/stack/data/venv/lib/python3.12/site-packages/glance_store/backend.py:507}}
Jun 24 03:28:15.196111 np0000003509 devstack@g-api.service[99489]: INFO glance.api.v2.image_actions [None req-308565ee-3c72-4780-b223-44cc463e0271 tempest-VolumesNegativeTest-297760275 tempest-VolumesNegativeTest-297760275-project-member] Image 48f15d41-0a53-44ac-9b6f-a9cf4b61de2c is deactivated
Jun 24 03:28:15.197808 np0000003509 devstack@g-api.service[99489]: [pid: 99489|app: 0|req: 86/257] 127.0.0.1 () {42 vars in 892 bytes} [Wed Jun 24 03:28:15 2026] POST /v2/images/48f15d41-0a53-44ac-9b6f-a9cf4b61de2c/actions/deactivate => generated 0 bytes in 55 msecs (HTTP/1.1 204) 4 headers in 171 bytes (1 switches on core 0)
Jun 24 03:28:15.205562 np0000003509 devstack@g-api.service[99490]: DEBUG glance.api.middleware.version_negotiation [None req-7c931fea-c101-4ca4-85de-7e853947c540 tempest-VolumesNegativeTest-297760275 tempest-VolumesNegativeTest-297760275-project-member] Determining version of request: GET /v2/images/48f15d41-0a53-44ac-9b6f-a9cf4b61de2c Accept: application/json {{(pid=99490) process_request /opt/stack/glance/glance/api/middleware/version_negotiation.py:44}}
Jun 24 03:28:15.205847 np0000003509 devstack@g-api.service[99490]: DEBUG glance.api.middleware.version_negotiation [None req-7c931fea-c101-4ca4-85de-7e853947c540 tempest-VolumesNegativeTest-297760275 tempest-VolumesNegativeTest-297760275-project-member] Using url versioning {{(pid=99490) process_request /opt/stack/glance/glance/api/middleware/version_negotiation.py:57}}
Jun 24 03:28:15.205995 np0000003509 devstack@g-api.service[99490]: DEBUG glance.api.middleware.version_negotiation [None req-7c931fea-c101-4ca4-85de-7e853947c540 tempest-VolumesNegativeTest-297760275 tempest-VolumesNegativeTest-297760275-project-member] Matched version: v2 {{(pid=99490) process_request /opt/stack/glance/glance/api/middleware/version_negotiation.py:69}}
Jun 24 03:28:15.206114 np0000003509 devstack@g-api.service[99490]: DEBUG glance.api.middleware.version_negotiation [None req-7c931fea-c101-4ca4-85de-7e853947c540 tempest-VolumesNegativeTest-297760275 tempest-VolumesNegativeTest-297760275-project-member] new path /v2/images/48f15d41-0a53-44ac-9b6f-a9cf4b61de2c {{(pid=99490) process_request /opt/stack/glance/glance/api/middleware/version_negotiation.py:70}}
Jun 24 03:28:15.215152 np0000003509 devstack@g-api.service[99490]: [pid: 99490|app: 0|req: 89/258] 127.0.0.1 () {40 vars in 834 bytes} [Wed Jun 24 03:28:15 2026] GET /v2/images/48f15d41-0a53-44ac-9b6f-a9cf4b61de2c => generated 817 bytes in 10 msecs (HTTP/1.1 200) 4 headers in 157 bytes (1 switches on core 0)
Jun 24 03:28:15.223300 np0000003509 devstack@g-api.service[99489]: DEBUG glance.api.middleware.version_negotiation [None req-308565ee-3c72-4780-b223-44cc463e0271 tempest-VolumesNegativeTest-297760275 tempest-VolumesNegativeTest-297760275-project-member] Determining version of request: GET /v2/images/48f15d41-0a53-44ac-9b6f-a9cf4b61de2c Accept: application/json {{(pid=99489) process_request /opt/stack/glance/glance/api/middleware/version_negotiation.py:44}}
Jun 24 03:28:15.223606 np0000003509 devstack@g-api.service[99489]: DEBUG glance.api.middleware.version_negotiation [None req-308565ee-3c72-4780-b223-44cc463e0271 tempest-VolumesNegativeTest-297760275 tempest-VolumesNegativeTest-297760275-project-member] Using url versioning {{(pid=99489) process_request /opt/stack/glance/glance/api/middleware/version_negotiation.py:57}}
Jun 24 03:28:15.224077 np0000003509 devstack@g-api.service[99489]: DEBUG glance.api.middleware.version_negotiation [None req-308565ee-3c72-4780-b223-44cc463e0271 tempest-VolumesNegativeTest-297760275 tempest-VolumesNegativeTest-297760275-project-member] Matched version: v2 {{(pid=99489) process_request /opt/stack/glance/glance/api/middleware/version_negotiation.py:69}}
Jun 24 03:28:15.224197 np0000003509 devstack@g-api.service[99489]: DEBUG glance.api.middleware.version_negotiation [None req-308565ee-3c72-4780-b223-44cc463e0271 tempest-VolumesNegativeTest-297760275 tempest-VolumesNegativeTest-297760275-project-member] new path /v2/images/48f15d41-0a53-44ac-9b6f-a9cf4b61de2c {{(pid=99489) process_request /opt/stack/glance/glance/api/middleware/version_negotiation.py:70}}
Jun 24 03:28:15.236043 np0000003509 devstack@g-api.service[99489]: [pid: 99489|app: 0|req: 87/259] 127.0.0.1 () {40 vars in 834 bytes} [Wed Jun 24 03:28:15 2026] GET /v2/images/48f15d41-0a53-44ac-9b6f-a9cf4b61de2c => generated 817 bytes in 13 msecs (HTTP/1.1 200) 4 headers in 157 bytes (1 switches on core 0)
Jun 24 03:28:15.282911 np0000003509 devstack@g-api.service[99488]: DEBUG glance.api.middleware.cache [None req-7e2bd1cb-37b6-47a1-a033-289af6bb709a tempest-ServerBootFromVolumeStableRescueTest-1161782370 tempest-ServerBootFromVolumeStableRescueTest-1161782370-project-member] Removing image 9deeae24-8fe2-46da-b4f3-c8cffcb85c5c from cache {{(pid=99488) _process_DELETE_response /opt/stack/glance/glance/api/middleware/cache.py:264}}
Jun 24 03:28:15.283124 np0000003509 devstack@g-api.service[99488]: DEBUG glance.image_cache.drivers.centralized_db [None req-7e2bd1cb-37b6-47a1-a033-289af6bb709a tempest-ServerBootFromVolumeStableRescueTest-1161782370 tempest-ServerBootFromVolumeStableRescueTest-1161782370-project-member] Deleting image cache file '/opt/stack/data/glance/cache/9deeae24-8fe2-46da-b4f3-c8cffcb85c5c' {{(pid=99488) delete_cached_file /opt/stack/glance/glance/image_cache/drivers/centralized_db.py:400}}
Jun 24 03:28:15.300037 np0000003509 devstack@g-api.service[99488]: [pid: 99488|app: 0|req: 84/260] 127.0.0.1 () {40 vars in 837 bytes} [Wed Jun 24 03:28:14 2026] DELETE /v2/images/9deeae24-8fe2-46da-b4f3-c8cffcb85c5c => generated 0 bytes in 419 msecs (HTTP/1.1 204) 4 headers in 171 bytes (1 switches on core 0)
Jun 24 03:28:15.393739 np0000003509 devstack@g-api.service[99490]: DEBUG glance.api.middleware.version_negotiation [None req-59e04316-3e7d-4a82-a5bb-355d7d1dc48f tempest-VolumesNegativeTest-297760275 tempest-VolumesNegativeTest-297760275-project-member] Determining version of request: GET /v2/images/48f15d41-0a53-44ac-9b6f-a9cf4b61de2c Accept: */* {{(pid=99490) process_request /opt/stack/glance/glance/api/middleware/version_negotiation.py:44}}
Jun 24 03:28:15.394392 np0000003509 devstack@g-api.service[99490]: DEBUG glance.api.middleware.version_negotiation [None req-59e04316-3e7d-4a82-a5bb-355d7d1dc48f tempest-VolumesNegativeTest-297760275 tempest-VolumesNegativeTest-297760275-project-member] Using url versioning {{(pid=99490) process_request /opt/stack/glance/glance/api/middleware/version_negotiation.py:57}}
Jun 24 03:28:15.394593 np0000003509 devstack@g-api.service[99490]: DEBUG glance.api.middleware.version_negotiation [None req-59e04316-3e7d-4a82-a5bb-355d7d1dc48f tempest-VolumesNegativeTest-297760275 tempest-VolumesNegativeTest-297760275-project-member] Matched version: v2 {{(pid=99490) process_request /opt/stack/glance/glance/api/middleware/version_negotiation.py:69}}
Jun 24 03:28:15.394698 np0000003509 devstack@g-api.service[99490]: DEBUG glance.api.middleware.version_negotiation [None req-59e04316-3e7d-4a82-a5bb-355d7d1dc48f tempest-VolumesNegativeTest-297760275 tempest-VolumesNegativeTest-297760275-project-member] new path /v2/images/48f15d41-0a53-44ac-9b6f-a9cf4b61de2c {{(pid=99490) process_request /opt/stack/glance/glance/api/middleware/version_negotiation.py:70}}
Jun 24 03:28:15.474520 np0000003509 devstack@g-api.service[99490]: [pid: 99490|app: 0|req: 90/261] 127.0.0.1 () {44 vars in 1111 bytes} [Wed Jun 24 03:28:15 2026] GET /v2/images/48f15d41-0a53-44ac-9b6f-a9cf4b61de2c => generated 817 bytes in 81 msecs (HTTP/1.1 200) 4 headers in 157 bytes (1 switches on core 0)
Jun 24 03:28:15.484470 np0000003509 devstack@g-api.service[99489]: DEBUG glance.api.middleware.version_negotiation [None req-1351f74e-ee8e-4ac8-912e-e596f41e0ef6 tempest-VolumesNegativeTest-297760275 tempest-VolumesNegativeTest-297760275-project-member] Determining version of request: GET /v2/schemas/image Accept: */* {{(pid=99489) process_request /opt/stack/glance/glance/api/middleware/version_negotiation.py:44}}
Jun 24 03:28:15.484616 np0000003509 devstack@g-api.service[99489]: DEBUG glance.api.middleware.version_negotiation [None req-1351f74e-ee8e-4ac8-912e-e596f41e0ef6 tempest-VolumesNegativeTest-297760275 tempest-VolumesNegativeTest-297760275-project-member] Using url versioning {{(pid=99489) process_request /opt/stack/glance/glance/api/middleware/version_negotiation.py:57}}
Jun 24 03:28:15.484752 np0000003509 devstack@g-api.service[99489]: DEBUG glance.api.middleware.version_negotiation [None req-1351f74e-ee8e-4ac8-912e-e596f41e0ef6 tempest-VolumesNegativeTest-297760275 tempest-VolumesNegativeTest-297760275-project-member] Matched version: v2 {{(pid=99489) process_request /opt/stack/glance/glance/api/middleware/version_negotiation.py:69}}
Jun 24 03:28:15.485147 np0000003509 devstack@g-api.service[99489]: DEBUG glance.api.middleware.version_negotiation [None req-1351f74e-ee8e-4ac8-912e-e596f41e0ef6 tempest-VolumesNegativeTest-297760275 tempest-VolumesNegativeTest-297760275-project-member] new path /v2/schemas/image {{(pid=99489) process_request /opt/stack/glance/glance/api/middleware/version_negotiation.py:70}}
Jun 24 03:28:15.488216 np0000003509 devstack@g-api.service[99489]: [pid: 99489|app: 0|req: 88/262] 127.0.0.1 () {44 vars in 1051 bytes} [Wed Jun 24 03:28:15 2026] GET /v2/schemas/image => generated 6083 bytes in 4 msecs (HTTP/1.1 200) 4 headers in 158 bytes (1 switches on core 0)
Jun 24 03:28:15.515281 np0000003509 devstack@g-api.service[99488]: DEBUG glance.api.middleware.version_negotiation [None req-7e2bd1cb-37b6-47a1-a033-289af6bb709a tempest-ServerBootFromVolumeStableRescueTest-1161782370 tempest-ServerBootFromVolumeStableRescueTest-1161782370-project-member] Determining version of request: GET /v2/schemas/image Accept: */* {{(pid=99488) process_request /opt/stack/glance/glance/api/middleware/version_negotiation.py:44}}
Jun 24 03:28:15.516282 np0000003509 devstack@g-api.service[99488]: DEBUG glance.api.middleware.version_negotiation [None req-7e2bd1cb-37b6-47a1-a033-289af6bb709a tempest-ServerBootFromVolumeStableRescueTest-1161782370 tempest-ServerBootFromVolumeStableRescueTest-1161782370-project-member] Using url versioning {{(pid=99488) process_request /opt/stack/glance/glance/api/middleware/version_negotiation.py:57}}
Jun 24 03:28:15.519593 np0000003509 devstack@g-api.service[99488]: DEBUG glance.api.middleware.version_negotiation [None req-7e2bd1cb-37b6-47a1-a033-289af6bb709a tempest-ServerBootFromVolumeStableRescueTest-1161782370 tempest-ServerBootFromVolumeStableRescueTest-1161782370-project-member] Matched version: v2 {{(pid=99488) process_request /opt/stack/glance/glance/api/middleware/version_negotiation.py:69}}
Jun 24 03:28:15.519593 np0000003509 devstack@g-api.service[99488]: DEBUG glance.api.middleware.version_negotiation [None req-7e2bd1cb-37b6-47a1-a033-289af6bb709a tempest-ServerBootFromVolumeStableRescueTest-1161782370 tempest-ServerBootFromVolumeStableRescueTest-1161782370-project-member] new path /v2/schemas/image {{(pid=99488) process_request /opt/stack/glance/glance/api/middleware/version_negotiation.py:70}}
Jun 24 03:28:15.529971 np0000003509 devstack@g-api.service[99488]: [pid: 99488|app: 0|req: 85/263] 127.0.0.1 () {44 vars in 1051 bytes} [Wed Jun 24 03:28:15 2026] GET /v2/schemas/image => generated 6083 bytes in 17 msecs (HTTP/1.1 200) 4 headers in 158 bytes (1 switches on core 0)
Jun 24 03:28:15.540887 np0000003509 devstack@g-api.service[99490]: DEBUG glance.api.middleware.version_negotiation [None req-f44a855a-929b-4d20-aba4-77f62b972578 tempest-VolumesNegativeTest-297760275 tempest-VolumesNegativeTest-297760275-project-member] Determining version of request: GET /v2/images/48f15d41-0a53-44ac-9b6f-a9cf4b61de2c Accept: */* {{(pid=99490) process_request /opt/stack/glance/glance/api/middleware/version_negotiation.py:44}}
Jun 24 03:28:15.540887 np0000003509 devstack@g-api.service[99490]: DEBUG glance.api.middleware.version_negotiation [None req-f44a855a-929b-4d20-aba4-77f62b972578 tempest-VolumesNegativeTest-297760275 tempest-VolumesNegativeTest-297760275-project-member] Using url versioning {{(pid=99490) process_request /opt/stack/glance/glance/api/middleware/version_negotiation.py:57}}
Jun 24 03:28:15.540887 np0000003509 devstack@g-api.service[99490]: DEBUG glance.api.middleware.version_negotiation [None req-f44a855a-929b-4d20-aba4-77f62b972578 tempest-VolumesNegativeTest-297760275 tempest-VolumesNegativeTest-297760275-project-member] Matched version: v2 {{(pid=99490) process_request /opt/stack/glance/glance/api/middleware/version_negotiation.py:69}}
Jun 24 03:28:15.540887 np0000003509 devstack@g-api.service[99490]: DEBUG glance.api.middleware.version_negotiation [None req-f44a855a-929b-4d20-aba4-77f62b972578 tempest-VolumesNegativeTest-297760275 tempest-VolumesNegativeTest-297760275-project-member] new path /v2/images/48f15d41-0a53-44ac-9b6f-a9cf4b61de2c {{(pid=99490) process_request /opt/stack/glance/glance/api/middleware/version_negotiation.py:70}}
Jun 24 03:28:15.561667 np0000003509 devstack@g-api.service[99490]: [pid: 99490|app: 0|req: 91/264] 127.0.0.1 () {44 vars in 1111 bytes} [Wed Jun 24 03:28:15 2026] GET /v2/images/48f15d41-0a53-44ac-9b6f-a9cf4b61de2c => generated 817 bytes in 22 msecs (HTTP/1.1 200) 4 headers in 157 bytes (1 switches on core 0)
Jun 24 03:28:15.569419 np0000003509 devstack@g-api.service[99489]: DEBUG glance.api.middleware.version_negotiation [None req-f44a855a-929b-4d20-aba4-77f62b972578 tempest-VolumesNegativeTest-297760275 tempest-VolumesNegativeTest-297760275-project-member] Determining version of request: GET /v2/schemas/image Accept: */* {{(pid=99489) process_request /opt/stack/glance/glance/api/middleware/version_negotiation.py:44}}
Jun 24 03:28:15.569571 np0000003509 devstack@g-api.service[99489]: DEBUG glance.api.middleware.version_negotiation [None req-f44a855a-929b-4d20-aba4-77f62b972578 tempest-VolumesNegativeTest-297760275 tempest-VolumesNegativeTest-297760275-project-member] Using url versioning {{(pid=99489) process_request /opt/stack/glance/glance/api/middleware/version_negotiation.py:57}}
Jun 24 03:28:15.569965 np0000003509 devstack@g-api.service[99489]: DEBUG glance.api.middleware.version_negotiation [None req-f44a855a-929b-4d20-aba4-77f62b972578 tempest-VolumesNegativeTest-297760275 tempest-VolumesNegativeTest-297760275-project-member] Matched version: v2 {{(pid=99489) process_request /opt/stack/glance/glance/api/middleware/version_negotiation.py:69}}
Jun 24 03:28:15.569965 np0000003509 devstack@g-api.service[99489]: DEBUG glance.api.middleware.version_negotiation [None req-f44a855a-929b-4d20-aba4-77f62b972578 tempest-VolumesNegativeTest-297760275 tempest-VolumesNegativeTest-297760275-project-member] new path /v2/schemas/image {{(pid=99489) process_request /opt/stack/glance/glance/api/middleware/version_negotiation.py:70}}
Jun 24 03:28:15.574273 np0000003509 devstack@g-api.service[99489]: [pid: 99489|app: 0|req: 89/265] 127.0.0.1 () {44 vars in 1051 bytes} [Wed Jun 24 03:28:15 2026] GET /v2/schemas/image => generated 6083 bytes in 5 msecs (HTTP/1.1 200) 4 headers in 158 bytes (1 switches on core 0)
Jun 24 03:28:15.582726 np0000003509 devstack@g-api.service[99488]: DEBUG glance.api.middleware.version_negotiation [None req-f44a855a-929b-4d20-aba4-77f62b972578 tempest-VolumesNegativeTest-297760275 tempest-VolumesNegativeTest-297760275-project-member] Determining version of request: GET /v2/schemas/image Accept: */* {{(pid=99488) process_request /opt/stack/glance/glance/api/middleware/version_negotiation.py:44}}
Jun 24 03:28:15.582926 np0000003509 devstack@g-api.service[99488]: DEBUG glance.api.middleware.version_negotiation [None req-f44a855a-929b-4d20-aba4-77f62b972578 tempest-VolumesNegativeTest-297760275 tempest-VolumesNegativeTest-297760275-project-member] Using url versioning {{(pid=99488) process_request /opt/stack/glance/glance/api/middleware/version_negotiation.py:57}}
Jun 24 03:28:15.583084 np0000003509 devstack@g-api.service[99488]: DEBUG glance.api.middleware.version_negotiation [None req-f44a855a-929b-4d20-aba4-77f62b972578 tempest-VolumesNegativeTest-297760275 tempest-VolumesNegativeTest-297760275-project-member] Matched version: v2 {{(pid=99488) process_request /opt/stack/glance/glance/api/middleware/version_negotiation.py:69}}
Jun 24 03:28:15.583128 np0000003509 devstack@g-api.service[99488]: DEBUG glance.api.middleware.version_negotiation [None req-f44a855a-929b-4d20-aba4-77f62b972578 tempest-VolumesNegativeTest-297760275 tempest-VolumesNegativeTest-297760275-project-member] new path /v2/schemas/image {{(pid=99488) process_request /opt/stack/glance/glance/api/middleware/version_negotiation.py:70}}
Jun 24 03:28:15.585695 np0000003509 devstack@g-api.service[99488]: [pid: 99488|app: 0|req: 86/266] 127.0.0.1 () {44 vars in 1051 bytes} [Wed Jun 24 03:28:15 2026] GET /v2/schemas/image => generated 6083 bytes in 3 msecs (HTTP/1.1 200) 4 headers in 158 bytes (1 switches on core 0)
Jun 24 03:28:15.611600 np0000003509 devstack@g-api.service[99490]: DEBUG glance.api.middleware.version_negotiation [None req-f44a855a-929b-4d20-aba4-77f62b972578 tempest-VolumesNegativeTest-297760275 tempest-VolumesNegativeTest-297760275-project-member] Determining version of request: GET /v2/images/48f15d41-0a53-44ac-9b6f-a9cf4b61de2c Accept: */* {{(pid=99490) process_request /opt/stack/glance/glance/api/middleware/version_negotiation.py:44}}
Jun 24 03:28:15.611600 np0000003509 devstack@g-api.service[99490]: DEBUG glance.api.middleware.version_negotiation [None req-f44a855a-929b-4d20-aba4-77f62b972578 tempest-VolumesNegativeTest-297760275 tempest-VolumesNegativeTest-297760275-project-member] Using url versioning {{(pid=99490) process_request /opt/stack/glance/glance/api/middleware/version_negotiation.py:57}}
Jun 24 03:28:15.611600 np0000003509 devstack@g-api.service[99490]: DEBUG glance.api.middleware.version_negotiation [None req-f44a855a-929b-4d20-aba4-77f62b972578 tempest-VolumesNegativeTest-297760275 tempest-VolumesNegativeTest-297760275-project-member] Matched version: v2 {{(pid=99490) process_request /opt/stack/glance/glance/api/middleware/version_negotiation.py:69}}
Jun 24 03:28:15.611600 np0000003509 devstack@g-api.service[99490]: DEBUG glance.api.middleware.version_negotiation [None req-f44a855a-929b-4d20-aba4-77f62b972578 tempest-VolumesNegativeTest-297760275 tempest-VolumesNegativeTest-297760275-project-member] new path /v2/images/48f15d41-0a53-44ac-9b6f-a9cf4b61de2c {{(pid=99490) process_request /opt/stack/glance/glance/api/middleware/version_negotiation.py:70}}
Jun 24 03:28:15.620763 np0000003509 devstack@g-api.service[99490]: [pid: 99490|app: 0|req: 92/267] 127.0.0.1 () {44 vars in 1111 bytes} [Wed Jun 24 03:28:15 2026] GET /v2/images/48f15d41-0a53-44ac-9b6f-a9cf4b61de2c => generated 817 bytes in 10 msecs (HTTP/1.1 200) 4 headers in 157 bytes (1 switches on core 0)
Jun 24 03:28:15.631308 np0000003509 devstack@g-api.service[99489]: DEBUG glance.api.middleware.version_negotiation [None req-f44a855a-929b-4d20-aba4-77f62b972578 tempest-VolumesNegativeTest-297760275 tempest-VolumesNegativeTest-297760275-project-member] Determining version of request: GET /v2/schemas/image Accept: */* {{(pid=99489) process_request /opt/stack/glance/glance/api/middleware/version_negotiation.py:44}}
Jun 24 03:28:15.631673 np0000003509 devstack@g-api.service[99489]: DEBUG glance.api.middleware.version_negotiation [None req-f44a855a-929b-4d20-aba4-77f62b972578 tempest-VolumesNegativeTest-297760275 tempest-VolumesNegativeTest-297760275-project-member] Using url versioning {{(pid=99489) process_request /opt/stack/glance/glance/api/middleware/version_negotiation.py:57}}
Jun 24 03:28:15.631673 np0000003509 devstack@g-api.service[99489]: DEBUG glance.api.middleware.version_negotiation [None req-f44a855a-929b-4d20-aba4-77f62b972578 tempest-VolumesNegativeTest-297760275 tempest-VolumesNegativeTest-297760275-project-member] Matched version: v2 {{(pid=99489) process_request /opt/stack/glance/glance/api/middleware/version_negotiation.py:69}}
Jun 24 03:28:15.631673 np0000003509 devstack@g-api.service[99489]: DEBUG glance.api.middleware.version_negotiation [None req-f44a855a-929b-4d20-aba4-77f62b972578 tempest-VolumesNegativeTest-297760275 tempest-VolumesNegativeTest-297760275-project-member] new path /v2/schemas/image {{(pid=99489) process_request /opt/stack/glance/glance/api/middleware/version_negotiation.py:70}}
Jun 24 03:28:15.634401 np0000003509 devstack@g-api.service[99489]: [pid: 99489|app: 0|req: 90/268] 127.0.0.1 () {44 vars in 1051 bytes} [Wed Jun 24 03:28:15 2026] GET /v2/schemas/image => generated 6083 bytes in 4 msecs (HTTP/1.1 200) 4 headers in 158 bytes (1 switches on core 0)
Jun 24 03:28:15.644244 np0000003509 devstack@g-api.service[99488]: DEBUG glance.api.middleware.version_negotiation [None req-f44a855a-929b-4d20-aba4-77f62b972578 tempest-VolumesNegativeTest-297760275 tempest-VolumesNegativeTest-297760275-project-member] Determining version of request: GET /v2/schemas/image Accept: */* {{(pid=99488) process_request /opt/stack/glance/glance/api/middleware/version_negotiation.py:44}}
Jun 24 03:28:15.644434 np0000003509 devstack@g-api.service[99488]: DEBUG glance.api.middleware.version_negotiation [None req-f44a855a-929b-4d20-aba4-77f62b972578 tempest-VolumesNegativeTest-297760275 tempest-VolumesNegativeTest-297760275-project-member] Using url versioning {{(pid=99488) process_request /opt/stack/glance/glance/api/middleware/version_negotiation.py:57}}
Jun 24 03:28:15.644600 np0000003509 devstack@g-api.service[99488]: DEBUG glance.api.middleware.version_negotiation [None req-f44a855a-929b-4d20-aba4-77f62b972578 tempest-VolumesNegativeTest-297760275 tempest-VolumesNegativeTest-297760275-project-member] Matched version: v2 {{(pid=99488) process_request /opt/stack/glance/glance/api/middleware/version_negotiation.py:69}}
Jun 24 03:28:15.644701 np0000003509 devstack@g-api.service[99488]: DEBUG glance.api.middleware.version_negotiation [None req-f44a855a-929b-4d20-aba4-77f62b972578 tempest-VolumesNegativeTest-297760275 tempest-VolumesNegativeTest-297760275-project-member] new path /v2/schemas/image {{(pid=99488) process_request /opt/stack/glance/glance/api/middleware/version_negotiation.py:70}}
Jun 24 03:28:15.646834 np0000003509 devstack@g-api.service[99488]: [pid: 99488|app: 0|req: 87/269] 127.0.0.1 () {44 vars in 1051 bytes} [Wed Jun 24 03:28:15 2026] GET /v2/schemas/image => generated 6083 bytes in 3 msecs (HTTP/1.1 200) 4 headers in 158 bytes (1 switches on core 0)
Jun 24 03:28:15.661984 np0000003509 devstack@g-api.service[99490]: DEBUG glance.api.middleware.version_negotiation [None req-f44a855a-929b-4d20-aba4-77f62b972578 tempest-VolumesNegativeTest-297760275 tempest-VolumesNegativeTest-297760275-project-member] Determining version of request: POST /v2/images/48f15d41-0a53-44ac-9b6f-a9cf4b61de2c/actions/reactivate Accept: application/json {{(pid=99490) process_request /opt/stack/glance/glance/api/middleware/version_negotiation.py:44}}
Jun 24 03:28:15.662177 np0000003509 devstack@g-api.service[99490]: DEBUG glance.api.middleware.version_negotiation [None req-f44a855a-929b-4d20-aba4-77f62b972578 tempest-VolumesNegativeTest-297760275 tempest-VolumesNegativeTest-297760275-project-member] Using url versioning {{(pid=99490) process_request /opt/stack/glance/glance/api/middleware/version_negotiation.py:57}}
Jun 24 03:28:15.662392 np0000003509 devstack@g-api.service[99490]: DEBUG glance.api.middleware.version_negotiation [None req-f44a855a-929b-4d20-aba4-77f62b972578 tempest-VolumesNegativeTest-297760275 tempest-VolumesNegativeTest-297760275-project-member] Matched version: v2 {{(pid=99490) process_request /opt/stack/glance/glance/api/middleware/version_negotiation.py:69}}
Jun 24 03:28:15.662501 np0000003509 devstack@g-api.service[99490]: DEBUG glance.api.middleware.version_negotiation [None req-f44a855a-929b-4d20-aba4-77f62b972578 tempest-VolumesNegativeTest-297760275 tempest-VolumesNegativeTest-297760275-project-member] new path /v2/images/48f15d41-0a53-44ac-9b6f-a9cf4b61de2c/actions/reactivate {{(pid=99490) process_request /opt/stack/glance/glance/api/middleware/version_negotiation.py:70}}
Jun 24 03:28:15.706523 np0000003509 devstack@g-api.service[99490]: INFO glance.api.v2.image_actions [None req-80c4611c-0779-47b2-be03-f6aaef30b497 tempest-VolumesNegativeTest-297760275 tempest-VolumesNegativeTest-297760275-project-member] Image 48f15d41-0a53-44ac-9b6f-a9cf4b61de2c is reactivated
Jun 24 03:28:15.707822 np0000003509 devstack@g-api.service[99490]: [pid: 99490|app: 0|req: 93/270] 127.0.0.1 () {42 vars in 892 bytes} [Wed Jun 24 03:28:15 2026] POST /v2/images/48f15d41-0a53-44ac-9b6f-a9cf4b61de2c/actions/reactivate => generated 0 bytes in 46 msecs (HTTP/1.1 204) 4 headers in 171 bytes (1 switches on core 0)
Jun 24 03:28:15.717302 np0000003509 devstack@g-api.service[99489]: DEBUG glance.api.middleware.version_negotiation [None req-f44a855a-929b-4d20-aba4-77f62b972578 tempest-VolumesNegativeTest-297760275 tempest-VolumesNegativeTest-297760275-project-member] Determining version of request: DELETE /v2/images/48f15d41-0a53-44ac-9b6f-a9cf4b61de2c Accept: application/json {{(pid=99489) process_request /opt/stack/glance/glance/api/middleware/version_negotiation.py:44}}
