Jun 24 03:22:36.409175 np0000003509 nova-scheduler[93213]: DEBUG cotyledon.oslo_config_glue [-] oslo_limit.cafile = None {{(pid=93213) log_opt_values /opt/stack/data/venv/lib/python3.12/site-packages/oslo_config/cfg.py:3253}}
Jun 24 03:22:36.409175 np0000003509 nova-scheduler[93213]: DEBUG cotyledon.oslo_config_glue [-] oslo_limit.certfile = None {{(pid=93213) log_opt_values /opt/stack/data/venv/lib/python3.12/site-packages/oslo_config/cfg.py:3253}}
Jun 24 03:22:36.409392 np0000003509 nova-scheduler[93213]: DEBUG cotyledon.oslo_config_glue [-] oslo_limit.collect_timing = False {{(pid=93213) log_opt_values /opt/stack/data/venv/lib/python3.12/site-packages/oslo_config/cfg.py:3253}}
Jun 24 03:22:36.409392 np0000003509 nova-scheduler[93213]: DEBUG cotyledon.oslo_config_glue [-] oslo_limit.connect_retries = None {{(pid=93213) log_opt_values /opt/stack/data/venv/lib/python3.12/site-packages/oslo_config/cfg.py:3253}}
Jun 24 03:22:36.409392 np0000003509 nova-scheduler[93213]: DEBUG cotyledon.oslo_config_glue [-] oslo_limit.connect_retry_delay = None {{(pid=93213) log_opt_values /opt/stack/data/venv/lib/python3.12/site-packages/oslo_config/cfg.py:3253}}
Jun 24 03:22:36.409392 np0000003509 nova-scheduler[93213]: DEBUG cotyledon.oslo_config_glue [-] oslo_limit.endpoint_id = None {{(pid=93213) log_opt_values /opt/stack/data/venv/lib/python3.12/site-packages/oslo_config/cfg.py:3253}}
Jun 24 03:22:36.409392 np0000003509 nova-scheduler[93213]: DEBUG cotyledon.oslo_config_glue [-] oslo_limit.endpoint_interface = public {{(pid=93213) log_opt_values /opt/stack/data/venv/lib/python3.12/site-packages/oslo_config/cfg.py:3253}}
Jun 24 03:22:36.409392 np0000003509 nova-scheduler[93213]: DEBUG cotyledon.oslo_config_glue [-] oslo_limit.endpoint_override = None {{(pid=93213) log_opt_values /opt/stack/data/venv/lib/python3.12/site-packages/oslo_config/cfg.py:3253}}
Jun 24 03:22:36.409392 np0000003509 nova-scheduler[93213]: DEBUG cotyledon.oslo_config_glue [-] oslo_limit.endpoint_region_name = None {{(pid=93213) log_opt_values /opt/stack/data/venv/lib/python3.12/site-packages/oslo_config/cfg.py:3253}}
Jun 24 03:22:36.409392 np0000003509 nova-scheduler[93213]: DEBUG cotyledon.oslo_config_glue [-] oslo_limit.endpoint_service_name = None {{(pid=93213) log_opt_values /opt/stack/data/venv/lib/python3.12/site-packages/oslo_config/cfg.py:3253}}
Jun 24 03:22:36.409392 np0000003509 nova-scheduler[93213]: DEBUG cotyledon.oslo_config_glue [-] oslo_limit.endpoint_service_type = None {{(pid=93213) log_opt_values /opt/stack/data/venv/lib/python3.12/site-packages/oslo_config/cfg.py:3253}}
Jun 24 03:22:36.409567 np0000003509 nova-scheduler[93213]: DEBUG cotyledon.oslo_config_glue [-] oslo_limit.insecure = False {{(pid=93213) log_opt_values /opt/stack/data/venv/lib/python3.12/site-packages/oslo_config/cfg.py:3253}}
Jun 24 03:22:36.409567 np0000003509 nova-scheduler[93213]: DEBUG cotyledon.oslo_config_glue [-] oslo_limit.keyfile = None {{(pid=93213) log_opt_values /opt/stack/data/venv/lib/python3.12/site-packages/oslo_config/cfg.py:3253}}
Jun 24 03:22:36.409567 np0000003509 nova-scheduler[93213]: DEBUG cotyledon.oslo_config_glue [-] oslo_limit.max_version = None {{(pid=93213) log_opt_values /opt/stack/data/venv/lib/python3.12/site-packages/oslo_config/cfg.py:3253}}
Jun 24 03:22:36.409567 np0000003509 nova-scheduler[93213]: DEBUG cotyledon.oslo_config_glue [-] oslo_limit.min_version = None {{(pid=93213) log_opt_values /opt/stack/data/venv/lib/python3.12/site-packages/oslo_config/cfg.py:3253}}
Jun 24 03:22:36.409567 np0000003509 nova-scheduler[93213]: DEBUG cotyledon.oslo_config_glue [-] oslo_limit.region_name = None {{(pid=93213) log_opt_values /opt/stack/data/venv/lib/python3.12/site-packages/oslo_config/cfg.py:3253}}
Jun 24 03:22:36.409567 np0000003509 nova-scheduler[93213]: DEBUG cotyledon.oslo_config_glue [-] oslo_limit.retriable_status_codes = None {{(pid=93213) log_opt_values /opt/stack/data/venv/lib/python3.12/site-packages/oslo_config/cfg.py:3253}}
Jun 24 03:22:36.409674 np0000003509 nova-scheduler[93217]: INFO nova.service [-] Starting scheduler node (version 33.1.0)
Jun 24 03:22:36.409695 np0000003509 nova-scheduler[93213]: DEBUG cotyledon.oslo_config_glue [-] oslo_limit.service_name = None {{(pid=93213) log_opt_values /opt/stack/data/venv/lib/python3.12/site-packages/oslo_config/cfg.py:3253}}
Jun 24 03:22:36.409695 np0000003509 nova-scheduler[93213]: DEBUG cotyledon.oslo_config_glue [-] oslo_limit.service_type = None {{(pid=93213) log_opt_values /opt/stack/data/venv/lib/python3.12/site-packages/oslo_config/cfg.py:3253}}
Jun 24 03:22:36.409695 np0000003509 nova-scheduler[93213]: DEBUG cotyledon.oslo_config_glue [-] oslo_limit.split_loggers = False {{(pid=93213) log_opt_values /opt/stack/data/venv/lib/python3.12/site-packages/oslo_config/cfg.py:3253}}
Jun 24 03:22:36.409695 np0000003509 nova-scheduler[93213]: DEBUG cotyledon.oslo_config_glue [-] oslo_limit.status_code_retries = None {{(pid=93213) log_opt_values /opt/stack/data/venv/lib/python3.12/site-packages/oslo_config/cfg.py:3253}}
Jun 24 03:22:36.409695 np0000003509 nova-scheduler[93213]: DEBUG cotyledon.oslo_config_glue [-] oslo_limit.status_code_retry_delay = None {{(pid=93213) log_opt_values /opt/stack/data/venv/lib/python3.12/site-packages/oslo_config/cfg.py:3253}}
Jun 24 03:22:36.409695 np0000003509 nova-scheduler[93213]: DEBUG cotyledon.oslo_config_glue [-] oslo_limit.timeout = None {{(pid=93213) log_opt_values /opt/stack/data/venv/lib/python3.12/site-packages/oslo_config/cfg.py:3253}}
Jun 24 03:22:36.409695 np0000003509 nova-scheduler[93213]: DEBUG cotyledon.oslo_config_glue [-] oslo_limit.valid_interfaces = None {{(pid=93213) log_opt_values /opt/stack/data/venv/lib/python3.12/site-packages/oslo_config/cfg.py:3253}}
Jun 24 03:22:36.409695 np0000003509 nova-scheduler[93213]: DEBUG cotyledon.oslo_config_glue [-] oslo_limit.version = None {{(pid=93213) log_opt_values /opt/stack/data/venv/lib/python3.12/site-packages/oslo_config/cfg.py:3253}}
Jun 24 03:22:36.409695 np0000003509 nova-scheduler[93213]: DEBUG cotyledon.oslo_config_glue [-] oslo_reports.file_event_handler = None {{(pid=93213) log_opt_values /opt/stack/data/venv/lib/python3.12/site-packages/oslo_config/cfg.py:3253}}
Jun 24 03:22:36.409941 np0000003509 nova-scheduler[93213]: DEBUG cotyledon.oslo_config_glue [-] oslo_reports.file_event_handler_interval = 1 {{(pid=93213) log_opt_values /opt/stack/data/venv/lib/python3.12/site-packages/oslo_config/cfg.py:3253}}
Jun 24 03:22:36.409941 np0000003509 nova-scheduler[93213]: DEBUG cotyledon.oslo_config_glue [-] oslo_reports.log_dir = None {{(pid=93213) log_opt_values /opt/stack/data/venv/lib/python3.12/site-packages/oslo_config/cfg.py:3253}}
Jun 24 03:22:36.409941 np0000003509 nova-scheduler[93213]: DEBUG cotyledon.oslo_config_glue [-] ******************************************************************************** {{(pid=93213) log_opt_values /opt/stack/data/venv/lib/python3.12/site-packages/oslo_config/cfg.py:3260}}
Jun 24 03:22:36.409941 np0000003509 nova-scheduler[93213]: DEBUG cotyledon._service_worker [-] Run service ServiceWrapper(0) [93213] {{(pid=93213) wait_forever /opt/stack/data/venv/lib/python3.12/site-packages/cotyledon/_service_worker.py:218}}
Jun 24 03:22:36.409941 np0000003509 nova-scheduler[93213]: INFO nova.service [-] Starting scheduler node (version 33.1.0)
Jun 24 03:22:36.410031 np0000003509 nova-scheduler[93217]: INFO dbcounter [None req-c479bbf3-ecef-49d7-a969-eb50f9fa3221 None None] Registered counter for database nova_cell0
Jun 24 03:22:36.410053 np0000003509 nova-scheduler[93213]: INFO dbcounter [None req-dc0c4502-713b-43ca-a141-081aba14b69c None None] Registered counter for database nova_cell0
Jun 24 03:22:36.410075 np0000003509 nova-scheduler[93215]: DEBUG oslo_db.sqlalchemy.engines [None req-2bedebf1-59b1-479a-a3dc-da393ad5f961 None None] MySQL server mode set to STRICT_TRANS_TABLES,STRICT_ALL_TABLES,NO_ZERO_IN_DATE,NO_ZERO_DATE,ERROR_FOR_DIVISION_BY_ZERO,TRADITIONAL,NO_ENGINE_SUBSTITUTION {{(pid=93215) _check_effective_sql_mode /opt/stack/data/venv/lib/python3.12/site-packages/oslo_db/sqlalchemy/engines.py:325}}
Jun 24 03:22:36.410520 np0000003509 nova-scheduler[93215]: DEBUG dbcounter [-] [93215] Writer thread running {{(pid=93215) stat_writer /opt/stack/data/venv/lib/python3.12/site-packages/dbcounter.py:102}}
Jun 24 03:22:36.412689 np0000003509 nova-scheduler[93213]: DEBUG oslo_db.sqlalchemy.engines [None req-dc0c4502-713b-43ca-a141-081aba14b69c None None] MySQL server mode set to STRICT_TRANS_TABLES,STRICT_ALL_TABLES,NO_ZERO_IN_DATE,NO_ZERO_DATE,ERROR_FOR_DIVISION_BY_ZERO,TRADITIONAL,NO_ENGINE_SUBSTITUTION {{(pid=93213) _check_effective_sql_mode /opt/stack/data/venv/lib/python3.12/site-packages/oslo_db/sqlalchemy/engines.py:325}}
Jun 24 03:22:36.415448 np0000003509 nova-scheduler[93217]: DEBUG oslo_db.sqlalchemy.engines [None req-c479bbf3-ecef-49d7-a969-eb50f9fa3221 None None] MySQL server mode set to STRICT_TRANS_TABLES,STRICT_ALL_TABLES,NO_ZERO_IN_DATE,NO_ZERO_DATE,ERROR_FOR_DIVISION_BY_ZERO,TRADITIONAL,NO_ENGINE_SUBSTITUTION {{(pid=93217) _check_effective_sql_mode /opt/stack/data/venv/lib/python3.12/site-packages/oslo_db/sqlalchemy/engines.py:325}}
Jun 24 03:22:36.421142 np0000003509 nova-scheduler[93213]: DEBUG dbcounter [-] [93213] Writer thread running {{(pid=93213) stat_writer /opt/stack/data/venv/lib/python3.12/site-packages/dbcounter.py:102}}
Jun 24 03:22:36.424113 np0000003509 nova-scheduler[93215]: DEBUG nova.service [None req-2bedebf1-59b1-479a-a3dc-da393ad5f961 None None] Creating RPC server for service: nova-scheduler on topic: scheduler {{(pid=93215) start /opt/stack/nova/nova/service.py:196}}
Jun 24 03:22:36.425627 np0000003509 nova-scheduler[93217]: DEBUG dbcounter [-] [93217] Writer thread running {{(pid=93217) stat_writer /opt/stack/data/venv/lib/python3.12/site-packages/dbcounter.py:102}}
Jun 24 03:22:36.427902 np0000003509 nova-scheduler[93217]: DEBUG nova.service [None req-c479bbf3-ecef-49d7-a969-eb50f9fa3221 None None] Creating RPC server for service: nova-scheduler on topic: scheduler {{(pid=93217) start /opt/stack/nova/nova/service.py:196}}
Jun 24 03:22:36.437763 np0000003509 nova-scheduler[93213]: DEBUG nova.service [None req-dc0c4502-713b-43ca-a141-081aba14b69c None None] Creating RPC server for service: nova-scheduler on topic: scheduler {{(pid=93213) start /opt/stack/nova/nova/service.py:196}}
Jun 24 03:22:36.447352 np0000003509 nova-scheduler[93215]: DEBUG nova.service [None req-2bedebf1-59b1-479a-a3dc-da393ad5f961 None None] Join ServiceGroup membership for this service scheduler {{(pid=93215) start /opt/stack/nova/nova/service.py:222}}
Jun 24 03:22:36.447541 np0000003509 nova-scheduler[93217]: DEBUG nova.service [None req-c479bbf3-ecef-49d7-a969-eb50f9fa3221 None None] Join ServiceGroup membership for this service scheduler {{(pid=93217) start /opt/stack/nova/nova/service.py:222}}
Jun 24 03:22:36.447655 np0000003509 nova-scheduler[93215]: DEBUG nova.servicegroup.drivers.db [None req-2bedebf1-59b1-479a-a3dc-da393ad5f961 None None] DB_Driver: join new ServiceGroup member np0000003509 to the scheduler group, service = {{(pid=93215) join /opt/stack/nova/nova/servicegroup/drivers/db.py:44}}
Jun 24 03:22:36.447777 np0000003509 nova-scheduler[93217]: DEBUG nova.servicegroup.drivers.db [None req-c479bbf3-ecef-49d7-a969-eb50f9fa3221 None None] DB_Driver: join new ServiceGroup member np0000003509 to the scheduler group, service = {{(pid=93217) join /opt/stack/nova/nova/servicegroup/drivers/db.py:44}}
Jun 24 03:22:36.457613 np0000003509 nova-scheduler[93213]: DEBUG nova.service [None req-dc0c4502-713b-43ca-a141-081aba14b69c None None] Join ServiceGroup membership for this service scheduler {{(pid=93213) start /opt/stack/nova/nova/service.py:222}}
Jun 24 03:22:36.457808 np0000003509 nova-scheduler[93213]: DEBUG nova.servicegroup.drivers.db [None req-dc0c4502-713b-43ca-a141-081aba14b69c None None] DB_Driver: join new ServiceGroup member np0000003509 to the scheduler group, service = {{(pid=93213) join /opt/stack/nova/nova/servicegroup/drivers/db.py:44}}
Jun 24 03:22:41.462672 np0000003509 nova-scheduler[93215]: DEBUG oslo.service.backend._threading.loopingcall [-] Fixed interval looping call 'nova.servicegroup.drivers.db.DbDriver._report_state' sleeping for 119.99 seconds {{(pid=93215) _run_loop /opt/stack/data/venv/lib/python3.12/site-packages/oslo_service/backend/_threading/loopingcall.py:125}}
Jun 24 03:22:41.463853 np0000003509 nova-scheduler[93217]: DEBUG oslo.service.backend._threading.loopingcall [-] Fixed interval looping call 'nova.servicegroup.drivers.db.DbDriver._report_state' sleeping for 119.99 seconds {{(pid=93217) _run_loop /opt/stack/data/venv/lib/python3.12/site-packages/oslo_service/backend/_threading/loopingcall.py:125}}
Jun 24 03:22:41.465040 np0000003509 nova-scheduler[93213]: DEBUG oslo.service.backend._threading.loopingcall [-] Fixed interval looping call 'nova.servicegroup.drivers.db.DbDriver._report_state' sleeping for 119.99 seconds {{(pid=93213) _run_loop /opt/stack/data/venv/lib/python3.12/site-packages/oslo_service/backend/_threading/loopingcall.py:125}}
Jun 24 03:22:43.449762 np0000003509 nova-scheduler[93217]: DEBUG oslo.service.backend._threading.loopingcall [None req-ce70beca-f9e8-4110-9128-28c5b91f4bad None None] Dynamic interval looping call 'nova.service.Service.periodic_tasks' sleeping for 60.00 seconds {{(pid=93217) _run_loop /opt/stack/data/venv/lib/python3.12/site-packages/oslo_service/backend/_threading/loopingcall.py:125}}
Jun 24 03:22:45.042538 np0000003509 nova-scheduler[92008]: DEBUG dbcounter [-] [92008] Writing DB stats nova_api:SELECT=3 {{(pid=92008) stat_writer /opt/stack/data/venv/lib/python3.12/site-packages/dbcounter.py:115}}
Jun 24 03:22:45.176868 np0000003509 nova-scheduler[92008]: DEBUG dbcounter [-] [92008] Writing DB stats nova_cell1:SELECT=1 {{(pid=92008) stat_writer /opt/stack/data/venv/lib/python3.12/site-packages/dbcounter.py:115}}
Jun 24 03:22:45.182536 np0000003509 nova-scheduler[92008]: DEBUG dbcounter [-] [92008] Writing DB stats nova_cell0:SELECT=1 {{(pid=92008) stat_writer /opt/stack/data/venv/lib/python3.12/site-packages/dbcounter.py:115}}
Jun 24 03:22:51.459064 np0000003509 nova-scheduler[93215]: DEBUG dbcounter [-] [93215] Writing DB stats nova_cell0:SELECT=4,nova_cell0:INSERT=1,nova_cell0:UPDATE=1 {{(pid=93215) stat_writer /opt/stack/data/venv/lib/python3.12/site-packages/dbcounter.py:115}}
Jun 24 03:22:51.460554 np0000003509 nova-scheduler[93217]: DEBUG dbcounter [-] [93217] Writing DB stats nova_cell0:SELECT=3,nova_cell0:UPDATE=1 {{(pid=93217) stat_writer /opt/stack/data/venv/lib/python3.12/site-packages/dbcounter.py:115}}
Jun 24 03:22:51.462060 np0000003509 nova-scheduler[93213]: DEBUG dbcounter [-] [93213] Writing DB stats nova_cell0:SELECT=4,nova_cell0:INSERT=1 {{(pid=93213) stat_writer /opt/stack/data/venv/lib/python3.12/site-packages/dbcounter.py:115}}
Jun 24 03:23:34.459664 np0000003509 nova-scheduler[93213]: DEBUG oslo.service.backend._threading.loopingcall [None req-62f77168-c92a-471f-8a20-67c7c586a9a0 None None] Dynamic interval looping call 'nova.service.Service.periodic_tasks' sleeping for 60.00 seconds {{(pid=93213) _run_loop /opt/stack/data/venv/lib/python3.12/site-packages/oslo_service/backend/_threading/loopingcall.py:125}}
Jun 24 03:23:35.449382 np0000003509 nova-scheduler[93215]: DEBUG oslo.service.backend._threading.loopingcall [None req-886ead66-acfc-4262-a0fe-fad6f324aa34 None None] Dynamic interval looping call 'nova.service.Service.periodic_tasks' sleeping for 60.00 seconds {{(pid=93215) _run_loop /opt/stack/data/venv/lib/python3.12/site-packages/oslo_service/backend/_threading/loopingcall.py:125}}
Jun 24 03:23:43.450215 np0000003509 nova-scheduler[93217]: DEBUG oslo.service.backend._threading.loopingcall [None req-ce70beca-f9e8-4110-9128-28c5b91f4bad None None] Dynamic interval looping call 'nova.service.Service.periodic_tasks' sleeping for 60.00 seconds {{(pid=93217) _run_loop /opt/stack/data/venv/lib/python3.12/site-packages/oslo_service/backend/_threading/loopingcall.py:125}}
Jun 24 03:24:34.460216 np0000003509 nova-scheduler[93213]: DEBUG oslo.service.backend._threading.loopingcall [None req-62f77168-c92a-471f-8a20-67c7c586a9a0 None None] Dynamic interval looping call 'nova.service.Service.periodic_tasks' sleeping for 60.00 seconds {{(pid=93213) _run_loop /opt/stack/data/venv/lib/python3.12/site-packages/oslo_service/backend/_threading/loopingcall.py:125}}
Jun 24 03:24:35.449826 np0000003509 nova-scheduler[93215]: DEBUG oslo.service.backend._threading.loopingcall [None req-886ead66-acfc-4262-a0fe-fad6f324aa34 None None] Dynamic interval looping call 'nova.service.Service.periodic_tasks' sleeping for 60.00 seconds {{(pid=93215) _run_loop /opt/stack/data/venv/lib/python3.12/site-packages/oslo_service/backend/_threading/loopingcall.py:125}}
Jun 24 03:24:41.459453 np0000003509 nova-scheduler[93215]: DEBUG oslo.service.backend._threading.loopingcall [-] Fixed interval looping call 'nova.servicegroup.drivers.db.DbDriver._report_state' sleeping for 119.99 seconds {{(pid=93215) _run_loop /opt/stack/data/venv/lib/python3.12/site-packages/oslo_service/backend/_threading/loopingcall.py:125}}
Jun 24 03:24:41.460060 np0000003509 nova-scheduler[93217]: DEBUG oslo.service.backend._threading.loopingcall [-] Fixed interval looping call 'nova.servicegroup.drivers.db.DbDriver._report_state' sleeping for 119.99 seconds {{(pid=93217) _run_loop /opt/stack/data/venv/lib/python3.12/site-packages/oslo_service/backend/_threading/loopingcall.py:125}}
Jun 24 03:24:41.462365 np0000003509 nova-scheduler[93213]: DEBUG oslo.service.backend._threading.loopingcall [-] Fixed interval looping call 'nova.servicegroup.drivers.db.DbDriver._report_state' sleeping for 119.99 seconds {{(pid=93213) _run_loop /opt/stack/data/venv/lib/python3.12/site-packages/oslo_service/backend/_threading/loopingcall.py:125}}
Jun 24 03:24:43.450787 np0000003509 nova-scheduler[93217]: DEBUG oslo.service.backend._threading.loopingcall [None req-ce70beca-f9e8-4110-9128-28c5b91f4bad None None] Dynamic interval looping call 'nova.service.Service.periodic_tasks' sleeping for 60.00 seconds {{(pid=93217) _run_loop /opt/stack/data/venv/lib/python3.12/site-packages/oslo_service/backend/_threading/loopingcall.py:125}}
Jun 24 03:24:51.456106 np0000003509 nova-scheduler[93215]: DEBUG dbcounter [-] [93215] Writing DB stats nova_cell0:SELECT=1,nova_cell0:UPDATE=1 {{(pid=93215) stat_writer /opt/stack/data/venv/lib/python3.12/site-packages/dbcounter.py:115}}
Jun 24 03:24:51.456842 np0000003509 nova-scheduler[93217]: DEBUG dbcounter [-] [93217] Writing DB stats nova_cell0:SELECT=1,nova_cell0:UPDATE=1 {{(pid=93217) stat_writer /opt/stack/data/venv/lib/python3.12/site-packages/dbcounter.py:115}}
Jun 24 03:24:51.461399 np0000003509 nova-scheduler[93213]: DEBUG dbcounter [-] [93213] Writing DB stats nova_cell0:SELECT=1,nova_cell0:UPDATE=1 {{(pid=93213) stat_writer /opt/stack/data/venv/lib/python3.12/site-packages/dbcounter.py:115}}
Jun 24 03:25:15.686424 np0000003509 nova-scheduler[93215]: DEBUG nova.scheduler.manager [None req-ddf93d0b-dd27-4296-b1a0-143d9b00e124 tempest-DeleteServersTestJSON-1179091736 tempest-DeleteServersTestJSON-1179091736-project-member] Starting to schedule for instances: ['65713ad1-e07f-4bb6-8afe-ce4f2a4954ac'] {{(pid=93215) select_destinations /opt/stack/nova/nova/scheduler/manager.py:210}}
Jun 24 03:25:15.689008 np0000003509 nova-scheduler[93215]: DEBUG nova.scheduler.request_filter [None req-ddf93d0b-dd27-4296-b1a0-143d9b00e124 tempest-DeleteServersTestJSON-1179091736 tempest-DeleteServersTestJSON-1179091736-project-member] compute_status_filter request filter added forbidden trait COMPUTE_STATUS_DISABLED {{(pid=93215) compute_status_filter /opt/stack/nova/nova/scheduler/request_filter.py:253}}
Jun 24 03:25:15.689177 np0000003509 nova-scheduler[93215]: DEBUG nova.scheduler.request_filter [None req-ddf93d0b-dd27-4296-b1a0-143d9b00e124 tempest-DeleteServersTestJSON-1179091736 tempest-DeleteServersTestJSON-1179091736-project-member] Request filter 'compute_status_filter' took 0.0 seconds {{(pid=93215) wrapper /opt/stack/nova/nova/scheduler/request_filter.py:46}}
Jun 24 03:25:15.689472 np0000003509 nova-scheduler[93215]: DEBUG nova.scheduler.request_filter [None req-ddf93d0b-dd27-4296-b1a0-143d9b00e124 tempest-DeleteServersTestJSON-1179091736 tempest-DeleteServersTestJSON-1179091736-project-member] Request filter 'accelerators_filter' took 0.0 seconds {{(pid=93215) wrapper /opt/stack/nova/nova/scheduler/request_filter.py:46}}
Jun 24 03:25:15.689754 np0000003509 nova-scheduler[93215]: DEBUG nova.scheduler.request_filter [None req-ddf93d0b-dd27-4296-b1a0-143d9b00e124 tempest-DeleteServersTestJSON-1179091736 tempest-DeleteServersTestJSON-1179091736-project-member] Request filter 'packed_virtqueue_filter' took 0.0 seconds {{(pid=93215) wrapper /opt/stack/nova/nova/scheduler/request_filter.py:46}}
Jun 24 03:25:15.690049 np0000003509 nova-scheduler[93215]: DEBUG nova.scheduler.request_filter [None req-ddf93d0b-dd27-4296-b1a0-143d9b00e124 tempest-DeleteServersTestJSON-1179091736 tempest-DeleteServersTestJSON-1179091736-project-member] Request filter 'remote_managed_ports_filter' took 0.0 seconds {{(pid=93215) wrapper /opt/stack/nova/nova/scheduler/request_filter.py:46}}
Jun 24 03:25:15.690190 np0000003509 nova-scheduler[93215]: DEBUG nova.scheduler.request_filter [None req-ddf93d0b-dd27-4296-b1a0-143d9b00e124 tempest-DeleteServersTestJSON-1179091736 tempest-DeleteServersTestJSON-1179091736-project-member] ephemeral_encryption_filter skipped {{(pid=93215) ephemeral_encryption_filter /opt/stack/nova/nova/scheduler/request_filter.py:426}}
Jun 24 03:25:15.690350 np0000003509 nova-scheduler[93215]: DEBUG nova.scheduler.request_filter [None req-ddf93d0b-dd27-4296-b1a0-143d9b00e124 tempest-DeleteServersTestJSON-1179091736 tempest-DeleteServersTestJSON-1179091736-project-member] virtio_sound_filter skipped {{(pid=93215) virtio_sound_filter /opt/stack/nova/nova/scheduler/request_filter.py:460}}
Jun 24 03:25:15.690968 np0000003509 nova-scheduler[93215]: DEBUG nova.scheduler.request_filter [None req-ddf93d0b-dd27-4296-b1a0-143d9b00e124 tempest-DeleteServersTestJSON-1179091736 tempest-DeleteServersTestJSON-1179091736-project-member] tpm_secret_security_filter skipped {{(pid=93215) tpm_secret_security_filter /opt/stack/nova/nova/scheduler/request_filter.py:477}}
Jun 24 03:25:16.193808 np0000003509 nova-scheduler[93215]: INFO nova.utils [None req-ddf93d0b-dd27-4296-b1a0-143d9b00e124 tempest-DeleteServersTestJSON-1179091736 tempest-DeleteServersTestJSON-1179091736-project-member] The cell worker thread pool ForkProcess-2.cell_worker is initialized
Jun 24 03:25:16.194196 np0000003509 nova-scheduler[93215]: DEBUG oslo_concurrency.lockutils [None req-ddf93d0b-dd27-4296-b1a0-143d9b00e124 tempest-DeleteServersTestJSON-1179091736 tempest-DeleteServersTestJSON-1179091736-project-member] Acquiring lock "c3f1a0dd-3916-49b2-8202-01b7f60e5bd7" by "nova.context.set_target_cell..get_or_set_cached_cell_and_set_connections" {{(pid=93215) inner /opt/stack/data/venv/lib/python3.12/site-packages/oslo_concurrency/lockutils.py:511}}
Jun 24 03:25:16.195293 np0000003509 nova-scheduler[93215]: DEBUG oslo_concurrency.lockutils [None req-ddf93d0b-dd27-4296-b1a0-143d9b00e124 tempest-DeleteServersTestJSON-1179091736 tempest-DeleteServersTestJSON-1179091736-project-member] Lock "c3f1a0dd-3916-49b2-8202-01b7f60e5bd7" acquired by "nova.context.set_target_cell..get_or_set_cached_cell_and_set_connections" :: waited 0.000s {{(pid=93215) inner /opt/stack/data/venv/lib/python3.12/site-packages/oslo_concurrency/lockutils.py:524}}
Jun 24 03:25:16.196362 np0000003509 nova-scheduler[93215]: DEBUG oslo_concurrency.lockutils [None req-ddf93d0b-dd27-4296-b1a0-143d9b00e124 tempest-DeleteServersTestJSON-1179091736 tempest-DeleteServersTestJSON-1179091736-project-member] Lock "c3f1a0dd-3916-49b2-8202-01b7f60e5bd7" "released" by "nova.context.set_target_cell..get_or_set_cached_cell_and_set_connections" :: held 0.002s {{(pid=93215) inner /opt/stack/data/venv/lib/python3.12/site-packages/oslo_concurrency/lockutils.py:543}}
Jun 24 03:25:16.198178 np0000003509 nova-scheduler[93215]: INFO dbcounter [None req-ddf93d0b-dd27-4296-b1a0-143d9b00e124 tempest-DeleteServersTestJSON-1179091736 tempest-DeleteServersTestJSON-1179091736-project-member] Registered counter for database nova_cell1
Jun 24 03:25:16.226445 np0000003509 nova-scheduler[93215]: DEBUG oslo_db.sqlalchemy.engines [None req-ddf93d0b-dd27-4296-b1a0-143d9b00e124 tempest-DeleteServersTestJSON-1179091736 tempest-DeleteServersTestJSON-1179091736-project-member] MySQL server mode set to STRICT_TRANS_TABLES,STRICT_ALL_TABLES,NO_ZERO_IN_DATE,NO_ZERO_DATE,ERROR_FOR_DIVISION_BY_ZERO,TRADITIONAL,NO_ENGINE_SUBSTITUTION {{(pid=93215) _check_effective_sql_mode /opt/stack/data/venv/lib/python3.12/site-packages/oslo_db/sqlalchemy/engines.py:325}}
Jun 24 03:25:16.231462 np0000003509 nova-scheduler[93215]: DEBUG dbcounter [-] [93215] Writer thread running {{(pid=93215) stat_writer /opt/stack/data/venv/lib/python3.12/site-packages/dbcounter.py:102}}
Jun 24 03:25:16.243698 np0000003509 nova-scheduler[93215]: DEBUG oslo_db.sqlalchemy.engines [None req-ddf93d0b-dd27-4296-b1a0-143d9b00e124 tempest-DeleteServersTestJSON-1179091736 tempest-DeleteServersTestJSON-1179091736-project-member] Parent process 92008 forked (93215) with an open database connection, which is being discarded and recreated. {{(pid=93215) checkout /opt/stack/data/venv/lib/python3.12/site-packages/oslo_db/sqlalchemy/engines.py:402}}
Jun 24 03:25:16.291475 np0000003509 nova-scheduler[93215]: DEBUG dbcounter [-] [93215] Writer thread running {{(pid=93215) stat_writer /opt/stack/data/venv/lib/python3.12/site-packages/dbcounter.py:102}}
Jun 24 03:25:16.295597 np0000003509 nova-scheduler[93215]: DEBUG oslo_concurrency.lockutils [None req-ddf93d0b-dd27-4296-b1a0-143d9b00e124 tempest-DeleteServersTestJSON-1179091736 tempest-DeleteServersTestJSON-1179091736-project-member] Acquiring lock "c3f1a0dd-3916-49b2-8202-01b7f60e5bd7" by "nova.context.set_target_cell..get_or_set_cached_cell_and_set_connections" {{(pid=93215) inner /opt/stack/data/venv/lib/python3.12/site-packages/oslo_concurrency/lockutils.py:511}}
Jun 24 03:25:16.297415 np0000003509 nova-scheduler[93215]: DEBUG oslo_concurrency.lockutils [None req-ddf93d0b-dd27-4296-b1a0-143d9b00e124 tempest-DeleteServersTestJSON-1179091736 tempest-DeleteServersTestJSON-1179091736-project-member] Lock "c3f1a0dd-3916-49b2-8202-01b7f60e5bd7" acquired by "nova.context.set_target_cell..get_or_set_cached_cell_and_set_connections" :: waited 0.000s {{(pid=93215) inner /opt/stack/data/venv/lib/python3.12/site-packages/oslo_concurrency/lockutils.py:524}}
Jun 24 03:25:16.297415 np0000003509 nova-scheduler[93215]: DEBUG oslo_concurrency.lockutils [None req-ddf93d0b-dd27-4296-b1a0-143d9b00e124 tempest-DeleteServersTestJSON-1179091736 tempest-DeleteServersTestJSON-1179091736-project-member] Lock "c3f1a0dd-3916-49b2-8202-01b7f60e5bd7" "released" by "nova.context.set_target_cell..get_or_set_cached_cell_and_set_connections" :: held 0.000s {{(pid=93215) inner /opt/stack/data/venv/lib/python3.12/site-packages/oslo_concurrency/lockutils.py:543}}
Jun 24 03:25:16.299827 np0000003509 nova-scheduler[93215]: DEBUG oslo_concurrency.lockutils [None req-ddf93d0b-dd27-4296-b1a0-143d9b00e124 tempest-DeleteServersTestJSON-1179091736 tempest-DeleteServersTestJSON-1179091736-project-member] Acquiring lock "('np0000003509', 'np0000003509')" by "nova.scheduler.host_manager.HostState.update.._locked_update" {{(pid=93215) inner /opt/stack/data/venv/lib/python3.12/site-packages/oslo_concurrency/lockutils.py:511}}
Jun 24 03:25:16.299983 np0000003509 nova-scheduler[93215]: DEBUG oslo_concurrency.lockutils [None req-ddf93d0b-dd27-4296-b1a0-143d9b00e124 tempest-DeleteServersTestJSON-1179091736 tempest-DeleteServersTestJSON-1179091736-project-member] Lock "('np0000003509', 'np0000003509')" acquired by "nova.scheduler.host_manager.HostState.update.._locked_update" :: waited 0.000s {{(pid=93215) inner /opt/stack/data/venv/lib/python3.12/site-packages/oslo_concurrency/lockutils.py:524}}
Jun 24 03:25:16.301005 np0000003509 nova-scheduler[93215]: DEBUG nova.scheduler.host_manager [None req-ddf93d0b-dd27-4296-b1a0-143d9b00e124 tempest-DeleteServersTestJSON-1179091736 tempest-DeleteServersTestJSON-1179091736-project-member] Update host state from compute node: ComputeNode(cpu_allocation_ratio=4.0,cpu_info='{"arch": "x86_64", "model": "EPYC-Milan", "vendor": "AMD", "topology": {"cells": 1, "sockets": 16, "cores": 1, "threads": 1}, "maxphysaddr": {"mode": "emulate", "bits": 40}, "features": ["smep", "lbrv", "pschange-mc-no", "pse", "pat", "clflush", "topoext", "fxsr", "fpu", "rdseed", "avx2", "ibrs", "sse2", "pdpe1gb", "cx16", "tsc-deadline", "erms", "cr8legacy", "xsavec", "null-sel-clr-base", "virt-ssbd", "mmxext", "f16c", "svme-addr-chk", "pse36", "syscall", "msr", "vmcb-clean", "vgif", "popcnt", "sse4.2", "tsc_adjust", "aes", "stibp-always-on", "fma", "abm", "pclmuldq", "mds-no", "arat", "amd-stibp", "sse4a", "pku", "umip", "fxsr_opt", "xsave", "flushbyasid", "rdctl-no", "vme", "bmi1", "ssbd", "tsc", "fsrm", "rdpid", "spec-ctrl", "v-vmsave-vmload", "apic", "de", "misalignsse", "vaes", "gds-no", "arch-capabilities", "sse", "mca", "stibp", "pfthreshold", "lahf_lm", "nrip-save", "mtrr", "rdrand", "clwb", "lfence-always-serializing", "smap", "fsgsbase", "mce", "vpclmulqdq", "ssse3", "svm", "cmp_legacy", "clzero", "pause-filter", "invpcid", "ibpb", "rdtscp", "xsaveopt", "pae", "xsaveerptr", "pcid", "no-nested-data-bp", "hypervisor", "wbnoinvd", "xsaves", "lm", "amd-psfd", "pni", "skip-l1dfl-vmentry", "clflushopt", "xgetbv1", "bmi2", "x2apic", "cmov", "adx", "npt", "nx", "osvw", "perfctr_core", "cx8", "sha-ni", "sse4.1", "tsc-scale", "mmx", "avx", "movbe", "amd-ssbd", "pge", "sep", "3dnowprefetch"]}',created_at=2026-06-24T03:23:02Z,current_workload=0,deleted=False,deleted_at=None,disk_allocation_ratio=1.0,disk_available_least=73,free_disk_gb=95,free_ram_mb=62765,host='np0000003509',host_ip=10.4.3.32,hypervisor_hostname='np0000003509',hypervisor_type='QEMU',hypervisor_version=8002002,id=1,local_gb=95,local_gb_used=0,mapped=1,memory_mb=63277,memory_mb_used=512,metrics='[]',numa_topology='{"nova_object.name": "NUMATopology", "nova_object.namespace": "nova", "nova_object.version": "1.2", "nova_object.data": {"cells": [{"nova_object.name": "NUMACell", "nova_object.namespace": "nova", "nova_object.version": "1.5", "nova_object.data": {"id": 0, "cpuset": [0, 1, 2, 3, 4, 5, 6, 7, 8, 9, 10, 11, 12, 13, 14, 15], "pcpuset": [0, 1, 2, 3, 4, 5, 6, 7, 8, 9, 10, 11, 12, 13, 14, 15], "memory": 63277, "cpu_usage": 0, "memory_usage": 0, "pinned_cpus": [], "siblings": [[6], [12], [2], [15], [5], [11], [8], [14], [4], [1], [7], [10], [0], [13], [3], [9]], "mempages": [{"nova_object.name": "NUMAPagesTopology", "nova_object.namespace": "nova", "nova_object.version": "1.1", "nova_object.data": {"size_kb": 4, "total": 16177930, "used": 0, "reserved": 0}, "nova_object.changes": ["used", "reserved", "total", "size_kb"]}, {"nova_object.name": "NUMAPagesTopology", "nova_object.namespace": "nova", "nova_object.version": "1.1", "nova_object.data": {"size_kb": 2048, "total": 41, "used": 0, "reserved": 0}, "nova_object.changes": ["used", "reserved", "total", "size_kb"]}, {"nova_object.name": "NUMAPagesTopology", "nova_object.namespace": "nova", "nova_object.version": "1.1", "nova_object.data": {"size_kb": 1048576, "total": 0, "used": 0, "reserved": 0}, "nova_object.changes": ["used", "reserved", "total", "size_kb"]}], "network_metadata": {"nova_object.name": "NetworkMetadata", "nova_object.namespace": "nova", "nova_object.version": "1.0", "nova_object.data": {"physnets": [], "tunneled": false}, "nova_object.changes": ["physnets", "tunneled"]}, "socket": null}, "nova_object.changes": ["id", "pcpuset", "siblings", "network_metadata", "memory", "cpuset", "pinned_cpus", "mempages", "memory_usage", "cpu_usage", "socket"]}]}, "nova_object.changes": ["cells"]}',pci_device_pools=PciDevicePoolList,ram_allocation_ratio=1.0,running_vms=0,service_id=3,stats={failed_builds='0',uptime=' 03:24:47 up 13 min, 2 users, load average: 1.14, 1.42, 0.83
Jun 24 03:25:16.301005 np0000003509 nova-scheduler[93215]: '},supported_hv_specs=[HVSpec,HVSpec,HVSpec,HVSpec,HVSpec,HVSpec,HVSpec,HVSpec,HVSpec,HVSpec,HVSpec,HVSpec,HVSpec,HVSpec,HVSpec,HVSpec,HVSpec,HVSpec,HVSpec,HVSpec,HVSpec,HVSpec,HVSpec,HVSpec,HVSpec],updated_at=2026-06-24T03:24:49Z,uuid=44abe6d7-df9d-4e0e-8edd-bc9faa19c64d,vcpus=16,vcpus_used=0) {{(pid=93215) _locked_update /opt/stack/nova/nova/scheduler/host_manager.py:168}}
Jun 24 03:25:16.301889 np0000003509 nova-scheduler[93215]: DEBUG nova.scheduler.host_manager [None req-ddf93d0b-dd27-4296-b1a0-143d9b00e124 tempest-DeleteServersTestJSON-1179091736 tempest-DeleteServersTestJSON-1179091736-project-member] Update host state with aggregates: [] {{(pid=93215) _locked_update /opt/stack/nova/nova/scheduler/host_manager.py:171}}
Jun 24 03:25:16.301889 np0000003509 nova-scheduler[93215]: DEBUG nova.scheduler.host_manager [None req-ddf93d0b-dd27-4296-b1a0-143d9b00e124 tempest-DeleteServersTestJSON-1179091736 tempest-DeleteServersTestJSON-1179091736-project-member] Update host state with service dict: {'id': 3, 'uuid': 'f53498cb-6719-4860-8ee7-2f17c370ec55', 'host': 'np0000003509', 'binary': 'nova-compute', 'topic': 'compute', 'report_count': 2, 'disabled': False, 'disabled_reason': None, 'last_seen_up': datetime.datetime(2026, 6, 24, 3, 25, 10, tzinfo=datetime.timezone.utc), 'forced_down': False, 'version': 72, 'created_at': datetime.datetime(2026, 6, 24, 3, 23, tzinfo=datetime.timezone.utc), 'updated_at': datetime.datetime(2026, 6, 24, 3, 25, 10, tzinfo=datetime.timezone.utc), 'deleted_at': None, 'deleted': False} {{(pid=93215) _locked_update /opt/stack/nova/nova/scheduler/host_manager.py:174}}
Jun 24 03:25:16.302131 np0000003509 nova-scheduler[93215]: DEBUG nova.scheduler.host_manager [None req-ddf93d0b-dd27-4296-b1a0-143d9b00e124 tempest-DeleteServersTestJSON-1179091736 tempest-DeleteServersTestJSON-1179091736-project-member] Update host state with instances: [] {{(pid=93215) _locked_update /opt/stack/nova/nova/scheduler/host_manager.py:177}}
Jun 24 03:25:16.302289 np0000003509 nova-scheduler[93215]: DEBUG oslo_concurrency.lockutils [None req-ddf93d0b-dd27-4296-b1a0-143d9b00e124 tempest-DeleteServersTestJSON-1179091736 tempest-DeleteServersTestJSON-1179091736-project-member] Lock "('np0000003509', 'np0000003509')" "released" by "nova.scheduler.host_manager.HostState.update.._locked_update" :: held 0.002s {{(pid=93215) inner /opt/stack/data/venv/lib/python3.12/site-packages/oslo_concurrency/lockutils.py:543}}
Jun 24 03:25:16.302724 np0000003509 nova-scheduler[93215]: DEBUG nova.filters [None req-ddf93d0b-dd27-4296-b1a0-143d9b00e124 tempest-DeleteServersTestJSON-1179091736 tempest-DeleteServersTestJSON-1179091736-project-member] Starting with 1 host(s) {{(pid=93215) get_filtered_objects /opt/stack/nova/nova/filters.py:70}}
Jun 24 03:25:16.302910 np0000003509 nova-scheduler[93215]: DEBUG nova.filters [None req-ddf93d0b-dd27-4296-b1a0-143d9b00e124 tempest-DeleteServersTestJSON-1179091736 tempest-DeleteServersTestJSON-1179091736-project-member] Filter ComputeFilter returned 1 host(s) {{(pid=93215) get_filtered_objects /opt/stack/nova/nova/filters.py:102}}
Jun 24 03:25:16.303036 np0000003509 nova-scheduler[93215]: DEBUG nova.filters [None req-ddf93d0b-dd27-4296-b1a0-143d9b00e124 tempest-DeleteServersTestJSON-1179091736 tempest-DeleteServersTestJSON-1179091736-project-member] Filter ComputeCapabilitiesFilter returned 1 host(s) {{(pid=93215) get_filtered_objects /opt/stack/nova/nova/filters.py:102}}
Jun 24 03:25:16.303564 np0000003509 nova-scheduler[93215]: DEBUG nova.filters [None req-ddf93d0b-dd27-4296-b1a0-143d9b00e124 tempest-DeleteServersTestJSON-1179091736 tempest-DeleteServersTestJSON-1179091736-project-member] Filter ImagePropertiesFilter returned 1 host(s) {{(pid=93215) get_filtered_objects /opt/stack/nova/nova/filters.py:102}}
Jun 24 03:25:16.303716 np0000003509 nova-scheduler[93215]: DEBUG nova.filters [None req-ddf93d0b-dd27-4296-b1a0-143d9b00e124 tempest-DeleteServersTestJSON-1179091736 tempest-DeleteServersTestJSON-1179091736-project-member] Filter ServerGroupAntiAffinityFilter returned 1 host(s) {{(pid=93215) get_filtered_objects /opt/stack/nova/nova/filters.py:102}}
Jun 24 03:25:16.303842 np0000003509 nova-scheduler[93215]: DEBUG nova.filters [None req-ddf93d0b-dd27-4296-b1a0-143d9b00e124 tempest-DeleteServersTestJSON-1179091736 tempest-DeleteServersTestJSON-1179091736-project-member] Filter ServerGroupAffinityFilter returned 1 host(s) {{(pid=93215) get_filtered_objects /opt/stack/nova/nova/filters.py:102}}
Jun 24 03:25:16.303952 np0000003509 nova-scheduler[93215]: DEBUG nova.filters [None req-ddf93d0b-dd27-4296-b1a0-143d9b00e124 tempest-DeleteServersTestJSON-1179091736 tempest-DeleteServersTestJSON-1179091736-project-member] Filter SameHostFilter returned 1 host(s) {{(pid=93215) get_filtered_objects /opt/stack/nova/nova/filters.py:102}}
Jun 24 03:25:16.304055 np0000003509 nova-scheduler[93215]: DEBUG nova.filters [None req-ddf93d0b-dd27-4296-b1a0-143d9b00e124 tempest-DeleteServersTestJSON-1179091736 tempest-DeleteServersTestJSON-1179091736-project-member] Filter DifferentHostFilter returned 1 host(s) {{(pid=93215) get_filtered_objects /opt/stack/nova/nova/filters.py:102}}
Jun 24 03:25:16.304172 np0000003509 nova-scheduler[93215]: DEBUG nova.scheduler.manager [None req-ddf93d0b-dd27-4296-b1a0-143d9b00e124 tempest-DeleteServersTestJSON-1179091736 tempest-DeleteServersTestJSON-1179091736-project-member] Filtered [(np0000003509, np0000003509) ram: 62765MB disk: 74752MB io_ops: 0 instances: 0, allocation_candidates: 1] {{(pid=93215) _get_sorted_hosts /opt/stack/nova/nova/scheduler/manager.py:743}}
Jun 24 03:25:16.304423 np0000003509 nova-scheduler[93215]: DEBUG nova.scheduler.manager [None req-ddf93d0b-dd27-4296-b1a0-143d9b00e124 tempest-DeleteServersTestJSON-1179091736 tempest-DeleteServersTestJSON-1179091736-project-member] Weighed [WeighedHost [host: (np0000003509, np0000003509) ram: 62765MB disk: 74752MB io_ops: 0 instances: 0, allocation_candidates: 1, weight: 0.0]] {{(pid=93215) _get_sorted_hosts /opt/stack/nova/nova/scheduler/manager.py:765}}
Jun 24 03:25:16.304592 np0000003509 nova-scheduler[93215]: DEBUG nova.scheduler.utils [None req-ddf93d0b-dd27-4296-b1a0-143d9b00e124 tempest-DeleteServersTestJSON-1179091736 tempest-DeleteServersTestJSON-1179091736-project-member] Attempting to claim resources in the placement API for instance 65713ad1-e07f-4bb6-8afe-ce4f2a4954ac {{(pid=93215) claim_resources /opt/stack/nova/nova/scheduler/utils.py:1345}}
Jun 24 03:25:16.483013 np0000003509 nova-scheduler[93215]: DEBUG nova.scheduler.manager [None req-ddf93d0b-dd27-4296-b1a0-143d9b00e124 tempest-DeleteServersTestJSON-1179091736 tempest-DeleteServersTestJSON-1179091736-project-member] [instance: 65713ad1-e07f-4bb6-8afe-ce4f2a4954ac] Selected host: (np0000003509, np0000003509) ram: 62765MB disk: 74752MB io_ops: 0 instances: 0, allocation_candidates: 1 {{(pid=93215) _consume_selected_host /opt/stack/nova/nova/scheduler/manager.py:625}}
Jun 24 03:25:16.483266 np0000003509 nova-scheduler[93215]: DEBUG oslo_concurrency.lockutils [None req-ddf93d0b-dd27-4296-b1a0-143d9b00e124 tempest-DeleteServersTestJSON-1179091736 tempest-DeleteServersTestJSON-1179091736-project-member] Acquiring lock "('np0000003509', 'np0000003509')" by "nova.scheduler.host_manager.HostState.consume_from_request.._locked" {{(pid=93215) inner /opt/stack/data/venv/lib/python3.12/site-packages/oslo_concurrency/lockutils.py:511}}
Jun 24 03:25:16.485862 np0000003509 nova-scheduler[93215]: DEBUG oslo_concurrency.lockutils [None req-ddf93d0b-dd27-4296-b1a0-143d9b00e124 tempest-DeleteServersTestJSON-1179091736 tempest-DeleteServersTestJSON-1179091736-project-member] Lock "('np0000003509', 'np0000003509')" acquired by "nova.scheduler.host_manager.HostState.consume_from_request.._locked" :: waited 0.000s {{(pid=93215) inner /opt/stack/data/venv/lib/python3.12/site-packages/oslo_concurrency/lockutils.py:524}}
Jun 24 03:25:16.487359 np0000003509 nova-scheduler[93215]: DEBUG oslo_concurrency.lockutils [None req-ddf93d0b-dd27-4296-b1a0-143d9b00e124 tempest-DeleteServersTestJSON-1179091736 tempest-DeleteServersTestJSON-1179091736-project-member] Lock "('np0000003509', 'np0000003509')" "released" by "nova.scheduler.host_manager.HostState.consume_from_request.._locked" :: held 0.003s {{(pid=93215) inner /opt/stack/data/venv/lib/python3.12/site-packages/oslo_concurrency/lockutils.py:543}}
Jun 24 03:25:18.870565 np0000003509 nova-scheduler[93217]: DEBUG nova.scheduler.manager [None req-15640acd-9ac5-4568-a80b-53823e06c1b0 tempest-ServerBootFromVolumeStableRescueTest-1161782370 tempest-ServerBootFromVolumeStableRescueTest-1161782370-project-member] Starting to schedule for instances: ['ed7c1d75-b05e-4238-b140-44c2483ee763'] {{(pid=93217) select_destinations /opt/stack/nova/nova/scheduler/manager.py:210}}
Jun 24 03:25:18.871709 np0000003509 nova-scheduler[93217]: DEBUG nova.scheduler.request_filter [None req-15640acd-9ac5-4568-a80b-53823e06c1b0 tempest-ServerBootFromVolumeStableRescueTest-1161782370 tempest-ServerBootFromVolumeStableRescueTest-1161782370-project-member] compute_status_filter request filter added forbidden trait COMPUTE_STATUS_DISABLED {{(pid=93217) compute_status_filter /opt/stack/nova/nova/scheduler/request_filter.py:253}}
Jun 24 03:25:18.871921 np0000003509 nova-scheduler[93217]: DEBUG nova.scheduler.request_filter [None req-15640acd-9ac5-4568-a80b-53823e06c1b0 tempest-ServerBootFromVolumeStableRescueTest-1161782370 tempest-ServerBootFromVolumeStableRescueTest-1161782370-project-member] Request filter 'compute_status_filter' took 0.0 seconds {{(pid=93217) wrapper /opt/stack/nova/nova/scheduler/request_filter.py:46}}
Jun 24 03:25:18.872324 np0000003509 nova-scheduler[93217]: DEBUG nova.scheduler.request_filter [None req-15640acd-9ac5-4568-a80b-53823e06c1b0 tempest-ServerBootFromVolumeStableRescueTest-1161782370 tempest-ServerBootFromVolumeStableRescueTest-1161782370-project-member] Request filter 'accelerators_filter' took 0.0 seconds {{(pid=93217) wrapper /opt/stack/nova/nova/scheduler/request_filter.py:46}}
Jun 24 03:25:18.872670 np0000003509 nova-scheduler[93217]: DEBUG nova.scheduler.request_filter [None req-15640acd-9ac5-4568-a80b-53823e06c1b0 tempest-ServerBootFromVolumeStableRescueTest-1161782370 tempest-ServerBootFromVolumeStableRescueTest-1161782370-project-member] Request filter 'packed_virtqueue_filter' took 0.0 seconds {{(pid=93217) wrapper /opt/stack/nova/nova/scheduler/request_filter.py:46}}
Jun 24 03:25:18.873291 np0000003509 nova-scheduler[93217]: DEBUG nova.scheduler.request_filter [None req-15640acd-9ac5-4568-a80b-53823e06c1b0 tempest-ServerBootFromVolumeStableRescueTest-1161782370 tempest-ServerBootFromVolumeStableRescueTest-1161782370-project-member] Request filter 'remote_managed_ports_filter' took 0.0 seconds {{(pid=93217) wrapper /opt/stack/nova/nova/scheduler/request_filter.py:46}}
Jun 24 03:25:18.873777 np0000003509 nova-scheduler[93217]: DEBUG nova.scheduler.request_filter [None req-15640acd-9ac5-4568-a80b-53823e06c1b0 tempest-ServerBootFromVolumeStableRescueTest-1161782370 tempest-ServerBootFromVolumeStableRescueTest-1161782370-project-member] ephemeral_encryption_filter skipped {{(pid=93217) ephemeral_encryption_filter /opt/stack/nova/nova/scheduler/request_filter.py:426}}
Jun 24 03:25:18.873997 np0000003509 nova-scheduler[93217]: DEBUG nova.scheduler.request_filter [None req-15640acd-9ac5-4568-a80b-53823e06c1b0 tempest-ServerBootFromVolumeStableRescueTest-1161782370 tempest-ServerBootFromVolumeStableRescueTest-1161782370-project-member] virtio_sound_filter skipped {{(pid=93217) virtio_sound_filter /opt/stack/nova/nova/scheduler/request_filter.py:460}}
Jun 24 03:25:18.874191 np0000003509 nova-scheduler[93217]: DEBUG nova.scheduler.request_filter [None req-15640acd-9ac5-4568-a80b-53823e06c1b0 tempest-ServerBootFromVolumeStableRescueTest-1161782370 tempest-ServerBootFromVolumeStableRescueTest-1161782370-project-member] tpm_secret_security_filter skipped {{(pid=93217) tpm_secret_security_filter /opt/stack/nova/nova/scheduler/request_filter.py:477}}
Jun 24 03:25:19.009126 np0000003509 nova-scheduler[93217]: INFO nova.utils [None req-15640acd-9ac5-4568-a80b-53823e06c1b0 tempest-ServerBootFromVolumeStableRescueTest-1161782370 tempest-ServerBootFromVolumeStableRescueTest-1161782370-project-member] The cell worker thread pool ForkProcess-3.cell_worker is initialized
Jun 24 03:25:19.010529 np0000003509 nova-scheduler[93217]: DEBUG oslo_concurrency.lockutils [None req-15640acd-9ac5-4568-a80b-53823e06c1b0 tempest-ServerBootFromVolumeStableRescueTest-1161782370 tempest-ServerBootFromVolumeStableRescueTest-1161782370-project-member] Acquiring lock "c3f1a0dd-3916-49b2-8202-01b7f60e5bd7" by "nova.context.set_target_cell..get_or_set_cached_cell_and_set_connections" {{(pid=93217) inner /opt/stack/data/venv/lib/python3.12/site-packages/oslo_concurrency/lockutils.py:511}}
Jun 24 03:25:19.010718 np0000003509 nova-scheduler[93217]: DEBUG oslo_concurrency.lockutils [None req-15640acd-9ac5-4568-a80b-53823e06c1b0 tempest-ServerBootFromVolumeStableRescueTest-1161782370 tempest-ServerBootFromVolumeStableRescueTest-1161782370-project-member] Lock "c3f1a0dd-3916-49b2-8202-01b7f60e5bd7" acquired by "nova.context.set_target_cell..get_or_set_cached_cell_and_set_connections" :: waited 0.000s {{(pid=93217) inner /opt/stack/data/venv/lib/python3.12/site-packages/oslo_concurrency/lockutils.py:524}}
Jun 24 03:25:19.012012 np0000003509 nova-scheduler[93217]: DEBUG oslo_concurrency.lockutils [None req-15640acd-9ac5-4568-a80b-53823e06c1b0 tempest-ServerBootFromVolumeStableRescueTest-1161782370 tempest-ServerBootFromVolumeStableRescueTest-1161782370-project-member] Lock "c3f1a0dd-3916-49b2-8202-01b7f60e5bd7" "released" by "nova.context.set_target_cell..get_or_set_cached_cell_and_set_connections" :: held 0.001s {{(pid=93217) inner /opt/stack/data/venv/lib/python3.12/site-packages/oslo_concurrency/lockutils.py:543}}
Jun 24 03:25:19.014506 np0000003509 nova-scheduler[93217]: INFO dbcounter [None req-15640acd-9ac5-4568-a80b-53823e06c1b0 tempest-ServerBootFromVolumeStableRescueTest-1161782370 tempest-ServerBootFromVolumeStableRescueTest-1161782370-project-member] Registered counter for database nova_cell1
Jun 24 03:25:19.059799 np0000003509 nova-scheduler[93217]: DEBUG oslo_db.sqlalchemy.engines [None req-15640acd-9ac5-4568-a80b-53823e06c1b0 tempest-ServerBootFromVolumeStableRescueTest-1161782370 tempest-ServerBootFromVolumeStableRescueTest-1161782370-project-member] MySQL server mode set to STRICT_TRANS_TABLES,STRICT_ALL_TABLES,NO_ZERO_IN_DATE,NO_ZERO_DATE,ERROR_FOR_DIVISION_BY_ZERO,TRADITIONAL,NO_ENGINE_SUBSTITUTION {{(pid=93217) _check_effective_sql_mode /opt/stack/data/venv/lib/python3.12/site-packages/oslo_db/sqlalchemy/engines.py:325}}
Jun 24 03:25:19.065604 np0000003509 nova-scheduler[93217]: DEBUG dbcounter [-] [93217] Writer thread running {{(pid=93217) stat_writer /opt/stack/data/venv/lib/python3.12/site-packages/dbcounter.py:102}}
Jun 24 03:25:19.125488 np0000003509 nova-scheduler[93217]: DEBUG dbcounter [-] [93217] Writer thread running {{(pid=93217) stat_writer /opt/stack/data/venv/lib/python3.12/site-packages/dbcounter.py:102}}
Jun 24 03:25:19.130991 np0000003509 nova-scheduler[93217]: DEBUG oslo_concurrency.lockutils [None req-15640acd-9ac5-4568-a80b-53823e06c1b0 tempest-ServerBootFromVolumeStableRescueTest-1161782370 tempest-ServerBootFromVolumeStableRescueTest-1161782370-project-member] Acquiring lock "c3f1a0dd-3916-49b2-8202-01b7f60e5bd7" by "nova.context.set_target_cell..get_or_set_cached_cell_and_set_connections" {{(pid=93217) inner /opt/stack/data/venv/lib/python3.12/site-packages/oslo_concurrency/lockutils.py:511}}
Jun 24 03:25:19.131378 np0000003509 nova-scheduler[93217]: DEBUG oslo_concurrency.lockutils [None req-15640acd-9ac5-4568-a80b-53823e06c1b0 tempest-ServerBootFromVolumeStableRescueTest-1161782370 tempest-ServerBootFromVolumeStableRescueTest-1161782370-project-member] Lock "c3f1a0dd-3916-49b2-8202-01b7f60e5bd7" acquired by "nova.context.set_target_cell..get_or_set_cached_cell_and_set_connections" :: waited 0.000s {{(pid=93217) inner /opt/stack/data/venv/lib/python3.12/site-packages/oslo_concurrency/lockutils.py:524}}
Jun 24 03:25:19.131536 np0000003509 nova-scheduler[93217]: DEBUG oslo_concurrency.lockutils [None req-15640acd-9ac5-4568-a80b-53823e06c1b0 tempest-ServerBootFromVolumeStableRescueTest-1161782370 tempest-ServerBootFromVolumeStableRescueTest-1161782370-project-member] Lock "c3f1a0dd-3916-49b2-8202-01b7f60e5bd7" "released" by "nova.context.set_target_cell..get_or_set_cached_cell_and_set_connections" :: held 0.000s {{(pid=93217) inner /opt/stack/data/venv/lib/python3.12/site-packages/oslo_concurrency/lockutils.py:543}}
Jun 24 03:25:19.137356 np0000003509 nova-scheduler[93217]: DEBUG oslo_concurrency.lockutils [None req-15640acd-9ac5-4568-a80b-53823e06c1b0 tempest-ServerBootFromVolumeStableRescueTest-1161782370 tempest-ServerBootFromVolumeStableRescueTest-1161782370-project-member] Acquiring lock "('np0000003509', 'np0000003509')" by "nova.scheduler.host_manager.HostState.update.._locked_update" {{(pid=93217) inner /opt/stack/data/venv/lib/python3.12/site-packages/oslo_concurrency/lockutils.py:511}}
