Jul 19 19:05:14.012374 np0000005453 devstack@g-api.service[99705]: DEBUG glance.api.middleware.version_negotiation [None req-7461a44a-bbd2-47d2-b3b0-f683ec2ec8b5 tempest-TaggedBootDevicesTest-1253452623 tempest-TaggedBootDevicesTest-1253452623-project-member] Using url versioning {{(pid=99705) process_request /opt/stack/glance/glance/api/middleware/version_negotiation.py:57}}
Jul 19 19:05:14.012374 np0000005453 devstack@g-api.service[99705]: DEBUG glance.api.middleware.version_negotiation [None req-7461a44a-bbd2-47d2-b3b0-f683ec2ec8b5 tempest-TaggedBootDevicesTest-1253452623 tempest-TaggedBootDevicesTest-1253452623-project-member] Matched version: v2 {{(pid=99705) process_request /opt/stack/glance/glance/api/middleware/version_negotiation.py:69}}
Jul 19 19:05:14.012374 np0000005453 devstack@g-api.service[99705]: DEBUG glance.api.middleware.version_negotiation [None req-7461a44a-bbd2-47d2-b3b0-f683ec2ec8b5 tempest-TaggedBootDevicesTest-1253452623 tempest-TaggedBootDevicesTest-1253452623-project-member] new path /v2/schemas/image {{(pid=99705) process_request /opt/stack/glance/glance/api/middleware/version_negotiation.py:70}}
Jul 19 19:05:14.015773 np0000005453 devstack@g-api.service[99705]: [pid: 99705|app: 0|req: 53/150] 127.0.0.1 () {44 vars in 1055 bytes} [Sun Jul 19 19:05:14 2026] GET /v2/schemas/image => generated 6083 bytes in 8 msecs (HTTP/1.1 200) 4 headers in 158 bytes (1 switches on core 0)
Jul 19 19:05:14.256886 np0000005453 devstack@g-api.service[99706]: DEBUG swiftclient [None req-7e0d1f06-2cbc-4488-a55f-77cdd2c74cb7 tempest-ServerBootFromVolumeStableRescueTest-1213503181 tempest-ServerBootFromVolumeStableRescueTest-1213503181-project-member] REQ: curl -i https://10.4.3.182:8080/v1/AUTH_526e34dd6419456689ad45199d293118/glance -I -H "X-Auth-Token: gAAAAABqXR_p4xKn..." {{(pid=99706) http_log /opt/stack/data/venv/lib/python3.12/site-packages/swiftclient/client.py:160}}
Jul 19 19:05:14.257526 np0000005453 devstack@g-api.service[99706]: DEBUG swiftclient [None req-7e0d1f06-2cbc-4488-a55f-77cdd2c74cb7 tempest-ServerBootFromVolumeStableRescueTest-1213503181 tempest-ServerBootFromVolumeStableRescueTest-1213503181-project-member] RESP STATUS: 204 No Content {{(pid=99706) http_log /opt/stack/data/venv/lib/python3.12/site-packages/swiftclient/client.py:161}}
Jul 19 19:05:14.257526 np0000005453 devstack@g-api.service[99706]: DEBUG swiftclient [None req-7e0d1f06-2cbc-4488-a55f-77cdd2c74cb7 tempest-ServerBootFromVolumeStableRescueTest-1213503181 tempest-ServerBootFromVolumeStableRescueTest-1213503181-project-member] RESP HEADERS: {'Date': 'Sun, 19 Jul 2026 19:05:14 GMT', 'Server': 'Apache/2.4.58 (Ubuntu)', 'Content-Type': 'text/plain; charset=utf-8', 'X-Container-Object-Count': '5', 'X-Container-Bytes-Used': '87883776', 'X-Timestamp': '1784487687.38952', 'Last-Modified': 'Sun, 19 Jul 2026 19:01:28 GMT', 'Accept-Ranges': 'bytes', 'X-Storage-Policy': 'Policy-0', 'X-Container-Sharding': 'False', 'Vary': 'Accept', 'X-Trans-Id': 'tx0043053c8903457381afc-006a5d1fe9', 'X-Openstack-Request-Id': 'tx0043053c8903457381afc-006a5d1fe9', 'Connection': 'close'} {{(pid=99706) http_log /opt/stack/data/venv/lib/python3.12/site-packages/swiftclient/client.py:162}}
Jul 19 19:05:14.257526 np0000005453 devstack@g-api.service[99706]: DEBUG glance_store._drivers.swift.store [None req-7e0d1f06-2cbc-4488-a55f-77cdd2c74cb7 tempest-ServerBootFromVolumeStableRescueTest-1213503181 tempest-ServerBootFromVolumeStableRescueTest-1213503181-project-member] Adding image object '0673b74d-b8ca-4cc5-be58-1a86523477db' to Swift {{(pid=99706) add /opt/stack/data/venv/lib/python3.12/site-packages/glance_store/_drivers/swift/store.py:970}}
Jul 19 19:05:14.257819 np0000005453 devstack@g-api.service[99706]: DEBUG glance_store._drivers.swift.store [None req-7e0d1f06-2cbc-4488-a55f-77cdd2c74cb7 tempest-ServerBootFromVolumeStableRescueTest-1213503181 tempest-ServerBootFromVolumeStableRescueTest-1213503181-project-member] Cannot determine image size because it is either not provided in the request or chunked-transfer encoding is used. Adding image as a segmented object to Swift. {{(pid=99706) add /opt/stack/data/venv/lib/python3.12/site-packages/glance_store/_drivers/swift/store.py:994}}
Jul 19 19:05:14.271699 np0000005453 devstack@g-api.service[99706]: DEBUG oslo_utils.imageutils.format_inspector [None req-7e0d1f06-2cbc-4488-a55f-77cdd2c74cb7 tempest-ServerBootFromVolumeStableRescueTest-1213503181 tempest-ServerBootFromVolumeStableRescueTest-1213503181-project-member] Format inspector for vmdk does not match, excluding from consideration (Signature KDMV not found: b'QFI\xfb') {{(pid=99706) _process_chunk /opt/stack/data/venv/lib/python3.12/site-packages/oslo_utils/imageutils/format_inspector.py:1758}}
Jul 19 19:05:14.278990 np0000005453 devstack@g-api.service[99706]: DEBUG oslo_utils.imageutils.format_inspector [None req-7e0d1f06-2cbc-4488-a55f-77cdd2c74cb7 tempest-ServerBootFromVolumeStableRescueTest-1213503181 tempest-ServerBootFromVolumeStableRescueTest-1213503181-project-member] Format inspector for vhdx does not match, excluding from consideration (Region signature not found at 30000) {{(pid=99706) _process_chunk /opt/stack/data/venv/lib/python3.12/site-packages/oslo_utils/imageutils/format_inspector.py:1758}}
Jul 19 19:05:14.338759 np0000005453 devstack@g-api.service[99707]: DEBUG glance.api.middleware.version_negotiation [None req-7461a44a-bbd2-47d2-b3b0-f683ec2ec8b5 tempest-TaggedBootDevicesTest-1253452623 tempest-TaggedBootDevicesTest-1253452623-project-member] Determining version of request: GET /v2/images/0673b74d-b8ca-4cc5-be58-1a86523477db Accept: application/json {{(pid=99707) process_request /opt/stack/glance/glance/api/middleware/version_negotiation.py:44}}
Jul 19 19:05:14.338957 np0000005453 devstack@g-api.service[99707]: DEBUG glance.api.middleware.version_negotiation [None req-7461a44a-bbd2-47d2-b3b0-f683ec2ec8b5 tempest-TaggedBootDevicesTest-1253452623 tempest-TaggedBootDevicesTest-1253452623-project-member] Using url versioning {{(pid=99707) process_request /opt/stack/glance/glance/api/middleware/version_negotiation.py:57}}
Jul 19 19:05:14.339104 np0000005453 devstack@g-api.service[99707]: DEBUG glance.api.middleware.version_negotiation [None req-7461a44a-bbd2-47d2-b3b0-f683ec2ec8b5 tempest-TaggedBootDevicesTest-1253452623 tempest-TaggedBootDevicesTest-1253452623-project-member] Matched version: v2 {{(pid=99707) process_request /opt/stack/glance/glance/api/middleware/version_negotiation.py:69}}
Jul 19 19:05:14.339226 np0000005453 devstack@g-api.service[99707]: DEBUG glance.api.middleware.version_negotiation [None req-7461a44a-bbd2-47d2-b3b0-f683ec2ec8b5 tempest-TaggedBootDevicesTest-1253452623 tempest-TaggedBootDevicesTest-1253452623-project-member] new path /v2/images/0673b74d-b8ca-4cc5-be58-1a86523477db {{(pid=99707) process_request /opt/stack/glance/glance/api/middleware/version_negotiation.py:70}}
Jul 19 19:05:14.358889 np0000005453 devstack@g-api.service[99707]: [pid: 99707|app: 0|req: 54/151] 127.0.0.1 () {40 vars in 838 bytes} [Sun Jul 19 19:05:14 2026] GET /v2/images/0673b74d-b8ca-4cc5-be58-1a86523477db => generated 1470 bytes in 21 msecs (HTTP/1.1 200) 4 headers in 158 bytes (1 switches on core 0)
Jul 19 19:05:14.670615 np0000005453 devstack@g-api.service[99706]: DEBUG swiftclient [None req-7e0d1f06-2cbc-4488-a55f-77cdd2c74cb7 tempest-ServerBootFromVolumeStableRescueTest-1213503181 tempest-ServerBootFromVolumeStableRescueTest-1213503181-project-member] REQ: curl -i https://10.4.3.182:8080/v1/AUTH_526e34dd6419456689ad45199d293118/glance/0673b74d-b8ca-4cc5-be58-1a86523477db-00001 -X PUT -H "X-Auth-Token: gAAAAABqXR_p4xKn..." {{(pid=99706) http_log /opt/stack/data/venv/lib/python3.12/site-packages/swiftclient/client.py:160}}
Jul 19 19:05:14.671372 np0000005453 devstack@g-api.service[99706]: DEBUG swiftclient [None req-7e0d1f06-2cbc-4488-a55f-77cdd2c74cb7 tempest-ServerBootFromVolumeStableRescueTest-1213503181 tempest-ServerBootFromVolumeStableRescueTest-1213503181-project-member] RESP STATUS: 201 Created {{(pid=99706) http_log /opt/stack/data/venv/lib/python3.12/site-packages/swiftclient/client.py:161}}
Jul 19 19:05:14.671372 np0000005453 devstack@g-api.service[99706]: DEBUG swiftclient [None req-7e0d1f06-2cbc-4488-a55f-77cdd2c74cb7 tempest-ServerBootFromVolumeStableRescueTest-1213503181 tempest-ServerBootFromVolumeStableRescueTest-1213503181-project-member] RESP HEADERS: {'Date': 'Sun, 19 Jul 2026 19:05:14 GMT', 'Server': 'Apache/2.4.58 (Ubuntu)', 'Content-Type': 'text/html; charset=UTF-8', 'Content-Length': '0', 'Etag': '4fa343ee581d8d2e78533191fd1ac3e1', 'Last-Modified': 'Sun, 19 Jul 2026 19:05:15 GMT', 'X-Trans-Id': 'txe545cc3ebf9644eb9eccb-006a5d1fea', 'X-Openstack-Request-Id': 'txe545cc3ebf9644eb9eccb-006a5d1fea', 'Connection': 'close'} {{(pid=99706) http_log /opt/stack/data/venv/lib/python3.12/site-packages/swiftclient/client.py:162}}
Jul 19 19:05:14.671372 np0000005453 devstack@g-api.service[99706]: DEBUG glance_store._drivers.swift.store [None req-7e0d1f06-2cbc-4488-a55f-77cdd2c74cb7 tempest-ServerBootFromVolumeStableRescueTest-1213503181 tempest-ServerBootFromVolumeStableRescueTest-1213503181-project-member] Wrote chunk 0673b74d-b8ca-4cc5-be58-1a86523477db-00001 (1/?) of length 23527424 to Swift returning MD5 of content: 4fa343ee581d8d2e78533191fd1ac3e1 {{(pid=99706) add /opt/stack/data/venv/lib/python3.12/site-packages/glance_store/_drivers/swift/store.py:1059}}
Jul 19 19:05:14.671796 np0000005453 devstack@g-api.service[99706]: DEBUG glance_store._drivers.swift.store [None req-7e0d1f06-2cbc-4488-a55f-77cdd2c74cb7 tempest-ServerBootFromVolumeStableRescueTest-1213503181 tempest-ServerBootFromVolumeStableRescueTest-1213503181-project-member] Not writing zero-length chunk. {{(pid=99706) add /opt/stack/data/venv/lib/python3.12/site-packages/glance_store/_drivers/swift/store.py:1028}}
Jul 19 19:05:15.769042 np0000005453 devstack@g-api.service[99706]: DEBUG swiftclient [None req-7e0d1f06-2cbc-4488-a55f-77cdd2c74cb7 tempest-ServerBootFromVolumeStableRescueTest-1213503181 tempest-ServerBootFromVolumeStableRescueTest-1213503181-project-member] REQ: curl -i https://10.4.3.182:8080/v1/AUTH_526e34dd6419456689ad45199d293118/glance/0673b74d-b8ca-4cc5-be58-1a86523477db -X PUT -H "X-Object-Manifest: glance/0673b74d-b8ca-4cc5-be58-1a86523477db-" -H "X-Auth-Token: gAAAAABqXR_p4xKn..." -H "Content-Length: 0" {{(pid=99706) http_log /opt/stack/data/venv/lib/python3.12/site-packages/swiftclient/client.py:160}}
Jul 19 19:05:15.769042 np0000005453 devstack@g-api.service[99706]: DEBUG swiftclient [None req-7e0d1f06-2cbc-4488-a55f-77cdd2c74cb7 tempest-ServerBootFromVolumeStableRescueTest-1213503181 tempest-ServerBootFromVolumeStableRescueTest-1213503181-project-member] RESP STATUS: 201 Created {{(pid=99706) http_log /opt/stack/data/venv/lib/python3.12/site-packages/swiftclient/client.py:161}}
Jul 19 19:05:15.769042 np0000005453 devstack@g-api.service[99706]: DEBUG swiftclient [None req-7e0d1f06-2cbc-4488-a55f-77cdd2c74cb7 tempest-ServerBootFromVolumeStableRescueTest-1213503181 tempest-ServerBootFromVolumeStableRescueTest-1213503181-project-member] RESP HEADERS: {'Date': 'Sun, 19 Jul 2026 19:05:14 GMT', 'Server': 'Apache/2.4.58 (Ubuntu)', 'Content-Type': 'text/html; charset=UTF-8', 'Content-Length': '0', 'Etag': 'd41d8cd98f00b204e9800998ecf8427e', 'Last-Modified': 'Sun, 19 Jul 2026 19:05:15 GMT', 'X-Trans-Id': 'txbe3d38a9c8b445bda0dd1-006a5d1fea', 'X-Openstack-Request-Id': 'txbe3d38a9c8b445bda0dd1-006a5d1fea', 'Connection': 'close'} {{(pid=99706) http_log /opt/stack/data/venv/lib/python3.12/site-packages/swiftclient/client.py:162}}
Jul 19 19:05:15.769042 np0000005453 devstack@g-api.service[99706]: INFO glance.location [None req-7e0d1f06-2cbc-4488-a55f-77cdd2c74cb7 tempest-ServerBootFromVolumeStableRescueTest-1213503181 tempest-ServerBootFromVolumeStableRescueTest-1213503181-project-member] Image format matched and virtual size computed: 1073741824
Jul 19 19:05:15.775379 np0000005453 devstack@g-api.service[99705]: DEBUG glance.api.middleware.version_negotiation [None req-7461a44a-bbd2-47d2-b3b0-f683ec2ec8b5 tempest-TaggedBootDevicesTest-1253452623 tempest-TaggedBootDevicesTest-1253452623-project-member] Determining version of request: GET /versions Accept: */* {{(pid=99705) process_request /opt/stack/glance/glance/api/middleware/version_negotiation.py:44}}
Jul 19 19:05:15.775379 np0000005453 devstack@g-api.service[99705]: [pid: 99705|app: 0|req: 54/152] 127.0.0.1 () {44 vars in 1039 bytes} [Sun Jul 19 19:05:14 2026] GET /versions => generated 1515 bytes in 1 msecs (HTTP/1.1 200) 3 headers in 92 bytes (1 switches on core 0)
Jul 19 19:05:15.778251 np0000005453 devstack@g-api.service[99707]: DEBUG glance.api.middleware.version_negotiation [None req-d5ee82e3-2816-44f1-85e9-1b027bbf63dd tempest-ServerBootFromVolumeStableRescueTest-1213503181 tempest-ServerBootFromVolumeStableRescueTest-1213503181-project-member] Determining version of request: GET /v2/images/a3ebe0ec-de81-4cac-9b14-09455f9e2fdc/locations Accept: */* {{(pid=99707) process_request /opt/stack/glance/glance/api/middleware/version_negotiation.py:44}}
Jul 19 19:05:15.778251 np0000005453 devstack@g-api.service[99707]: DEBUG glance.api.middleware.version_negotiation [None req-d5ee82e3-2816-44f1-85e9-1b027bbf63dd tempest-ServerBootFromVolumeStableRescueTest-1213503181 tempest-ServerBootFromVolumeStableRescueTest-1213503181-project-member] Using url versioning {{(pid=99707) process_request /opt/stack/glance/glance/api/middleware/version_negotiation.py:57}}
Jul 19 19:05:15.778251 np0000005453 devstack@g-api.service[99707]: DEBUG glance.api.middleware.version_negotiation [None req-d5ee82e3-2816-44f1-85e9-1b027bbf63dd tempest-ServerBootFromVolumeStableRescueTest-1213503181 tempest-ServerBootFromVolumeStableRescueTest-1213503181-project-member] Matched version: v2 {{(pid=99707) process_request /opt/stack/glance/glance/api/middleware/version_negotiation.py:69}}
Jul 19 19:05:15.778251 np0000005453 devstack@g-api.service[99707]: DEBUG glance.api.middleware.version_negotiation [None req-d5ee82e3-2816-44f1-85e9-1b027bbf63dd tempest-ServerBootFromVolumeStableRescueTest-1213503181 tempest-ServerBootFromVolumeStableRescueTest-1213503181-project-member] new path /v2/images/a3ebe0ec-de81-4cac-9b14-09455f9e2fdc/locations {{(pid=99707) process_request /opt/stack/glance/glance/api/middleware/version_negotiation.py:70}}
Jul 19 19:05:15.783824 np0000005453 devstack@g-api.service[99706]: DEBUG glance_store.backend [None req-7e0d1f06-2cbc-4488-a55f-77cdd2c74cb7 tempest-ServerBootFromVolumeStableRescueTest-1213503181 tempest-ServerBootFromVolumeStableRescueTest-1213503181-project-member] Attempting to import store swift {{(pid=99706) _load_store /opt/stack/data/venv/lib/python3.12/site-packages/glance_store/backend.py:215}}
Jul 19 19:05:15.783824 np0000005453 devstack@g-api.service[99706]: DEBUG glance_store.capabilities [None req-7e0d1f06-2cbc-4488-a55f-77cdd2c74cb7 tempest-ServerBootFromVolumeStableRescueTest-1213503181 tempest-ServerBootFromVolumeStableRescueTest-1213503181-project-member] Store glance_store._drivers.swift.store.SingleTenantStore doesn't support updating dynamic storage capabilities. Please overwrite 'update_capabilities' method of the store to implement updating logics if needed. {{(pid=99706) update_capabilities /opt/stack/data/venv/lib/python3.12/site-packages/glance_store/capabilities.py:91}}
Jul 19 19:05:15.783824 np0000005453 devstack@g-api.service[99706]: DEBUG glance_store.driver [None req-7e0d1f06-2cbc-4488-a55f-77cdd2c74cb7 tempest-ServerBootFromVolumeStableRescueTest-1213503181 tempest-ServerBootFromVolumeStableRescueTest-1213503181-project-member] Late loading location class glance_store._drivers.swift.store.StoreLocation {{(pid=99706) get_store_location_class /opt/stack/data/venv/lib/python3.12/site-packages/glance_store/driver.py:134}}
Jul 19 19:05:15.783824 np0000005453 devstack@g-api.service[99706]: DEBUG glance_store.location [None req-7e0d1f06-2cbc-4488-a55f-77cdd2c74cb7 tempest-ServerBootFromVolumeStableRescueTest-1213503181 tempest-ServerBootFromVolumeStableRescueTest-1213503181-project-member] Registering scheme swift+https with {'store': , 'location_class': , 'store_entry': 'swift'} {{(pid=99706) register_scheme_map /opt/stack/data/venv/lib/python3.12/site-packages/glance_store/location.py:146}}
Jul 19 19:05:15.783824 np0000005453 devstack@g-api.service[99706]: DEBUG glance_store.location [None req-7e0d1f06-2cbc-4488-a55f-77cdd2c74cb7 tempest-ServerBootFromVolumeStableRescueTest-1213503181 tempest-ServerBootFromVolumeStableRescueTest-1213503181-project-member] Registering scheme swift+https with {'store': , 'location_class': , 'store_entry': 'swift'} {{(pid=99706) register_scheme_map /opt/stack/data/venv/lib/python3.12/site-packages/glance_store/location.py:146}}
Jul 19 19:05:15.783824 np0000005453 devstack@g-api.service[99706]: DEBUG glance_store.location [None req-7e0d1f06-2cbc-4488-a55f-77cdd2c74cb7 tempest-ServerBootFromVolumeStableRescueTest-1213503181 tempest-ServerBootFromVolumeStableRescueTest-1213503181-project-member] Registering scheme swift with {'store': , 'location_class': , 'store_entry': 'swift'} {{(pid=99706) register_scheme_map /opt/stack/data/venv/lib/python3.12/site-packages/glance_store/location.py:146}}
Jul 19 19:05:15.783824 np0000005453 devstack@g-api.service[99706]: DEBUG glance_store.location [None req-7e0d1f06-2cbc-4488-a55f-77cdd2c74cb7 tempest-ServerBootFromVolumeStableRescueTest-1213503181 tempest-ServerBootFromVolumeStableRescueTest-1213503181-project-member] Registering scheme swift+https with {'store': , 'location_class': , 'store_entry': 'swift'} {{(pid=99706) register_scheme_map /opt/stack/data/venv/lib/python3.12/site-packages/glance_store/location.py:146}}
Jul 19 19:05:15.783824 np0000005453 devstack@g-api.service[99706]: DEBUG glance_store.location [None req-7e0d1f06-2cbc-4488-a55f-77cdd2c74cb7 tempest-ServerBootFromVolumeStableRescueTest-1213503181 tempest-ServerBootFromVolumeStableRescueTest-1213503181-project-member] Registering scheme swift with {'store': , 'location_class': , 'store_entry': 'swift'} {{(pid=99706) register_scheme_map /opt/stack/data/venv/lib/python3.12/site-packages/glance_store/location.py:146}}
Jul 19 19:05:15.783824 np0000005453 devstack@g-api.service[99706]: DEBUG glance_store.location [None req-7e0d1f06-2cbc-4488-a55f-77cdd2c74cb7 tempest-ServerBootFromVolumeStableRescueTest-1213503181 tempest-ServerBootFromVolumeStableRescueTest-1213503181-project-member] Registering scheme swift+http with {'store': , 'location_class': , 'store_entry': 'swift'} {{(pid=99706) register_scheme_map /opt/stack/data/venv/lib/python3.12/site-packages/glance_store/location.py:146}}
Jul 19 19:05:15.783824 np0000005453 devstack@g-api.service[99706]: DEBUG glance_store.location [None req-7e0d1f06-2cbc-4488-a55f-77cdd2c74cb7 tempest-ServerBootFromVolumeStableRescueTest-1213503181 tempest-ServerBootFromVolumeStableRescueTest-1213503181-project-member] Registering scheme swift+https with {'store': , 'location_class': , 'store_entry': 'swift'} {{(pid=99706) register_scheme_map /opt/stack/data/venv/lib/python3.12/site-packages/glance_store/location.py:146}}
Jul 19 19:05:15.783824 np0000005453 devstack@g-api.service[99706]: DEBUG glance_store.location [None req-7e0d1f06-2cbc-4488-a55f-77cdd2c74cb7 tempest-ServerBootFromVolumeStableRescueTest-1213503181 tempest-ServerBootFromVolumeStableRescueTest-1213503181-project-member] Registering scheme swift with {'store': , 'location_class': , 'store_entry': 'swift'} {{(pid=99706) register_scheme_map /opt/stack/data/venv/lib/python3.12/site-packages/glance_store/location.py:146}}
Jul 19 19:05:15.786336 np0000005453 devstack@g-api.service[99706]: DEBUG glance_store.location [None req-7e0d1f06-2cbc-4488-a55f-77cdd2c74cb7 tempest-ServerBootFromVolumeStableRescueTest-1213503181 tempest-ServerBootFromVolumeStableRescueTest-1213503181-project-member] Registering scheme swift+http with {'store': , 'location_class': , 'store_entry': 'swift'} {{(pid=99706) register_scheme_map /opt/stack/data/venv/lib/python3.12/site-packages/glance_store/location.py:146}}
Jul 19 19:05:15.786336 np0000005453 devstack@g-api.service[99706]: DEBUG glance_store.location [None req-7e0d1f06-2cbc-4488-a55f-77cdd2c74cb7 tempest-ServerBootFromVolumeStableRescueTest-1213503181 tempest-ServerBootFromVolumeStableRescueTest-1213503181-project-member] Registering scheme swift+config with {'store': , 'location_class': , 'store_entry': 'swift'} {{(pid=99706) register_scheme_map /opt/stack/data/venv/lib/python3.12/site-packages/glance_store/location.py:146}}
Jul 19 19:05:15.786336 np0000005453 devstack@g-api.service[99706]: DEBUG glance_store.backend [None req-7e0d1f06-2cbc-4488-a55f-77cdd2c74cb7 tempest-ServerBootFromVolumeStableRescueTest-1213503181 tempest-ServerBootFromVolumeStableRescueTest-1213503181-project-member] Skipping store.set_acls... not implemented. {{(pid=99706) set_acls /opt/stack/data/venv/lib/python3.12/site-packages/glance_store/backend.py:507}}
Jul 19 19:05:15.786336 np0000005453 devstack@g-api.service[99706]: [pid: 99706|app: 0|req: 45/153] 127.0.0.1 () {46 vars in 1158 bytes} [Sun Jul 19 19:05:11 2026] PUT /v2/images/0673b74d-b8ca-4cc5-be58-1a86523477db/file => generated 0 bytes in 2815 msecs (HTTP/1.1 204) 4 headers in 171 bytes (1 switches on core 0)
Jul 19 19:05:15.788113 np0000005453 devstack@g-api.service[99705]: DEBUG glance.api.middleware.version_negotiation [None req-7461a44a-bbd2-47d2-b3b0-f683ec2ec8b5 tempest-TaggedBootDevicesTest-1253452623 tempest-TaggedBootDevicesTest-1253452623-project-member] Determining version of request: GET /v2/images/0673b74d-b8ca-4cc5-be58-1a86523477db Accept: */* {{(pid=99705) process_request /opt/stack/glance/glance/api/middleware/version_negotiation.py:44}}
Jul 19 19:05:15.788113 np0000005453 devstack@g-api.service[99705]: DEBUG glance.api.middleware.version_negotiation [None req-7461a44a-bbd2-47d2-b3b0-f683ec2ec8b5 tempest-TaggedBootDevicesTest-1253452623 tempest-TaggedBootDevicesTest-1253452623-project-member] Using url versioning {{(pid=99705) process_request /opt/stack/glance/glance/api/middleware/version_negotiation.py:57}}
Jul 19 19:05:15.788113 np0000005453 devstack@g-api.service[99705]: DEBUG glance.api.middleware.version_negotiation [None req-7461a44a-bbd2-47d2-b3b0-f683ec2ec8b5 tempest-TaggedBootDevicesTest-1253452623 tempest-TaggedBootDevicesTest-1253452623-project-member] Matched version: v2 {{(pid=99705) process_request /opt/stack/glance/glance/api/middleware/version_negotiation.py:69}}
Jul 19 19:05:15.788113 np0000005453 devstack@g-api.service[99705]: DEBUG glance.api.middleware.version_negotiation [None req-7461a44a-bbd2-47d2-b3b0-f683ec2ec8b5 tempest-TaggedBootDevicesTest-1253452623 tempest-TaggedBootDevicesTest-1253452623-project-member] new path /v2/images/0673b74d-b8ca-4cc5-be58-1a86523477db {{(pid=99705) process_request /opt/stack/glance/glance/api/middleware/version_negotiation.py:70}}
Jul 19 19:05:15.788113 np0000005453 devstack@g-api.service[99705]: [pid: 99705|app: 0|req: 55/154] 127.0.0.1 () {44 vars in 1115 bytes} [Sun Jul 19 19:05:14 2026] GET /v2/images/0673b74d-b8ca-4cc5-be58-1a86523477db => generated 1640 bytes in 35 msecs (HTTP/1.1 200) 4 headers in 158 bytes (1 switches on core 0)
Jul 19 19:05:15.788915 np0000005453 devstack@g-api.service[99706]: DEBUG glance.api.middleware.version_negotiation [None req-7e0d1f06-2cbc-4488-a55f-77cdd2c74cb7 tempest-ServerBootFromVolumeStableRescueTest-1213503181 tempest-ServerBootFromVolumeStableRescueTest-1213503181-project-member] Determining version of request: GET /v2/schemas/image Accept: */* {{(pid=99706) process_request /opt/stack/glance/glance/api/middleware/version_negotiation.py:44}}
Jul 19 19:05:15.788915 np0000005453 devstack@g-api.service[99706]: DEBUG glance.api.middleware.version_negotiation [None req-7e0d1f06-2cbc-4488-a55f-77cdd2c74cb7 tempest-ServerBootFromVolumeStableRescueTest-1213503181 tempest-ServerBootFromVolumeStableRescueTest-1213503181-project-member] Using url versioning {{(pid=99706) process_request /opt/stack/glance/glance/api/middleware/version_negotiation.py:57}}
Jul 19 19:05:15.788915 np0000005453 devstack@g-api.service[99706]: DEBUG glance.api.middleware.version_negotiation [None req-7e0d1f06-2cbc-4488-a55f-77cdd2c74cb7 tempest-ServerBootFromVolumeStableRescueTest-1213503181 tempest-ServerBootFromVolumeStableRescueTest-1213503181-project-member] Matched version: v2 {{(pid=99706) process_request /opt/stack/glance/glance/api/middleware/version_negotiation.py:69}}
Jul 19 19:05:15.788915 np0000005453 devstack@g-api.service[99706]: DEBUG glance.api.middleware.version_negotiation [None req-7e0d1f06-2cbc-4488-a55f-77cdd2c74cb7 tempest-ServerBootFromVolumeStableRescueTest-1213503181 tempest-ServerBootFromVolumeStableRescueTest-1213503181-project-member] new path /v2/schemas/image {{(pid=99706) process_request /opt/stack/glance/glance/api/middleware/version_negotiation.py:70}}
Jul 19 19:05:15.788915 np0000005453 devstack@g-api.service[99706]: [pid: 99706|app: 0|req: 46/155] 127.0.0.1 () {44 vars in 1055 bytes} [Sun Jul 19 19:05:14 2026] GET /v2/schemas/image => generated 6083 bytes in 8 msecs (HTTP/1.1 200) 4 headers in 158 bytes (1 switches on core 0)
Jul 19 19:05:15.789956 np0000005453 devstack@g-api.service[99707]: [pid: 99707|app: 0|req: 55/156] 127.0.0.1 () {44 vars in 1135 bytes} [Sun Jul 19 19:05:14 2026] GET /v2/images/a3ebe0ec-de81-4cac-9b14-09455f9e2fdc/locations => generated 92 bytes in 357 msecs (HTTP/1.1 200) 4 headers in 156 bytes (1 switches on core 0)
Jul 19 19:05:15.790981 np0000005453 devstack@g-api.service[99705]: DEBUG glance.api.middleware.version_negotiation [None req-7e0d1f06-2cbc-4488-a55f-77cdd2c74cb7 tempest-ServerBootFromVolumeStableRescueTest-1213503181 tempest-ServerBootFromVolumeStableRescueTest-1213503181-project-member] Determining version of request: GET /v2/images/a3ebe0ec-de81-4cac-9b14-09455f9e2fdc Accept: */* {{(pid=99705) process_request /opt/stack/glance/glance/api/middleware/version_negotiation.py:44}}
Jul 19 19:05:15.790981 np0000005453 devstack@g-api.service[99705]: DEBUG glance.api.middleware.version_negotiation [None req-7e0d1f06-2cbc-4488-a55f-77cdd2c74cb7 tempest-ServerBootFromVolumeStableRescueTest-1213503181 tempest-ServerBootFromVolumeStableRescueTest-1213503181-project-member] Using url versioning {{(pid=99705) process_request /opt/stack/glance/glance/api/middleware/version_negotiation.py:57}}
Jul 19 19:05:15.790981 np0000005453 devstack@g-api.service[99705]: DEBUG glance.api.middleware.version_negotiation [None req-7e0d1f06-2cbc-4488-a55f-77cdd2c74cb7 tempest-ServerBootFromVolumeStableRescueTest-1213503181 tempest-ServerBootFromVolumeStableRescueTest-1213503181-project-member] Matched version: v2 {{(pid=99705) process_request /opt/stack/glance/glance/api/middleware/version_negotiation.py:69}}
Jul 19 19:05:15.790981 np0000005453 devstack@g-api.service[99705]: DEBUG glance.api.middleware.version_negotiation [None req-7e0d1f06-2cbc-4488-a55f-77cdd2c74cb7 tempest-ServerBootFromVolumeStableRescueTest-1213503181 tempest-ServerBootFromVolumeStableRescueTest-1213503181-project-member] new path /v2/images/a3ebe0ec-de81-4cac-9b14-09455f9e2fdc {{(pid=99705) process_request /opt/stack/glance/glance/api/middleware/version_negotiation.py:70}}
Jul 19 19:05:15.790981 np0000005453 devstack@g-api.service[99705]: [pid: 99705|app: 0|req: 56/157] 127.0.0.1 () {44 vars in 1115 bytes} [Sun Jul 19 19:05:15 2026] GET /v2/images/a3ebe0ec-de81-4cac-9b14-09455f9e2fdc => generated 1044 bytes in 23 msecs (HTTP/1.1 200) 4 headers in 158 bytes (1 switches on core 0)
Jul 19 19:05:15.791570 np0000005453 devstack@g-api.service[99706]: DEBUG glance.api.middleware.version_negotiation [None req-7e0d1f06-2cbc-4488-a55f-77cdd2c74cb7 tempest-ServerBootFromVolumeStableRescueTest-1213503181 tempest-ServerBootFromVolumeStableRescueTest-1213503181-project-member] Determining version of request: GET /v2/schemas/image Accept: */* {{(pid=99706) process_request /opt/stack/glance/glance/api/middleware/version_negotiation.py:44}}
Jul 19 19:05:15.791570 np0000005453 devstack@g-api.service[99706]: DEBUG glance.api.middleware.version_negotiation [None req-7e0d1f06-2cbc-4488-a55f-77cdd2c74cb7 tempest-ServerBootFromVolumeStableRescueTest-1213503181 tempest-ServerBootFromVolumeStableRescueTest-1213503181-project-member] Using url versioning {{(pid=99706) process_request /opt/stack/glance/glance/api/middleware/version_negotiation.py:57}}
Jul 19 19:05:15.791570 np0000005453 devstack@g-api.service[99706]: DEBUG glance.api.middleware.version_negotiation [None req-7e0d1f06-2cbc-4488-a55f-77cdd2c74cb7 tempest-ServerBootFromVolumeStableRescueTest-1213503181 tempest-ServerBootFromVolumeStableRescueTest-1213503181-project-member] Matched version: v2 {{(pid=99706) process_request /opt/stack/glance/glance/api/middleware/version_negotiation.py:69}}
Jul 19 19:05:15.791570 np0000005453 devstack@g-api.service[99706]: DEBUG glance.api.middleware.version_negotiation [None req-7e0d1f06-2cbc-4488-a55f-77cdd2c74cb7 tempest-ServerBootFromVolumeStableRescueTest-1213503181 tempest-ServerBootFromVolumeStableRescueTest-1213503181-project-member] new path /v2/schemas/image {{(pid=99706) process_request /opt/stack/glance/glance/api/middleware/version_negotiation.py:70}}
Jul 19 19:05:15.791570 np0000005453 devstack@g-api.service[99706]: [pid: 99706|app: 0|req: 47/158] 127.0.0.1 () {44 vars in 1055 bytes} [Sun Jul 19 19:05:15 2026] GET /v2/schemas/image => generated 6083 bytes in 4 msecs (HTTP/1.1 200) 4 headers in 158 bytes (1 switches on core 0)
Jul 19 19:05:15.792846 np0000005453 devstack@g-api.service[99707]: DEBUG glance.api.middleware.version_negotiation [None req-7461a44a-bbd2-47d2-b3b0-f683ec2ec8b5 service glance] Determining version of request: GET /v2/schemas/image Accept: */* {{(pid=99707) process_request /opt/stack/glance/glance/api/middleware/version_negotiation.py:44}}
Jul 19 19:05:15.792846 np0000005453 devstack@g-api.service[99707]: DEBUG glance.api.middleware.version_negotiation [None req-7461a44a-bbd2-47d2-b3b0-f683ec2ec8b5 service glance] Using url versioning {{(pid=99707) process_request /opt/stack/glance/glance/api/middleware/version_negotiation.py:57}}
Jul 19 19:05:15.792846 np0000005453 devstack@g-api.service[99707]: DEBUG glance.api.middleware.version_negotiation [None req-7461a44a-bbd2-47d2-b3b0-f683ec2ec8b5 service glance] Matched version: v2 {{(pid=99707) process_request /opt/stack/glance/glance/api/middleware/version_negotiation.py:69}}
Jul 19 19:05:15.792846 np0000005453 devstack@g-api.service[99707]: DEBUG glance.api.middleware.version_negotiation [None req-7461a44a-bbd2-47d2-b3b0-f683ec2ec8b5 service glance] new path /v2/schemas/image {{(pid=99707) process_request /opt/stack/glance/glance/api/middleware/version_negotiation.py:70}}
Jul 19 19:05:15.792846 np0000005453 devstack@g-api.service[99707]: [pid: 99707|app: 0|req: 56/159] 127.0.0.1 () {44 vars in 1055 bytes} [Sun Jul 19 19:05:15 2026] GET /v2/schemas/image => generated 6083 bytes in 6 msecs (HTTP/1.1 200) 4 headers in 158 bytes (1 switches on core 0)
Jul 19 19:05:15.793747 np0000005453 devstack@g-api.service[99705]: DEBUG glance.api.middleware.version_negotiation [None req-7461a44a-bbd2-47d2-b3b0-f683ec2ec8b5 tempest-TaggedBootDevicesTest-1253452623 tempest-TaggedBootDevicesTest-1253452623-project-member] Determining version of request: GET /v2/images/0673b74d-b8ca-4cc5-be58-1a86523477db Accept: application/json {{(pid=99705) process_request /opt/stack/glance/glance/api/middleware/version_negotiation.py:44}}
Jul 19 19:05:15.793747 np0000005453 devstack@g-api.service[99705]: DEBUG glance.api.middleware.version_negotiation [None req-7461a44a-bbd2-47d2-b3b0-f683ec2ec8b5 tempest-TaggedBootDevicesTest-1253452623 tempest-TaggedBootDevicesTest-1253452623-project-member] Using url versioning {{(pid=99705) process_request /opt/stack/glance/glance/api/middleware/version_negotiation.py:57}}
Jul 19 19:05:15.793747 np0000005453 devstack@g-api.service[99705]: DEBUG glance.api.middleware.version_negotiation [None req-7461a44a-bbd2-47d2-b3b0-f683ec2ec8b5 tempest-TaggedBootDevicesTest-1253452623 tempest-TaggedBootDevicesTest-1253452623-project-member] Matched version: v2 {{(pid=99705) process_request /opt/stack/glance/glance/api/middleware/version_negotiation.py:69}}
Jul 19 19:05:15.793747 np0000005453 devstack@g-api.service[99705]: DEBUG glance.api.middleware.version_negotiation [None req-7461a44a-bbd2-47d2-b3b0-f683ec2ec8b5 tempest-TaggedBootDevicesTest-1253452623 tempest-TaggedBootDevicesTest-1253452623-project-member] new path /v2/images/0673b74d-b8ca-4cc5-be58-1a86523477db {{(pid=99705) process_request /opt/stack/glance/glance/api/middleware/version_negotiation.py:70}}
Jul 19 19:05:15.793747 np0000005453 devstack@g-api.service[99705]: [pid: 99705|app: 0|req: 57/160] 127.0.0.1 () {40 vars in 838 bytes} [Sun Jul 19 19:05:15 2026] GET /v2/images/0673b74d-b8ca-4cc5-be58-1a86523477db => generated 1640 bytes in 17 msecs (HTTP/1.1 200) 4 headers in 158 bytes (1 switches on core 0)
Jul 19 19:05:15.794577 np0000005453 devstack@g-api.service[99706]: DEBUG glance.api.middleware.version_negotiation [None req-7461a44a-bbd2-47d2-b3b0-f683ec2ec8b5 tempest-TaggedBootDevicesTest-1253452623 tempest-TaggedBootDevicesTest-1253452623-project-member] Determining version of request: GET /v2/images/0673b74d-b8ca-4cc5-be58-1a86523477db Accept: application/json {{(pid=99706) process_request /opt/stack/glance/glance/api/middleware/version_negotiation.py:44}}
Jul 19 19:05:15.794577 np0000005453 devstack@g-api.service[99706]: DEBUG glance.api.middleware.version_negotiation [None req-7461a44a-bbd2-47d2-b3b0-f683ec2ec8b5 tempest-TaggedBootDevicesTest-1253452623 tempest-TaggedBootDevicesTest-1253452623-project-member] Using url versioning {{(pid=99706) process_request /opt/stack/glance/glance/api/middleware/version_negotiation.py:57}}
Jul 19 19:05:15.794577 np0000005453 devstack@g-api.service[99706]: DEBUG glance.api.middleware.version_negotiation [None req-7461a44a-bbd2-47d2-b3b0-f683ec2ec8b5 tempest-TaggedBootDevicesTest-1253452623 tempest-TaggedBootDevicesTest-1253452623-project-member] Matched version: v2 {{(pid=99706) process_request /opt/stack/glance/glance/api/middleware/version_negotiation.py:69}}
Jul 19 19:05:15.794577 np0000005453 devstack@g-api.service[99706]: DEBUG glance.api.middleware.version_negotiation [None req-7461a44a-bbd2-47d2-b3b0-f683ec2ec8b5 tempest-TaggedBootDevicesTest-1253452623 tempest-TaggedBootDevicesTest-1253452623-project-member] new path /v2/images/0673b74d-b8ca-4cc5-be58-1a86523477db {{(pid=99706) process_request /opt/stack/glance/glance/api/middleware/version_negotiation.py:70}}
Jul 19 19:05:15.794577 np0000005453 devstack@g-api.service[99706]: [pid: 99706|app: 0|req: 48/161] 127.0.0.1 () {40 vars in 838 bytes} [Sun Jul 19 19:05:15 2026] GET /v2/images/0673b74d-b8ca-4cc5-be58-1a86523477db => generated 1640 bytes in 34 msecs (HTTP/1.1 200) 4 headers in 158 bytes (1 switches on core 0)
Jul 19 19:05:16.151726 np0000005453 devstack@g-api.service[99707]: DEBUG glance.api.middleware.version_negotiation [None req-7461a44a-bbd2-47d2-b3b0-f683ec2ec8b5 tempest-TaggedBootDevicesTest-1253452623 tempest-TaggedBootDevicesTest-1253452623-project-member] Determining version of request: GET /v2/images/a3ebe0ec-de81-4cac-9b14-09455f9e2fdc Accept: */* {{(pid=99707) process_request /opt/stack/glance/glance/api/middleware/version_negotiation.py:44}}
Jul 19 19:05:16.155028 np0000005453 devstack@g-api.service[99707]: DEBUG glance.api.middleware.version_negotiation [None req-7461a44a-bbd2-47d2-b3b0-f683ec2ec8b5 tempest-TaggedBootDevicesTest-1253452623 tempest-TaggedBootDevicesTest-1253452623-project-member] Using url versioning {{(pid=99707) process_request /opt/stack/glance/glance/api/middleware/version_negotiation.py:57}}
Jul 19 19:05:16.155028 np0000005453 devstack@g-api.service[99707]: DEBUG glance.api.middleware.version_negotiation [None req-7461a44a-bbd2-47d2-b3b0-f683ec2ec8b5 tempest-TaggedBootDevicesTest-1253452623 tempest-TaggedBootDevicesTest-1253452623-project-member] Matched version: v2 {{(pid=99707) process_request /opt/stack/glance/glance/api/middleware/version_negotiation.py:69}}
Jul 19 19:05:16.155028 np0000005453 devstack@g-api.service[99707]: DEBUG glance.api.middleware.version_negotiation [None req-7461a44a-bbd2-47d2-b3b0-f683ec2ec8b5 tempest-TaggedBootDevicesTest-1253452623 tempest-TaggedBootDevicesTest-1253452623-project-member] new path /v2/images/a3ebe0ec-de81-4cac-9b14-09455f9e2fdc {{(pid=99707) process_request /opt/stack/glance/glance/api/middleware/version_negotiation.py:70}}
Jul 19 19:05:16.180279 np0000005453 devstack@g-api.service[99707]: [pid: 99707|app: 0|req: 57/162] 127.0.0.1 () {44 vars in 1115 bytes} [Sun Jul 19 19:05:16 2026] GET /v2/images/a3ebe0ec-de81-4cac-9b14-09455f9e2fdc => generated 1044 bytes in 28 msecs (HTTP/1.1 200) 4 headers in 158 bytes (1 switches on core 0)
Jul 19 19:05:16.234952 np0000005453 devstack@g-api.service[99705]: DEBUG glance.api.middleware.version_negotiation [None req-68c284de-c5a7-45f7-a533-13b4609a2f2a tempest-ServerBootFromVolumeStableRescueTest-1213503181 tempest-ServerBootFromVolumeStableRescueTest-1213503181-project-member] Determining version of request: GET /v2/schemas/image Accept: */* {{(pid=99705) process_request /opt/stack/glance/glance/api/middleware/version_negotiation.py:44}}
Jul 19 19:05:16.235169 np0000005453 devstack@g-api.service[99705]: DEBUG glance.api.middleware.version_negotiation [None req-68c284de-c5a7-45f7-a533-13b4609a2f2a tempest-ServerBootFromVolumeStableRescueTest-1213503181 tempest-ServerBootFromVolumeStableRescueTest-1213503181-project-member] Using url versioning {{(pid=99705) process_request /opt/stack/glance/glance/api/middleware/version_negotiation.py:57}}
Jul 19 19:05:16.235582 np0000005453 devstack@g-api.service[99705]: DEBUG glance.api.middleware.version_negotiation [None req-68c284de-c5a7-45f7-a533-13b4609a2f2a tempest-ServerBootFromVolumeStableRescueTest-1213503181 tempest-ServerBootFromVolumeStableRescueTest-1213503181-project-member] Matched version: v2 {{(pid=99705) process_request /opt/stack/glance/glance/api/middleware/version_negotiation.py:69}}
Jul 19 19:05:16.235797 np0000005453 devstack@g-api.service[99705]: DEBUG glance.api.middleware.version_negotiation [None req-68c284de-c5a7-45f7-a533-13b4609a2f2a tempest-ServerBootFromVolumeStableRescueTest-1213503181 tempest-ServerBootFromVolumeStableRescueTest-1213503181-project-member] new path /v2/schemas/image {{(pid=99705) process_request /opt/stack/glance/glance/api/middleware/version_negotiation.py:70}}
Jul 19 19:05:16.239422 np0000005453 devstack@g-api.service[99705]: [pid: 99705|app: 0|req: 58/163] 127.0.0.1 () {44 vars in 1055 bytes} [Sun Jul 19 19:05:16 2026] GET /v2/schemas/image => generated 6083 bytes in 5 msecs (HTTP/1.1 200) 4 headers in 158 bytes (1 switches on core 0)
Jul 19 19:05:18.833119 np0000005453 devstack@g-api.service[99706]: DEBUG glance.api.middleware.version_negotiation [None req-03f914f6-6478-411d-b827-cac0ac27e9e9 tempest-ServerBootFromVolumeStableRescueTest-1213503181 tempest-ServerBootFromVolumeStableRescueTest-1213503181-project-member] Determining version of request: GET /v2/images/a3ebe0ec-de81-4cac-9b14-09455f9e2fdc Accept: */* {{(pid=99706) process_request /opt/stack/glance/glance/api/middleware/version_negotiation.py:44}}
Jul 19 19:05:18.833549 np0000005453 devstack@g-api.service[99706]: DEBUG glance.api.middleware.version_negotiation [None req-03f914f6-6478-411d-b827-cac0ac27e9e9 tempest-ServerBootFromVolumeStableRescueTest-1213503181 tempest-ServerBootFromVolumeStableRescueTest-1213503181-project-member] Using url versioning {{(pid=99706) process_request /opt/stack/glance/glance/api/middleware/version_negotiation.py:57}}
Jul 19 19:05:18.833549 np0000005453 devstack@g-api.service[99706]: DEBUG glance.api.middleware.version_negotiation [None req-03f914f6-6478-411d-b827-cac0ac27e9e9 tempest-ServerBootFromVolumeStableRescueTest-1213503181 tempest-ServerBootFromVolumeStableRescueTest-1213503181-project-member] Matched version: v2 {{(pid=99706) process_request /opt/stack/glance/glance/api/middleware/version_negotiation.py:69}}
Jul 19 19:05:18.833549 np0000005453 devstack@g-api.service[99706]: DEBUG glance.api.middleware.version_negotiation [None req-03f914f6-6478-411d-b827-cac0ac27e9e9 tempest-ServerBootFromVolumeStableRescueTest-1213503181 tempest-ServerBootFromVolumeStableRescueTest-1213503181-project-member] new path /v2/images/a3ebe0ec-de81-4cac-9b14-09455f9e2fdc {{(pid=99706) process_request /opt/stack/glance/glance/api/middleware/version_negotiation.py:70}}
Jul 19 19:05:18.852482 np0000005453 devstack@g-api.service[99706]: [pid: 99706|app: 0|req: 49/164] 127.0.0.1 () {44 vars in 1115 bytes} [Sun Jul 19 19:05:18 2026] GET /v2/images/a3ebe0ec-de81-4cac-9b14-09455f9e2fdc => generated 1044 bytes in 17 msecs (HTTP/1.1 200) 4 headers in 158 bytes (1 switches on core 0)
Jul 19 19:05:18.861897 np0000005453 devstack@g-api.service[99707]: DEBUG glance.api.middleware.version_negotiation [None req-87606ee0-776c-47ec-9cb5-aaea9a633238 tempest-ServerBootFromVolumeStableRescueTest-1213503181 tempest-ServerBootFromVolumeStableRescueTest-1213503181-project-member] Determining version of request: GET /v2/schemas/image Accept: */* {{(pid=99707) process_request /opt/stack/glance/glance/api/middleware/version_negotiation.py:44}}
Jul 19 19:05:18.862358 np0000005453 devstack@g-api.service[99707]: DEBUG glance.api.middleware.version_negotiation [None req-87606ee0-776c-47ec-9cb5-aaea9a633238 tempest-ServerBootFromVolumeStableRescueTest-1213503181 tempest-ServerBootFromVolumeStableRescueTest-1213503181-project-member] Using url versioning {{(pid=99707) process_request /opt/stack/glance/glance/api/middleware/version_negotiation.py:57}}
Jul 19 19:05:18.862358 np0000005453 devstack@g-api.service[99707]: DEBUG glance.api.middleware.version_negotiation [None req-87606ee0-776c-47ec-9cb5-aaea9a633238 tempest-ServerBootFromVolumeStableRescueTest-1213503181 tempest-ServerBootFromVolumeStableRescueTest-1213503181-project-member] Matched version: v2 {{(pid=99707) process_request /opt/stack/glance/glance/api/middleware/version_negotiation.py:69}}
Jul 19 19:05:18.862358 np0000005453 devstack@g-api.service[99707]: DEBUG glance.api.middleware.version_negotiation [None req-87606ee0-776c-47ec-9cb5-aaea9a633238 tempest-ServerBootFromVolumeStableRescueTest-1213503181 tempest-ServerBootFromVolumeStableRescueTest-1213503181-project-member] new path /v2/schemas/image {{(pid=99707) process_request /opt/stack/glance/glance/api/middleware/version_negotiation.py:70}}
Jul 19 19:05:18.867420 np0000005453 devstack@g-api.service[99707]: [pid: 99707|app: 0|req: 58/165] 127.0.0.1 () {44 vars in 1055 bytes} [Sun Jul 19 19:05:18 2026] GET /v2/schemas/image => generated 6083 bytes in 3 msecs (HTTP/1.1 200) 4 headers in 158 bytes (1 switches on core 0)
Jul 19 19:05:18.877384 np0000005453 devstack@g-api.service[99705]: DEBUG glance.api.middleware.version_negotiation [None req-87606ee0-776c-47ec-9cb5-aaea9a633238 tempest-ServerBootFromVolumeStableRescueTest-1213503181 tempest-ServerBootFromVolumeStableRescueTest-1213503181-project-member] Determining version of request: GET /v2/schemas/image Accept: */* {{(pid=99705) process_request /opt/stack/glance/glance/api/middleware/version_negotiation.py:44}}
Jul 19 19:05:18.877802 np0000005453 devstack@g-api.service[99705]: DEBUG glance.api.middleware.version_negotiation [None req-87606ee0-776c-47ec-9cb5-aaea9a633238 tempest-ServerBootFromVolumeStableRescueTest-1213503181 tempest-ServerBootFromVolumeStableRescueTest-1213503181-project-member] Using url versioning {{(pid=99705) process_request /opt/stack/glance/glance/api/middleware/version_negotiation.py:57}}
Jul 19 19:05:18.877802 np0000005453 devstack@g-api.service[99705]: DEBUG glance.api.middleware.version_negotiation [None req-87606ee0-776c-47ec-9cb5-aaea9a633238 tempest-ServerBootFromVolumeStableRescueTest-1213503181 tempest-ServerBootFromVolumeStableRescueTest-1213503181-project-member] Matched version: v2 {{(pid=99705) process_request /opt/stack/glance/glance/api/middleware/version_negotiation.py:69}}
Jul 19 19:05:18.877899 np0000005453 devstack@g-api.service[99705]: DEBUG glance.api.middleware.version_negotiation [None req-87606ee0-776c-47ec-9cb5-aaea9a633238 tempest-ServerBootFromVolumeStableRescueTest-1213503181 tempest-ServerBootFromVolumeStableRescueTest-1213503181-project-member] new path /v2/schemas/image {{(pid=99705) process_request /opt/stack/glance/glance/api/middleware/version_negotiation.py:70}}
Jul 19 19:05:18.880187 np0000005453 devstack@g-api.service[99705]: [pid: 99705|app: 0|req: 59/166] 127.0.0.1 () {44 vars in 1055 bytes} [Sun Jul 19 19:05:18 2026] GET /v2/schemas/image => generated 6083 bytes in 3 msecs (HTTP/1.1 200) 4 headers in 158 bytes (1 switches on core 0)
Jul 19 19:05:18.893040 np0000005453 devstack@g-api.service[99706]: DEBUG glance.api.middleware.version_negotiation [None req-87606ee0-776c-47ec-9cb5-aaea9a633238 tempest-ServerBootFromVolumeStableRescueTest-1213503181 tempest-ServerBootFromVolumeStableRescueTest-1213503181-project-member] Determining version of request: GET /v2/images/a3ebe0ec-de81-4cac-9b14-09455f9e2fdc Accept: */* {{(pid=99706) process_request /opt/stack/glance/glance/api/middleware/version_negotiation.py:44}}
Jul 19 19:05:18.893040 np0000005453 devstack@g-api.service[99706]: DEBUG glance.api.middleware.version_negotiation [None req-87606ee0-776c-47ec-9cb5-aaea9a633238 tempest-ServerBootFromVolumeStableRescueTest-1213503181 tempest-ServerBootFromVolumeStableRescueTest-1213503181-project-member] Using url versioning {{(pid=99706) process_request /opt/stack/glance/glance/api/middleware/version_negotiation.py:57}}
Jul 19 19:05:18.893040 np0000005453 devstack@g-api.service[99706]: DEBUG glance.api.middleware.version_negotiation [None req-87606ee0-776c-47ec-9cb5-aaea9a633238 tempest-ServerBootFromVolumeStableRescueTest-1213503181 tempest-ServerBootFromVolumeStableRescueTest-1213503181-project-member] Matched version: v2 {{(pid=99706) process_request /opt/stack/glance/glance/api/middleware/version_negotiation.py:69}}
Jul 19 19:05:18.893040 np0000005453 devstack@g-api.service[99706]: DEBUG glance.api.middleware.version_negotiation [None req-87606ee0-776c-47ec-9cb5-aaea9a633238 tempest-ServerBootFromVolumeStableRescueTest-1213503181 tempest-ServerBootFromVolumeStableRescueTest-1213503181-project-member] new path /v2/images/a3ebe0ec-de81-4cac-9b14-09455f9e2fdc {{(pid=99706) process_request /opt/stack/glance/glance/api/middleware/version_negotiation.py:70}}
Jul 19 19:05:18.909761 np0000005453 devstack@g-api.service[99706]: [pid: 99706|app: 0|req: 50/167] 127.0.0.1 () {44 vars in 1115 bytes} [Sun Jul 19 19:05:18 2026] GET /v2/images/a3ebe0ec-de81-4cac-9b14-09455f9e2fdc => generated 1044 bytes in 17 msecs (HTTP/1.1 200) 4 headers in 158 bytes (1 switches on core 0)
Jul 19 19:05:18.922543 np0000005453 devstack@g-api.service[99707]: DEBUG glance.api.middleware.version_negotiation [None req-87606ee0-776c-47ec-9cb5-aaea9a633238 tempest-ServerBootFromVolumeStableRescueTest-1213503181 tempest-ServerBootFromVolumeStableRescueTest-1213503181-project-member] Determining version of request: GET /v2/schemas/image Accept: */* {{(pid=99707) process_request /opt/stack/glance/glance/api/middleware/version_negotiation.py:44}}
Jul 19 19:05:18.922543 np0000005453 devstack@g-api.service[99707]: DEBUG glance.api.middleware.version_negotiation [None req-87606ee0-776c-47ec-9cb5-aaea9a633238 tempest-ServerBootFromVolumeStableRescueTest-1213503181 tempest-ServerBootFromVolumeStableRescueTest-1213503181-project-member] Using url versioning {{(pid=99707) process_request /opt/stack/glance/glance/api/middleware/version_negotiation.py:57}}
Jul 19 19:05:18.922543 np0000005453 devstack@g-api.service[99707]: DEBUG glance.api.middleware.version_negotiation [None req-87606ee0-776c-47ec-9cb5-aaea9a633238 tempest-ServerBootFromVolumeStableRescueTest-1213503181 tempest-ServerBootFromVolumeStableRescueTest-1213503181-project-member] Matched version: v2 {{(pid=99707) process_request /opt/stack/glance/glance/api/middleware/version_negotiation.py:69}}
Jul 19 19:05:18.922543 np0000005453 devstack@g-api.service[99707]: DEBUG glance.api.middleware.version_negotiation [None req-87606ee0-776c-47ec-9cb5-aaea9a633238 tempest-ServerBootFromVolumeStableRescueTest-1213503181 tempest-ServerBootFromVolumeStableRescueTest-1213503181-project-member] new path /v2/schemas/image {{(pid=99707) process_request /opt/stack/glance/glance/api/middleware/version_negotiation.py:70}}
Jul 19 19:05:18.927345 np0000005453 devstack@g-api.service[99707]: [pid: 99707|app: 0|req: 59/168] 127.0.0.1 () {44 vars in 1055 bytes} [Sun Jul 19 19:05:18 2026] GET /v2/schemas/image => generated 6083 bytes in 6 msecs (HTTP/1.1 200) 4 headers in 158 bytes (1 switches on core 0)
Jul 19 19:05:18.940899 np0000005453 devstack@g-api.service[99705]: DEBUG glance.api.middleware.version_negotiation [None req-87606ee0-776c-47ec-9cb5-aaea9a633238 tempest-ServerBootFromVolumeStableRescueTest-1213503181 tempest-ServerBootFromVolumeStableRescueTest-1213503181-project-member] Determining version of request: GET /v2/schemas/image Accept: */* {{(pid=99705) process_request /opt/stack/glance/glance/api/middleware/version_negotiation.py:44}}
Jul 19 19:05:18.941096 np0000005453 devstack@g-api.service[99705]: DEBUG glance.api.middleware.version_negotiation [None req-87606ee0-776c-47ec-9cb5-aaea9a633238 tempest-ServerBootFromVolumeStableRescueTest-1213503181 tempest-ServerBootFromVolumeStableRescueTest-1213503181-project-member] Using url versioning {{(pid=99705) process_request /opt/stack/glance/glance/api/middleware/version_negotiation.py:57}}
