Jul 19 19:00:57.777072 np0000005453 nova-scheduler[93453]: DEBUG cotyledon.oslo_config_glue [-] oslo_messaging_rabbit.rabbit_quorum_delivery_limit = 0 {{(pid=93453) log_opt_values /opt/stack/data/venv/lib/python3.12/site-packages/oslo_config/cfg.py:3253}}
Jul 19 19:00:57.777072 np0000005453 nova-scheduler[93453]: DEBUG cotyledon.oslo_config_glue [-] oslo_messaging_rabbit.rabbit_quorum_max_memory_bytes = 0 {{(pid=93453) log_opt_values /opt/stack/data/venv/lib/python3.12/site-packages/oslo_config/cfg.py:3253}}
Jul 19 19:00:57.777072 np0000005453 nova-scheduler[93453]: DEBUG cotyledon.oslo_config_glue [-] oslo_messaging_rabbit.rabbit_quorum_max_memory_length = 0 {{(pid=93453) log_opt_values /opt/stack/data/venv/lib/python3.12/site-packages/oslo_config/cfg.py:3253}}
Jul 19 19:00:57.777072 np0000005453 nova-scheduler[93453]: DEBUG cotyledon.oslo_config_glue [-] oslo_messaging_rabbit.rabbit_quorum_queue = False {{(pid=93453) log_opt_values /opt/stack/data/venv/lib/python3.12/site-packages/oslo_config/cfg.py:3253}}
Jul 19 19:00:57.777373 np0000005453 nova-scheduler[93453]: DEBUG cotyledon.oslo_config_glue [-] oslo_messaging_rabbit.rabbit_retry_backoff = 2 {{(pid=93453) log_opt_values /opt/stack/data/venv/lib/python3.12/site-packages/oslo_config/cfg.py:3253}}
Jul 19 19:00:57.777373 np0000005453 nova-scheduler[93453]: DEBUG cotyledon.oslo_config_glue [-] oslo_messaging_rabbit.rabbit_retry_interval = 1 {{(pid=93453) log_opt_values /opt/stack/data/venv/lib/python3.12/site-packages/oslo_config/cfg.py:3253}}
Jul 19 19:00:57.777373 np0000005453 nova-scheduler[93453]: DEBUG cotyledon.oslo_config_glue [-] oslo_messaging_rabbit.rabbit_stream_fanout = False {{(pid=93453) log_opt_values /opt/stack/data/venv/lib/python3.12/site-packages/oslo_config/cfg.py:3253}}
Jul 19 19:00:57.777373 np0000005453 nova-scheduler[93453]: DEBUG cotyledon.oslo_config_glue [-] oslo_messaging_rabbit.rabbit_transient_queues_ttl = 1800 {{(pid=93453) log_opt_values /opt/stack/data/venv/lib/python3.12/site-packages/oslo_config/cfg.py:3253}}
Jul 19 19:00:57.777373 np0000005453 nova-scheduler[93453]: DEBUG cotyledon.oslo_config_glue [-] oslo_messaging_rabbit.rabbit_transient_quorum_queue = False {{(pid=93453) log_opt_values /opt/stack/data/venv/lib/python3.12/site-packages/oslo_config/cfg.py:3253}}
Jul 19 19:00:57.777373 np0000005453 nova-scheduler[93453]: DEBUG cotyledon.oslo_config_glue [-] oslo_messaging_rabbit.rpc_conn_pool_size = 30 {{(pid=93453) log_opt_values /opt/stack/data/venv/lib/python3.12/site-packages/oslo_config/cfg.py:3253}}
Jul 19 19:00:57.777373 np0000005453 nova-scheduler[93453]: DEBUG cotyledon.oslo_config_glue [-] oslo_messaging_rabbit.ssl = False {{(pid=93453) log_opt_values /opt/stack/data/venv/lib/python3.12/site-packages/oslo_config/cfg.py:3253}}
Jul 19 19:00:57.777373 np0000005453 nova-scheduler[93453]: DEBUG cotyledon.oslo_config_glue [-] oslo_messaging_rabbit.ssl_ca_file = {{(pid=93453) log_opt_values /opt/stack/data/venv/lib/python3.12/site-packages/oslo_config/cfg.py:3253}}
Jul 19 19:00:57.777373 np0000005453 nova-scheduler[93453]: DEBUG cotyledon.oslo_config_glue [-] oslo_messaging_rabbit.ssl_cert_file = {{(pid=93453) log_opt_values /opt/stack/data/venv/lib/python3.12/site-packages/oslo_config/cfg.py:3253}}
Jul 19 19:00:57.777688 np0000005453 nova-scheduler[93453]: DEBUG cotyledon.oslo_config_glue [-] oslo_messaging_rabbit.ssl_enforce_fips_mode = False {{(pid=93453) log_opt_values /opt/stack/data/venv/lib/python3.12/site-packages/oslo_config/cfg.py:3253}}
Jul 19 19:00:57.777688 np0000005453 nova-scheduler[93453]: DEBUG cotyledon.oslo_config_glue [-] oslo_messaging_rabbit.ssl_enforce_hostname_verification = True {{(pid=93453) log_opt_values /opt/stack/data/venv/lib/python3.12/site-packages/oslo_config/cfg.py:3253}}
Jul 19 19:00:57.777688 np0000005453 nova-scheduler[93453]: DEBUG cotyledon.oslo_config_glue [-] oslo_messaging_rabbit.ssl_key_file = {{(pid=93453) log_opt_values /opt/stack/data/venv/lib/python3.12/site-packages/oslo_config/cfg.py:3253}}
Jul 19 19:00:57.777688 np0000005453 nova-scheduler[93453]: DEBUG cotyledon.oslo_config_glue [-] oslo_messaging_rabbit.ssl_version = {{(pid=93453) log_opt_values /opt/stack/data/venv/lib/python3.12/site-packages/oslo_config/cfg.py:3253}}
Jul 19 19:00:57.777688 np0000005453 nova-scheduler[93453]: DEBUG cotyledon.oslo_config_glue [-] oslo_messaging_rabbit.use_queue_manager = False {{(pid=93453) log_opt_values /opt/stack/data/venv/lib/python3.12/site-packages/oslo_config/cfg.py:3253}}
Jul 19 19:00:57.777688 np0000005453 nova-scheduler[93453]: DEBUG cotyledon.oslo_config_glue [-] oslo_messaging_notifications.driver = ['messagingv2'] {{(pid=93453) log_opt_values /opt/stack/data/venv/lib/python3.12/site-packages/oslo_config/cfg.py:3253}}
Jul 19 19:00:57.777688 np0000005453 nova-scheduler[93453]: DEBUG cotyledon.oslo_config_glue [-] oslo_messaging_notifications.retry = -1 {{(pid=93453) log_opt_values /opt/stack/data/venv/lib/python3.12/site-packages/oslo_config/cfg.py:3253}}
Jul 19 19:00:57.777688 np0000005453 nova-scheduler[93453]: DEBUG cotyledon.oslo_config_glue [-] oslo_messaging_notifications.topics = ['notifications'] {{(pid=93453) log_opt_values /opt/stack/data/venv/lib/python3.12/site-packages/oslo_config/cfg.py:3253}}
Jul 19 19:00:57.777688 np0000005453 nova-scheduler[93453]: DEBUG cotyledon.oslo_config_glue [-] oslo_messaging_notifications.transport_url = **** {{(pid=93453) log_opt_values /opt/stack/data/venv/lib/python3.12/site-packages/oslo_config/cfg.py:3253}}
Jul 19 19:00:57.777980 np0000005453 nova-scheduler[93453]: DEBUG cotyledon.oslo_config_glue [-] oslo_limit.auth_section = None {{(pid=93453) log_opt_values /opt/stack/data/venv/lib/python3.12/site-packages/oslo_config/cfg.py:3253}}
Jul 19 19:00:57.777980 np0000005453 nova-scheduler[93453]: DEBUG cotyledon.oslo_config_glue [-] oslo_limit.auth_type = None {{(pid=93453) log_opt_values /opt/stack/data/venv/lib/python3.12/site-packages/oslo_config/cfg.py:3253}}
Jul 19 19:00:57.777980 np0000005453 nova-scheduler[93453]: DEBUG cotyledon.oslo_config_glue [-] oslo_limit.cafile = None {{(pid=93453) log_opt_values /opt/stack/data/venv/lib/python3.12/site-packages/oslo_config/cfg.py:3253}}
Jul 19 19:00:57.777980 np0000005453 nova-scheduler[93453]: DEBUG cotyledon.oslo_config_glue [-] oslo_limit.certfile = None {{(pid=93453) log_opt_values /opt/stack/data/venv/lib/python3.12/site-packages/oslo_config/cfg.py:3253}}
Jul 19 19:00:57.777980 np0000005453 nova-scheduler[93453]: DEBUG cotyledon.oslo_config_glue [-] oslo_limit.collect_timing = False {{(pid=93453) log_opt_values /opt/stack/data/venv/lib/python3.12/site-packages/oslo_config/cfg.py:3253}}
Jul 19 19:00:57.777980 np0000005453 nova-scheduler[93453]: DEBUG cotyledon.oslo_config_glue [-] oslo_limit.connect_retries = None {{(pid=93453) log_opt_values /opt/stack/data/venv/lib/python3.12/site-packages/oslo_config/cfg.py:3253}}
Jul 19 19:00:57.777980 np0000005453 nova-scheduler[93453]: DEBUG cotyledon.oslo_config_glue [-] oslo_limit.connect_retry_delay = None {{(pid=93453) log_opt_values /opt/stack/data/venv/lib/python3.12/site-packages/oslo_config/cfg.py:3253}}
Jul 19 19:00:57.777980 np0000005453 nova-scheduler[93453]: DEBUG cotyledon.oslo_config_glue [-] oslo_limit.endpoint_id = None {{(pid=93453) log_opt_values /opt/stack/data/venv/lib/python3.12/site-packages/oslo_config/cfg.py:3253}}
Jul 19 19:00:57.777980 np0000005453 nova-scheduler[93453]: DEBUG cotyledon.oslo_config_glue [-] oslo_limit.endpoint_interface = public {{(pid=93453) log_opt_values /opt/stack/data/venv/lib/python3.12/site-packages/oslo_config/cfg.py:3253}}
Jul 19 19:00:57.778269 np0000005453 nova-scheduler[93453]: DEBUG cotyledon.oslo_config_glue [-] oslo_limit.endpoint_override = None {{(pid=93453) log_opt_values /opt/stack/data/venv/lib/python3.12/site-packages/oslo_config/cfg.py:3253}}
Jul 19 19:00:57.778269 np0000005453 nova-scheduler[93453]: DEBUG cotyledon.oslo_config_glue [-] oslo_limit.endpoint_region_name = None {{(pid=93453) log_opt_values /opt/stack/data/venv/lib/python3.12/site-packages/oslo_config/cfg.py:3253}}
Jul 19 19:00:57.778269 np0000005453 nova-scheduler[93453]: DEBUG cotyledon.oslo_config_glue [-] oslo_limit.endpoint_service_name = None {{(pid=93453) log_opt_values /opt/stack/data/venv/lib/python3.12/site-packages/oslo_config/cfg.py:3253}}
Jul 19 19:00:57.778269 np0000005453 nova-scheduler[93453]: DEBUG cotyledon.oslo_config_glue [-] oslo_limit.endpoint_service_type = None {{(pid=93453) log_opt_values /opt/stack/data/venv/lib/python3.12/site-packages/oslo_config/cfg.py:3253}}
Jul 19 19:00:57.778269 np0000005453 nova-scheduler[93453]: DEBUG cotyledon.oslo_config_glue [-] oslo_limit.insecure = False {{(pid=93453) log_opt_values /opt/stack/data/venv/lib/python3.12/site-packages/oslo_config/cfg.py:3253}}
Jul 19 19:00:57.778269 np0000005453 nova-scheduler[93453]: DEBUG cotyledon.oslo_config_glue [-] oslo_limit.keyfile = None {{(pid=93453) log_opt_values /opt/stack/data/venv/lib/python3.12/site-packages/oslo_config/cfg.py:3253}}
Jul 19 19:00:57.778269 np0000005453 nova-scheduler[93453]: DEBUG cotyledon.oslo_config_glue [-] oslo_limit.max_version = None {{(pid=93453) log_opt_values /opt/stack/data/venv/lib/python3.12/site-packages/oslo_config/cfg.py:3253}}
Jul 19 19:00:57.778269 np0000005453 nova-scheduler[93453]: DEBUG cotyledon.oslo_config_glue [-] oslo_limit.min_version = None {{(pid=93453) log_opt_values /opt/stack/data/venv/lib/python3.12/site-packages/oslo_config/cfg.py:3253}}
Jul 19 19:00:57.778269 np0000005453 nova-scheduler[93453]: DEBUG cotyledon.oslo_config_glue [-] oslo_limit.region_name = None {{(pid=93453) log_opt_values /opt/stack/data/venv/lib/python3.12/site-packages/oslo_config/cfg.py:3253}}
Jul 19 19:00:57.778580 np0000005453 nova-scheduler[93453]: DEBUG cotyledon.oslo_config_glue [-] oslo_limit.retriable_status_codes = None {{(pid=93453) log_opt_values /opt/stack/data/venv/lib/python3.12/site-packages/oslo_config/cfg.py:3253}}
Jul 19 19:00:57.778580 np0000005453 nova-scheduler[93453]: DEBUG cotyledon.oslo_config_glue [-] oslo_limit.service_name = None {{(pid=93453) log_opt_values /opt/stack/data/venv/lib/python3.12/site-packages/oslo_config/cfg.py:3253}}
Jul 19 19:00:57.778580 np0000005453 nova-scheduler[93453]: DEBUG cotyledon.oslo_config_glue [-] oslo_limit.service_type = None {{(pid=93453) log_opt_values /opt/stack/data/venv/lib/python3.12/site-packages/oslo_config/cfg.py:3253}}
Jul 19 19:00:57.778580 np0000005453 nova-scheduler[93453]: DEBUG cotyledon.oslo_config_glue [-] oslo_limit.split_loggers = False {{(pid=93453) log_opt_values /opt/stack/data/venv/lib/python3.12/site-packages/oslo_config/cfg.py:3253}}
Jul 19 19:00:57.778580 np0000005453 nova-scheduler[93453]: DEBUG cotyledon.oslo_config_glue [-] oslo_limit.status_code_retries = None {{(pid=93453) log_opt_values /opt/stack/data/venv/lib/python3.12/site-packages/oslo_config/cfg.py:3253}}
Jul 19 19:00:57.778580 np0000005453 nova-scheduler[93453]: DEBUG cotyledon.oslo_config_glue [-] oslo_limit.status_code_retry_delay = None {{(pid=93453) log_opt_values /opt/stack/data/venv/lib/python3.12/site-packages/oslo_config/cfg.py:3253}}
Jul 19 19:00:57.778580 np0000005453 nova-scheduler[93453]: DEBUG cotyledon.oslo_config_glue [-] oslo_limit.timeout = None {{(pid=93453) log_opt_values /opt/stack/data/venv/lib/python3.12/site-packages/oslo_config/cfg.py:3253}}
Jul 19 19:00:57.778580 np0000005453 nova-scheduler[93453]: DEBUG cotyledon.oslo_config_glue [-] oslo_limit.valid_interfaces = None {{(pid=93453) log_opt_values /opt/stack/data/venv/lib/python3.12/site-packages/oslo_config/cfg.py:3253}}
Jul 19 19:00:57.778580 np0000005453 nova-scheduler[93453]: DEBUG cotyledon.oslo_config_glue [-] oslo_limit.version = None {{(pid=93453) log_opt_values /opt/stack/data/venv/lib/python3.12/site-packages/oslo_config/cfg.py:3253}}
Jul 19 19:00:57.778870 np0000005453 nova-scheduler[93453]: DEBUG cotyledon.oslo_config_glue [-] oslo_reports.file_event_handler = None {{(pid=93453) log_opt_values /opt/stack/data/venv/lib/python3.12/site-packages/oslo_config/cfg.py:3253}}
Jul 19 19:00:57.778870 np0000005453 nova-scheduler[93453]: DEBUG cotyledon.oslo_config_glue [-] oslo_reports.file_event_handler_interval = 1 {{(pid=93453) log_opt_values /opt/stack/data/venv/lib/python3.12/site-packages/oslo_config/cfg.py:3253}}
Jul 19 19:00:57.778870 np0000005453 nova-scheduler[93453]: DEBUG cotyledon.oslo_config_glue [-] oslo_reports.log_dir = None {{(pid=93453) log_opt_values /opt/stack/data/venv/lib/python3.12/site-packages/oslo_config/cfg.py:3253}}
Jul 19 19:00:57.778870 np0000005453 nova-scheduler[93453]: DEBUG cotyledon.oslo_config_glue [-] ******************************************************************************** {{(pid=93453) log_opt_values /opt/stack/data/venv/lib/python3.12/site-packages/oslo_config/cfg.py:3260}}
Jul 19 19:00:57.778870 np0000005453 nova-scheduler[93453]: DEBUG cotyledon._service_worker [-] Run service ServiceWrapper(2) [93453] {{(pid=93453) wait_forever /opt/stack/data/venv/lib/python3.12/site-packages/cotyledon/_service_worker.py:218}}
Jul 19 19:00:57.778870 np0000005453 nova-scheduler[93453]: INFO nova.service [-] Starting scheduler node (version 33.1.0)
Jul 19 19:00:57.778870 np0000005453 nova-scheduler[93453]: INFO dbcounter [None req-12599131-d2ec-41f2-9a43-b9e56a7b937a None None] Registered counter for database nova_cell0
Jul 19 19:00:57.785944 np0000005453 nova-scheduler[93422]: DEBUG oslo_db.sqlalchemy.engines [None req-eb6b5dba-4ae2-4772-92d9-a557dc38b727 None None] MySQL server mode set to STRICT_TRANS_TABLES,STRICT_ALL_TABLES,NO_ZERO_IN_DATE,NO_ZERO_DATE,ERROR_FOR_DIVISION_BY_ZERO,TRADITIONAL,NO_ENGINE_SUBSTITUTION {{(pid=93422) _check_effective_sql_mode /opt/stack/data/venv/lib/python3.12/site-packages/oslo_db/sqlalchemy/engines.py:325}}
Jul 19 19:00:57.792103 np0000005453 nova-scheduler[93437]: DEBUG oslo_db.sqlalchemy.engines [None req-c93dab04-f816-4b17-a23f-82708d2606aa None None] MySQL server mode set to STRICT_TRANS_TABLES,STRICT_ALL_TABLES,NO_ZERO_IN_DATE,NO_ZERO_DATE,ERROR_FOR_DIVISION_BY_ZERO,TRADITIONAL,NO_ENGINE_SUBSTITUTION {{(pid=93437) _check_effective_sql_mode /opt/stack/data/venv/lib/python3.12/site-packages/oslo_db/sqlalchemy/engines.py:325}}
Jul 19 19:00:57.795389 np0000005453 nova-scheduler[93422]: DEBUG dbcounter [-] [93422] Writer thread running {{(pid=93422) stat_writer /opt/stack/data/venv/lib/python3.12/site-packages/dbcounter.py:102}}
Jul 19 19:00:57.801990 np0000005453 nova-scheduler[93437]: DEBUG dbcounter [-] [93437] Writer thread running {{(pid=93437) stat_writer /opt/stack/data/venv/lib/python3.12/site-packages/dbcounter.py:102}}
Jul 19 19:00:57.806567 np0000005453 nova-scheduler[93453]: DEBUG oslo_db.sqlalchemy.engines [None req-12599131-d2ec-41f2-9a43-b9e56a7b937a None None] MySQL server mode set to STRICT_TRANS_TABLES,STRICT_ALL_TABLES,NO_ZERO_IN_DATE,NO_ZERO_DATE,ERROR_FOR_DIVISION_BY_ZERO,TRADITIONAL,NO_ENGINE_SUBSTITUTION {{(pid=93453) _check_effective_sql_mode /opt/stack/data/venv/lib/python3.12/site-packages/oslo_db/sqlalchemy/engines.py:325}}
Jul 19 19:00:57.809066 np0000005453 nova-scheduler[93422]: DEBUG nova.service [None req-eb6b5dba-4ae2-4772-92d9-a557dc38b727 None None] Creating RPC server for service: nova-scheduler on topic: scheduler {{(pid=93422) start /opt/stack/nova/nova/service.py:196}}
Jul 19 19:00:57.815269 np0000005453 nova-scheduler[93453]: DEBUG dbcounter [-] [93453] Writer thread running {{(pid=93453) stat_writer /opt/stack/data/venv/lib/python3.12/site-packages/dbcounter.py:102}}
Jul 19 19:00:57.816659 np0000005453 nova-scheduler[93437]: DEBUG nova.service [None req-c93dab04-f816-4b17-a23f-82708d2606aa None None] Creating RPC server for service: nova-scheduler on topic: scheduler {{(pid=93437) start /opt/stack/nova/nova/service.py:196}}
Jul 19 19:00:57.818415 np0000005453 nova-scheduler[93453]: DEBUG nova.service [None req-12599131-d2ec-41f2-9a43-b9e56a7b937a None None] Creating RPC server for service: nova-scheduler on topic: scheduler {{(pid=93453) start /opt/stack/nova/nova/service.py:196}}
Jul 19 19:00:57.833050 np0000005453 nova-scheduler[93422]: DEBUG nova.service [None req-eb6b5dba-4ae2-4772-92d9-a557dc38b727 None None] Join ServiceGroup membership for this service scheduler {{(pid=93422) start /opt/stack/nova/nova/service.py:222}}
Jul 19 19:00:57.833416 np0000005453 nova-scheduler[93422]: DEBUG nova.servicegroup.drivers.db [None req-eb6b5dba-4ae2-4772-92d9-a557dc38b727 None None] DB_Driver: join new ServiceGroup member np0000005453 to the scheduler group, service = {{(pid=93422) join /opt/stack/nova/nova/servicegroup/drivers/db.py:44}}
Jul 19 19:00:57.834347 np0000005453 nova-scheduler[93437]: DEBUG nova.service [None req-c93dab04-f816-4b17-a23f-82708d2606aa None None] Join ServiceGroup membership for this service scheduler {{(pid=93437) start /opt/stack/nova/nova/service.py:222}}
Jul 19 19:00:57.834584 np0000005453 nova-scheduler[93437]: DEBUG nova.servicegroup.drivers.db [None req-c93dab04-f816-4b17-a23f-82708d2606aa None None] DB_Driver: join new ServiceGroup member np0000005453 to the scheduler group, service = {{(pid=93437) join /opt/stack/nova/nova/servicegroup/drivers/db.py:44}}
Jul 19 19:00:57.836319 np0000005453 nova-scheduler[93453]: DEBUG nova.service [None req-12599131-d2ec-41f2-9a43-b9e56a7b937a None None] Join ServiceGroup membership for this service scheduler {{(pid=93453) start /opt/stack/nova/nova/service.py:222}}
Jul 19 19:00:57.836516 np0000005453 nova-scheduler[93453]: DEBUG nova.servicegroup.drivers.db [None req-12599131-d2ec-41f2-9a43-b9e56a7b937a None None] DB_Driver: join new ServiceGroup member np0000005453 to the scheduler group, service = {{(pid=93453) join /opt/stack/nova/nova/servicegroup/drivers/db.py:44}}
Jul 19 19:01:02.850850 np0000005453 nova-scheduler[93437]: DEBUG oslo.service.backend._threading.loopingcall [-] Fixed interval looping call 'nova.servicegroup.drivers.db.DbDriver._report_state' sleeping for 119.99 seconds {{(pid=93437) _run_loop /opt/stack/data/venv/lib/python3.12/site-packages/oslo_service/backend/_threading/loopingcall.py:125}}
Jul 19 19:01:02.851628 np0000005453 nova-scheduler[93422]: DEBUG oslo.service.backend._threading.loopingcall [-] Fixed interval looping call 'nova.servicegroup.drivers.db.DbDriver._report_state' sleeping for 119.98 seconds {{(pid=93422) _run_loop /opt/stack/data/venv/lib/python3.12/site-packages/oslo_service/backend/_threading/loopingcall.py:125}}
Jul 19 19:01:02.853490 np0000005453 nova-scheduler[93453]: DEBUG oslo.service.backend._threading.loopingcall [-] Fixed interval looping call 'nova.servicegroup.drivers.db.DbDriver._report_state' sleeping for 119.98 seconds {{(pid=93453) _run_loop /opt/stack/data/venv/lib/python3.12/site-packages/oslo_service/backend/_threading/loopingcall.py:125}}
Jul 19 19:01:06.416089 np0000005453 nova-scheduler[92168]: DEBUG dbcounter [-] [92168] Writing DB stats nova_api:SELECT=3 {{(pid=92168) stat_writer /opt/stack/data/venv/lib/python3.12/site-packages/dbcounter.py:115}}
Jul 19 19:01:06.535744 np0000005453 nova-scheduler[92168]: DEBUG dbcounter [-] [92168] Writing DB stats nova_cell0:SELECT=1 {{(pid=92168) stat_writer /opt/stack/data/venv/lib/python3.12/site-packages/dbcounter.py:115}}
Jul 19 19:01:06.539839 np0000005453 nova-scheduler[92168]: DEBUG dbcounter [-] [92168] Writing DB stats nova_cell1:SELECT=1 {{(pid=92168) stat_writer /opt/stack/data/venv/lib/python3.12/site-packages/dbcounter.py:115}}
Jul 19 19:01:12.837966 np0000005453 nova-scheduler[93437]: DEBUG oslo.service.backend._threading.loopingcall [None req-72f1d5ca-79f3-4e8e-b266-f8164c806d62 None None] Dynamic interval looping call 'nova.service.Service.periodic_tasks' sleeping for 60.00 seconds {{(pid=93437) _run_loop /opt/stack/data/venv/lib/python3.12/site-packages/oslo_service/backend/_threading/loopingcall.py:125}}
Jul 19 19:01:12.845619 np0000005453 nova-scheduler[93437]: DEBUG dbcounter [-] [93437] Writing DB stats nova_cell0:SELECT=5,nova_cell0:INSERT=1,nova_cell0:UPDATE=1 {{(pid=93437) stat_writer /opt/stack/data/venv/lib/python3.12/site-packages/dbcounter.py:115}}
Jul 19 19:01:12.846818 np0000005453 nova-scheduler[93453]: DEBUG dbcounter [-] [93453] Writing DB stats nova_cell0:SELECT=3 {{(pid=93453) stat_writer /opt/stack/data/venv/lib/python3.12/site-packages/dbcounter.py:115}}
Jul 19 19:01:12.849480 np0000005453 nova-scheduler[93422]: DEBUG dbcounter [-] [93422] Writing DB stats nova_cell0:SELECT=4,nova_cell0:INSERT=1,nova_cell0:UPDATE=1 {{(pid=93422) stat_writer /opt/stack/data/venv/lib/python3.12/site-packages/dbcounter.py:115}}
Jul 19 19:01:23.835676 np0000005453 nova-scheduler[93422]: DEBUG oslo.service.backend._threading.loopingcall [None req-fecfa5c3-d973-4639-92db-8aa7846f2e9b None None] Dynamic interval looping call 'nova.service.Service.periodic_tasks' sleeping for 60.00 seconds {{(pid=93422) _run_loop /opt/stack/data/venv/lib/python3.12/site-packages/oslo_service/backend/_threading/loopingcall.py:125}}
Jul 19 19:01:23.838831 np0000005453 nova-scheduler[93453]: DEBUG oslo.service.backend._threading.loopingcall [None req-e16ffa0e-213e-4e22-a51c-2df2100393bb None None] Dynamic interval looping call 'nova.service.Service.periodic_tasks' sleeping for 60.00 seconds {{(pid=93453) _run_loop /opt/stack/data/venv/lib/python3.12/site-packages/oslo_service/backend/_threading/loopingcall.py:125}}
Jul 19 19:02:12.838492 np0000005453 nova-scheduler[93437]: DEBUG oslo.service.backend._threading.loopingcall [None req-72f1d5ca-79f3-4e8e-b266-f8164c806d62 None None] Dynamic interval looping call 'nova.service.Service.periodic_tasks' sleeping for 60.00 seconds {{(pid=93437) _run_loop /opt/stack/data/venv/lib/python3.12/site-packages/oslo_service/backend/_threading/loopingcall.py:125}}
Jul 19 19:02:23.836199 np0000005453 nova-scheduler[93422]: DEBUG oslo.service.backend._threading.loopingcall [None req-fecfa5c3-d973-4639-92db-8aa7846f2e9b None None] Dynamic interval looping call 'nova.service.Service.periodic_tasks' sleeping for 60.00 seconds {{(pid=93422) _run_loop /opt/stack/data/venv/lib/python3.12/site-packages/oslo_service/backend/_threading/loopingcall.py:125}}
Jul 19 19:02:23.839329 np0000005453 nova-scheduler[93453]: DEBUG oslo.service.backend._threading.loopingcall [None req-e16ffa0e-213e-4e22-a51c-2df2100393bb None None] Dynamic interval looping call 'nova.service.Service.periodic_tasks' sleeping for 60.00 seconds {{(pid=93453) _run_loop /opt/stack/data/venv/lib/python3.12/site-packages/oslo_service/backend/_threading/loopingcall.py:125}}
Jul 19 19:03:02.837376 np0000005453 nova-scheduler[93422]: DEBUG oslo.service.backend._threading.loopingcall [-] Fixed interval looping call 'nova.servicegroup.drivers.db.DbDriver._report_state' sleeping for 119.99 seconds {{(pid=93422) _run_loop /opt/stack/data/venv/lib/python3.12/site-packages/oslo_service/backend/_threading/loopingcall.py:125}}
Jul 19 19:03:02.840224 np0000005453 nova-scheduler[93453]: DEBUG oslo.service.backend._threading.loopingcall [-] Fixed interval looping call 'nova.servicegroup.drivers.db.DbDriver._report_state' sleeping for 119.99 seconds {{(pid=93453) _run_loop /opt/stack/data/venv/lib/python3.12/site-packages/oslo_service/backend/_threading/loopingcall.py:125}}
Jul 19 19:03:02.845977 np0000005453 nova-scheduler[93437]: DEBUG oslo.service.backend._threading.loopingcall [-] Fixed interval looping call 'nova.servicegroup.drivers.db.DbDriver._report_state' sleeping for 119.99 seconds {{(pid=93437) _run_loop /opt/stack/data/venv/lib/python3.12/site-packages/oslo_service/backend/_threading/loopingcall.py:125}}
Jul 19 19:03:12.834864 np0000005453 nova-scheduler[93422]: DEBUG dbcounter [-] [93422] Writing DB stats nova_cell0:SELECT=1,nova_cell0:UPDATE=1 {{(pid=93422) stat_writer /opt/stack/data/venv/lib/python3.12/site-packages/dbcounter.py:115}}
Jul 19 19:03:12.838963 np0000005453 nova-scheduler[93453]: DEBUG dbcounter [-] [93453] Writing DB stats nova_cell0:SELECT=1,nova_cell0:UPDATE=1 {{(pid=93453) stat_writer /opt/stack/data/venv/lib/python3.12/site-packages/dbcounter.py:115}}
Jul 19 19:03:12.839558 np0000005453 nova-scheduler[93437]: DEBUG oslo.service.backend._threading.loopingcall [None req-72f1d5ca-79f3-4e8e-b266-f8164c806d62 None None] Dynamic interval looping call 'nova.service.Service.periodic_tasks' sleeping for 60.00 seconds {{(pid=93437) _run_loop /opt/stack/data/venv/lib/python3.12/site-packages/oslo_service/backend/_threading/loopingcall.py:125}}
Jul 19 19:03:12.843948 np0000005453 nova-scheduler[93437]: DEBUG dbcounter [-] [93437] Writing DB stats nova_cell0:SELECT=1 {{(pid=93437) stat_writer /opt/stack/data/venv/lib/python3.12/site-packages/dbcounter.py:115}}
Jul 19 19:03:23.836704 np0000005453 nova-scheduler[93422]: DEBUG oslo.service.backend._threading.loopingcall [None req-fecfa5c3-d973-4639-92db-8aa7846f2e9b None None] Dynamic interval looping call 'nova.service.Service.periodic_tasks' sleeping for 60.00 seconds {{(pid=93422) _run_loop /opt/stack/data/venv/lib/python3.12/site-packages/oslo_service/backend/_threading/loopingcall.py:125}}
Jul 19 19:03:23.840106 np0000005453 nova-scheduler[93453]: DEBUG oslo.service.backend._threading.loopingcall [None req-e16ffa0e-213e-4e22-a51c-2df2100393bb None None] Dynamic interval looping call 'nova.service.Service.periodic_tasks' sleeping for 60.00 seconds {{(pid=93453) _run_loop /opt/stack/data/venv/lib/python3.12/site-packages/oslo_service/backend/_threading/loopingcall.py:125}}
Jul 19 19:03:25.384248 np0000005453 nova-scheduler[93422]: DEBUG nova.scheduler.manager [None req-5800f122-735b-4fd3-a5ba-114736a12666 tempest-DeleteServersTestJSON-2071991163 tempest-DeleteServersTestJSON-2071991163-project-member] Starting to schedule for instances: ['d9d15d46-98b2-4467-86c7-e1b628b90701'] {{(pid=93422) select_destinations /opt/stack/nova/nova/scheduler/manager.py:209}}
Jul 19 19:03:25.384674 np0000005453 nova-scheduler[93422]: DEBUG nova.scheduler.request_filter [None req-5800f122-735b-4fd3-a5ba-114736a12666 tempest-DeleteServersTestJSON-2071991163 tempest-DeleteServersTestJSON-2071991163-project-member] compute_status_filter request filter added forbidden trait COMPUTE_STATUS_DISABLED {{(pid=93422) compute_status_filter /opt/stack/nova/nova/scheduler/request_filter.py:253}}
Jul 19 19:03:25.384674 np0000005453 nova-scheduler[93422]: DEBUG nova.scheduler.request_filter [None req-5800f122-735b-4fd3-a5ba-114736a12666 tempest-DeleteServersTestJSON-2071991163 tempest-DeleteServersTestJSON-2071991163-project-member] Request filter 'compute_status_filter' took 0.0 seconds {{(pid=93422) wrapper /opt/stack/nova/nova/scheduler/request_filter.py:46}}
Jul 19 19:03:25.384942 np0000005453 nova-scheduler[93422]: DEBUG nova.scheduler.request_filter [None req-5800f122-735b-4fd3-a5ba-114736a12666 tempest-DeleteServersTestJSON-2071991163 tempest-DeleteServersTestJSON-2071991163-project-member] Request filter 'accelerators_filter' took 0.0 seconds {{(pid=93422) wrapper /opt/stack/nova/nova/scheduler/request_filter.py:46}}
Jul 19 19:03:25.385057 np0000005453 nova-scheduler[93422]: DEBUG nova.scheduler.request_filter [None req-5800f122-735b-4fd3-a5ba-114736a12666 tempest-DeleteServersTestJSON-2071991163 tempest-DeleteServersTestJSON-2071991163-project-member] Request filter 'packed_virtqueue_filter' took 0.0 seconds {{(pid=93422) wrapper /opt/stack/nova/nova/scheduler/request_filter.py:46}}
Jul 19 19:03:25.385331 np0000005453 nova-scheduler[93422]: DEBUG nova.scheduler.request_filter [None req-5800f122-735b-4fd3-a5ba-114736a12666 tempest-DeleteServersTestJSON-2071991163 tempest-DeleteServersTestJSON-2071991163-project-member] Request filter 'remote_managed_ports_filter' took 0.0 seconds {{(pid=93422) wrapper /opt/stack/nova/nova/scheduler/request_filter.py:46}}
Jul 19 19:03:25.385517 np0000005453 nova-scheduler[93422]: DEBUG nova.scheduler.request_filter [None req-5800f122-735b-4fd3-a5ba-114736a12666 tempest-DeleteServersTestJSON-2071991163 tempest-DeleteServersTestJSON-2071991163-project-member] ephemeral_encryption_filter skipped {{(pid=93422) ephemeral_encryption_filter /opt/stack/nova/nova/scheduler/request_filter.py:426}}
Jul 19 19:03:25.386476 np0000005453 nova-scheduler[93422]: DEBUG nova.scheduler.request_filter [None req-5800f122-735b-4fd3-a5ba-114736a12666 tempest-DeleteServersTestJSON-2071991163 tempest-DeleteServersTestJSON-2071991163-project-member] virtio_sound_filter skipped {{(pid=93422) virtio_sound_filter /opt/stack/nova/nova/scheduler/request_filter.py:460}}
Jul 19 19:03:25.386476 np0000005453 nova-scheduler[93422]: DEBUG nova.scheduler.request_filter [None req-5800f122-735b-4fd3-a5ba-114736a12666 tempest-DeleteServersTestJSON-2071991163 tempest-DeleteServersTestJSON-2071991163-project-member] tpm_secret_security_filter skipped {{(pid=93422) tpm_secret_security_filter /opt/stack/nova/nova/scheduler/request_filter.py:477}}
Jul 19 19:03:25.923229 np0000005453 nova-scheduler[93422]: INFO nova.utils [None req-5800f122-735b-4fd3-a5ba-114736a12666 tempest-DeleteServersTestJSON-2071991163 tempest-DeleteServersTestJSON-2071991163-project-member] The cell worker thread pool ForkProcess-1.cell_worker is initialized
Jul 19 19:03:25.923990 np0000005453 nova-scheduler[93422]: DEBUG oslo_concurrency.lockutils [None req-5800f122-735b-4fd3-a5ba-114736a12666 tempest-DeleteServersTestJSON-2071991163 tempest-DeleteServersTestJSON-2071991163-project-member] Acquiring lock "cb827e6a-1d3f-4040-a362-33b4e35ef51a" by "nova.context.set_target_cell..get_or_set_cached_cell_and_set_connections" {{(pid=93422) inner /opt/stack/data/venv/lib/python3.12/site-packages/oslo_concurrency/lockutils.py:512}}
Jul 19 19:03:25.924229 np0000005453 nova-scheduler[93422]: DEBUG oslo_concurrency.lockutils [None req-5800f122-735b-4fd3-a5ba-114736a12666 tempest-DeleteServersTestJSON-2071991163 tempest-DeleteServersTestJSON-2071991163-project-member] Lock "cb827e6a-1d3f-4040-a362-33b4e35ef51a" acquired by "nova.context.set_target_cell..get_or_set_cached_cell_and_set_connections" :: waited 0.001s {{(pid=93422) inner /opt/stack/data/venv/lib/python3.12/site-packages/oslo_concurrency/lockutils.py:525}}
Jul 19 19:03:25.926055 np0000005453 nova-scheduler[93422]: DEBUG oslo_concurrency.lockutils [None req-5800f122-735b-4fd3-a5ba-114736a12666 tempest-DeleteServersTestJSON-2071991163 tempest-DeleteServersTestJSON-2071991163-project-member] Lock "cb827e6a-1d3f-4040-a362-33b4e35ef51a" "released" by "nova.context.set_target_cell..get_or_set_cached_cell_and_set_connections" :: held 0.002s {{(pid=93422) inner /opt/stack/data/venv/lib/python3.12/site-packages/oslo_concurrency/lockutils.py:544}}
Jul 19 19:03:25.928569 np0000005453 nova-scheduler[93422]: INFO dbcounter [None req-5800f122-735b-4fd3-a5ba-114736a12666 tempest-DeleteServersTestJSON-2071991163 tempest-DeleteServersTestJSON-2071991163-project-member] Registered counter for database nova_cell1
Jul 19 19:03:25.976777 np0000005453 nova-scheduler[93422]: DEBUG oslo_db.sqlalchemy.engines [None req-5800f122-735b-4fd3-a5ba-114736a12666 tempest-DeleteServersTestJSON-2071991163 tempest-DeleteServersTestJSON-2071991163-project-member] MySQL server mode set to STRICT_TRANS_TABLES,STRICT_ALL_TABLES,NO_ZERO_IN_DATE,NO_ZERO_DATE,ERROR_FOR_DIVISION_BY_ZERO,TRADITIONAL,NO_ENGINE_SUBSTITUTION {{(pid=93422) _check_effective_sql_mode /opt/stack/data/venv/lib/python3.12/site-packages/oslo_db/sqlalchemy/engines.py:325}}
Jul 19 19:03:25.982727 np0000005453 nova-scheduler[93422]: DEBUG dbcounter [-] [93422] Writer thread running {{(pid=93422) stat_writer /opt/stack/data/venv/lib/python3.12/site-packages/dbcounter.py:102}}
Jul 19 19:03:25.997839 np0000005453 nova-scheduler[93422]: DEBUG oslo_db.sqlalchemy.engines [None req-5800f122-735b-4fd3-a5ba-114736a12666 tempest-DeleteServersTestJSON-2071991163 tempest-DeleteServersTestJSON-2071991163-project-member] Parent process 92168 forked (93422) with an open database connection, which is being discarded and recreated. {{(pid=93422) checkout /opt/stack/data/venv/lib/python3.12/site-packages/oslo_db/sqlalchemy/engines.py:402}}
Jul 19 19:03:26.029373 np0000005453 nova-scheduler[93422]: DEBUG dbcounter [-] [93422] Writer thread running {{(pid=93422) stat_writer /opt/stack/data/venv/lib/python3.12/site-packages/dbcounter.py:102}}
Jul 19 19:03:26.031832 np0000005453 nova-scheduler[93422]: DEBUG oslo_concurrency.lockutils [None req-5800f122-735b-4fd3-a5ba-114736a12666 tempest-DeleteServersTestJSON-2071991163 tempest-DeleteServersTestJSON-2071991163-project-member] Acquiring lock "cb827e6a-1d3f-4040-a362-33b4e35ef51a" by "nova.context.set_target_cell..get_or_set_cached_cell_and_set_connections" {{(pid=93422) inner /opt/stack/data/venv/lib/python3.12/site-packages/oslo_concurrency/lockutils.py:512}}
Jul 19 19:03:26.031965 np0000005453 nova-scheduler[93422]: DEBUG oslo_concurrency.lockutils [None req-5800f122-735b-4fd3-a5ba-114736a12666 tempest-DeleteServersTestJSON-2071991163 tempest-DeleteServersTestJSON-2071991163-project-member] Lock "cb827e6a-1d3f-4040-a362-33b4e35ef51a" acquired by "nova.context.set_target_cell..get_or_set_cached_cell_and_set_connections" :: waited 0.000s {{(pid=93422) inner /opt/stack/data/venv/lib/python3.12/site-packages/oslo_concurrency/lockutils.py:525}}
Jul 19 19:03:26.032065 np0000005453 nova-scheduler[93422]: DEBUG oslo_concurrency.lockutils [None req-5800f122-735b-4fd3-a5ba-114736a12666 tempest-DeleteServersTestJSON-2071991163 tempest-DeleteServersTestJSON-2071991163-project-member] Lock "cb827e6a-1d3f-4040-a362-33b4e35ef51a" "released" by "nova.context.set_target_cell..get_or_set_cached_cell_and_set_connections" :: held 0.000s {{(pid=93422) inner /opt/stack/data/venv/lib/python3.12/site-packages/oslo_concurrency/lockutils.py:544}}
Jul 19 19:03:26.035052 np0000005453 nova-scheduler[93422]: DEBUG oslo_concurrency.lockutils [None req-5800f122-735b-4fd3-a5ba-114736a12666 tempest-DeleteServersTestJSON-2071991163 tempest-DeleteServersTestJSON-2071991163-project-member] Acquiring lock "np0000005453-np0000005453" by "nova.scheduler.host_manager.HostState.update.._locked_update" {{(pid=93422) inner /opt/stack/data/venv/lib/python3.12/site-packages/oslo_concurrency/lockutils.py:512}}
Jul 19 19:03:26.035199 np0000005453 nova-scheduler[93422]: DEBUG oslo_concurrency.lockutils [None req-5800f122-735b-4fd3-a5ba-114736a12666 tempest-DeleteServersTestJSON-2071991163 tempest-DeleteServersTestJSON-2071991163-project-member] Lock "np0000005453-np0000005453" acquired by "nova.scheduler.host_manager.HostState.update.._locked_update" :: waited 0.000s {{(pid=93422) inner /opt/stack/data/venv/lib/python3.12/site-packages/oslo_concurrency/lockutils.py:525}}
Jul 19 19:03:26.036262 np0000005453 nova-scheduler[93422]: DEBUG nova.scheduler.host_manager [None req-5800f122-735b-4fd3-a5ba-114736a12666 tempest-DeleteServersTestJSON-2071991163 tempest-DeleteServersTestJSON-2071991163-project-member] Update host state from compute node: ComputeNode(cpu_allocation_ratio=4.0,cpu_info='{"arch": "x86_64", "model": "EPYC-Milan", "vendor": "AMD", "topology": {"cells": 1, "sockets": 16, "cores": 1, "threads": 1}, "maxphysaddr": {"mode": "emulate", "bits": 40}, "features": ["rdseed", "clflush", "tsc-scale", "pause-filter", "syscall", "mce", "xsaves", "mds-no", "vme", "msr", "avx2", "pat", "clflushopt", "cx16", "xsavec", "stibp", "apic", "rdctl-no", "misalignsse", "mmx", "lm", "pse", "osvw", "xsave", "cmov", "abm", "de", "fsgsbase", "smap", "pdpe1gb", "smep", "rdpid", "nx", "topoext", "sse4.1", "fsrm", "popcnt", "bmi2", "pschange-mc-no", "invpcid", "rdrand", "sep", "cmp_legacy", "svm", "sse4.2", "ssbd", "aes", "npt", "vgif", "3dnowprefetch", "x2apic", "no-nested-data-bp", "pni", "tsc", "flushbyasid", "spec-ctrl", "erms", "cx8", "vmcb-clean", "tsc_adjust", "hypervisor", "arch-capabilities", "fma", "xgetbv1", "movbe", "clzero", "pclmuldq", "sse4a", "ibrs", "avx", "f16c", "v-vmsave-vmload", "skip-l1dfl-vmentry", "mca", "sse2", "vpclmulqdq", "bmi1", "mmxext", "cr8legacy", "fpu", "pcid", "mtrr", "sse", "xsaveerptr", "pfthreshold", "null-sel-clr-base", "pae", "virt-ssbd", "rdtscp", "svme-addr-chk", "gds-no", "pku", "ssse3", "pse36", "amd-ssbd", "amd-psfd", "fxsr", "perfctr_core", "arat", "fxsr_opt", "lahf_lm", "tsc-deadline", "stibp-always-on", "vaes", "xsaveopt", "lbrv", "wbnoinvd", "clwb", "lfence-always-serializing", "nrip-save", "amd-stibp", "adx", "ibpb", "sha-ni", "umip", "pge"]}',created_at=2026-07-19T19:01:19Z,current_workload=0,deleted=False,deleted_at=None,disk_allocation_ratio=1.0,disk_available_least=73,free_disk_gb=95,free_ram_mb=62765,host='np0000005453',host_ip=10.4.3.182,hypervisor_hostname='np0000005453',hypervisor_type='QEMU',hypervisor_version=8002002,id=1,local_gb=95,local_gb_used=0,mapped=1,memory_mb=63277,memory_mb_used=512,metrics='[]',numa_topology='{"nova_object.name": "NUMATopology", "nova_object.namespace": "nova", "nova_object.version": "1.2", "nova_object.data": {"cells": [{"nova_object.name": "NUMACell", "nova_object.namespace": "nova", "nova_object.version": "1.5", "nova_object.data": {"id": 0, "cpuset": [0, 1, 2, 3, 4, 5, 6, 7, 8, 9, 10, 11, 12, 13, 14, 15], "pcpuset": [0, 1, 2, 3, 4, 5, 6, 7, 8, 9, 10, 11, 12, 13, 14, 15], "memory": 63277, "cpu_usage": 0, "memory_usage": 0, "pinned_cpus": [], "siblings": [[6], [12], [2], [15], [5], [11], [8], [14], [4], [1], [7], [10], [0], [13], [3], [9]], "mempages": [{"nova_object.name": "NUMAPagesTopology", "nova_object.namespace": "nova", "nova_object.version": "1.1", "nova_object.data": {"size_kb": 4, "total": 16177928, "used": 0, "reserved": 0}, "nova_object.changes": ["size_kb", "total", "reserved", "used"]}, {"nova_object.name": "NUMAPagesTopology", "nova_object.namespace": "nova", "nova_object.version": "1.1", "nova_object.data": {"size_kb": 2048, "total": 41, "used": 0, "reserved": 0}, "nova_object.changes": ["size_kb", "total", "reserved", "used"]}, {"nova_object.name": "NUMAPagesTopology", "nova_object.namespace": "nova", "nova_object.version": "1.1", "nova_object.data": {"size_kb": 1048576, "total": 0, "used": 0, "reserved": 0}, "nova_object.changes": ["size_kb", "total", "reserved", "used"]}], "network_metadata": {"nova_object.name": "NetworkMetadata", "nova_object.namespace": "nova", "nova_object.version": "1.0", "nova_object.data": {"physnets": [], "tunneled": false}, "nova_object.changes": ["physnets", "tunneled"]}, "socket": null}, "nova_object.changes": ["network_metadata", "pinned_cpus", "memory", "id", "socket", "cpu_usage", "memory_usage", "mempages", "pcpuset", "cpuset", "siblings"]}]}, "nova_object.changes": ["cells"]}',pci_device_pools=PciDevicePoolList,ram_allocation_ratio=1.0,running_vms=0,service_id=3,stats={failed_builds='0',uptime=' 19:03:07 up 13 min, 2 users, load average: 1.33, 1.36, 0.80
Jul 19 19:03:26.036262 np0000005453 nova-scheduler[93422]: '},supported_hv_specs=[HVSpec,HVSpec,HVSpec,HVSpec,HVSpec,HVSpec,HVSpec,HVSpec,HVSpec,HVSpec,HVSpec,HVSpec,HVSpec,HVSpec,HVSpec,HVSpec,HVSpec,HVSpec,HVSpec,HVSpec,HVSpec,HVSpec,HVSpec,HVSpec,HVSpec],updated_at=2026-07-19T19:03:08Z,uuid=c5b344fa-9cfb-4b72-bcb2-7754910ec40f,vcpus=16,vcpus_used=0) {{(pid=93422) _locked_update /opt/stack/nova/nova/scheduler/host_manager.py:168}}
Jul 19 19:03:26.036966 np0000005453 nova-scheduler[93422]: DEBUG nova.scheduler.host_manager [None req-5800f122-735b-4fd3-a5ba-114736a12666 tempest-DeleteServersTestJSON-2071991163 tempest-DeleteServersTestJSON-2071991163-project-member] Update host state with aggregates: [] {{(pid=93422) _locked_update /opt/stack/nova/nova/scheduler/host_manager.py:171}}
Jul 19 19:03:26.037206 np0000005453 nova-scheduler[93422]: DEBUG nova.scheduler.host_manager [None req-5800f122-735b-4fd3-a5ba-114736a12666 tempest-DeleteServersTestJSON-2071991163 tempest-DeleteServersTestJSON-2071991163-project-member] Update host state with service dict: {'id': 3, 'uuid': '564e4842-16c3-4500-b146-98e6dfb6b18a', 'host': 'np0000005453', 'binary': 'nova-compute', 'topic': 'compute', 'report_count': 2, 'disabled': False, 'disabled_reason': None, 'last_seen_up': datetime.datetime(2026, 7, 19, 19, 3, 25, tzinfo=datetime.timezone.utc), 'forced_down': False, 'version': 72, 'created_at': datetime.datetime(2026, 7, 19, 19, 1, 19, tzinfo=datetime.timezone.utc), 'updated_at': datetime.datetime(2026, 7, 19, 19, 3, 25, tzinfo=datetime.timezone.utc), 'deleted_at': None, 'deleted': False} {{(pid=93422) _locked_update /opt/stack/nova/nova/scheduler/host_manager.py:174}}
Jul 19 19:03:26.037359 np0000005453 nova-scheduler[93422]: DEBUG nova.scheduler.host_manager [None req-5800f122-735b-4fd3-a5ba-114736a12666 tempest-DeleteServersTestJSON-2071991163 tempest-DeleteServersTestJSON-2071991163-project-member] Update host state with instances: [] {{(pid=93422) _locked_update /opt/stack/nova/nova/scheduler/host_manager.py:177}}
Jul 19 19:03:26.037548 np0000005453 nova-scheduler[93422]: DEBUG oslo_concurrency.lockutils [None req-5800f122-735b-4fd3-a5ba-114736a12666 tempest-DeleteServersTestJSON-2071991163 tempest-DeleteServersTestJSON-2071991163-project-member] Lock "np0000005453-np0000005453" "released" by "nova.scheduler.host_manager.HostState.update.._locked_update" :: held 0.002s {{(pid=93422) inner /opt/stack/data/venv/lib/python3.12/site-packages/oslo_concurrency/lockutils.py:544}}
Jul 19 19:03:26.037962 np0000005453 nova-scheduler[93422]: DEBUG nova.filters [None req-5800f122-735b-4fd3-a5ba-114736a12666 tempest-DeleteServersTestJSON-2071991163 tempest-DeleteServersTestJSON-2071991163-project-member] Starting with 1 host(s) {{(pid=93422) get_filtered_objects /opt/stack/nova/nova/filters.py:70}}
Jul 19 19:03:26.038156 np0000005453 nova-scheduler[93422]: DEBUG nova.filters [None req-5800f122-735b-4fd3-a5ba-114736a12666 tempest-DeleteServersTestJSON-2071991163 tempest-DeleteServersTestJSON-2071991163-project-member] Filter ComputeFilter returned 1 host(s) {{(pid=93422) get_filtered_objects /opt/stack/nova/nova/filters.py:102}}
Jul 19 19:03:26.038293 np0000005453 nova-scheduler[93422]: DEBUG nova.filters [None req-5800f122-735b-4fd3-a5ba-114736a12666 tempest-DeleteServersTestJSON-2071991163 tempest-DeleteServersTestJSON-2071991163-project-member] Filter ComputeCapabilitiesFilter returned 1 host(s) {{(pid=93422) get_filtered_objects /opt/stack/nova/nova/filters.py:102}}
Jul 19 19:03:26.038525 np0000005453 nova-scheduler[93422]: DEBUG nova.filters [None req-5800f122-735b-4fd3-a5ba-114736a12666 tempest-DeleteServersTestJSON-2071991163 tempest-DeleteServersTestJSON-2071991163-project-member] Filter ImagePropertiesFilter returned 1 host(s) {{(pid=93422) get_filtered_objects /opt/stack/nova/nova/filters.py:102}}
Jul 19 19:03:26.038661 np0000005453 nova-scheduler[93422]: DEBUG nova.filters [None req-5800f122-735b-4fd3-a5ba-114736a12666 tempest-DeleteServersTestJSON-2071991163 tempest-DeleteServersTestJSON-2071991163-project-member] Filter ServerGroupAntiAffinityFilter returned 1 host(s) {{(pid=93422) get_filtered_objects /opt/stack/nova/nova/filters.py:102}}
Jul 19 19:03:26.038789 np0000005453 nova-scheduler[93422]: DEBUG nova.filters [None req-5800f122-735b-4fd3-a5ba-114736a12666 tempest-DeleteServersTestJSON-2071991163 tempest-DeleteServersTestJSON-2071991163-project-member] Filter ServerGroupAffinityFilter returned 1 host(s) {{(pid=93422) get_filtered_objects /opt/stack/nova/nova/filters.py:102}}
Jul 19 19:03:26.038909 np0000005453 nova-scheduler[93422]: DEBUG nova.filters [None req-5800f122-735b-4fd3-a5ba-114736a12666 tempest-DeleteServersTestJSON-2071991163 tempest-DeleteServersTestJSON-2071991163-project-member] Filter SameHostFilter returned 1 host(s) {{(pid=93422) get_filtered_objects /opt/stack/nova/nova/filters.py:102}}
Jul 19 19:03:26.039010 np0000005453 nova-scheduler[93422]: DEBUG nova.filters [None req-5800f122-735b-4fd3-a5ba-114736a12666 tempest-DeleteServersTestJSON-2071991163 tempest-DeleteServersTestJSON-2071991163-project-member] Filter DifferentHostFilter returned 1 host(s) {{(pid=93422) get_filtered_objects /opt/stack/nova/nova/filters.py:102}}
Jul 19 19:03:26.039127 np0000005453 nova-scheduler[93422]: DEBUG nova.scheduler.manager [None req-5800f122-735b-4fd3-a5ba-114736a12666 tempest-DeleteServersTestJSON-2071991163 tempest-DeleteServersTestJSON-2071991163-project-member] Filtered [(np0000005453, np0000005453) ram: 62765MB disk: 74752MB io_ops: 0 instances: 0, allocation_candidates: 1] {{(pid=93422) _get_sorted_hosts /opt/stack/nova/nova/scheduler/manager.py:742}}
Jul 19 19:03:26.039331 np0000005453 nova-scheduler[93422]: DEBUG nova.scheduler.manager [None req-5800f122-735b-4fd3-a5ba-114736a12666 tempest-DeleteServersTestJSON-2071991163 tempest-DeleteServersTestJSON-2071991163-project-member] Weighed [WeighedHost [host: (np0000005453, np0000005453) ram: 62765MB disk: 74752MB io_ops: 0 instances: 0, allocation_candidates: 1, weight: 0.0]] {{(pid=93422) _get_sorted_hosts /opt/stack/nova/nova/scheduler/manager.py:764}}
Jul 19 19:03:26.039534 np0000005453 nova-scheduler[93422]: DEBUG nova.scheduler.utils [None req-5800f122-735b-4fd3-a5ba-114736a12666 tempest-DeleteServersTestJSON-2071991163 tempest-DeleteServersTestJSON-2071991163-project-member] Attempting to claim resources in the placement API for instance d9d15d46-98b2-4467-86c7-e1b628b90701 {{(pid=93422) claim_resources /opt/stack/nova/nova/scheduler/utils.py:1345}}
Jul 19 19:03:26.196691 np0000005453 nova-scheduler[93422]: DEBUG nova.scheduler.manager [None req-5800f122-735b-4fd3-a5ba-114736a12666 tempest-DeleteServersTestJSON-2071991163 tempest-DeleteServersTestJSON-2071991163-project-member] [instance: d9d15d46-98b2-4467-86c7-e1b628b90701] Selected host: (np0000005453, np0000005453) ram: 62765MB disk: 74752MB io_ops: 0 instances: 0, allocation_candidates: 1 {{(pid=93422) _consume_selected_host /opt/stack/nova/nova/scheduler/manager.py:624}}
Jul 19 19:03:26.197056 np0000005453 nova-scheduler[93422]: DEBUG oslo_concurrency.lockutils [None req-5800f122-735b-4fd3-a5ba-114736a12666 tempest-DeleteServersTestJSON-2071991163 tempest-DeleteServersTestJSON-2071991163-project-member] Acquiring lock "np0000005453-np0000005453" by "nova.scheduler.host_manager.HostState.consume_from_request.._locked" {{(pid=93422) inner /opt/stack/data/venv/lib/python3.12/site-packages/oslo_concurrency/lockutils.py:512}}
Jul 19 19:03:26.197292 np0000005453 nova-scheduler[93422]: DEBUG oslo_concurrency.lockutils [None req-5800f122-735b-4fd3-a5ba-114736a12666 tempest-DeleteServersTestJSON-2071991163 tempest-DeleteServersTestJSON-2071991163-project-member] Lock "np0000005453-np0000005453" acquired by "nova.scheduler.host_manager.HostState.consume_from_request.._locked" :: waited 0.000s {{(pid=93422) inner /opt/stack/data/venv/lib/python3.12/site-packages/oslo_concurrency/lockutils.py:525}}
Jul 19 19:03:26.197575 np0000005453 nova-scheduler[93422]: DEBUG oslo_concurrency.lockutils [None req-5800f122-735b-4fd3-a5ba-114736a12666 tempest-DeleteServersTestJSON-2071991163 tempest-DeleteServersTestJSON-2071991163-project-member] Lock "np0000005453-np0000005453" "released" by "nova.scheduler.host_manager.HostState.consume_from_request.._locked" :: held 0.000s {{(pid=93422) inner /opt/stack/data/venv/lib/python3.12/site-packages/oslo_concurrency/lockutils.py:544}}
Jul 19 19:03:30.918411 np0000005453 nova-scheduler[93437]: DEBUG nova.scheduler.manager [None req-9a3592a7-55b0-4cab-a997-21800b6042d5 tempest-ServerActionsTestOtherB-1623035285 tempest-ServerActionsTestOtherB-1623035285-project-member] Starting to schedule for instances: ['4ffec06e-ff47-4d10-961b-b58a679ce63d'] {{(pid=93437) select_destinations /opt/stack/nova/nova/scheduler/manager.py:209}}
Jul 19 19:03:30.918902 np0000005453 nova-scheduler[93437]: DEBUG nova.scheduler.request_filter [None req-9a3592a7-55b0-4cab-a997-21800b6042d5 tempest-ServerActionsTestOtherB-1623035285 tempest-ServerActionsTestOtherB-1623035285-project-member] compute_status_filter request filter added forbidden trait COMPUTE_STATUS_DISABLED {{(pid=93437) compute_status_filter /opt/stack/nova/nova/scheduler/request_filter.py:253}}
Jul 19 19:03:30.918902 np0000005453 nova-scheduler[93437]: DEBUG nova.scheduler.request_filter [None req-9a3592a7-55b0-4cab-a997-21800b6042d5 tempest-ServerActionsTestOtherB-1623035285 tempest-ServerActionsTestOtherB-1623035285-project-member] Request filter 'compute_status_filter' took 0.0 seconds {{(pid=93437) wrapper /opt/stack/nova/nova/scheduler/request_filter.py:46}}
Jul 19 19:03:30.919065 np0000005453 nova-scheduler[93437]: DEBUG nova.scheduler.request_filter [None req-9a3592a7-55b0-4cab-a997-21800b6042d5 tempest-ServerActionsTestOtherB-1623035285 tempest-ServerActionsTestOtherB-1623035285-project-member] Request filter 'accelerators_filter' took 0.0 seconds {{(pid=93437) wrapper /opt/stack/nova/nova/scheduler/request_filter.py:46}}
Jul 19 19:03:30.919232 np0000005453 nova-scheduler[93437]: DEBUG nova.scheduler.request_filter [None req-9a3592a7-55b0-4cab-a997-21800b6042d5 tempest-ServerActionsTestOtherB-1623035285 tempest-ServerActionsTestOtherB-1623035285-project-member] Request filter 'packed_virtqueue_filter' took 0.0 seconds {{(pid=93437) wrapper /opt/stack/nova/nova/scheduler/request_filter.py:46}}
Jul 19 19:03:30.919517 np0000005453 nova-scheduler[93437]: DEBUG nova.scheduler.request_filter [None req-9a3592a7-55b0-4cab-a997-21800b6042d5 tempest-ServerActionsTestOtherB-1623035285 tempest-ServerActionsTestOtherB-1623035285-project-member] Request filter 'remote_managed_ports_filter' took 0.0 seconds {{(pid=93437) wrapper /opt/stack/nova/nova/scheduler/request_filter.py:46}}
Jul 19 19:03:30.919650 np0000005453 nova-scheduler[93437]: DEBUG nova.scheduler.request_filter [None req-9a3592a7-55b0-4cab-a997-21800b6042d5 tempest-ServerActionsTestOtherB-1623035285 tempest-ServerActionsTestOtherB-1623035285-project-member] ephemeral_encryption_filter skipped {{(pid=93437) ephemeral_encryption_filter /opt/stack/nova/nova/scheduler/request_filter.py:426}}
