Jul 19 19:01:03.142337 np0000005453 nova-conductor[95774]: DEBUG cotyledon.oslo_config_glue [-] oslo_messaging_rabbit.rabbit_qos_prefetch_count = 0 {{(pid=95774) log_opt_values /opt/stack/data/venv/lib/python3.12/site-packages/oslo_config/cfg.py:3253}}
Jul 19 19:01:03.142337 np0000005453 nova-conductor[95774]: DEBUG cotyledon.oslo_config_glue [-] oslo_messaging_rabbit.rabbit_quorum_delivery_limit = 0 {{(pid=95774) log_opt_values /opt/stack/data/venv/lib/python3.12/site-packages/oslo_config/cfg.py:3253}}
Jul 19 19:01:03.142337 np0000005453 nova-conductor[95774]: DEBUG cotyledon.oslo_config_glue [-] oslo_messaging_rabbit.rabbit_quorum_max_memory_bytes = 0 {{(pid=95774) log_opt_values /opt/stack/data/venv/lib/python3.12/site-packages/oslo_config/cfg.py:3253}}
Jul 19 19:01:03.142573 np0000005453 nova-conductor[95774]: DEBUG cotyledon.oslo_config_glue [-] oslo_messaging_rabbit.rabbit_quorum_max_memory_length = 0 {{(pid=95774) log_opt_values /opt/stack/data/venv/lib/python3.12/site-packages/oslo_config/cfg.py:3253}}
Jul 19 19:01:03.142573 np0000005453 nova-conductor[95774]: DEBUG cotyledon.oslo_config_glue [-] oslo_messaging_rabbit.rabbit_quorum_queue = False {{(pid=95774) log_opt_values /opt/stack/data/venv/lib/python3.12/site-packages/oslo_config/cfg.py:3253}}
Jul 19 19:01:03.142573 np0000005453 nova-conductor[95774]: DEBUG cotyledon.oslo_config_glue [-] oslo_messaging_rabbit.rabbit_retry_backoff = 2 {{(pid=95774) log_opt_values /opt/stack/data/venv/lib/python3.12/site-packages/oslo_config/cfg.py:3253}}
Jul 19 19:01:03.142573 np0000005453 nova-conductor[95774]: DEBUG cotyledon.oslo_config_glue [-] oslo_messaging_rabbit.rabbit_retry_interval = 1 {{(pid=95774) log_opt_values /opt/stack/data/venv/lib/python3.12/site-packages/oslo_config/cfg.py:3253}}
Jul 19 19:01:03.142573 np0000005453 nova-conductor[95774]: DEBUG cotyledon.oslo_config_glue [-] oslo_messaging_rabbit.rabbit_stream_fanout = False {{(pid=95774) log_opt_values /opt/stack/data/venv/lib/python3.12/site-packages/oslo_config/cfg.py:3253}}
Jul 19 19:01:03.142573 np0000005453 nova-conductor[95774]: DEBUG cotyledon.oslo_config_glue [-] oslo_messaging_rabbit.rabbit_transient_queues_ttl = 1800 {{(pid=95774) log_opt_values /opt/stack/data/venv/lib/python3.12/site-packages/oslo_config/cfg.py:3253}}
Jul 19 19:01:03.142573 np0000005453 nova-conductor[95774]: DEBUG cotyledon.oslo_config_glue [-] oslo_messaging_rabbit.rabbit_transient_quorum_queue = False {{(pid=95774) log_opt_values /opt/stack/data/venv/lib/python3.12/site-packages/oslo_config/cfg.py:3253}}
Jul 19 19:01:03.142573 np0000005453 nova-conductor[95774]: DEBUG cotyledon.oslo_config_glue [-] oslo_messaging_rabbit.rpc_conn_pool_size = 30 {{(pid=95774) log_opt_values /opt/stack/data/venv/lib/python3.12/site-packages/oslo_config/cfg.py:3253}}
Jul 19 19:01:03.142573 np0000005453 nova-conductor[95774]: DEBUG cotyledon.oslo_config_glue [-] oslo_messaging_rabbit.ssl = False {{(pid=95774) log_opt_values /opt/stack/data/venv/lib/python3.12/site-packages/oslo_config/cfg.py:3253}}
Jul 19 19:01:03.142824 np0000005453 nova-conductor[95774]: DEBUG cotyledon.oslo_config_glue [-] oslo_messaging_rabbit.ssl_ca_file = {{(pid=95774) log_opt_values /opt/stack/data/venv/lib/python3.12/site-packages/oslo_config/cfg.py:3253}}
Jul 19 19:01:03.142824 np0000005453 nova-conductor[95774]: DEBUG cotyledon.oslo_config_glue [-] oslo_messaging_rabbit.ssl_cert_file = {{(pid=95774) log_opt_values /opt/stack/data/venv/lib/python3.12/site-packages/oslo_config/cfg.py:3253}}
Jul 19 19:01:03.142824 np0000005453 nova-conductor[95774]: DEBUG cotyledon.oslo_config_glue [-] oslo_messaging_rabbit.ssl_enforce_fips_mode = False {{(pid=95774) log_opt_values /opt/stack/data/venv/lib/python3.12/site-packages/oslo_config/cfg.py:3253}}
Jul 19 19:01:03.142824 np0000005453 nova-conductor[95774]: DEBUG cotyledon.oslo_config_glue [-] oslo_messaging_rabbit.ssl_enforce_hostname_verification = True {{(pid=95774) log_opt_values /opt/stack/data/venv/lib/python3.12/site-packages/oslo_config/cfg.py:3253}}
Jul 19 19:01:03.142824 np0000005453 nova-conductor[95774]: DEBUG cotyledon.oslo_config_glue [-] oslo_messaging_rabbit.ssl_key_file = {{(pid=95774) log_opt_values /opt/stack/data/venv/lib/python3.12/site-packages/oslo_config/cfg.py:3253}}
Jul 19 19:01:03.142824 np0000005453 nova-conductor[95774]: DEBUG cotyledon.oslo_config_glue [-] oslo_messaging_rabbit.ssl_version = {{(pid=95774) log_opt_values /opt/stack/data/venv/lib/python3.12/site-packages/oslo_config/cfg.py:3253}}
Jul 19 19:01:03.142824 np0000005453 nova-conductor[95774]: DEBUG cotyledon.oslo_config_glue [-] oslo_messaging_rabbit.use_queue_manager = False {{(pid=95774) log_opt_values /opt/stack/data/venv/lib/python3.12/site-packages/oslo_config/cfg.py:3253}}
Jul 19 19:01:03.142824 np0000005453 nova-conductor[95774]: DEBUG cotyledon.oslo_config_glue [-] oslo_messaging_notifications.driver = ['messagingv2'] {{(pid=95774) log_opt_values /opt/stack/data/venv/lib/python3.12/site-packages/oslo_config/cfg.py:3253}}
Jul 19 19:01:03.142824 np0000005453 nova-conductor[95774]: DEBUG cotyledon.oslo_config_glue [-] oslo_messaging_notifications.retry = -1 {{(pid=95774) log_opt_values /opt/stack/data/venv/lib/python3.12/site-packages/oslo_config/cfg.py:3253}}
Jul 19 19:01:03.143014 np0000005453 nova-conductor[95774]: DEBUG cotyledon.oslo_config_glue [-] oslo_messaging_notifications.topics = ['notifications'] {{(pid=95774) log_opt_values /opt/stack/data/venv/lib/python3.12/site-packages/oslo_config/cfg.py:3253}}
Jul 19 19:01:03.143014 np0000005453 nova-conductor[95774]: DEBUG cotyledon.oslo_config_glue [-] oslo_messaging_notifications.transport_url = **** {{(pid=95774) log_opt_values /opt/stack/data/venv/lib/python3.12/site-packages/oslo_config/cfg.py:3253}}
Jul 19 19:01:03.143014 np0000005453 nova-conductor[95774]: DEBUG cotyledon.oslo_config_glue [-] oslo_limit.auth_section = None {{(pid=95774) log_opt_values /opt/stack/data/venv/lib/python3.12/site-packages/oslo_config/cfg.py:3253}}
Jul 19 19:01:03.143014 np0000005453 nova-conductor[95774]: DEBUG cotyledon.oslo_config_glue [-] oslo_limit.auth_type = None {{(pid=95774) log_opt_values /opt/stack/data/venv/lib/python3.12/site-packages/oslo_config/cfg.py:3253}}
Jul 19 19:01:03.143014 np0000005453 nova-conductor[95774]: DEBUG cotyledon.oslo_config_glue [-] oslo_limit.cafile = None {{(pid=95774) log_opt_values /opt/stack/data/venv/lib/python3.12/site-packages/oslo_config/cfg.py:3253}}
Jul 19 19:01:03.143014 np0000005453 nova-conductor[95774]: DEBUG cotyledon.oslo_config_glue [-] oslo_limit.certfile = None {{(pid=95774) log_opt_values /opt/stack/data/venv/lib/python3.12/site-packages/oslo_config/cfg.py:3253}}
Jul 19 19:01:03.143014 np0000005453 nova-conductor[95774]: DEBUG cotyledon.oslo_config_glue [-] oslo_limit.collect_timing = False {{(pid=95774) log_opt_values /opt/stack/data/venv/lib/python3.12/site-packages/oslo_config/cfg.py:3253}}
Jul 19 19:01:03.143014 np0000005453 nova-conductor[95774]: DEBUG cotyledon.oslo_config_glue [-] oslo_limit.connect_retries = None {{(pid=95774) log_opt_values /opt/stack/data/venv/lib/python3.12/site-packages/oslo_config/cfg.py:3253}}
Jul 19 19:01:03.143014 np0000005453 nova-conductor[95774]: DEBUG cotyledon.oslo_config_glue [-] oslo_limit.connect_retry_delay = None {{(pid=95774) log_opt_values /opt/stack/data/venv/lib/python3.12/site-packages/oslo_config/cfg.py:3253}}
Jul 19 19:01:03.143235 np0000005453 nova-conductor[95774]: DEBUG cotyledon.oslo_config_glue [-] oslo_limit.endpoint_id = None {{(pid=95774) log_opt_values /opt/stack/data/venv/lib/python3.12/site-packages/oslo_config/cfg.py:3253}}
Jul 19 19:01:03.143235 np0000005453 nova-conductor[95774]: DEBUG cotyledon.oslo_config_glue [-] oslo_limit.endpoint_interface = public {{(pid=95774) log_opt_values /opt/stack/data/venv/lib/python3.12/site-packages/oslo_config/cfg.py:3253}}
Jul 19 19:01:03.143235 np0000005453 nova-conductor[95774]: DEBUG cotyledon.oslo_config_glue [-] oslo_limit.endpoint_override = None {{(pid=95774) log_opt_values /opt/stack/data/venv/lib/python3.12/site-packages/oslo_config/cfg.py:3253}}
Jul 19 19:01:03.143235 np0000005453 nova-conductor[95774]: DEBUG cotyledon.oslo_config_glue [-] oslo_limit.endpoint_region_name = None {{(pid=95774) log_opt_values /opt/stack/data/venv/lib/python3.12/site-packages/oslo_config/cfg.py:3253}}
Jul 19 19:01:03.143235 np0000005453 nova-conductor[95774]: DEBUG cotyledon.oslo_config_glue [-] oslo_limit.endpoint_service_name = None {{(pid=95774) log_opt_values /opt/stack/data/venv/lib/python3.12/site-packages/oslo_config/cfg.py:3253}}
Jul 19 19:01:03.143235 np0000005453 nova-conductor[95774]: DEBUG cotyledon.oslo_config_glue [-] oslo_limit.endpoint_service_type = None {{(pid=95774) log_opt_values /opt/stack/data/venv/lib/python3.12/site-packages/oslo_config/cfg.py:3253}}
Jul 19 19:01:03.143235 np0000005453 nova-conductor[95774]: DEBUG cotyledon.oslo_config_glue [-] oslo_limit.insecure = False {{(pid=95774) log_opt_values /opt/stack/data/venv/lib/python3.12/site-packages/oslo_config/cfg.py:3253}}
Jul 19 19:01:03.143235 np0000005453 nova-conductor[95774]: DEBUG cotyledon.oslo_config_glue [-] oslo_limit.keyfile = None {{(pid=95774) log_opt_values /opt/stack/data/venv/lib/python3.12/site-packages/oslo_config/cfg.py:3253}}
Jul 19 19:01:03.143235 np0000005453 nova-conductor[95774]: DEBUG cotyledon.oslo_config_glue [-] oslo_limit.max_version = None {{(pid=95774) log_opt_values /opt/stack/data/venv/lib/python3.12/site-packages/oslo_config/cfg.py:3253}}
Jul 19 19:01:03.143520 np0000005453 nova-conductor[95774]: DEBUG cotyledon.oslo_config_glue [-] oslo_limit.min_version = None {{(pid=95774) log_opt_values /opt/stack/data/venv/lib/python3.12/site-packages/oslo_config/cfg.py:3253}}
Jul 19 19:01:03.143520 np0000005453 nova-conductor[95774]: DEBUG cotyledon.oslo_config_glue [-] oslo_limit.region_name = None {{(pid=95774) log_opt_values /opt/stack/data/venv/lib/python3.12/site-packages/oslo_config/cfg.py:3253}}
Jul 19 19:01:03.143520 np0000005453 nova-conductor[95774]: DEBUG cotyledon.oslo_config_glue [-] oslo_limit.retriable_status_codes = None {{(pid=95774) log_opt_values /opt/stack/data/venv/lib/python3.12/site-packages/oslo_config/cfg.py:3253}}
Jul 19 19:01:03.143520 np0000005453 nova-conductor[95774]: DEBUG cotyledon.oslo_config_glue [-] oslo_limit.service_name = None {{(pid=95774) log_opt_values /opt/stack/data/venv/lib/python3.12/site-packages/oslo_config/cfg.py:3253}}
Jul 19 19:01:03.143520 np0000005453 nova-conductor[95774]: DEBUG cotyledon.oslo_config_glue [-] oslo_limit.service_type = None {{(pid=95774) log_opt_values /opt/stack/data/venv/lib/python3.12/site-packages/oslo_config/cfg.py:3253}}
Jul 19 19:01:03.143520 np0000005453 nova-conductor[95774]: DEBUG cotyledon.oslo_config_glue [-] oslo_limit.split_loggers = False {{(pid=95774) log_opt_values /opt/stack/data/venv/lib/python3.12/site-packages/oslo_config/cfg.py:3253}}
Jul 19 19:01:03.143520 np0000005453 nova-conductor[95774]: DEBUG cotyledon.oslo_config_glue [-] oslo_limit.status_code_retries = None {{(pid=95774) log_opt_values /opt/stack/data/venv/lib/python3.12/site-packages/oslo_config/cfg.py:3253}}
Jul 19 19:01:03.143520 np0000005453 nova-conductor[95774]: DEBUG cotyledon.oslo_config_glue [-] oslo_limit.status_code_retry_delay = None {{(pid=95774) log_opt_values /opt/stack/data/venv/lib/python3.12/site-packages/oslo_config/cfg.py:3253}}
Jul 19 19:01:03.143520 np0000005453 nova-conductor[95774]: DEBUG cotyledon.oslo_config_glue [-] oslo_limit.timeout = None {{(pid=95774) log_opt_values /opt/stack/data/venv/lib/python3.12/site-packages/oslo_config/cfg.py:3253}}
Jul 19 19:01:03.143782 np0000005453 nova-conductor[95774]: DEBUG cotyledon.oslo_config_glue [-] oslo_limit.valid_interfaces = None {{(pid=95774) log_opt_values /opt/stack/data/venv/lib/python3.12/site-packages/oslo_config/cfg.py:3253}}
Jul 19 19:01:03.143782 np0000005453 nova-conductor[95774]: DEBUG cotyledon.oslo_config_glue [-] oslo_limit.version = None {{(pid=95774) log_opt_values /opt/stack/data/venv/lib/python3.12/site-packages/oslo_config/cfg.py:3253}}
Jul 19 19:01:03.143782 np0000005453 nova-conductor[95774]: DEBUG cotyledon.oslo_config_glue [-] oslo_reports.file_event_handler = None {{(pid=95774) log_opt_values /opt/stack/data/venv/lib/python3.12/site-packages/oslo_config/cfg.py:3253}}
Jul 19 19:01:03.143782 np0000005453 nova-conductor[95774]: DEBUG cotyledon.oslo_config_glue [-] oslo_reports.file_event_handler_interval = 1 {{(pid=95774) log_opt_values /opt/stack/data/venv/lib/python3.12/site-packages/oslo_config/cfg.py:3253}}
Jul 19 19:01:03.143782 np0000005453 nova-conductor[95774]: DEBUG cotyledon.oslo_config_glue [-] oslo_reports.log_dir = None {{(pid=95774) log_opt_values /opt/stack/data/venv/lib/python3.12/site-packages/oslo_config/cfg.py:3253}}
Jul 19 19:01:03.143782 np0000005453 nova-conductor[95774]: DEBUG cotyledon.oslo_config_glue [-] ******************************************************************************** {{(pid=95774) log_opt_values /opt/stack/data/venv/lib/python3.12/site-packages/oslo_config/cfg.py:3260}}
Jul 19 19:01:03.143782 np0000005453 nova-conductor[95774]: DEBUG cotyledon._service_worker [-] Run service ServiceWrapper(1) [95774] {{(pid=95774) wait_forever /opt/stack/data/venv/lib/python3.12/site-packages/cotyledon/_service_worker.py:218}}
Jul 19 19:01:03.143782 np0000005453 nova-conductor[95774]: INFO nova.service [-] Starting conductor node (version 33.1.0)
Jul 19 19:01:03.144275 np0000005453 nova-conductor[95761]: DEBUG oslo_db.sqlalchemy.engines [None req-81e1c729-334c-4e21-b874-d1aa67b2169e None None] MySQL server mode set to STRICT_TRANS_TABLES,STRICT_ALL_TABLES,NO_ZERO_IN_DATE,NO_ZERO_DATE,ERROR_FOR_DIVISION_BY_ZERO,TRADITIONAL,NO_ENGINE_SUBSTITUTION {{(pid=95761) _check_effective_sql_mode /opt/stack/data/venv/lib/python3.12/site-packages/oslo_db/sqlalchemy/engines.py:325}}
Jul 19 19:01:03.144315 np0000005453 nova-conductor[95774]: INFO dbcounter [None req-d2e2ac21-b142-4255-a71c-aff2f517ed3a None None] Registered counter for database nova_cell0
Jul 19 19:01:03.148994 np0000005453 nova-conductor[95761]: DEBUG dbcounter [-] [95761] Writer thread running {{(pid=95761) stat_writer /opt/stack/data/venv/lib/python3.12/site-packages/dbcounter.py:102}}
Jul 19 19:01:03.163694 np0000005453 nova-conductor[95761]: DEBUG nova.service [None req-81e1c729-334c-4e21-b874-d1aa67b2169e None None] Creating RPC server for service: nova-conductor on topic: conductor {{(pid=95761) start /opt/stack/nova/nova/service.py:196}}
Jul 19 19:01:03.177366 np0000005453 nova-conductor[95781]: DEBUG oslo_db.sqlalchemy.engines [None req-2f1f4d7a-e6dc-440a-9fe9-743ac2124de2 None None] MySQL server mode set to STRICT_TRANS_TABLES,STRICT_ALL_TABLES,NO_ZERO_IN_DATE,NO_ZERO_DATE,ERROR_FOR_DIVISION_BY_ZERO,TRADITIONAL,NO_ENGINE_SUBSTITUTION {{(pid=95781) _check_effective_sql_mode /opt/stack/data/venv/lib/python3.12/site-packages/oslo_db/sqlalchemy/engines.py:325}}
Jul 19 19:01:03.184703 np0000005453 nova-conductor[95774]: DEBUG oslo_db.sqlalchemy.engines [None req-d2e2ac21-b142-4255-a71c-aff2f517ed3a None None] MySQL server mode set to STRICT_TRANS_TABLES,STRICT_ALL_TABLES,NO_ZERO_IN_DATE,NO_ZERO_DATE,ERROR_FOR_DIVISION_BY_ZERO,TRADITIONAL,NO_ENGINE_SUBSTITUTION {{(pid=95774) _check_effective_sql_mode /opt/stack/data/venv/lib/python3.12/site-packages/oslo_db/sqlalchemy/engines.py:325}}
Jul 19 19:01:03.188260 np0000005453 nova-conductor[95781]: DEBUG dbcounter [-] [95781] Writer thread running {{(pid=95781) stat_writer /opt/stack/data/venv/lib/python3.12/site-packages/dbcounter.py:102}}
Jul 19 19:01:03.191435 np0000005453 nova-conductor[95781]: DEBUG nova.service [None req-2f1f4d7a-e6dc-440a-9fe9-743ac2124de2 None None] Creating RPC server for service: nova-conductor on topic: conductor {{(pid=95781) start /opt/stack/nova/nova/service.py:196}}
Jul 19 19:01:03.193261 np0000005453 nova-conductor[95761]: DEBUG nova.service [None req-81e1c729-334c-4e21-b874-d1aa67b2169e None None] Join ServiceGroup membership for this service conductor {{(pid=95761) start /opt/stack/nova/nova/service.py:222}}
Jul 19 19:01:03.193261 np0000005453 nova-conductor[95761]: DEBUG nova.servicegroup.drivers.db [None req-81e1c729-334c-4e21-b874-d1aa67b2169e None None] DB_Driver: join new ServiceGroup member np0000005453 to the conductor group, service = {{(pid=95761) join /opt/stack/nova/nova/servicegroup/drivers/db.py:44}}
Jul 19 19:01:03.195999 np0000005453 nova-conductor[95774]: DEBUG dbcounter [-] [95774] Writer thread running {{(pid=95774) stat_writer /opt/stack/data/venv/lib/python3.12/site-packages/dbcounter.py:102}}
Jul 19 19:01:03.199570 np0000005453 nova-conductor[95774]: DEBUG nova.service [None req-d2e2ac21-b142-4255-a71c-aff2f517ed3a None None] Creating RPC server for service: nova-conductor on topic: conductor {{(pid=95774) start /opt/stack/nova/nova/service.py:196}}
Jul 19 19:01:03.211790 np0000005453 nova-conductor[95781]: DEBUG nova.service [None req-2f1f4d7a-e6dc-440a-9fe9-743ac2124de2 None None] Join ServiceGroup membership for this service conductor {{(pid=95781) start /opt/stack/nova/nova/service.py:222}}
Jul 19 19:01:03.212077 np0000005453 nova-conductor[95781]: DEBUG nova.servicegroup.drivers.db [None req-2f1f4d7a-e6dc-440a-9fe9-743ac2124de2 None None] DB_Driver: join new ServiceGroup member np0000005453 to the conductor group, service = {{(pid=95781) join /opt/stack/nova/nova/servicegroup/drivers/db.py:44}}
Jul 19 19:01:03.222543 np0000005453 nova-conductor[95774]: DEBUG nova.service [None req-d2e2ac21-b142-4255-a71c-aff2f517ed3a None None] Join ServiceGroup membership for this service conductor {{(pid=95774) start /opt/stack/nova/nova/service.py:222}}
Jul 19 19:01:03.222752 np0000005453 nova-conductor[95774]: DEBUG nova.servicegroup.drivers.db [None req-d2e2ac21-b142-4255-a71c-aff2f517ed3a None None] DB_Driver: join new ServiceGroup member np0000005453 to the conductor group, service = {{(pid=95774) join /opt/stack/nova/nova/servicegroup/drivers/db.py:44}}
Jul 19 19:01:08.204901 np0000005453 nova-conductor[95761]: DEBUG oslo.service.backend._threading.loopingcall [-] Fixed interval looping call 'nova.servicegroup.drivers.db.DbDriver._report_state' sleeping for 119.99 seconds {{(pid=95761) _run_loop /opt/stack/data/venv/lib/python3.12/site-packages/oslo_service/backend/_threading/loopingcall.py:125}}
Jul 19 19:01:08.221881 np0000005453 nova-conductor[95781]: DEBUG oslo.service.backend._threading.loopingcall [-] Fixed interval looping call 'nova.servicegroup.drivers.db.DbDriver._report_state' sleeping for 119.99 seconds {{(pid=95781) _run_loop /opt/stack/data/venv/lib/python3.12/site-packages/oslo_service/backend/_threading/loopingcall.py:125}}
Jul 19 19:01:08.233125 np0000005453 nova-conductor[95774]: DEBUG oslo.service.backend._threading.loopingcall [-] Fixed interval looping call 'nova.servicegroup.drivers.db.DbDriver._report_state' sleeping for 119.99 seconds {{(pid=95774) _run_loop /opt/stack/data/venv/lib/python3.12/site-packages/oslo_service/backend/_threading/loopingcall.py:125}}
Jul 19 19:01:11.751929 np0000005453 nova-conductor[94305]: DEBUG dbcounter [-] [94305] Writing DB stats nova_api:SELECT=1 {{(pid=94305) stat_writer /opt/stack/data/venv/lib/python3.12/site-packages/dbcounter.py:115}}
Jul 19 19:01:11.881055 np0000005453 nova-conductor[94305]: DEBUG dbcounter [-] [94305] Writing DB stats nova_cell1:SELECT=1 {{(pid=94305) stat_writer /opt/stack/data/venv/lib/python3.12/site-packages/dbcounter.py:115}}
Jul 19 19:01:11.884933 np0000005453 nova-conductor[94305]: DEBUG dbcounter [-] [94305] Writing DB stats nova_cell0:SELECT=1 {{(pid=94305) stat_writer /opt/stack/data/venv/lib/python3.12/site-packages/dbcounter.py:115}}
Jul 19 19:01:18.201123 np0000005453 nova-conductor[95761]: DEBUG dbcounter [-] [95761] Writing DB stats nova_cell0:SELECT=4,nova_cell0:INSERT=1,nova_cell0:UPDATE=1 {{(pid=95761) stat_writer /opt/stack/data/venv/lib/python3.12/site-packages/dbcounter.py:115}}
Jul 19 19:01:18.219642 np0000005453 nova-conductor[95781]: DEBUG dbcounter [-] [95781] Writing DB stats nova_cell0:SELECT=3 {{(pid=95781) stat_writer /opt/stack/data/venv/lib/python3.12/site-packages/dbcounter.py:115}}
Jul 19 19:01:18.230577 np0000005453 nova-conductor[95774]: DEBUG dbcounter [-] [95774] Writing DB stats nova_cell0:SELECT=3 {{(pid=95774) stat_writer /opt/stack/data/venv/lib/python3.12/site-packages/dbcounter.py:115}}
Jul 19 19:01:19.194604 np0000005453 nova-conductor[95761]: DEBUG oslo.service.backend._threading.loopingcall [None req-bb7294d4-dc06-43b9-bfb4-fb66604a3d9f None None] Dynamic interval looping call 'nova.service.Service.periodic_tasks' sleeping for 60.00 seconds {{(pid=95761) _run_loop /opt/stack/data/venv/lib/python3.12/site-packages/oslo_service/backend/_threading/loopingcall.py:125}}
Jul 19 19:01:37.225027 np0000005453 nova-conductor[95774]: DEBUG oslo.service.backend._threading.loopingcall [None req-2841a139-65fb-4313-aa8c-37c83bbe14e2 None None] Dynamic interval looping call 'nova.service.Service.periodic_tasks' sleeping for 60.00 seconds {{(pid=95774) _run_loop /opt/stack/data/venv/lib/python3.12/site-packages/oslo_service/backend/_threading/loopingcall.py:125}}
Jul 19 19:01:38.214679 np0000005453 nova-conductor[95781]: DEBUG oslo.service.backend._threading.loopingcall [None req-9ddd3209-153c-4d11-a716-b6fc9fa29964 None None] Dynamic interval looping call 'nova.service.Service.periodic_tasks' sleeping for 60.00 seconds {{(pid=95781) _run_loop /opt/stack/data/venv/lib/python3.12/site-packages/oslo_service/backend/_threading/loopingcall.py:125}}
Jul 19 19:02:19.195025 np0000005453 nova-conductor[95761]: DEBUG oslo.service.backend._threading.loopingcall [None req-bb7294d4-dc06-43b9-bfb4-fb66604a3d9f None None] Dynamic interval looping call 'nova.service.Service.periodic_tasks' sleeping for 60.00 seconds {{(pid=95761) _run_loop /opt/stack/data/venv/lib/python3.12/site-packages/oslo_service/backend/_threading/loopingcall.py:125}}
Jul 19 19:02:37.225622 np0000005453 nova-conductor[95774]: DEBUG oslo.service.backend._threading.loopingcall [None req-2841a139-65fb-4313-aa8c-37c83bbe14e2 None None] Dynamic interval looping call 'nova.service.Service.periodic_tasks' sleeping for 60.00 seconds {{(pid=95774) _run_loop /opt/stack/data/venv/lib/python3.12/site-packages/oslo_service/backend/_threading/loopingcall.py:125}}
Jul 19 19:02:38.215109 np0000005453 nova-conductor[95781]: DEBUG oslo.service.backend._threading.loopingcall [None req-9ddd3209-153c-4d11-a716-b6fc9fa29964 None None] Dynamic interval looping call 'nova.service.Service.periodic_tasks' sleeping for 60.00 seconds {{(pid=95781) _run_loop /opt/stack/data/venv/lib/python3.12/site-packages/oslo_service/backend/_threading/loopingcall.py:125}}
Jul 19 19:03:08.208960 np0000005453 nova-conductor[95761]: DEBUG oslo.service.backend._threading.loopingcall [-] Fixed interval looping call 'nova.servicegroup.drivers.db.DbDriver._report_state' sleeping for 119.99 seconds {{(pid=95761) _run_loop /opt/stack/data/venv/lib/python3.12/site-packages/oslo_service/backend/_threading/loopingcall.py:125}}
Jul 19 19:03:08.214971 np0000005453 nova-conductor[95781]: DEBUG oslo.service.backend._threading.loopingcall [-] Fixed interval looping call 'nova.servicegroup.drivers.db.DbDriver._report_state' sleeping for 120.00 seconds {{(pid=95781) _run_loop /opt/stack/data/venv/lib/python3.12/site-packages/oslo_service/backend/_threading/loopingcall.py:125}}
Jul 19 19:03:08.226283 np0000005453 nova-conductor[95774]: DEBUG oslo.service.backend._threading.loopingcall [-] Fixed interval looping call 'nova.servicegroup.drivers.db.DbDriver._report_state' sleeping for 120.00 seconds {{(pid=95774) _run_loop /opt/stack/data/venv/lib/python3.12/site-packages/oslo_service/backend/_threading/loopingcall.py:125}}
Jul 19 19:03:18.205079 np0000005453 nova-conductor[95761]: DEBUG dbcounter [-] [95761] Writing DB stats nova_cell0:SELECT=1,nova_cell0:UPDATE=1 {{(pid=95761) stat_writer /opt/stack/data/venv/lib/python3.12/site-packages/dbcounter.py:115}}
Jul 19 19:03:18.213469 np0000005453 nova-conductor[95781]: DEBUG dbcounter [-] [95781] Writing DB stats nova_cell0:SELECT=1 {{(pid=95781) stat_writer /opt/stack/data/venv/lib/python3.12/site-packages/dbcounter.py:115}}
Jul 19 19:03:18.226728 np0000005453 nova-conductor[95774]: DEBUG dbcounter [-] [95774] Writing DB stats nova_cell0:SELECT=1 {{(pid=95774) stat_writer /opt/stack/data/venv/lib/python3.12/site-packages/dbcounter.py:115}}
Jul 19 19:03:19.195452 np0000005453 nova-conductor[95761]: DEBUG oslo.service.backend._threading.loopingcall [None req-bb7294d4-dc06-43b9-bfb4-fb66604a3d9f None None] Dynamic interval looping call 'nova.service.Service.periodic_tasks' sleeping for 60.00 seconds {{(pid=95761) _run_loop /opt/stack/data/venv/lib/python3.12/site-packages/oslo_service/backend/_threading/loopingcall.py:125}}
Jul 19 19:03:25.315707 np0000005453 nova-conductor[95761]: DEBUG oslo_db.sqlalchemy.engines [None req-5800f122-735b-4fd3-a5ba-114736a12666 tempest-DeleteServersTestJSON-2071991163 tempest-DeleteServersTestJSON-2071991163-project-member] Parent process 94305 forked (95761) with an open database connection, which is being discarded and recreated. {{(pid=95761) checkout /opt/stack/data/venv/lib/python3.12/site-packages/oslo_db/sqlalchemy/engines.py:402}}
Jul 19 19:03:25.353608 np0000005453 nova-conductor[95761]: DEBUG dbcounter [-] [95761] Writer thread running {{(pid=95761) stat_writer /opt/stack/data/venv/lib/python3.12/site-packages/dbcounter.py:102}}
Jul 19 19:03:26.209971 np0000005453 nova-conductor[95761]: DEBUG nova.conductor.manager [None req-5800f122-735b-4fd3-a5ba-114736a12666 tempest-DeleteServersTestJSON-2071991163 tempest-DeleteServersTestJSON-2071991163-project-member] Took 0.85 seconds to select destinations for 1 instance(s). {{(pid=95761) _schedule_instances /opt/stack/nova/nova/conductor/manager.py:968}}
Jul 19 19:03:26.241484 np0000005453 nova-conductor[95761]: DEBUG oslo_concurrency.lockutils [None req-5800f122-735b-4fd3-a5ba-114736a12666 tempest-DeleteServersTestJSON-2071991163 tempest-DeleteServersTestJSON-2071991163-project-member] Acquiring lock "cb827e6a-1d3f-4040-a362-33b4e35ef51a" by "nova.context.set_target_cell..get_or_set_cached_cell_and_set_connections" {{(pid=95761) inner /opt/stack/data/venv/lib/python3.12/site-packages/oslo_concurrency/lockutils.py:512}}
Jul 19 19:03:26.241704 np0000005453 nova-conductor[95761]: DEBUG oslo_concurrency.lockutils [None req-5800f122-735b-4fd3-a5ba-114736a12666 tempest-DeleteServersTestJSON-2071991163 tempest-DeleteServersTestJSON-2071991163-project-member] Lock "cb827e6a-1d3f-4040-a362-33b4e35ef51a" acquired by "nova.context.set_target_cell..get_or_set_cached_cell_and_set_connections" :: waited 0.000s {{(pid=95761) inner /opt/stack/data/venv/lib/python3.12/site-packages/oslo_concurrency/lockutils.py:525}}
Jul 19 19:03:26.242971 np0000005453 nova-conductor[95761]: DEBUG oslo_concurrency.lockutils [None req-5800f122-735b-4fd3-a5ba-114736a12666 tempest-DeleteServersTestJSON-2071991163 tempest-DeleteServersTestJSON-2071991163-project-member] Lock "cb827e6a-1d3f-4040-a362-33b4e35ef51a" "released" by "nova.context.set_target_cell..get_or_set_cached_cell_and_set_connections" :: held 0.001s {{(pid=95761) inner /opt/stack/data/venv/lib/python3.12/site-packages/oslo_concurrency/lockutils.py:544}}
Jul 19 19:03:26.244621 np0000005453 nova-conductor[95761]: INFO dbcounter [None req-5800f122-735b-4fd3-a5ba-114736a12666 tempest-DeleteServersTestJSON-2071991163 tempest-DeleteServersTestJSON-2071991163-project-member] Registered counter for database nova_cell1
Jul 19 19:03:26.273833 np0000005453 nova-conductor[95761]: DEBUG oslo_db.sqlalchemy.engines [None req-5800f122-735b-4fd3-a5ba-114736a12666 tempest-DeleteServersTestJSON-2071991163 tempest-DeleteServersTestJSON-2071991163-project-member] MySQL server mode set to STRICT_TRANS_TABLES,STRICT_ALL_TABLES,NO_ZERO_IN_DATE,NO_ZERO_DATE,ERROR_FOR_DIVISION_BY_ZERO,TRADITIONAL,NO_ENGINE_SUBSTITUTION {{(pid=95761) _check_effective_sql_mode /opt/stack/data/venv/lib/python3.12/site-packages/oslo_db/sqlalchemy/engines.py:325}}
Jul 19 19:03:26.279499 np0000005453 nova-conductor[95761]: DEBUG dbcounter [-] [95761] Writer thread running {{(pid=95761) stat_writer /opt/stack/data/venv/lib/python3.12/site-packages/dbcounter.py:102}}
Jul 19 19:03:26.333442 np0000005453 nova-conductor[95761]: INFO nova.utils [None req-5800f122-735b-4fd3-a5ba-114736a12666 tempest-DeleteServersTestJSON-2071991163 tempest-DeleteServersTestJSON-2071991163-project-member] The cell worker thread pool ForkProcess-1.cell_worker is initialized
Jul 19 19:03:26.333981 np0000005453 nova-conductor[95761]: DEBUG oslo_concurrency.lockutils [None req-5800f122-735b-4fd3-a5ba-114736a12666 tempest-DeleteServersTestJSON-2071991163 tempest-DeleteServersTestJSON-2071991163-project-member] Acquiring lock "00000000-0000-0000-0000-000000000000" by "nova.context.set_target_cell..get_or_set_cached_cell_and_set_connections" {{(pid=95761) inner /opt/stack/data/venv/lib/python3.12/site-packages/oslo_concurrency/lockutils.py:512}}
Jul 19 19:03:26.333981 np0000005453 nova-conductor[95761]: DEBUG oslo_concurrency.lockutils [None req-5800f122-735b-4fd3-a5ba-114736a12666 tempest-DeleteServersTestJSON-2071991163 tempest-DeleteServersTestJSON-2071991163-project-member] Lock "00000000-0000-0000-0000-000000000000" acquired by "nova.context.set_target_cell..get_or_set_cached_cell_and_set_connections" :: waited 0.000s {{(pid=95761) inner /opt/stack/data/venv/lib/python3.12/site-packages/oslo_concurrency/lockutils.py:525}}
Jul 19 19:03:26.334415 np0000005453 nova-conductor[95761]: DEBUG oslo_concurrency.lockutils [None req-5800f122-735b-4fd3-a5ba-114736a12666 tempest-DeleteServersTestJSON-2071991163 tempest-DeleteServersTestJSON-2071991163-project-member] Lock "00000000-0000-0000-0000-000000000000" "released" by "nova.context.set_target_cell..get_or_set_cached_cell_and_set_connections" :: held 0.000s {{(pid=95761) inner /opt/stack/data/venv/lib/python3.12/site-packages/oslo_concurrency/lockutils.py:544}}
Jul 19 19:03:26.335326 np0000005453 nova-conductor[95761]: DEBUG oslo_concurrency.lockutils [None req-5800f122-735b-4fd3-a5ba-114736a12666 tempest-DeleteServersTestJSON-2071991163 tempest-DeleteServersTestJSON-2071991163-project-member] Acquiring lock "cb827e6a-1d3f-4040-a362-33b4e35ef51a" by "nova.context.set_target_cell..get_or_set_cached_cell_and_set_connections" {{(pid=95761) inner /opt/stack/data/venv/lib/python3.12/site-packages/oslo_concurrency/lockutils.py:512}}
Jul 19 19:03:26.335553 np0000005453 nova-conductor[95761]: DEBUG oslo_concurrency.lockutils [None req-5800f122-735b-4fd3-a5ba-114736a12666 tempest-DeleteServersTestJSON-2071991163 tempest-DeleteServersTestJSON-2071991163-project-member] Lock "cb827e6a-1d3f-4040-a362-33b4e35ef51a" acquired by "nova.context.set_target_cell..get_or_set_cached_cell_and_set_connections" :: waited 0.000s {{(pid=95761) inner /opt/stack/data/venv/lib/python3.12/site-packages/oslo_concurrency/lockutils.py:525}}
Jul 19 19:03:26.335713 np0000005453 nova-conductor[95761]: DEBUG oslo_concurrency.lockutils [None req-5800f122-735b-4fd3-a5ba-114736a12666 tempest-DeleteServersTestJSON-2071991163 tempest-DeleteServersTestJSON-2071991163-project-member] Lock "cb827e6a-1d3f-4040-a362-33b4e35ef51a" "released" by "nova.context.set_target_cell..get_or_set_cached_cell_and_set_connections" :: held 0.000s {{(pid=95761) inner /opt/stack/data/venv/lib/python3.12/site-packages/oslo_concurrency/lockutils.py:544}}
Jul 19 19:03:26.337439 np0000005453 nova-conductor[95761]: INFO dbcounter [None req-5800f122-735b-4fd3-a5ba-114736a12666 tempest-DeleteServersTestJSON-2071991163 tempest-DeleteServersTestJSON-2071991163-project-member] Registered counter for database nova_cell0
Jul 19 19:03:26.373798 np0000005453 nova-conductor[95761]: DEBUG oslo_db.sqlalchemy.engines [None req-5800f122-735b-4fd3-a5ba-114736a12666 tempest-DeleteServersTestJSON-2071991163 tempest-DeleteServersTestJSON-2071991163-project-member] MySQL server mode set to STRICT_TRANS_TABLES,STRICT_ALL_TABLES,NO_ZERO_IN_DATE,NO_ZERO_DATE,ERROR_FOR_DIVISION_BY_ZERO,TRADITIONAL,NO_ENGINE_SUBSTITUTION {{(pid=95761) _check_effective_sql_mode /opt/stack/data/venv/lib/python3.12/site-packages/oslo_db/sqlalchemy/engines.py:325}}
Jul 19 19:03:26.380062 np0000005453 nova-conductor[95761]: DEBUG dbcounter [-] [95761] Writer thread running {{(pid=95761) stat_writer /opt/stack/data/venv/lib/python3.12/site-packages/dbcounter.py:102}}
Jul 19 19:03:26.393172 np0000005453 nova-conductor[95761]: DEBUG nova.quota [None req-5800f122-735b-4fd3-a5ba-114736a12666 tempest-DeleteServersTestJSON-2071991163 tempest-DeleteServersTestJSON-2071991163-project-member] Getting quotas for project 18600016b013416395caabd87966c73e. Resources: {'ram', 'cores', 'instances'} {{(pid=95761) _get_quotas /opt/stack/nova/nova/quota.py:389}}
Jul 19 19:03:26.396990 np0000005453 nova-conductor[95761]: DEBUG nova.quota [None req-5800f122-735b-4fd3-a5ba-114736a12666 tempest-DeleteServersTestJSON-2071991163 tempest-DeleteServersTestJSON-2071991163-project-member] Getting quotas for user 3aef93b7a2904c61b1cf8967b69b378d and project 18600016b013416395caabd87966c73e. Resources: {'ram', 'cores', 'instances'} {{(pid=95761) _get_quotas /opt/stack/nova/nova/quota.py:379}}
Jul 19 19:03:26.412578 np0000005453 nova-conductor[95761]: DEBUG nova.conductor.manager [None req-5800f122-735b-4fd3-a5ba-114736a12666 tempest-DeleteServersTestJSON-2071991163 tempest-DeleteServersTestJSON-2071991163-project-member] [instance: d9d15d46-98b2-4467-86c7-e1b628b90701] Selected host: np0000005453; Selected node: np0000005453; Alternates: [] {{(pid=95761) schedule_and_build_instances /opt/stack/nova/nova/conductor/manager.py:1784}}
Jul 19 19:03:26.413136 np0000005453 nova-conductor[95761]: DEBUG oslo_concurrency.lockutils [None req-5800f122-735b-4fd3-a5ba-114736a12666 tempest-DeleteServersTestJSON-2071991163 tempest-DeleteServersTestJSON-2071991163-project-member] Acquiring lock "cb827e6a-1d3f-4040-a362-33b4e35ef51a" by "nova.context.set_target_cell..get_or_set_cached_cell_and_set_connections" {{(pid=95761) inner /opt/stack/data/venv/lib/python3.12/site-packages/oslo_concurrency/lockutils.py:512}}
Jul 19 19:03:26.413289 np0000005453 nova-conductor[95761]: DEBUG oslo_concurrency.lockutils [None req-5800f122-735b-4fd3-a5ba-114736a12666 tempest-DeleteServersTestJSON-2071991163 tempest-DeleteServersTestJSON-2071991163-project-member] Lock "cb827e6a-1d3f-4040-a362-33b4e35ef51a" acquired by "nova.context.set_target_cell..get_or_set_cached_cell_and_set_connections" :: waited 0.000s {{(pid=95761) inner /opt/stack/data/venv/lib/python3.12/site-packages/oslo_concurrency/lockutils.py:525}}
Jul 19 19:03:26.413408 np0000005453 nova-conductor[95761]: DEBUG oslo_concurrency.lockutils [None req-5800f122-735b-4fd3-a5ba-114736a12666 tempest-DeleteServersTestJSON-2071991163 tempest-DeleteServersTestJSON-2071991163-project-member] Lock "cb827e6a-1d3f-4040-a362-33b4e35ef51a" "released" by "nova.context.set_target_cell..get_or_set_cached_cell_and_set_connections" :: held 0.000s {{(pid=95761) inner /opt/stack/data/venv/lib/python3.12/site-packages/oslo_concurrency/lockutils.py:544}}
Jul 19 19:03:26.424599 np0000005453 nova-conductor[95761]: DEBUG nova.conductor.manager [None req-5800f122-735b-4fd3-a5ba-114736a12666 tempest-DeleteServersTestJSON-2071991163 tempest-DeleteServersTestJSON-2071991163-project-member] [instance: d9d15d46-98b2-4467-86c7-e1b628b90701] block_device_mapping [BlockDeviceMapping(attachment_id=,boot_index=0,connection_info=None,created_at=,delete_on_termination=True,deleted=,deleted_at=,destination_type='local',device_name=None,device_type='disk',disk_bus=None,encrypted=False,encryption_format=None,encryption_options=None,encryption_secret_uuid=None,guest_format=None,id=,image_id='a3ebe0ec-de81-4cac-9b14-09455f9e2fdc',instance=,instance_uuid=,no_device=False,snapshot_id=None,source_type='image',tag=None,updated_at=,uuid=,volume_id=None,volume_size=None,volume_type=None)] {{(pid=95761) _create_block_device_mapping /opt/stack/nova/nova/conductor/manager.py:1529}}
Jul 19 19:03:26.426703 np0000005453 nova-conductor[95761]: DEBUG oslo_concurrency.lockutils [None req-5800f122-735b-4fd3-a5ba-114736a12666 tempest-DeleteServersTestJSON-2071991163 tempest-DeleteServersTestJSON-2071991163-project-member] Acquiring lock "cb827e6a-1d3f-4040-a362-33b4e35ef51a" by "nova.context.set_target_cell..get_or_set_cached_cell_and_set_connections" {{(pid=95761) inner /opt/stack/data/venv/lib/python3.12/site-packages/oslo_concurrency/lockutils.py:512}}
Jul 19 19:03:26.426703 np0000005453 nova-conductor[95761]: DEBUG oslo_concurrency.lockutils [None req-5800f122-735b-4fd3-a5ba-114736a12666 tempest-DeleteServersTestJSON-2071991163 tempest-DeleteServersTestJSON-2071991163-project-member] Lock "cb827e6a-1d3f-4040-a362-33b4e35ef51a" acquired by "nova.context.set_target_cell..get_or_set_cached_cell_and_set_connections" :: waited 0.000s {{(pid=95761) inner /opt/stack/data/venv/lib/python3.12/site-packages/oslo_concurrency/lockutils.py:525}}
Jul 19 19:03:26.426703 np0000005453 nova-conductor[95761]: DEBUG oslo_concurrency.lockutils [None req-5800f122-735b-4fd3-a5ba-114736a12666 tempest-DeleteServersTestJSON-2071991163 tempest-DeleteServersTestJSON-2071991163-project-member] Lock "cb827e6a-1d3f-4040-a362-33b4e35ef51a" "released" by "nova.context.set_target_cell..get_or_set_cached_cell_and_set_connections" :: held 0.000s {{(pid=95761) inner /opt/stack/data/venv/lib/python3.12/site-packages/oslo_concurrency/lockutils.py:544}}
Jul 19 19:03:26.456656 np0000005453 nova-conductor[95761]: DEBUG oslo_concurrency.lockutils [None req-5800f122-735b-4fd3-a5ba-114736a12666 tempest-DeleteServersTestJSON-2071991163 tempest-DeleteServersTestJSON-2071991163-project-member] Acquiring lock "cb827e6a-1d3f-4040-a362-33b4e35ef51a" by "nova.context.set_target_cell..get_or_set_cached_cell_and_set_connections" {{(pid=95761) inner /opt/stack/data/venv/lib/python3.12/site-packages/oslo_concurrency/lockutils.py:512}}
Jul 19 19:03:26.456855 np0000005453 nova-conductor[95761]: DEBUG oslo_concurrency.lockutils [None req-5800f122-735b-4fd3-a5ba-114736a12666 tempest-DeleteServersTestJSON-2071991163 tempest-DeleteServersTestJSON-2071991163-project-member] Lock "cb827e6a-1d3f-4040-a362-33b4e35ef51a" acquired by "nova.context.set_target_cell..get_or_set_cached_cell_and_set_connections" :: waited 0.000s {{(pid=95761) inner /opt/stack/data/venv/lib/python3.12/site-packages/oslo_concurrency/lockutils.py:525}}
Jul 19 19:03:26.456988 np0000005453 nova-conductor[95761]: DEBUG oslo_concurrency.lockutils [None req-5800f122-735b-4fd3-a5ba-114736a12666 tempest-DeleteServersTestJSON-2071991163 tempest-DeleteServersTestJSON-2071991163-project-member] Lock "cb827e6a-1d3f-4040-a362-33b4e35ef51a" "released" by "nova.context.set_target_cell..get_or_set_cached_cell_and_set_connections" :: held 0.000s {{(pid=95761) inner /opt/stack/data/venv/lib/python3.12/site-packages/oslo_concurrency/lockutils.py:544}}
Jul 19 19:03:26.457188 np0000005453 nova-conductor[95761]: DEBUG oslo_concurrency.lockutils [None req-5800f122-735b-4fd3-a5ba-114736a12666 tempest-DeleteServersTestJSON-2071991163 tempest-DeleteServersTestJSON-2071991163-project-member] Acquiring lock "compute-rpcapi-router" {{(pid=95761) lock /opt/stack/data/venv/lib/python3.12/site-packages/oslo_concurrency/lockutils.py:396}}
Jul 19 19:03:26.457272 np0000005453 nova-conductor[95761]: DEBUG oslo_concurrency.lockutils [None req-5800f122-735b-4fd3-a5ba-114736a12666 tempest-DeleteServersTestJSON-2071991163 tempest-DeleteServersTestJSON-2071991163-project-member] Acquired lock "compute-rpcapi-router" {{(pid=95761) lock /opt/stack/data/venv/lib/python3.12/site-packages/oslo_concurrency/lockutils.py:399}}
Jul 19 19:03:26.457673 np0000005453 nova-conductor[95761]: DEBUG oslo_concurrency.lockutils [None req-d53493a1-0160-495f-a798-7e3f04447a23 None None] Acquiring lock "00000000-0000-0000-0000-000000000000" by "nova.context.set_target_cell..get_or_set_cached_cell_and_set_connections" {{(pid=95761) inner /opt/stack/data/venv/lib/python3.12/site-packages/oslo_concurrency/lockutils.py:512}}
Jul 19 19:03:26.457925 np0000005453 nova-conductor[95761]: DEBUG oslo_concurrency.lockutils [None req-d53493a1-0160-495f-a798-7e3f04447a23 None None] Lock "00000000-0000-0000-0000-000000000000" acquired by "nova.context.set_target_cell..get_or_set_cached_cell_and_set_connections" :: waited 0.000s {{(pid=95761) inner /opt/stack/data/venv/lib/python3.12/site-packages/oslo_concurrency/lockutils.py:525}}
Jul 19 19:03:26.457925 np0000005453 nova-conductor[95761]: DEBUG oslo_concurrency.lockutils [None req-d53493a1-0160-495f-a798-7e3f04447a23 None None] Lock "00000000-0000-0000-0000-000000000000" "released" by "nova.context.set_target_cell..get_or_set_cached_cell_and_set_connections" :: held 0.000s {{(pid=95761) inner /opt/stack/data/venv/lib/python3.12/site-packages/oslo_concurrency/lockutils.py:544}}
Jul 19 19:03:26.458475 np0000005453 nova-conductor[95761]: DEBUG oslo_concurrency.lockutils [None req-d53493a1-0160-495f-a798-7e3f04447a23 None None] Acquiring lock "cb827e6a-1d3f-4040-a362-33b4e35ef51a" by "nova.context.set_target_cell..get_or_set_cached_cell_and_set_connections" {{(pid=95761) inner /opt/stack/data/venv/lib/python3.12/site-packages/oslo_concurrency/lockutils.py:512}}
Jul 19 19:03:26.459741 np0000005453 nova-conductor[95761]: DEBUG oslo_concurrency.lockutils [None req-d53493a1-0160-495f-a798-7e3f04447a23 None None] Lock "cb827e6a-1d3f-4040-a362-33b4e35ef51a" acquired by "nova.context.set_target_cell..get_or_set_cached_cell_and_set_connections" :: waited 0.001s {{(pid=95761) inner /opt/stack/data/venv/lib/python3.12/site-packages/oslo_concurrency/lockutils.py:525}}
Jul 19 19:03:26.459843 np0000005453 nova-conductor[95761]: DEBUG oslo_concurrency.lockutils [None req-d53493a1-0160-495f-a798-7e3f04447a23 None None] Lock "cb827e6a-1d3f-4040-a362-33b4e35ef51a" "released" by "nova.context.set_target_cell..get_or_set_cached_cell_and_set_connections" :: held 0.000s {{(pid=95761) inner /opt/stack/data/venv/lib/python3.12/site-packages/oslo_concurrency/lockutils.py:544}}
Jul 19 19:03:26.470254 np0000005453 nova-conductor[95761]: INFO nova.compute.rpcapi [None req-d53493a1-0160-495f-a798-7e3f04447a23 None None] Automatically selected compute RPC version 6.5 from minimum service version 72
Jul 19 19:03:26.470705 np0000005453 nova-conductor[95761]: DEBUG oslo_concurrency.lockutils [None req-d53493a1-0160-495f-a798-7e3f04447a23 None None] Releasing lock "compute-rpcapi-router" {{(pid=95761) lock /opt/stack/data/venv/lib/python3.12/site-packages/oslo_concurrency/lockutils.py:419}}
Jul 19 19:03:30.889942 np0000005453 nova-conductor[95781]: DEBUG dbcounter [-] [95781] Writer thread running {{(pid=95781) stat_writer /opt/stack/data/venv/lib/python3.12/site-packages/dbcounter.py:102}}
Jul 19 19:03:31.255908 np0000005453 nova-conductor[95781]: DEBUG nova.conductor.manager [None req-9a3592a7-55b0-4cab-a997-21800b6042d5 tempest-ServerActionsTestOtherB-1623035285 tempest-ServerActionsTestOtherB-1623035285-project-member] Took 0.36 seconds to select destinations for 1 instance(s). {{(pid=95781) _schedule_instances /opt/stack/nova/nova/conductor/manager.py:968}}
Jul 19 19:03:31.278900 np0000005453 nova-conductor[95781]: DEBUG oslo_concurrency.lockutils [None req-9a3592a7-55b0-4cab-a997-21800b6042d5 tempest-ServerActionsTestOtherB-1623035285 tempest-ServerActionsTestOtherB-1623035285-project-member] Acquiring lock "cb827e6a-1d3f-4040-a362-33b4e35ef51a" by "nova.context.set_target_cell..get_or_set_cached_cell_and_set_connections" {{(pid=95781) inner /opt/stack/data/venv/lib/python3.12/site-packages/oslo_concurrency/lockutils.py:512}}
Jul 19 19:03:31.279155 np0000005453 nova-conductor[95781]: DEBUG oslo_concurrency.lockutils [None req-9a3592a7-55b0-4cab-a997-21800b6042d5 tempest-ServerActionsTestOtherB-1623035285 tempest-ServerActionsTestOtherB-1623035285-project-member] Lock "cb827e6a-1d3f-4040-a362-33b4e35ef51a" acquired by "nova.context.set_target_cell..get_or_set_cached_cell_and_set_connections" :: waited 0.000s {{(pid=95781) inner /opt/stack/data/venv/lib/python3.12/site-packages/oslo_concurrency/lockutils.py:525}}
Jul 19 19:03:31.280556 np0000005453 nova-conductor[95781]: DEBUG oslo_concurrency.lockutils [None req-9a3592a7-55b0-4cab-a997-21800b6042d5 tempest-ServerActionsTestOtherB-1623035285 tempest-ServerActionsTestOtherB-1623035285-project-member] Lock "cb827e6a-1d3f-4040-a362-33b4e35ef51a" "released" by "nova.context.set_target_cell..get_or_set_cached_cell_and_set_connections" :: held 0.001s {{(pid=95781) inner /opt/stack/data/venv/lib/python3.12/site-packages/oslo_concurrency/lockutils.py:544}}
Jul 19 19:03:31.282410 np0000005453 nova-conductor[95781]: INFO dbcounter [None req-9a3592a7-55b0-4cab-a997-21800b6042d5 tempest-ServerActionsTestOtherB-1623035285 tempest-ServerActionsTestOtherB-1623035285-project-member] Registered counter for database nova_cell1
Jul 19 19:03:31.315665 np0000005453 nova-conductor[95781]: DEBUG oslo_db.sqlalchemy.engines [None req-9a3592a7-55b0-4cab-a997-21800b6042d5 tempest-ServerActionsTestOtherB-1623035285 tempest-ServerActionsTestOtherB-1623035285-project-member] MySQL server mode set to STRICT_TRANS_TABLES,STRICT_ALL_TABLES,NO_ZERO_IN_DATE,NO_ZERO_DATE,ERROR_FOR_DIVISION_BY_ZERO,TRADITIONAL,NO_ENGINE_SUBSTITUTION {{(pid=95781) _check_effective_sql_mode /opt/stack/data/venv/lib/python3.12/site-packages/oslo_db/sqlalchemy/engines.py:325}}
Jul 19 19:03:31.321512 np0000005453 nova-conductor[95781]: DEBUG dbcounter [-] [95781] Writer thread running {{(pid=95781) stat_writer /opt/stack/data/venv/lib/python3.12/site-packages/dbcounter.py:102}}
Jul 19 19:03:31.372200 np0000005453 nova-conductor[95781]: INFO nova.utils [None req-9a3592a7-55b0-4cab-a997-21800b6042d5 tempest-ServerActionsTestOtherB-1623035285 tempest-ServerActionsTestOtherB-1623035285-project-member] The cell worker thread pool ForkProcess-3.cell_worker is initialized
Jul 19 19:03:31.372533 np0000005453 nova-conductor[95781]: DEBUG oslo_concurrency.lockutils [None req-9a3592a7-55b0-4cab-a997-21800b6042d5 tempest-ServerActionsTestOtherB-1623035285 tempest-ServerActionsTestOtherB-1623035285-project-member] Acquiring lock "00000000-0000-0000-0000-000000000000" by "nova.context.set_target_cell..get_or_set_cached_cell_and_set_connections" {{(pid=95781) inner /opt/stack/data/venv/lib/python3.12/site-packages/oslo_concurrency/lockutils.py:512}}
Jul 19 19:03:31.372695 np0000005453 nova-conductor[95781]: DEBUG oslo_concurrency.lockutils [None req-9a3592a7-55b0-4cab-a997-21800b6042d5 tempest-ServerActionsTestOtherB-1623035285 tempest-ServerActionsTestOtherB-1623035285-project-member] Lock "00000000-0000-0000-0000-000000000000" acquired by "nova.context.set_target_cell..get_or_set_cached_cell_and_set_connections" :: waited 0.000s {{(pid=95781) inner /opt/stack/data/venv/lib/python3.12/site-packages/oslo_concurrency/lockutils.py:525}}
Jul 19 19:03:31.373151 np0000005453 nova-conductor[95781]: DEBUG oslo_concurrency.lockutils [None req-9a3592a7-55b0-4cab-a997-21800b6042d5 tempest-ServerActionsTestOtherB-1623035285 tempest-ServerActionsTestOtherB-1623035285-project-member] Lock "00000000-0000-0000-0000-000000000000" "released" by "nova.context.set_target_cell..get_or_set_cached_cell_and_set_connections" :: held 0.000s {{(pid=95781) inner /opt/stack/data/venv/lib/python3.12/site-packages/oslo_concurrency/lockutils.py:544}}
Jul 19 19:03:31.373866 np0000005453 nova-conductor[95781]: DEBUG oslo_concurrency.lockutils [None req-9a3592a7-55b0-4cab-a997-21800b6042d5 tempest-ServerActionsTestOtherB-1623035285 tempest-ServerActionsTestOtherB-1623035285-project-member] Acquiring lock "cb827e6a-1d3f-4040-a362-33b4e35ef51a" by "nova.context.set_target_cell..get_or_set_cached_cell_and_set_connections" {{(pid=95781) inner /opt/stack/data/venv/lib/python3.12/site-packages/oslo_concurrency/lockutils.py:512}}
Jul 19 19:03:31.375251 np0000005453 nova-conductor[95781]: INFO dbcounter [None req-9a3592a7-55b0-4cab-a997-21800b6042d5 tempest-ServerActionsTestOtherB-1623035285 tempest-ServerActionsTestOtherB-1623035285-project-member] Registered counter for database nova_cell0
Jul 19 19:03:31.376604 np0000005453 nova-conductor[95781]: DEBUG oslo_concurrency.lockutils [None req-9a3592a7-55b0-4cab-a997-21800b6042d5 tempest-ServerActionsTestOtherB-1623035285 tempest-ServerActionsTestOtherB-1623035285-project-member] Lock "cb827e6a-1d3f-4040-a362-33b4e35ef51a" acquired by "nova.context.set_target_cell..get_or_set_cached_cell_and_set_connections" :: waited 0.001s {{(pid=95781) inner /opt/stack/data/venv/lib/python3.12/site-packages/oslo_concurrency/lockutils.py:525}}
Jul 19 19:03:31.376743 np0000005453 nova-conductor[95781]: DEBUG oslo_concurrency.lockutils [None req-9a3592a7-55b0-4cab-a997-21800b6042d5 tempest-ServerActionsTestOtherB-1623035285 tempest-ServerActionsTestOtherB-1623035285-project-member] Lock "cb827e6a-1d3f-4040-a362-33b4e35ef51a" "released" by "nova.context.set_target_cell..get_or_set_cached_cell_and_set_connections" :: held 0.002s {{(pid=95781) inner /opt/stack/data/venv/lib/python3.12/site-packages/oslo_concurrency/lockutils.py:544}}
Jul 19 19:03:31.408149 np0000005453 nova-conductor[95781]: DEBUG oslo_db.sqlalchemy.engines [None req-9a3592a7-55b0-4cab-a997-21800b6042d5 tempest-ServerActionsTestOtherB-1623035285 tempest-ServerActionsTestOtherB-1623035285-project-member] MySQL server mode set to STRICT_TRANS_TABLES,STRICT_ALL_TABLES,NO_ZERO_IN_DATE,NO_ZERO_DATE,ERROR_FOR_DIVISION_BY_ZERO,TRADITIONAL,NO_ENGINE_SUBSTITUTION {{(pid=95781) _check_effective_sql_mode /opt/stack/data/venv/lib/python3.12/site-packages/oslo_db/sqlalchemy/engines.py:325}}
Jul 19 19:03:31.413493 np0000005453 nova-conductor[95781]: DEBUG dbcounter [-] [95781] Writer thread running {{(pid=95781) stat_writer /opt/stack/data/venv/lib/python3.12/site-packages/dbcounter.py:102}}
