Jul 19 19:00:52.808499 np0000005453 devstack@neutron-api.service[87541]: DEBUG ovsdbapp.backend.ovs_idl.transaction [None req-aeebeccc-7589-4c83-b081-416357c5c2b0 None None] Running txn n=1 command(idx=1): SetLSwitchPortCommand(_result=None, lport=71b26baa-e06d-4f44-bafe-e5d6c84565ad, external_ids_update=None, columns={'external_ids': {'neutron:port_name': '', 'neutron:device_id': 'ad6fac48-11f0-4e1a-9e3d-bf76a103221f', 'neutron:project_id': '', 'neutron:cidrs': '172.24.5.253/24 2001:db8::38/64', 'neutron:device_owner': 'network:router_gateway', 'neutron:subnet_pool_addr_scope4': '', 'neutron:subnet_pool_addr_scope6': '', 'neutron:network_name': 'neutron-54a6885f-ec39-49be-9e68-75d4da65d1b2', 'neutron:security_group_ids': '', 'neutron:revision_number': '6', 'neutron:vnic_type': 'normal', 'neutron:port_capabilities': '', 'neutron:mtu': '', 'neutron:host_id': 'np0000005453'}, 'parent_name': [], 'options': {'requested-chassis': 'np0000005453', 'exclude-lb-vips-from-garp': 'true', 'nat-addresses': 'router', 'router-port': 'lrp-71b26baa-e06d-4f44-bafe-e5d6c84565ad'}, 'enabled': True, 'port_security': [], 'dhcpv4_options': [], 'dhcpv6_options': [], 'type': 'router', 'ha_chassis_group': [], 'tag_request': []}, if_exists=False) {{(pid=87541) do_commit /opt/stack/data/venv/lib/python3.12/site-packages/ovsdbapp/backend/ovs_idl/transaction.py:89}}
Jul 19 19:00:52.809498 np0000005453 devstack@neutron-api.service[87541]: DEBUG ovsdbapp.backend.ovs_idl.transaction [None req-aeebeccc-7589-4c83-b081-416357c5c2b0 None None] Running txn n=1 command(idx=2): PgDelPortCommand(_result=None, port_group=neutron_pg_drop, lsp=['71b26baa-e06d-4f44-bafe-e5d6c84565ad'], if_exists=False) {{(pid=87541) do_commit /opt/stack/data/venv/lib/python3.12/site-packages/ovsdbapp/backend/ovs_idl/transaction.py:89}}
Jul 19 19:00:52.823425 np0000005453 devstack@neutron-api.service[87541]: DEBUG neutron.plugins.ml2.drivers.ovn.mech_driver.ovsdb.ovsdb_monitor [None req-aeebeccc-7589-4c83-b081-416357c5c2b0 None None] Touching Hash Ring node "e8a13e1916625d999fa0778a28602161" from IDL notify handler {{(pid=87541) notify /opt/stack/neutron/neutron/plugins/ml2/drivers/ovn/mech_driver/ovsdb/ovsdb_monitor.py:1001}}
Jul 19 19:00:52.824352 np0000005453 devstack@neutron-api.service[87542]: DEBUG neutron.plugins.ml2.drivers.ovn.mech_driver.ovsdb.ovsdb_monitor [None req-c6384e99-bf66-4f52-b22c-2fdb6117bd8f None None] Touching Hash Ring node "1b535dc5b87d5ecabdde6d2a699ab775" from IDL notify handler {{(pid=87542) notify /opt/stack/neutron/neutron/plugins/ml2/drivers/ovn/mech_driver/ovsdb/ovsdb_monitor.py:1001}}
Jul 19 19:00:52.826759 np0000005453 devstack@neutron-api.service[87541]: DEBUG neutron.plugins.ml2.drivers.ovn.mech_driver.ovsdb.ovsdb_monitor [None req-aeebeccc-7589-4c83-b081-416357c5c2b0 None None] Hash Ring: Node e8a13e1916625d999fa0778a28602161 (host: np0000005453) handling event "update" for row ee06f1fe-d0ae-41cf-83e4-e1c23accffbe (table: Logical_Switch_Port) {{(pid=87541) notify /opt/stack/neutron/neutron/plugins/ml2/drivers/ovn/mech_driver/ovsdb/ovsdb_monitor.py:1009}}
Jul 19 19:00:52.827215 np0000005453 devstack@neutron-api.service[87542]: DEBUG neutron.plugins.ml2.drivers.ovn.mech_driver.ovsdb.ovsdb_monitor [None req-c6384e99-bf66-4f52-b22c-2fdb6117bd8f None None] Hash Ring: Node 1b535dc5b87d5ecabdde6d2a699ab775 (host: np0000005453) handling event "update" for row ee06f1fe-d0ae-41cf-83e4-e1c23accffbe (table: Logical_Switch_Port) {{(pid=87542) notify /opt/stack/neutron/neutron/plugins/ml2/drivers/ovn/mech_driver/ovsdb/ovsdb_monitor.py:1009}}
Jul 19 19:00:52.849658 np0000005453 devstack@neutron-api.service[87541]: DEBUG ovsdbapp.backend.ovs_idl.transaction [None req-aeebeccc-7589-4c83-b081-416357c5c2b0 None None] Running txn n=1 command(idx=0): DbSetCommand(_result=None, table=Logical_Switch_Port, record=71b26baa-e06d-4f44-bafe-e5d6c84565ad, col_values=(('external_ids', {'neutron:host_id': 'np0000005453'}),), if_exists=True) {{(pid=87541) do_commit /opt/stack/data/venv/lib/python3.12/site-packages/ovsdbapp/backend/ovs_idl/transaction.py:89}}
Jul 19 19:00:52.850164 np0000005453 devstack@neutron-api.service[87541]: DEBUG ovsdbapp.backend.ovs_idl.transaction [None req-aeebeccc-7589-4c83-b081-416357c5c2b0 None None] Transaction caused no change {{(pid=87541) do_commit /opt/stack/data/venv/lib/python3.12/site-packages/ovsdbapp/backend/ovs_idl/transaction.py:129}}
Jul 19 19:00:53.023768 np0000005453 devstack@neutron-api.service[87541]: DEBUG neutron.api.wsgi [None req-5a9b4dc7-84f4-4588-a1dc-62297809104f admin admin] Missing Content-Type {{(pid=87541) get_content_type /opt/stack/neutron/neutron/api/wsgi.py:80}}
Jul 19 19:00:53.065382 np0000005453 devstack@neutron-api.service[87541]: [pid: 87541|app: 0|req: 12/32] 10.4.3.182 () {64 vars in 1381 bytes} [Sun Jul 19 19:00:53 2026] GET /networking/v2.0/routers/ad6fac48-11f0-4e1a-9e3d-bf76a103221f => generated 1112 bytes in 43 msecs (HTTP/1.1 200) 4 headers in 158 bytes (1 switches on core 0)
Jul 19 19:00:53.125342 np0000005453 devstack@neutron-api.service[87540]: DEBUG neutron.pecan_wsgi.hooks.policy_enforcement [None req-fd5b4f54-a0fa-4212-b43e-33b5ccccec53 admin admin] Attributes excluded by policy engine: ['standard_attr_id'] {{(pid=87540) _exclude_attributes_by_policy /opt/stack/neutron/neutron/pecan_wsgi/hooks/policy_enforcement.py:259}}
Jul 19 19:00:53.127443 np0000005453 devstack@neutron-api.service[87540]: [pid: 87540|app: 0|req: 11/33] 10.4.3.182 () {64 vars in 1370 bytes} [Sun Jul 19 19:00:53 2026] GET /networking/v2.0/ports?device_id=ad6fac48-11f0-4e1a-9e3d-bf76a103221f => generated 2594 bytes in 55 msecs (HTTP/1.1 200) 4 headers in 158 bytes (1 switches on core 0)
Jul 19 19:00:55.894744 np0000005453 devstack@neutron-api.service[87541]: DEBUG neutron.plugins.ml2.drivers.ovn.mech_driver.ovsdb.ovsdb_monitor [None req-aeebeccc-7589-4c83-b081-416357c5c2b0 None None] Touching Hash Ring node "e8a13e1916625d999fa0778a28602161" from IDL notify handler {{(pid=87541) notify /opt/stack/neutron/neutron/plugins/ml2/drivers/ovn/mech_driver/ovsdb/ovsdb_monitor.py:1001}}
Jul 19 19:00:55.895684 np0000005453 devstack@neutron-api.service[87540]: DEBUG neutron.plugins.ml2.drivers.ovn.mech_driver.ovsdb.ovsdb_monitor [None req-e601c1f4-4916-4de5-94b5-cd9841b2d546 None None] Touching Hash Ring node "91983c945b0d57468d2600286dd1623a" from IDL notify handler {{(pid=87540) notify /opt/stack/neutron/neutron/plugins/ml2/drivers/ovn/mech_driver/ovsdb/ovsdb_monitor.py:1001}}
Jul 19 19:00:55.900488 np0000005453 devstack@neutron-api.service[87540]: DEBUG neutron.plugins.ml2.drivers.ovn.mech_driver.ovsdb.ovsdb_monitor [None req-e601c1f4-4916-4de5-94b5-cd9841b2d546 None None] Hash Ring: Node 91983c945b0d57468d2600286dd1623a (host: np0000005453) handling event "update" for row 2d6cf346-652c-49e8-80e6-934087dfcaef (table: NB_Global) {{(pid=87540) notify /opt/stack/neutron/neutron/plugins/ml2/drivers/ovn/mech_driver/ovsdb/ovsdb_monitor.py:1009}}
Jul 19 19:00:55.900660 np0000005453 devstack@neutron-api.service[87541]: DEBUG neutron.plugins.ml2.drivers.ovn.mech_driver.ovsdb.ovsdb_monitor [None req-aeebeccc-7589-4c83-b081-416357c5c2b0 None None] Hash Ring: Node e8a13e1916625d999fa0778a28602161 (host: np0000005453) handling event "update" for row 2d6cf346-652c-49e8-80e6-934087dfcaef (table: NB_Global) {{(pid=87541) notify /opt/stack/neutron/neutron/plugins/ml2/drivers/ovn/mech_driver/ovsdb/ovsdb_monitor.py:1009}}
Jul 19 19:00:56.103150 np0000005453 devstack@neutron-api.service[87541]: DEBUG neutron.plugins.ml2.drivers.ovn.mech_driver.ovsdb.ovsdb_monitor [None req-aeebeccc-7589-4c83-b081-416357c5c2b0 None None] Touching Hash Ring node "e8a13e1916625d999fa0778a28602161" from IDL notify handler {{(pid=87541) notify /opt/stack/neutron/neutron/plugins/ml2/drivers/ovn/mech_driver/ovsdb/ovsdb_monitor.py:1001}}
Jul 19 19:00:56.104125 np0000005453 devstack@neutron-api.service[87540]: DEBUG neutron.plugins.ml2.drivers.ovn.mech_driver.ovsdb.ovsdb_monitor [None req-e601c1f4-4916-4de5-94b5-cd9841b2d546 None None] Touching Hash Ring node "91983c945b0d57468d2600286dd1623a" from IDL notify handler {{(pid=87540) notify /opt/stack/neutron/neutron/plugins/ml2/drivers/ovn/mech_driver/ovsdb/ovsdb_monitor.py:1001}}
Jul 19 19:00:56.106914 np0000005453 devstack@neutron-api.service[87540]: DEBUG neutron.plugins.ml2.drivers.ovn.mech_driver.ovsdb.ovsdb_monitor [None req-e601c1f4-4916-4de5-94b5-cd9841b2d546 None None] Hash Ring: Node 91983c945b0d57468d2600286dd1623a (host: np0000005453) handling event "update" for row 2d6cf346-652c-49e8-80e6-934087dfcaef (table: NB_Global) {{(pid=87540) notify /opt/stack/neutron/neutron/plugins/ml2/drivers/ovn/mech_driver/ovsdb/ovsdb_monitor.py:1009}}
Jul 19 19:00:56.106999 np0000005453 devstack@neutron-api.service[87541]: DEBUG neutron.plugins.ml2.drivers.ovn.mech_driver.ovsdb.ovsdb_monitor [None req-aeebeccc-7589-4c83-b081-416357c5c2b0 None None] Hash Ring: Node e8a13e1916625d999fa0778a28602161 (host: np0000005453) handling event "update" for row 2d6cf346-652c-49e8-80e6-934087dfcaef (table: NB_Global) {{(pid=87541) notify /opt/stack/neutron/neutron/plugins/ml2/drivers/ovn/mech_driver/ovsdb/ovsdb_monitor.py:1009}}
Jul 19 19:00:56.108875 np0000005453 devstack@neutron-api.service[87540]: DEBUG neutron.plugins.ml2.drivers.ovn.mech_driver.ovsdb.ovsdb_monitor [None req-e601c1f4-4916-4de5-94b5-cd9841b2d546 None None] Touching Hash Ring node "91983c945b0d57468d2600286dd1623a" from IDL notify handler {{(pid=87540) notify /opt/stack/neutron/neutron/plugins/ml2/drivers/ovn/mech_driver/ovsdb/ovsdb_monitor.py:1001}}
Jul 19 19:00:56.109276 np0000005453 devstack@neutron-api.service[87541]: DEBUG neutron.plugins.ml2.drivers.ovn.mech_driver.ovsdb.ovsdb_monitor [None req-aeebeccc-7589-4c83-b081-416357c5c2b0 None None] Touching Hash Ring node "e8a13e1916625d999fa0778a28602161" from IDL notify handler {{(pid=87541) notify /opt/stack/neutron/neutron/plugins/ml2/drivers/ovn/mech_driver/ovsdb/ovsdb_monitor.py:1001}}
Jul 19 19:00:56.111512 np0000005453 devstack@neutron-api.service[87540]: DEBUG neutron.plugins.ml2.drivers.ovn.mech_driver.ovsdb.ovsdb_monitor [None req-e601c1f4-4916-4de5-94b5-cd9841b2d546 None None] Hash Ring: Node 91983c945b0d57468d2600286dd1623a (host: np0000005453) handling event "update" for row 2d6cf346-652c-49e8-80e6-934087dfcaef (table: NB_Global) {{(pid=87540) notify /opt/stack/neutron/neutron/plugins/ml2/drivers/ovn/mech_driver/ovsdb/ovsdb_monitor.py:1009}}
Jul 19 19:00:56.112378 np0000005453 devstack@neutron-api.service[87541]: DEBUG neutron.plugins.ml2.drivers.ovn.mech_driver.ovsdb.ovsdb_monitor [None req-aeebeccc-7589-4c83-b081-416357c5c2b0 None None] Hash Ring: Node e8a13e1916625d999fa0778a28602161 (host: np0000005453) handling event "update" for row 2d6cf346-652c-49e8-80e6-934087dfcaef (table: NB_Global) {{(pid=87541) notify /opt/stack/neutron/neutron/plugins/ml2/drivers/ovn/mech_driver/ovsdb/ovsdb_monitor.py:1009}}
Jul 19 19:00:56.117880 np0000005453 devstack@neutron-api.service[87541]: DEBUG neutron.plugins.ml2.drivers.ovn.mech_driver.ovsdb.ovsdb_monitor [None req-aeebeccc-7589-4c83-b081-416357c5c2b0 None None] Touching Hash Ring node "e8a13e1916625d999fa0778a28602161" from IDL notify handler {{(pid=87541) notify /opt/stack/neutron/neutron/plugins/ml2/drivers/ovn/mech_driver/ovsdb/ovsdb_monitor.py:1001}}
Jul 19 19:00:56.119256 np0000005453 devstack@neutron-api.service[87540]: DEBUG neutron.plugins.ml2.drivers.ovn.mech_driver.ovsdb.ovsdb_monitor [None req-e601c1f4-4916-4de5-94b5-cd9841b2d546 None None] Touching Hash Ring node "91983c945b0d57468d2600286dd1623a" from IDL notify handler {{(pid=87540) notify /opt/stack/neutron/neutron/plugins/ml2/drivers/ovn/mech_driver/ovsdb/ovsdb_monitor.py:1001}}
Jul 19 19:00:56.121924 np0000005453 devstack@neutron-api.service[87541]: DEBUG neutron.plugins.ml2.drivers.ovn.mech_driver.ovsdb.ovsdb_monitor [None req-aeebeccc-7589-4c83-b081-416357c5c2b0 None None] Hash Ring: Node e8a13e1916625d999fa0778a28602161 (host: np0000005453) handling event "update" for row 2d6cf346-652c-49e8-80e6-934087dfcaef (table: NB_Global) {{(pid=87541) notify /opt/stack/neutron/neutron/plugins/ml2/drivers/ovn/mech_driver/ovsdb/ovsdb_monitor.py:1009}}
Jul 19 19:00:56.122080 np0000005453 devstack@neutron-api.service[87540]: DEBUG neutron.plugins.ml2.drivers.ovn.mech_driver.ovsdb.ovsdb_monitor [None req-e601c1f4-4916-4de5-94b5-cd9841b2d546 None None] Hash Ring: Node 91983c945b0d57468d2600286dd1623a (host: np0000005453) handling event "update" for row 2d6cf346-652c-49e8-80e6-934087dfcaef (table: NB_Global) {{(pid=87540) notify /opt/stack/neutron/neutron/plugins/ml2/drivers/ovn/mech_driver/ovsdb/ovsdb_monitor.py:1009}}
Jul 19 19:01:02.684629 np0000005453 devstack@neutron-api.service[87541]: DEBUG futurist.periodics [-] Submitting periodic callback 'neutron.plugins.ml2.drivers.ovn.mech_driver.ovsdb.maintenance.HashRingHealthCheckPeriodics.touch_hash_ring_node' {{(pid=87541) _process_scheduled /opt/stack/data/venv/lib/python3.12/site-packages/futurist/periodics.py:784}}
Jul 19 19:01:02.685129 np0000005453 devstack@neutron-api.service[87541]: DEBUG neutron.plugins.ml2.drivers.ovn.mech_driver.ovsdb.maintenance [-] Touching Hash Ring node "e8a13e1916625d999fa0778a28602161" from periodic health check thread {{(pid=87541) touch_hash_ring_node /opt/stack/neutron/neutron/plugins/ml2/drivers/ovn/mech_driver/ovsdb/maintenance.py:1417}}
Jul 19 19:01:02.826214 np0000005453 devstack@neutron-api.service[87542]: DEBUG dbcounter [-] [87542] Writing DB stats neutron:SELECT=1976,neutron:INSERT=55,neutron:DELETE=10,neutron:UPDATE=48 {{(pid=87542) stat_writer /opt/stack/data/venv/lib/python3.12/site-packages/dbcounter.py:115}}
Jul 19 19:01:03.574680 np0000005453 devstack@neutron-api.service[87540]: DEBUG futurist.periodics [-] Submitting periodic callback 'neutron.plugins.ml2.drivers.ovn.mech_driver.ovsdb.maintenance.HashRingHealthCheckPeriodics.touch_hash_ring_node' {{(pid=87540) _process_scheduled /opt/stack/data/venv/lib/python3.12/site-packages/futurist/periodics.py:784}}
Jul 19 19:01:03.575248 np0000005453 devstack@neutron-api.service[87540]: DEBUG neutron.plugins.ml2.drivers.ovn.mech_driver.ovsdb.maintenance [-] Touching Hash Ring node "91983c945b0d57468d2600286dd1623a" from periodic health check thread {{(pid=87540) touch_hash_ring_node /opt/stack/neutron/neutron/plugins/ml2/drivers/ovn/mech_driver/ovsdb/maintenance.py:1417}}
Jul 19 19:01:03.666005 np0000005453 devstack@neutron-api.service[87542]: DEBUG futurist.periodics [-] Submitting periodic callback 'neutron.plugins.ml2.drivers.ovn.mech_driver.ovsdb.maintenance.HashRingHealthCheckPeriodics.touch_hash_ring_node' {{(pid=87542) _process_scheduled /opt/stack/data/venv/lib/python3.12/site-packages/futurist/periodics.py:784}}
Jul 19 19:01:03.666518 np0000005453 devstack@neutron-api.service[87542]: DEBUG neutron.plugins.ml2.drivers.ovn.mech_driver.ovsdb.maintenance [-] Touching Hash Ring node "1b535dc5b87d5ecabdde6d2a699ab775" from periodic health check thread {{(pid=87542) touch_hash_ring_node /opt/stack/neutron/neutron/plugins/ml2/drivers/ovn/mech_driver/ovsdb/maintenance.py:1417}}
Jul 19 19:01:12.692232 np0000005453 devstack@neutron-api.service[87541]: DEBUG dbcounter [-] [87541] Writing DB stats neutron:SELECT=2830,neutron:INSERT=729,neutron:DELETE=11,neutron:UPDATE=118 {{(pid=87541) stat_writer /opt/stack/data/venv/lib/python3.12/site-packages/dbcounter.py:115}}
Jul 19 19:01:13.599425 np0000005453 devstack@neutron-api.service[87540]: DEBUG dbcounter [-] [87540] Writing DB stats neutron:SELECT=228,neutron:INSERT=18,neutron:DELETE=5,neutron:UPDATE=18 {{(pid=87540) stat_writer /opt/stack/data/venv/lib/python3.12/site-packages/dbcounter.py:115}}
Jul 19 19:01:13.681125 np0000005453 devstack@neutron-api.service[87542]: DEBUG dbcounter [-] [87542] Writing DB stats neutron:UPDATE=1,neutron:SELECT=1 {{(pid=87542) stat_writer /opt/stack/data/venv/lib/python3.12/site-packages/dbcounter.py:115}}
Jul 19 19:01:17.685251 np0000005453 devstack@neutron-api.service[87541]: DEBUG futurist.periodics [-] Submitting periodic callback 'neutron.plugins.ml2.drivers.ovn.mech_driver.ovsdb.maintenance.HashRingHealthCheckPeriodics.touch_hash_ring_node' {{(pid=87541) _process_scheduled /opt/stack/data/venv/lib/python3.12/site-packages/futurist/periodics.py:784}}
Jul 19 19:01:17.685678 np0000005453 devstack@neutron-api.service[87541]: DEBUG neutron.plugins.ml2.drivers.ovn.mech_driver.ovsdb.maintenance [-] Touching Hash Ring node "e8a13e1916625d999fa0778a28602161" from periodic health check thread {{(pid=87541) touch_hash_ring_node /opt/stack/neutron/neutron/plugins/ml2/drivers/ovn/mech_driver/ovsdb/maintenance.py:1417}}
Jul 19 19:01:18.575471 np0000005453 devstack@neutron-api.service[87540]: DEBUG futurist.periodics [-] Submitting periodic callback 'neutron.plugins.ml2.drivers.ovn.mech_driver.ovsdb.maintenance.HashRingHealthCheckPeriodics.touch_hash_ring_node' {{(pid=87540) _process_scheduled /opt/stack/data/venv/lib/python3.12/site-packages/futurist/periodics.py:784}}
Jul 19 19:01:18.575873 np0000005453 devstack@neutron-api.service[87540]: DEBUG neutron.plugins.ml2.drivers.ovn.mech_driver.ovsdb.maintenance [-] Touching Hash Ring node "91983c945b0d57468d2600286dd1623a" from periodic health check thread {{(pid=87540) touch_hash_ring_node /opt/stack/neutron/neutron/plugins/ml2/drivers/ovn/mech_driver/ovsdb/maintenance.py:1417}}
Jul 19 19:01:18.666582 np0000005453 devstack@neutron-api.service[87542]: DEBUG futurist.periodics [-] Submitting periodic callback 'neutron.plugins.ml2.drivers.ovn.mech_driver.ovsdb.maintenance.HashRingHealthCheckPeriodics.touch_hash_ring_node' {{(pid=87542) _process_scheduled /opt/stack/data/venv/lib/python3.12/site-packages/futurist/periodics.py:784}}
Jul 19 19:01:18.667192 np0000005453 devstack@neutron-api.service[87542]: DEBUG neutron.plugins.ml2.drivers.ovn.mech_driver.ovsdb.maintenance [-] Touching Hash Ring node "1b535dc5b87d5ecabdde6d2a699ab775" from periodic health check thread {{(pid=87542) touch_hash_ring_node /opt/stack/neutron/neutron/plugins/ml2/drivers/ovn/mech_driver/ovsdb/maintenance.py:1417}}
Jul 19 19:01:27.690665 np0000005453 devstack@neutron-api.service[87541]: DEBUG dbcounter [-] [87541] Writing DB stats neutron:UPDATE=1,neutron:SELECT=1 {{(pid=87541) stat_writer /opt/stack/data/venv/lib/python3.12/site-packages/dbcounter.py:115}}
Jul 19 19:01:28.581539 np0000005453 devstack@neutron-api.service[87540]: DEBUG dbcounter [-] [87540] Writing DB stats neutron:UPDATE=1,neutron:SELECT=1 {{(pid=87540) stat_writer /opt/stack/data/venv/lib/python3.12/site-packages/dbcounter.py:115}}
Jul 19 19:01:28.672899 np0000005453 devstack@neutron-api.service[87542]: DEBUG dbcounter [-] [87542] Writing DB stats neutron:UPDATE=1,neutron:SELECT=1 {{(pid=87542) stat_writer /opt/stack/data/venv/lib/python3.12/site-packages/dbcounter.py:115}}
Jul 19 19:01:32.686021 np0000005453 devstack@neutron-api.service[87541]: DEBUG futurist.periodics [-] Submitting periodic callback 'neutron.plugins.ml2.drivers.ovn.mech_driver.ovsdb.maintenance.HashRingHealthCheckPeriodics.touch_hash_ring_node' {{(pid=87541) _process_scheduled /opt/stack/data/venv/lib/python3.12/site-packages/futurist/periodics.py:784}}
Jul 19 19:01:32.686543 np0000005453 devstack@neutron-api.service[87541]: DEBUG neutron.plugins.ml2.drivers.ovn.mech_driver.ovsdb.maintenance [-] Touching Hash Ring node "e8a13e1916625d999fa0778a28602161" from periodic health check thread {{(pid=87541) touch_hash_ring_node /opt/stack/neutron/neutron/plugins/ml2/drivers/ovn/mech_driver/ovsdb/maintenance.py:1417}}
Jul 19 19:01:33.575947 np0000005453 devstack@neutron-api.service[87540]: DEBUG futurist.periodics [-] Submitting periodic callback 'neutron.plugins.ml2.drivers.ovn.mech_driver.ovsdb.maintenance.HashRingHealthCheckPeriodics.touch_hash_ring_node' {{(pid=87540) _process_scheduled /opt/stack/data/venv/lib/python3.12/site-packages/futurist/periodics.py:784}}
Jul 19 19:01:33.576382 np0000005453 devstack@neutron-api.service[87540]: DEBUG neutron.plugins.ml2.drivers.ovn.mech_driver.ovsdb.maintenance [-] Touching Hash Ring node "91983c945b0d57468d2600286dd1623a" from periodic health check thread {{(pid=87540) touch_hash_ring_node /opt/stack/neutron/neutron/plugins/ml2/drivers/ovn/mech_driver/ovsdb/maintenance.py:1417}}
Jul 19 19:01:33.667205 np0000005453 devstack@neutron-api.service[87542]: DEBUG futurist.periodics [-] Submitting periodic callback 'neutron.plugins.ml2.drivers.ovn.mech_driver.ovsdb.maintenance.HashRingHealthCheckPeriodics.touch_hash_ring_node' {{(pid=87542) _process_scheduled /opt/stack/data/venv/lib/python3.12/site-packages/futurist/periodics.py:784}}
Jul 19 19:01:33.667664 np0000005453 devstack@neutron-api.service[87542]: DEBUG neutron.plugins.ml2.drivers.ovn.mech_driver.ovsdb.maintenance [-] Touching Hash Ring node "1b535dc5b87d5ecabdde6d2a699ab775" from periodic health check thread {{(pid=87542) touch_hash_ring_node /opt/stack/neutron/neutron/plugins/ml2/drivers/ovn/mech_driver/ovsdb/maintenance.py:1417}}
Jul 19 19:01:42.692714 np0000005453 devstack@neutron-api.service[87541]: DEBUG dbcounter [-] [87541] Writing DB stats neutron:UPDATE=1,neutron:SELECT=1 {{(pid=87541) stat_writer /opt/stack/data/venv/lib/python3.12/site-packages/dbcounter.py:115}}
Jul 19 19:01:43.582442 np0000005453 devstack@neutron-api.service[87540]: DEBUG dbcounter [-] [87540] Writing DB stats neutron:UPDATE=1,neutron:SELECT=1 {{(pid=87540) stat_writer /opt/stack/data/venv/lib/python3.12/site-packages/dbcounter.py:115}}
Jul 19 19:01:43.674984 np0000005453 devstack@neutron-api.service[87542]: DEBUG dbcounter [-] [87542] Writing DB stats neutron:UPDATE=1,neutron:SELECT=1 {{(pid=87542) stat_writer /opt/stack/data/venv/lib/python3.12/site-packages/dbcounter.py:115}}
Jul 19 19:01:47.686455 np0000005453 devstack@neutron-api.service[87541]: DEBUG futurist.periodics [-] Submitting periodic callback 'neutron.plugins.ml2.drivers.ovn.mech_driver.ovsdb.maintenance.HashRingHealthCheckPeriodics.touch_hash_ring_node' {{(pid=87541) _process_scheduled /opt/stack/data/venv/lib/python3.12/site-packages/futurist/periodics.py:784}}
Jul 19 19:01:47.687037 np0000005453 devstack@neutron-api.service[87541]: DEBUG neutron.plugins.ml2.drivers.ovn.mech_driver.ovsdb.maintenance [-] Touching Hash Ring node "e8a13e1916625d999fa0778a28602161" from periodic health check thread {{(pid=87541) touch_hash_ring_node /opt/stack/neutron/neutron/plugins/ml2/drivers/ovn/mech_driver/ovsdb/maintenance.py:1417}}
Jul 19 19:01:48.576417 np0000005453 devstack@neutron-api.service[87540]: DEBUG futurist.periodics [-] Submitting periodic callback 'neutron.plugins.ml2.drivers.ovn.mech_driver.ovsdb.maintenance.HashRingHealthCheckPeriodics.touch_hash_ring_node' {{(pid=87540) _process_scheduled /opt/stack/data/venv/lib/python3.12/site-packages/futurist/periodics.py:784}}
Jul 19 19:01:48.577095 np0000005453 devstack@neutron-api.service[87540]: DEBUG neutron.plugins.ml2.drivers.ovn.mech_driver.ovsdb.maintenance [-] Touching Hash Ring node "91983c945b0d57468d2600286dd1623a" from periodic health check thread {{(pid=87540) touch_hash_ring_node /opt/stack/neutron/neutron/plugins/ml2/drivers/ovn/mech_driver/ovsdb/maintenance.py:1417}}
Jul 19 19:01:48.667746 np0000005453 devstack@neutron-api.service[87542]: DEBUG futurist.periodics [-] Submitting periodic callback 'neutron.plugins.ml2.drivers.ovn.mech_driver.ovsdb.maintenance.HashRingHealthCheckPeriodics.touch_hash_ring_node' {{(pid=87542) _process_scheduled /opt/stack/data/venv/lib/python3.12/site-packages/futurist/periodics.py:784}}
Jul 19 19:01:48.668194 np0000005453 devstack@neutron-api.service[87542]: DEBUG neutron.plugins.ml2.drivers.ovn.mech_driver.ovsdb.maintenance [-] Touching Hash Ring node "1b535dc5b87d5ecabdde6d2a699ab775" from periodic health check thread {{(pid=87542) touch_hash_ring_node /opt/stack/neutron/neutron/plugins/ml2/drivers/ovn/mech_driver/ovsdb/maintenance.py:1417}}
Jul 19 19:01:53.750628 np0000005453 devstack@neutron-api.service[87542]: DEBUG neutron.api.wsgi [None req-e51cbd48-3ad4-4b3a-b416-16b667dadffd admin admin] Missing Content-Type {{(pid=87542) get_content_type /opt/stack/neutron/neutron/api/wsgi.py:80}}
Jul 19 19:01:53.751136 np0000005453 devstack@neutron-api.service[87542]: DEBUG neutron.api.wsgi [None req-e51cbd48-3ad4-4b3a-b416-16b667dadffd admin admin] https://10.4.3.182/networking/v2.0/extensions returned with HTTP 200 {{(pid=87542) __call__ /opt/stack/neutron/neutron/api/wsgi.py:540}}
Jul 19 19:01:53.751349 np0000005453 devstack@neutron-api.service[87542]: [pid: 87542|app: 0|req: 11/34] 10.4.3.182 () {64 vars in 1292 bytes} [Sun Jul 19 19:01:53 2026] GET /networking/v2.0/extensions => generated 16171 bytes in 3 msecs (HTTP/1.1 200) 4 headers in 159 bytes (1 switches on core 0)
Jul 19 19:01:54.011990 np0000005453 devstack@neutron-api.service[87541]: INFO neutron.pecan_wsgi.hooks.translation [None req-dc39a139-7679-48cd-8f95-8f450b166f67 admin admin] GET failed (client error): The resource could not be found.
Jul 19 19:01:54.012657 np0000005453 devstack@neutron-api.service[87541]: [pid: 87541|app: 0|req: 13/35] 10.4.3.182 () {64 vars in 1294 bytes} [Sun Jul 19 19:01:54 2026] GET /networking/v2.0/networks/public => generated 108 bytes in 8 msecs (HTTP/1.1 404) 4 headers in 164 bytes (1 switches on core 0)
Jul 19 19:01:54.050882 np0000005453 devstack@neutron-api.service[87540]: DEBUG neutron.pecan_wsgi.hooks.policy_enforcement [None req-c16f7359-4377-48df-8f56-e7f6e4510a32 admin admin] Attributes excluded by policy engine: ['standard_attr_id'] {{(pid=87540) _exclude_attributes_by_policy /opt/stack/neutron/neutron/pecan_wsgi/hooks/policy_enforcement.py:259}}
Jul 19 19:01:54.051884 np0000005453 devstack@neutron-api.service[87540]: [pid: 87540|app: 0|req: 12/36] 10.4.3.182 () {64 vars in 1309 bytes} [Sun Jul 19 19:01:54 2026] GET /networking/v2.0/networks?name=public => generated 759 bytes in 33 msecs (HTTP/1.1 200) 4 headers in 157 bytes (1 switches on core 0)
Jul 19 19:01:54.242153 np0000005453 devstack@neutron-api.service[87542]: DEBUG neutron.api.v2.base [None req-df92898c-08ac-4f04-8940-90c50c9075b9 admin admin] Request body: {'network': {'shared': True, 'admin_state_up': True, 'name': 'shared'}} {{(pid=87542) prepare_request_body /opt/stack/neutron/neutron/api/v2/base.py:727}}
Jul 19 19:01:54.253321 np0000005453 devstack@neutron-api.service[87542]: DEBUG neutron.pecan_wsgi.hooks.quota_enforcement [None req-df92898c-08ac-4f04-8940-90c50c9075b9 admin admin] Made reservation on behalf of 6cd52e74898c477a8595243f41e0a4dc for: {'network': 1} {{(pid=87542) before /opt/stack/neutron/neutron/pecan_wsgi/hooks/quota_enforcement.py:66}}
Jul 19 19:01:54.255856 np0000005453 devstack@neutron-api.service[87542]: DEBUG neutron_lib.callbacks.manager [None req-df92898c-08ac-4f04-8940-90c50c9075b9 admin admin] Publish callbacks ['neutron.plugins.ml2.plugin.SecurityGroupDbMixin._ensure_default_security_group_handler-15467172'] for network (None), before_create {{(pid=87542) _notify_loop /opt/stack/data/venv/lib/python3.12/site-packages/neutron_lib/callbacks/manager.py:184}}
Jul 19 19:01:54.282480 np0000005453 devstack@neutron-api.service[87542]: WARNING neutron.services.revisions.revision_plugin [None req-df92898c-08ac-4f04-8940-90c50c9075b9 admin admin] Could not find related network for resource to bump revision.
Jul 19 19:01:54.313741 np0000005453 devstack@neutron-api.service[87542]: DEBUG neutron.plugins.ml2.drivers.helpers [None req-df92898c-08ac-4f04-8940-90c50c9075b9 admin admin] geneve segment allocate from pool success with {'geneve_vni': 50200} {{(pid=87542) allocate_partially_specified_segment /opt/stack/neutron/neutron/plugins/ml2/drivers/helpers.py:142}}
Jul 19 19:01:54.320052 np0000005453 devstack@neutron-api.service[87542]: DEBUG neutron_lib.callbacks.manager [None req-df92898c-08ac-4f04-8940-90c50c9075b9 admin admin] Publish callbacks ['neutron.plugins.ml2.plugin.Ml2Plugin._handle_segment_change-14707250'] for segment (a6123037-0063-49fc-9845-a547482ffe61), precommit_create {{(pid=87542) _notify_loop /opt/stack/data/venv/lib/python3.12/site-packages/neutron_lib/callbacks/manager.py:184}}
Jul 19 19:01:54.320158 np0000005453 devstack@neutron-api.service[87542]: INFO neutron.db.segments_db [None req-df92898c-08ac-4f04-8940-90c50c9075b9 admin admin] Added segment a6123037-0063-49fc-9845-a547482ffe61 of type geneve for network 504bf4de-dc76-4cbf-a4b3-713da23df87a
Jul 19 19:01:54.331833 np0000005453 devstack@neutron-api.service[87542]: DEBUG neutron_lib.callbacks.manager [None req-df92898c-08ac-4f04-8940-90c50c9075b9 admin admin] Publish callbacks ['neutron.services.auto_allocate.db._ensure_external_network_default_value_callback-8793665592744'] for network (504bf4de-dc76-4cbf-a4b3-713da23df87a), precommit_create {{(pid=87542) _notify_loop /opt/stack/data/venv/lib/python3.12/site-packages/neutron_lib/callbacks/manager.py:184}}
Jul 19 19:01:54.341658 np0000005453 devstack@neutron-api.service[87542]: DEBUG neutron.plugins.ml2.drivers.ovn.mech_driver.mech_driver [None req-df92898c-08ac-4f04-8940-90c50c9075b9 admin admin] Validating network segment with type geneve, segmentation ID 50200, physical network None {{(pid=87542) _validate_network_segments /opt/stack/neutron/neutron/plugins/ml2/drivers/ovn/mech_driver/mech_driver.py:646}}
Jul 19 19:01:54.341752 np0000005453 devstack@neutron-api.service[87542]: DEBUG neutron.db.ovn_revision_numbers_db [None req-df92898c-08ac-4f04-8940-90c50c9075b9 admin admin] create_initial_revision uuid=504bf4de-dc76-4cbf-a4b3-713da23df87a, type=networks, rev=-1 {{(pid=87542) create_initial_revision /opt/stack/neutron/neutron/db/ovn_revision_numbers_db.py:98}}
Jul 19 19:01:54.348048 np0000005453 devstack@neutron-api.service[87542]: DEBUG neutron_lib.callbacks.manager [None req-df92898c-08ac-4f04-8940-90c50c9075b9 admin admin] Publish callbacks ['neutron.plugins.ml2.ovo_rpc._ObjectChangeHandler.handle_event-2445752'] for network (504bf4de-dc76-4cbf-a4b3-713da23df87a), after_create {{(pid=87542) _notify_loop /opt/stack/data/venv/lib/python3.12/site-packages/neutron_lib/callbacks/manager.py:184}}
Jul 19 19:01:54.360154 np0000005453 devstack@neutron-api.service[87542]: DEBUG neutron.api.rpc.handlers.resources_rpc [None req-df92898c-08ac-4f04-8940-90c50c9075b9 admin admin] Pushing event updated for resources: {'Network': ['ID=504bf4de-dc76-4cbf-a4b3-713da23df87a,revision_number=1']} {{(pid=87542) push /opt/stack/neutron/neutron/api/rpc/handlers/resources_rpc.py:237}}
Jul 19 19:01:54.363788 np0000005453 devstack@neutron-api.service[87542]: DEBUG ovsdbapp.backend.ovs_idl.transaction [None req-c6384e99-bf66-4f52-b22c-2fdb6117bd8f None None] Running txn n=1 command(idx=0): CheckLivenessCommand(_result=None) {{(pid=87542) do_commit /opt/stack/data/venv/lib/python3.12/site-packages/ovsdbapp/backend/ovs_idl/transaction.py:89}}
Jul 19 19:01:54.371687 np0000005453 devstack@neutron-api.service[87541]: DEBUG ovsdbapp.backend.ovs_idl.event [None req-762037c9-b919-42cf-b418-cc646e189b1e None None] Matched UPDATE: ChassisAgentWriteEvent(events=('create', 'update'), table='Chassis_Private', conditions=None, old_conditions=None), priority=20 to row=Chassis_Private(uuid=34b3dd7c-2974-4af9-bab0-5d9a998ab8e9, chassis=4ddfa6c0-76a6-4a2a-9fa5-1565cd55f655, external_ids={'neutron:ovn-bridge': 'br-int', 'neutron:ovn-neutron-agent-id': '1aab14b7-9e1b-5ad0-a976-9ae229c3cb1c', 'neutron:ovn-neutron-agent-sb-cfg': '1'}, name='256c98b9-7199-4924-8bdb-eb5b6070d883', nb_cfg=2, nb_cfg_timestamp=1784487714366) old=Chassis_Private(uuid=34b3dd7c-2974-4af9-bab0-5d9a998ab8e9, nb_cfg=1, nb_cfg_timestamp=1784487639591) {{(pid=87541) matches /opt/stack/data/venv/lib/python3.12/site-packages/ovsdbapp/backend/ovs_idl/event.py:55}}
Jul 19 19:01:54.371881 np0000005453 devstack@neutron-api.service[87540]: DEBUG ovsdbapp.backend.ovs_idl.event [None req-ef3d8bde-f121-4c6a-b829-878a9d15c94e None None] Matched UPDATE: ChassisAgentWriteEvent(events=('create', 'update'), table='Chassis_Private', conditions=None, old_conditions=None), priority=20 to row=Chassis_Private(uuid=34b3dd7c-2974-4af9-bab0-5d9a998ab8e9, chassis=4ddfa6c0-76a6-4a2a-9fa5-1565cd55f655, external_ids={'neutron:ovn-bridge': 'br-int', 'neutron:ovn-neutron-agent-id': '1aab14b7-9e1b-5ad0-a976-9ae229c3cb1c', 'neutron:ovn-neutron-agent-sb-cfg': '1'}, name='256c98b9-7199-4924-8bdb-eb5b6070d883', nb_cfg=2, nb_cfg_timestamp=1784487714366) old=Chassis_Private(uuid=34b3dd7c-2974-4af9-bab0-5d9a998ab8e9, nb_cfg=1, nb_cfg_timestamp=1784487639591) {{(pid=87540) matches /opt/stack/data/venv/lib/python3.12/site-packages/ovsdbapp/backend/ovs_idl/event.py:55}}
Jul 19 19:01:54.375156 np0000005453 devstack@neutron-api.service[87542]: DEBUG ovsdbapp.backend.ovs_idl.event [-] Matched UPDATE: ChassisAgentWriteEvent(events=('create', 'update'), table='Chassis_Private', conditions=None, old_conditions=None), priority=20 to row=Chassis_Private(uuid=34b3dd7c-2974-4af9-bab0-5d9a998ab8e9, chassis=4ddfa6c0-76a6-4a2a-9fa5-1565cd55f655, external_ids={'neutron:ovn-bridge': 'br-int', 'neutron:ovn-neutron-agent-id': '1aab14b7-9e1b-5ad0-a976-9ae229c3cb1c', 'neutron:ovn-neutron-agent-sb-cfg': '1'}, name='256c98b9-7199-4924-8bdb-eb5b6070d883', nb_cfg=2, nb_cfg_timestamp=1784487714366) old=Chassis_Private(uuid=34b3dd7c-2974-4af9-bab0-5d9a998ab8e9, nb_cfg=1, nb_cfg_timestamp=1784487639591) {{(pid=87542) matches /opt/stack/data/venv/lib/python3.12/site-packages/ovsdbapp/backend/ovs_idl/event.py:55}}
Jul 19 19:01:54.377855 np0000005453 devstack@neutron-api.service[87541]: DEBUG neutron.common.ovn.hash_ring_manager [None req-aeebeccc-7589-4c83-b081-416357c5c2b0 None None] Hash Ring loaded. 3 active nodes. 0 offline nodes {{(pid=87541) _load_hash_ring /opt/stack/neutron/neutron/common/ovn/hash_ring_manager.py:110}}
Jul 19 19:01:54.379027 np0000005453 devstack@neutron-api.service[87542]: DEBUG neutron.common.ovn.hash_ring_manager [None req-c6384e99-bf66-4f52-b22c-2fdb6117bd8f None None] Hash Ring loaded. 3 active nodes. 0 offline nodes {{(pid=87542) _load_hash_ring /opt/stack/neutron/neutron/common/ovn/hash_ring_manager.py:110}}
Jul 19 19:01:54.379599 np0000005453 devstack@neutron-api.service[87540]: DEBUG neutron.common.ovn.hash_ring_manager [None req-e601c1f4-4916-4de5-94b5-cd9841b2d546 None None] Hash Ring loaded. 3 active nodes. 0 offline nodes {{(pid=87540) _load_hash_ring /opt/stack/neutron/neutron/common/ovn/hash_ring_manager.py:110}}
Jul 19 19:01:54.379926 np0000005453 devstack@neutron-api.service[87540]: DEBUG neutron.common.ovn.hash_ring_manager [None req-ef3d8bde-f121-4c6a-b829-878a9d15c94e None None] Hash Ring loaded. 3 active nodes. 0 offline nodes {{(pid=87540) _load_hash_ring /opt/stack/neutron/neutron/common/ovn/hash_ring_manager.py:110}}
Jul 19 19:01:54.380170 np0000005453 devstack@neutron-api.service[87540]: DEBUG neutron.plugins.ml2.drivers.ovn.mech_driver.ovsdb.ovsdb_monitor [None req-e601c1f4-4916-4de5-94b5-cd9841b2d546 None None] Hash Ring: Node 91983c945b0d57468d2600286dd1623a (host: np0000005453) handling event "update" for row 2d6cf346-652c-49e8-80e6-934087dfcaef (table: NB_Global) {{(pid=87540) notify /opt/stack/neutron/neutron/plugins/ml2/drivers/ovn/mech_driver/ovsdb/ovsdb_monitor.py:1009}}
Jul 19 19:01:54.380360 np0000005453 devstack@neutron-api.service[87540]: DEBUG neutron.plugins.ml2.drivers.ovn.mech_driver.ovsdb.ovsdb_monitor [None req-ef3d8bde-f121-4c6a-b829-878a9d15c94e None None] Hash Ring: Node 91983c945b0d57468d2600286dd1623a (host: np0000005453) handling event "update" for row 34b3dd7c-2974-4af9-bab0-5d9a998ab8e9 (table: Chassis_Private) {{(pid=87540) notify /opt/stack/neutron/neutron/plugins/ml2/drivers/ovn/mech_driver/ovsdb/ovsdb_monitor.py:1009}}
Jul 19 19:01:54.381240 np0000005453 devstack@neutron-api.service[87541]: DEBUG neutron.common.ovn.hash_ring_manager [None req-762037c9-b919-42cf-b418-cc646e189b1e None None] Hash Ring loaded. 3 active nodes. 0 offline nodes {{(pid=87541) _load_hash_ring /opt/stack/neutron/neutron/common/ovn/hash_ring_manager.py:110}}
Jul 19 19:01:54.381347 np0000005453 devstack@neutron-api.service[87540]: DEBUG neutron.plugins.ml2.drivers.ovn.mech_driver.ovsdb.ovsdb_monitor [None req-e601c1f4-4916-4de5-94b5-cd9841b2d546 None None] Hash Ring: Node 91983c945b0d57468d2600286dd1623a (host: np0000005453) handling event "update" for row 2d6cf346-652c-49e8-80e6-934087dfcaef (table: NB_Global) {{(pid=87540) notify /opt/stack/neutron/neutron/plugins/ml2/drivers/ovn/mech_driver/ovsdb/ovsdb_monitor.py:1009}}
Jul 19 19:01:54.381835 np0000005453 devstack@neutron-api.service[87540]: DEBUG neutron.plugins.ml2.drivers.ovn.mech_driver.ovsdb.ovsdb_monitor [None req-e601c1f4-4916-4de5-94b5-cd9841b2d546 None None] Hash Ring: Node 91983c945b0d57468d2600286dd1623a (host: np0000005453) handling event "update" for row 2d6cf346-652c-49e8-80e6-934087dfcaef (table: NB_Global) {{(pid=87540) notify /opt/stack/neutron/neutron/plugins/ml2/drivers/ovn/mech_driver/ovsdb/ovsdb_monitor.py:1009}}
Jul 19 19:01:54.382414 np0000005453 devstack@neutron-api.service[87540]: DEBUG neutron.plugins.ml2.drivers.ovn.mech_driver.ovsdb.ovsdb_monitor [None req-e601c1f4-4916-4de5-94b5-cd9841b2d546 None None] Hash Ring: Node 91983c945b0d57468d2600286dd1623a (host: np0000005453) handling event "update" for row 2d6cf346-652c-49e8-80e6-934087dfcaef (table: NB_Global) {{(pid=87540) notify /opt/stack/neutron/neutron/plugins/ml2/drivers/ovn/mech_driver/ovsdb/ovsdb_monitor.py:1009}}
Jul 19 19:01:54.383531 np0000005453 devstack@neutron-api.service[87542]: DEBUG neutron.api.rpc.callbacks.version_manager [None req-df92898c-08ac-4f04-8940-90c50c9075b9 admin admin] Tracked resource versions report:
Jul 19 19:01:54.383531 np0000005453 devstack@neutron-api.service[87542]: pushed versions:
Jul 19 19:01:54.383531 np0000005453 devstack@neutron-api.service[87542]: { 'AddressGroup': {'1.2'},
Jul 19 19:01:54.383531 np0000005453 devstack@neutron-api.service[87542]: 'Agent': {'1.1'},
Jul 19 19:01:54.383531 np0000005453 devstack@neutron-api.service[87542]: 'ConntrackHelper': {'1.0'},
Jul 19 19:01:54.383531 np0000005453 devstack@neutron-api.service[87542]: 'LocalIPAssociation': {'1.0'},
Jul 19 19:01:54.383531 np0000005453 devstack@neutron-api.service[87542]: 'Log': {'1.0'},
Jul 19 19:01:54.383531 np0000005453 devstack@neutron-api.service[87542]: 'NDPProxy': {'1.0'},
Jul 19 19:01:54.383531 np0000005453 devstack@neutron-api.service[87542]: 'Network': {'1.3'},
Jul 19 19:01:54.383531 np0000005453 devstack@neutron-api.service[87542]: 'Port': {'1.11'},
Jul 19 19:01:54.383531 np0000005453 devstack@neutron-api.service[87542]: 'PortForwarding': {'1.3'},
Jul 19 19:01:54.383531 np0000005453 devstack@neutron-api.service[87542]: 'QosPolicy': {'1.10'},
Jul 19 19:01:54.383531 np0000005453 devstack@neutron-api.service[87542]: 'SecurityGroup': {'1.6'},
Jul 19 19:01:54.383531 np0000005453 devstack@neutron-api.service[87542]: 'SecurityGroupRule': {'1.3'},
Jul 19 19:01:54.383531 np0000005453 devstack@neutron-api.service[87542]: 'SubPort': {'1.0'},
Jul 19 19:01:54.383531 np0000005453 devstack@neutron-api.service[87542]: 'Subnet': {'1.2'},
Jul 19 19:01:54.383531 np0000005453 devstack@neutron-api.service[87542]: 'Trunk': {'1.1'}}
Jul 19 19:01:54.383531 np0000005453 devstack@neutron-api.service[87542]: consumer versions:
Jul 19 19:01:54.383531 np0000005453 devstack@neutron-api.service[87542]: { OVN Neutron agent@np0000005453: {},
Jul 19 19:01:54.383531 np0000005453 devstack@neutron-api.service[87542]: OVN Controller Gateway agent@np0000005453: {}}
Jul 19 19:01:54.383531 np0000005453 devstack@neutron-api.service[87542]: {{(pid=87542) report /opt/stack/neutron/neutron/api/rpc/callbacks/version_manager.py:183}}
Jul 19 19:01:54.386987 np0000005453 devstack@neutron-api.service[87542]: DEBUG neutron.common.ovn.hash_ring_manager [-] Hash Ring loaded. 3 active nodes. 0 offline nodes {{(pid=87542) _load_hash_ring /opt/stack/neutron/neutron/common/ovn/hash_ring_manager.py:110}}
Jul 19 19:01:54.390653 np0000005453 devstack@neutron-api.service[87542]: DEBUG ovsdbapp.backend.ovs_idl.transaction [None req-c6384e99-bf66-4f52-b22c-2fdb6117bd8f None None] Running txn n=1 command(idx=0): AddNetworkCommand(_result=None, network_uuid=504bf4de-dc76-4cbf-a4b3-713da23df87a, may_exist=True, columns={'external_ids': {'neutron:network_name': 'shared', 'neutron:mtu': '1372', 'neutron:revision_number': '1', 'neutron:availability_zone_hints': '', 'neutron:provnet-network-type': 'geneve'}, 'other_config': {'mcast_snoop': 'false', 'mcast_flood_unregistered': 'false', 'vlan-passthru': 'false'}}) {{(pid=87542) do_commit /opt/stack/data/venv/lib/python3.12/site-packages/ovsdbapp/backend/ovs_idl/transaction.py:89}}
Jul 19 19:01:54.395430 np0000005453 devstack@neutron-api.service[87542]: DEBUG neutron.plugins.ml2.drivers.ovn.mech_driver.ovsdb.ovsdb_monitor [None req-c6384e99-bf66-4f52-b22c-2fdb6117bd8f None None] Hash Ring: Node 1b535dc5b87d5ecabdde6d2a699ab775 (host: np0000005453) handling event "create" for row 504bf4de-dc76-4cbf-a4b3-713da23df87a (table: Logical_Switch) {{(pid=87542) notify /opt/stack/neutron/neutron/plugins/ml2/drivers/ovn/mech_driver/ovsdb/ovsdb_monitor.py:1009}}
Jul 19 19:01:54.396559 np0000005453 devstack@neutron-api.service[87542]: DEBUG neutron.plugins.ml2.drivers.ovn.mech_driver.ovsdb.ovsdb_monitor [-] Hash Ring: Node 1b535dc5b87d5ecabdde6d2a699ab775 (host: np0000005453) handling event "create" for row 329ddf55-e782-4970-9280-2fc40262c8ed (table: Datapath_Binding) {{(pid=87542) notify /opt/stack/neutron/neutron/plugins/ml2/drivers/ovn/mech_driver/ovsdb/ovsdb_monitor.py:1009}}
Jul 19 19:01:54.412537 np0000005453 devstack@neutron-api.service[87542]: INFO neutron.db.ovn_revision_numbers_db [None req-df92898c-08ac-4f04-8940-90c50c9075b9 admin admin] Successfully bumped revision number for resource 504bf4de-dc76-4cbf-a4b3-713da23df87a (type: networks) to 1
Jul 19 19:01:54.422718 np0000005453 devstack@neutron-api.service[87542]: DEBUG neutron_lib.callbacks.manager [None req-df92898c-08ac-4f04-8940-90c50c9075b9 admin admin] Publish callbacks ['neutron.plugins.ml2.plugin.SecurityGroupDbMixin._ensure_default_security_group_handler-15467172'] for port (None), before_create {{(pid=87542) _notify_loop /opt/stack/data/venv/lib/python3.12/site-packages/neutron_lib/callbacks/manager.py:184}}
Jul 19 19:01:54.483246 np0000005453 devstack@neutron-api.service[87542]: DEBUG neutron_lib.callbacks.manager [None req-df92898c-08ac-4f04-8940-90c50c9075b9 admin admin] Publish callbacks ['neutron.plugins.ml2.drivers.ovn.mech_driver.mech_driver.OVNMechanismDriver._validate_allowed_address_pairs-335487'] for allowed_address_pair (b5ee5086-dc08-43eb-8e64-78f0d964799a), before_create {{(pid=87542) _notify_loop /opt/stack/data/venv/lib/python3.12/site-packages/neutron_lib/callbacks/manager.py:184}}
Jul 19 19:01:54.483767 np0000005453 devstack@neutron-api.service[87542]: DEBUG neutron_lib.callbacks.manager [None req-df92898c-08ac-4f04-8940-90c50c9075b9 admin admin] Publish callbacks [] for port (b5ee5086-dc08-43eb-8e64-78f0d964799a), precommit_create {{(pid=87542) _notify_loop /opt/stack/data/venv/lib/python3.12/site-packages/neutron_lib/callbacks/manager.py:184}}
Jul 19 19:01:54.483953 np0000005453 devstack@neutron-api.service[87542]: DEBUG neutron.plugins.ml2.drivers.ovn.mech_driver.mech_driver [None req-df92898c-08ac-4f04-8940-90c50c9075b9 admin admin] No provisioning block for port b5ee5086-dc08-43eb-8e64-78f0d964799a since it does not have a host {{(pid=87542) _is_port_provisioning_required /opt/stack/neutron/neutron/plugins/ml2/drivers/ovn/mech_driver/mech_driver.py:899}}
Jul 19 19:01:54.484083 np0000005453 devstack@neutron-api.service[87542]: DEBUG neutron.db.ovn_revision_numbers_db [None req-df92898c-08ac-4f04-8940-90c50c9075b9 admin admin] create_initial_revision uuid=b5ee5086-dc08-43eb-8e64-78f0d964799a, type=ports, rev=-1 {{(pid=87542) create_initial_revision /opt/stack/neutron/neutron/db/ovn_revision_numbers_db.py:98}}
Jul 19 19:01:54.508191 np0000005453 devstack@neutron-api.service[87542]: DEBUG neutron_lib.callbacks.manager [None req-df92898c-08ac-4f04-8940-90c50c9075b9 admin admin] Publish callbacks ['neutron.plugins.ml2.ovo_rpc._ObjectChangeHandler.handle_event-2445700'] for port (b5ee5086-dc08-43eb-8e64-78f0d964799a), after_create {{(pid=87542) _notify_loop /opt/stack/data/venv/lib/python3.12/site-packages/neutron_lib/callbacks/manager.py:184}}
Jul 19 19:01:54.532926 np0000005453 devstack@neutron-api.service[87542]: DEBUG neutron.api.rpc.handlers.resources_rpc [None req-df92898c-08ac-4f04-8940-90c50c9075b9 admin admin] Pushing event updated for resources: {'Port': ['ID=b5ee5086-dc08-43eb-8e64-78f0d964799a,revision_number=1']} {{(pid=87542) push /opt/stack/neutron/neutron/api/rpc/handlers/resources_rpc.py:237}}
Jul 19 19:01:54.537476 np0000005453 devstack@neutron-api.service[87542]: DEBUG neutron.plugins.ml2.drivers.ovn.mech_driver.ovsdb.commands [None req-df92898c-08ac-4f04-8940-90c50c9075b9 admin admin] Converting tag [] to a tag_request {{(pid=87542) _tag_column_to_tag_request /opt/stack/neutron/neutron/plugins/ml2/drivers/ovn/mech_driver/ovsdb/commands.py:205}}
Jul 19 19:01:54.538190 np0000005453 devstack@neutron-api.service[87542]: DEBUG ovsdbapp.backend.ovs_idl.transaction [None req-c6384e99-bf66-4f52-b22c-2fdb6117bd8f None None] Running txn n=1 command(idx=0): AddLSwitchPortCommand(_result=None, lport=b5ee5086-dc08-43eb-8e64-78f0d964799a, lswitch=neutron-504bf4de-dc76-4cbf-a4b3-713da23df87a, may_exist=True, network_uuid=504bf4de-dc76-4cbf-a4b3-713da23df87a, columns={'addresses': ['fa:16:3e:d5:d0:5a'], 'external_ids': {'neutron:port_name': '', 'neutron:device_id': 'ovnmeta-504bf4de-dc76-4cbf-a4b3-713da23df87a', 'neutron:project_id': '6cd52e74898c477a8595243f41e0a4dc', 'neutron:cidrs': '', 'neutron:device_owner': 'network:distributed', 'neutron:subnet_pool_addr_scope4': '', 'neutron:subnet_pool_addr_scope6': '', 'neutron:network_name': 'neutron-504bf4de-dc76-4cbf-a4b3-713da23df87a', 'neutron:security_group_ids': '', 'neutron:revision_number': '1', 'neutron:vnic_type': 'normal', 'neutron:port_capabilities': '', 'neutron:mtu': '1372'}, 'parent_name': [], 'enabled': True, 'options': {}, 'type': 'localport', 'port_security': [], 'dhcpv4_options': [], 'dhcpv6_options': [], 'tag_request': []}) {{(pid=87542) do_commit /opt/stack/data/venv/lib/python3.12/site-packages/ovsdbapp/backend/ovs_idl/transaction.py:89}}
Jul 19 19:01:54.538748 np0000005453 devstack@neutron-api.service[87542]: DEBUG ovsdbapp.backend.ovs_idl.transaction [None req-c6384e99-bf66-4f52-b22c-2fdb6117bd8f None None] Running txn n=1 command(idx=1): QoSDelCommand(_result=None, switch=neutron-504bf4de-dc76-4cbf-a4b3-713da23df87a, conditions=[('direction', '=', 'to-lport'), ('priority', '=', 2002), ('match', '=', 'outport == "b5ee5086-dc08-43eb-8e64-78f0d964799a"')], if_exists=True) {{(pid=87542) do_commit /opt/stack/data/venv/lib/python3.12/site-packages/ovsdbapp/backend/ovs_idl/transaction.py:89}}
Jul 19 19:01:54.538959 np0000005453 devstack@neutron-api.service[87542]: DEBUG ovsdbapp.backend.ovs_idl.transaction [None req-c6384e99-bf66-4f52-b22c-2fdb6117bd8f None None] Running txn n=1 command(idx=2): QoSDelCommand(_result=None, switch=neutron-504bf4de-dc76-4cbf-a4b3-713da23df87a, conditions=[('direction', '=', 'from-lport'), ('priority', '=', 2002), ('match', '=', 'inport == "b5ee5086-dc08-43eb-8e64-78f0d964799a"')], if_exists=True) {{(pid=87542) do_commit /opt/stack/data/venv/lib/python3.12/site-packages/ovsdbapp/backend/ovs_idl/transaction.py:89}}
Jul 19 19:01:54.549153 np0000005453 devstack@neutron-api.service[87541]: DEBUG neutron.plugins.ml2.drivers.ovn.mech_driver.ovsdb.ovsdb_monitor [None req-aeebeccc-7589-4c83-b081-416357c5c2b0 None None] Hash Ring: Node e8a13e1916625d999fa0778a28602161 (host: np0000005453) handling event "create" for row 687ab5eb-bd69-4ce0-a193-6ab7e09ec506 (table: Logical_Switch_Port) {{(pid=87541) notify /opt/stack/neutron/neutron/plugins/ml2/drivers/ovn/mech_driver/ovsdb/ovsdb_monitor.py:1009}}
Jul 19 19:01:54.550073 np0000005453 devstack@neutron-api.service[87542]: DEBUG neutron.plugins.ml2.drivers.ovn.mech_driver.ovsdb.ovsdb_monitor [None req-c6384e99-bf66-4f52-b22c-2fdb6117bd8f None None] Hash Ring: Node 1b535dc5b87d5ecabdde6d2a699ab775 (host: np0000005453) handling event "update" for row 504bf4de-dc76-4cbf-a4b3-713da23df87a (table: Logical_Switch) {{(pid=87542) notify /opt/stack/neutron/neutron/plugins/ml2/drivers/ovn/mech_driver/ovsdb/ovsdb_monitor.py:1009}}
Jul 19 19:01:54.550629 np0000005453 devstack@neutron-api.service[87541]: DEBUG ovsdbapp.backend.ovs_idl.event [None req-aeebeccc-7589-4c83-b081-416357c5c2b0 None None] Matched CREATE: LogicalSwitchPortCreateEvent(events=('create',), table='Logical_Switch_Port', conditions=[], old_conditions=None), priority=20 to row=Logical_Switch_Port(uuid=687ab5eb-bd69-4ce0-a193-6ab7e09ec506, addresses=['fa:16:3e:d5:d0:5a'], dhcpv4_options=[], dhcpv6_options=[], dynamic_addresses=[], enabled=True, external_ids={'neutron:cidrs': '', 'neutron:device_id': 'ovnmeta-504bf4de-dc76-4cbf-a4b3-713da23df87a', 'neutron:device_owner': 'network:distributed', 'neutron:mtu': '1372', 'neutron:network_name': 'neutron-504bf4de-dc76-4cbf-a4b3-713da23df87a', 'neutron:port_capabilities': '', 'neutron:port_name': '', 'neutron:project_id': '6cd52e74898c477a8595243f41e0a4dc', 'neutron:revision_number': '1', 'neutron:security_group_ids': '', 'neutron:subnet_pool_addr_scope4': '', 'neutron:subnet_pool_addr_scope6': '', 'neutron:vnic_type': 'normal'}, ha_chassis_group=[], mirror_rules=[], name='b5ee5086-dc08-43eb-8e64-78f0d964799a', options={}, parent_name=[], port_security=[], tag=[], tag_request=[], type='localport', up=[]) old= {{(pid=87541) matches /opt/stack/data/venv/lib/python3.12/site-packages/ovsdbapp/backend/ovs_idl/event.py:55}}
