Jun 30 06:29:09.571849 np0000003941 devstack@g-api.service[99532]: DEBUG glance_store._drivers.swift.store [None req-d2b0b678-84a8-494b-9010-2f4a27357420 tempest-VolumesActionsTest-134976497 tempest-VolumesActionsTest-134976497-project-member] Cannot determine image size because it is either not provided in the request or chunked-transfer encoding is used. Adding image as a segmented object to Swift. {{(pid=99532) add /opt/stack/data/venv/lib/python3.12/site-packages/glance_store/_drivers/swift/store.py:994}}
Jun 30 06:29:09.578435 np0000003941 devstack@g-api.service[99532]: DEBUG oslo_utils.imageutils.format_inspector [None req-d2b0b678-84a8-494b-9010-2f4a27357420 tempest-VolumesActionsTest-134976497 tempest-VolumesActionsTest-134976497-project-member] Format inspector for vmdk does not match, excluding from consideration (Signature KDMV not found: b'\x00\x00\x00\x00') {{(pid=99532) _process_chunk /opt/stack/data/venv/lib/python3.12/site-packages/oslo_utils/imageutils/format_inspector.py:1758}}
Jun 30 06:29:09.580975 np0000003941 devstack@g-api.service[99532]: DEBUG oslo_utils.imageutils.format_inspector [None req-d2b0b678-84a8-494b-9010-2f4a27357420 tempest-VolumesActionsTest-134976497 tempest-VolumesActionsTest-134976497-project-member] Format inspector for vhdx does not match, excluding from consideration (Region signature not found at 30000) {{(pid=99532) _process_chunk /opt/stack/data/venv/lib/python3.12/site-packages/oslo_utils/imageutils/format_inspector.py:1758}}
Jun 30 06:29:09.703970 np0000003941 devstack@g-api.service[99531]: DEBUG glance.api.middleware.version_negotiation [None req-6b1ffffe-c6dc-48e1-9e59-55c1920817c6 tempest-VolumesActionsTest-134976497 tempest-VolumesActionsTest-134976497-project-member] Determining version of request: GET /v2/images/3ef48dce-e883-434a-a30f-8d241a8428d5 Accept: application/json {{(pid=99531) process_request /opt/stack/glance/glance/api/middleware/version_negotiation.py:44}}
Jun 30 06:29:09.704426 np0000003941 devstack@g-api.service[99531]: DEBUG glance.api.middleware.version_negotiation [None req-6b1ffffe-c6dc-48e1-9e59-55c1920817c6 tempest-VolumesActionsTest-134976497 tempest-VolumesActionsTest-134976497-project-member] Using url versioning {{(pid=99531) process_request /opt/stack/glance/glance/api/middleware/version_negotiation.py:57}}
Jun 30 06:29:09.704426 np0000003941 devstack@g-api.service[99531]: DEBUG glance.api.middleware.version_negotiation [None req-6b1ffffe-c6dc-48e1-9e59-55c1920817c6 tempest-VolumesActionsTest-134976497 tempest-VolumesActionsTest-134976497-project-member] Matched version: v2 {{(pid=99531) process_request /opt/stack/glance/glance/api/middleware/version_negotiation.py:69}}
Jun 30 06:29:09.704514 np0000003941 devstack@g-api.service[99531]: DEBUG glance.api.middleware.version_negotiation [None req-6b1ffffe-c6dc-48e1-9e59-55c1920817c6 tempest-VolumesActionsTest-134976497 tempest-VolumesActionsTest-134976497-project-member] new path /v2/images/3ef48dce-e883-434a-a30f-8d241a8428d5 {{(pid=99531) process_request /opt/stack/glance/glance/api/middleware/version_negotiation.py:70}}
Jun 30 06:29:09.713976 np0000003941 devstack@g-api.service[99531]: [pid: 99531|app: 0|req: 145/445] 127.0.0.1 () {40 vars in 834 bytes} [Tue Jun 30 06:29:09 2026] GET /v2/images/3ef48dce-e883-434a-a30f-8d241a8428d5 => generated 649 bytes in 10 msecs (HTTP/1.1 200) 4 headers in 157 bytes (1 switches on core 0)
Jun 30 06:29:10.725957 np0000003941 devstack@g-api.service[99533]: DEBUG glance.api.middleware.version_negotiation [None req-8d66f811-0baf-4850-bb48-df925d4eba27 tempest-VolumesActionsTest-134976497 tempest-VolumesActionsTest-134976497-project-member] Determining version of request: GET /v2/images/3ef48dce-e883-434a-a30f-8d241a8428d5 Accept: application/json {{(pid=99533) process_request /opt/stack/glance/glance/api/middleware/version_negotiation.py:44}}
Jun 30 06:29:10.727073 np0000003941 devstack@g-api.service[99533]: DEBUG glance.api.middleware.version_negotiation [None req-8d66f811-0baf-4850-bb48-df925d4eba27 tempest-VolumesActionsTest-134976497 tempest-VolumesActionsTest-134976497-project-member] Using url versioning {{(pid=99533) process_request /opt/stack/glance/glance/api/middleware/version_negotiation.py:57}}
Jun 30 06:29:10.727073 np0000003941 devstack@g-api.service[99533]: DEBUG glance.api.middleware.version_negotiation [None req-8d66f811-0baf-4850-bb48-df925d4eba27 tempest-VolumesActionsTest-134976497 tempest-VolumesActionsTest-134976497-project-member] Matched version: v2 {{(pid=99533) process_request /opt/stack/glance/glance/api/middleware/version_negotiation.py:69}}
Jun 30 06:29:10.727073 np0000003941 devstack@g-api.service[99533]: DEBUG glance.api.middleware.version_negotiation [None req-8d66f811-0baf-4850-bb48-df925d4eba27 tempest-VolumesActionsTest-134976497 tempest-VolumesActionsTest-134976497-project-member] new path /v2/images/3ef48dce-e883-434a-a30f-8d241a8428d5 {{(pid=99533) process_request /opt/stack/glance/glance/api/middleware/version_negotiation.py:70}}
Jun 30 06:29:10.740803 np0000003941 devstack@g-api.service[99533]: [pid: 99533|app: 0|req: 151/446] 127.0.0.1 () {40 vars in 834 bytes} [Tue Jun 30 06:29:10 2026] GET /v2/images/3ef48dce-e883-434a-a30f-8d241a8428d5 => generated 649 bytes in 16 msecs (HTTP/1.1 200) 4 headers in 157 bytes (1 switches on core 0)
Jun 30 06:29:11.750374 np0000003941 devstack@g-api.service[99531]: DEBUG glance.api.middleware.version_negotiation [None req-e8cff17e-6989-4970-a7c9-627cfcfcd432 tempest-VolumesActionsTest-134976497 tempest-VolumesActionsTest-134976497-project-member] Determining version of request: GET /v2/images/3ef48dce-e883-434a-a30f-8d241a8428d5 Accept: application/json {{(pid=99531) process_request /opt/stack/glance/glance/api/middleware/version_negotiation.py:44}}
Jun 30 06:29:11.751018 np0000003941 devstack@g-api.service[99531]: DEBUG glance.api.middleware.version_negotiation [None req-e8cff17e-6989-4970-a7c9-627cfcfcd432 tempest-VolumesActionsTest-134976497 tempest-VolumesActionsTest-134976497-project-member] Using url versioning {{(pid=99531) process_request /opt/stack/glance/glance/api/middleware/version_negotiation.py:57}}
Jun 30 06:29:11.751018 np0000003941 devstack@g-api.service[99531]: DEBUG glance.api.middleware.version_negotiation [None req-e8cff17e-6989-4970-a7c9-627cfcfcd432 tempest-VolumesActionsTest-134976497 tempest-VolumesActionsTest-134976497-project-member] Matched version: v2 {{(pid=99531) process_request /opt/stack/glance/glance/api/middleware/version_negotiation.py:69}}
Jun 30 06:29:11.751018 np0000003941 devstack@g-api.service[99531]: DEBUG glance.api.middleware.version_negotiation [None req-e8cff17e-6989-4970-a7c9-627cfcfcd432 tempest-VolumesActionsTest-134976497 tempest-VolumesActionsTest-134976497-project-member] new path /v2/images/3ef48dce-e883-434a-a30f-8d241a8428d5 {{(pid=99531) process_request /opt/stack/glance/glance/api/middleware/version_negotiation.py:70}}
Jun 30 06:29:11.761799 np0000003941 devstack@g-api.service[99531]: [pid: 99531|app: 0|req: 146/447] 127.0.0.1 () {40 vars in 834 bytes} [Tue Jun 30 06:29:11 2026] GET /v2/images/3ef48dce-e883-434a-a30f-8d241a8428d5 => generated 649 bytes in 11 msecs (HTTP/1.1 200) 4 headers in 157 bytes (1 switches on core 0)
Jun 30 06:29:12.203844 np0000003941 devstack@g-api.service[99532]: DEBUG swiftclient [None req-d2b0b678-84a8-494b-9010-2f4a27357420 tempest-VolumesActionsTest-134976497 tempest-VolumesActionsTest-134976497-project-member] REQ: curl -i https://10.4.3.54:8080/v1/AUTH_11a387f850034cada84a15582dbefd95/glance/3ef48dce-e883-434a-a30f-8d241a8428d5-00001 -X PUT -H "X-Auth-Token: gAAAAABqQ2I1HVR9..." {{(pid=99532) http_log /opt/stack/data/venv/lib/python3.12/site-packages/swiftclient/client.py:160}}
Jun 30 06:29:12.204231 np0000003941 devstack@g-api.service[99532]: DEBUG swiftclient [None req-d2b0b678-84a8-494b-9010-2f4a27357420 tempest-VolumesActionsTest-134976497 tempest-VolumesActionsTest-134976497-project-member] RESP STATUS: 201 Created {{(pid=99532) http_log /opt/stack/data/venv/lib/python3.12/site-packages/swiftclient/client.py:161}}
Jun 30 06:29:12.204231 np0000003941 devstack@g-api.service[99532]: DEBUG swiftclient [None req-d2b0b678-84a8-494b-9010-2f4a27357420 tempest-VolumesActionsTest-134976497 tempest-VolumesActionsTest-134976497-project-member] RESP HEADERS: {'Date': 'Tue, 30 Jun 2026 06:29:12 GMT', 'Server': 'Apache/2.4.58 (Ubuntu)', 'Content-Type': 'text/html; charset=UTF-8', 'Content-Length': '0', 'Etag': 'eda9a9889837ac4bc81d6387d92c1bec', 'Last-Modified': 'Tue, 30 Jun 2026 06:29:10 GMT', 'X-Trans-Id': 'tx1454611601144855820d4-006a436235', 'X-Openstack-Request-Id': 'tx1454611601144855820d4-006a436235', 'Connection': 'close'} {{(pid=99532) http_log /opt/stack/data/venv/lib/python3.12/site-packages/swiftclient/client.py:162}}
Jun 30 06:29:12.204231 np0000003941 devstack@g-api.service[99532]: DEBUG glance_store._drivers.swift.store [None req-d2b0b678-84a8-494b-9010-2f4a27357420 tempest-VolumesActionsTest-134976497 tempest-VolumesActionsTest-134976497-project-member] Wrote chunk 3ef48dce-e883-434a-a30f-8d241a8428d5-00001 (1/?) of length 204800000 to Swift returning MD5 of content: eda9a9889837ac4bc81d6387d92c1bec {{(pid=99532) add /opt/stack/data/venv/lib/python3.12/site-packages/glance_store/_drivers/swift/store.py:1059}}
Jun 30 06:29:12.775261 np0000003941 devstack@g-api.service[99533]: DEBUG glance.api.middleware.version_negotiation [None req-17dd88a5-7a8e-479b-b814-4b2e8ea1c26a tempest-VolumesActionsTest-134976497 tempest-VolumesActionsTest-134976497-project-member] Determining version of request: GET /v2/images/3ef48dce-e883-434a-a30f-8d241a8428d5 Accept: application/json {{(pid=99533) process_request /opt/stack/glance/glance/api/middleware/version_negotiation.py:44}}
Jun 30 06:29:12.775766 np0000003941 devstack@g-api.service[99533]: DEBUG glance.api.middleware.version_negotiation [None req-17dd88a5-7a8e-479b-b814-4b2e8ea1c26a tempest-VolumesActionsTest-134976497 tempest-VolumesActionsTest-134976497-project-member] Using url versioning {{(pid=99533) process_request /opt/stack/glance/glance/api/middleware/version_negotiation.py:57}}
Jun 30 06:29:12.775766 np0000003941 devstack@g-api.service[99533]: DEBUG glance.api.middleware.version_negotiation [None req-17dd88a5-7a8e-479b-b814-4b2e8ea1c26a tempest-VolumesActionsTest-134976497 tempest-VolumesActionsTest-134976497-project-member] Matched version: v2 {{(pid=99533) process_request /opt/stack/glance/glance/api/middleware/version_negotiation.py:69}}
Jun 30 06:29:12.776862 np0000003941 devstack@g-api.service[99533]: DEBUG glance.api.middleware.version_negotiation [None req-17dd88a5-7a8e-479b-b814-4b2e8ea1c26a tempest-VolumesActionsTest-134976497 tempest-VolumesActionsTest-134976497-project-member] new path /v2/images/3ef48dce-e883-434a-a30f-8d241a8428d5 {{(pid=99533) process_request /opt/stack/glance/glance/api/middleware/version_negotiation.py:70}}
Jun 30 06:29:12.794601 np0000003941 devstack@g-api.service[99533]: [pid: 99533|app: 0|req: 152/448] 127.0.0.1 () {40 vars in 834 bytes} [Tue Jun 30 06:29:12 2026] GET /v2/images/3ef48dce-e883-434a-a30f-8d241a8428d5 => generated 649 bytes in 19 msecs (HTTP/1.1 200) 4 headers in 157 bytes (1 switches on core 0)
Jun 30 06:29:13.811268 np0000003941 devstack@g-api.service[99531]: DEBUG glance.api.middleware.version_negotiation [None req-e5b958da-402e-4c62-9ecd-15a691646079 tempest-VolumesActionsTest-134976497 tempest-VolumesActionsTest-134976497-project-member] Determining version of request: GET /v2/images/3ef48dce-e883-434a-a30f-8d241a8428d5 Accept: application/json {{(pid=99531) process_request /opt/stack/glance/glance/api/middleware/version_negotiation.py:44}}
Jun 30 06:29:13.812200 np0000003941 devstack@g-api.service[99531]: DEBUG glance.api.middleware.version_negotiation [None req-e5b958da-402e-4c62-9ecd-15a691646079 tempest-VolumesActionsTest-134976497 tempest-VolumesActionsTest-134976497-project-member] Using url versioning {{(pid=99531) process_request /opt/stack/glance/glance/api/middleware/version_negotiation.py:57}}
Jun 30 06:29:13.812556 np0000003941 devstack@g-api.service[99531]: DEBUG glance.api.middleware.version_negotiation [None req-e5b958da-402e-4c62-9ecd-15a691646079 tempest-VolumesActionsTest-134976497 tempest-VolumesActionsTest-134976497-project-member] Matched version: v2 {{(pid=99531) process_request /opt/stack/glance/glance/api/middleware/version_negotiation.py:69}}
Jun 30 06:29:13.812823 np0000003941 devstack@g-api.service[99531]: DEBUG glance.api.middleware.version_negotiation [None req-e5b958da-402e-4c62-9ecd-15a691646079 tempest-VolumesActionsTest-134976497 tempest-VolumesActionsTest-134976497-project-member] new path /v2/images/3ef48dce-e883-434a-a30f-8d241a8428d5 {{(pid=99531) process_request /opt/stack/glance/glance/api/middleware/version_negotiation.py:70}}
Jun 30 06:29:13.831864 np0000003941 devstack@g-api.service[99531]: [pid: 99531|app: 0|req: 147/449] 127.0.0.1 () {40 vars in 834 bytes} [Tue Jun 30 06:29:13 2026] GET /v2/images/3ef48dce-e883-434a-a30f-8d241a8428d5 => generated 649 bytes in 22 msecs (HTTP/1.1 200) 4 headers in 157 bytes (1 switches on core 0)
Jun 30 06:29:14.628354 np0000003941 devstack@g-api.service[99532]: DEBUG swiftclient [None req-d2b0b678-84a8-494b-9010-2f4a27357420 tempest-VolumesActionsTest-134976497 tempest-VolumesActionsTest-134976497-project-member] REQ: curl -i https://10.4.3.54:8080/v1/AUTH_11a387f850034cada84a15582dbefd95/glance/3ef48dce-e883-434a-a30f-8d241a8428d5-00002 -X PUT -H "X-Auth-Token: gAAAAABqQ2I1HVR9..." {{(pid=99532) http_log /opt/stack/data/venv/lib/python3.12/site-packages/swiftclient/client.py:160}}
Jun 30 06:29:14.628870 np0000003941 devstack@g-api.service[99532]: DEBUG swiftclient [None req-d2b0b678-84a8-494b-9010-2f4a27357420 tempest-VolumesActionsTest-134976497 tempest-VolumesActionsTest-134976497-project-member] RESP STATUS: 201 Created {{(pid=99532) http_log /opt/stack/data/venv/lib/python3.12/site-packages/swiftclient/client.py:161}}
Jun 30 06:29:14.628870 np0000003941 devstack@g-api.service[99532]: DEBUG swiftclient [None req-d2b0b678-84a8-494b-9010-2f4a27357420 tempest-VolumesActionsTest-134976497 tempest-VolumesActionsTest-134976497-project-member] RESP HEADERS: {'Date': 'Tue, 30 Jun 2026 06:29:14 GMT', 'Server': 'Apache/2.4.58 (Ubuntu)', 'Content-Type': 'text/html; charset=UTF-8', 'Content-Length': '0', 'Etag': 'eda9a9889837ac4bc81d6387d92c1bec', 'Last-Modified': 'Tue, 30 Jun 2026 06:29:13 GMT', 'X-Trans-Id': 'tx5c3aec584c904ca4a956c-006a436238', 'X-Openstack-Request-Id': 'tx5c3aec584c904ca4a956c-006a436238', 'Connection': 'close'} {{(pid=99532) http_log /opt/stack/data/venv/lib/python3.12/site-packages/swiftclient/client.py:162}}
Jun 30 06:29:14.629008 np0000003941 devstack@g-api.service[99532]: DEBUG glance_store._drivers.swift.store [None req-d2b0b678-84a8-494b-9010-2f4a27357420 tempest-VolumesActionsTest-134976497 tempest-VolumesActionsTest-134976497-project-member] Wrote chunk 3ef48dce-e883-434a-a30f-8d241a8428d5-00002 (2/?) of length 204800000 to Swift returning MD5 of content: eda9a9889837ac4bc81d6387d92c1bec {{(pid=99532) add /opt/stack/data/venv/lib/python3.12/site-packages/glance_store/_drivers/swift/store.py:1059}}
Jun 30 06:29:14.846126 np0000003941 devstack@g-api.service[99533]: DEBUG glance.api.middleware.version_negotiation [None req-a1527826-1f84-445b-8786-0c9f118a6126 tempest-VolumesActionsTest-134976497 tempest-VolumesActionsTest-134976497-project-member] Determining version of request: GET /v2/images/3ef48dce-e883-434a-a30f-8d241a8428d5 Accept: application/json {{(pid=99533) process_request /opt/stack/glance/glance/api/middleware/version_negotiation.py:44}}
Jun 30 06:29:14.846833 np0000003941 devstack@g-api.service[99533]: DEBUG glance.api.middleware.version_negotiation [None req-a1527826-1f84-445b-8786-0c9f118a6126 tempest-VolumesActionsTest-134976497 tempest-VolumesActionsTest-134976497-project-member] Using url versioning {{(pid=99533) process_request /opt/stack/glance/glance/api/middleware/version_negotiation.py:57}}
Jun 30 06:29:14.847726 np0000003941 devstack@g-api.service[99533]: DEBUG glance.api.middleware.version_negotiation [None req-a1527826-1f84-445b-8786-0c9f118a6126 tempest-VolumesActionsTest-134976497 tempest-VolumesActionsTest-134976497-project-member] Matched version: v2 {{(pid=99533) process_request /opt/stack/glance/glance/api/middleware/version_negotiation.py:69}}
Jun 30 06:29:14.847726 np0000003941 devstack@g-api.service[99533]: DEBUG glance.api.middleware.version_negotiation [None req-a1527826-1f84-445b-8786-0c9f118a6126 tempest-VolumesActionsTest-134976497 tempest-VolumesActionsTest-134976497-project-member] new path /v2/images/3ef48dce-e883-434a-a30f-8d241a8428d5 {{(pid=99533) process_request /opt/stack/glance/glance/api/middleware/version_negotiation.py:70}}
Jun 30 06:29:14.863759 np0000003941 devstack@g-api.service[99533]: [pid: 99533|app: 0|req: 153/450] 127.0.0.1 () {40 vars in 834 bytes} [Tue Jun 30 06:29:14 2026] GET /v2/images/3ef48dce-e883-434a-a30f-8d241a8428d5 => generated 649 bytes in 18 msecs (HTTP/1.1 200) 4 headers in 157 bytes (1 switches on core 0)
Jun 30 06:29:15.878729 np0000003941 devstack@g-api.service[99531]: DEBUG glance.api.middleware.version_negotiation [None req-e5f30194-d06b-439f-ad3c-c6fcbeec75f2 tempest-VolumesActionsTest-134976497 tempest-VolumesActionsTest-134976497-project-member] Determining version of request: GET /v2/images/3ef48dce-e883-434a-a30f-8d241a8428d5 Accept: application/json {{(pid=99531) process_request /opt/stack/glance/glance/api/middleware/version_negotiation.py:44}}
Jun 30 06:29:15.879320 np0000003941 devstack@g-api.service[99531]: DEBUG glance.api.middleware.version_negotiation [None req-e5f30194-d06b-439f-ad3c-c6fcbeec75f2 tempest-VolumesActionsTest-134976497 tempest-VolumesActionsTest-134976497-project-member] Using url versioning {{(pid=99531) process_request /opt/stack/glance/glance/api/middleware/version_negotiation.py:57}}
Jun 30 06:29:15.879320 np0000003941 devstack@g-api.service[99531]: DEBUG glance.api.middleware.version_negotiation [None req-e5f30194-d06b-439f-ad3c-c6fcbeec75f2 tempest-VolumesActionsTest-134976497 tempest-VolumesActionsTest-134976497-project-member] Matched version: v2 {{(pid=99531) process_request /opt/stack/glance/glance/api/middleware/version_negotiation.py:69}}
Jun 30 06:29:15.879575 np0000003941 devstack@g-api.service[99531]: DEBUG glance.api.middleware.version_negotiation [None req-e5f30194-d06b-439f-ad3c-c6fcbeec75f2 tempest-VolumesActionsTest-134976497 tempest-VolumesActionsTest-134976497-project-member] new path /v2/images/3ef48dce-e883-434a-a30f-8d241a8428d5 {{(pid=99531) process_request /opt/stack/glance/glance/api/middleware/version_negotiation.py:70}}
Jun 30 06:29:15.910523 np0000003941 devstack@g-api.service[99531]: [pid: 99531|app: 0|req: 148/451] 127.0.0.1 () {40 vars in 834 bytes} [Tue Jun 30 06:29:15 2026] GET /v2/images/3ef48dce-e883-434a-a30f-8d241a8428d5 => generated 649 bytes in 32 msecs (HTTP/1.1 200) 4 headers in 157 bytes (1 switches on core 0)
Jun 30 06:29:16.923518 np0000003941 devstack@g-api.service[99533]: DEBUG glance.api.middleware.version_negotiation [None req-ea5742ed-25fd-41f2-8452-b068e1d340cc tempest-VolumesActionsTest-134976497 tempest-VolumesActionsTest-134976497-project-member] Determining version of request: GET /v2/images/3ef48dce-e883-434a-a30f-8d241a8428d5 Accept: application/json {{(pid=99533) process_request /opt/stack/glance/glance/api/middleware/version_negotiation.py:44}}
Jun 30 06:29:16.923958 np0000003941 devstack@g-api.service[99533]: DEBUG glance.api.middleware.version_negotiation [None req-ea5742ed-25fd-41f2-8452-b068e1d340cc tempest-VolumesActionsTest-134976497 tempest-VolumesActionsTest-134976497-project-member] Using url versioning {{(pid=99533) process_request /opt/stack/glance/glance/api/middleware/version_negotiation.py:57}}
Jun 30 06:29:16.923958 np0000003941 devstack@g-api.service[99533]: DEBUG glance.api.middleware.version_negotiation [None req-ea5742ed-25fd-41f2-8452-b068e1d340cc tempest-VolumesActionsTest-134976497 tempest-VolumesActionsTest-134976497-project-member] Matched version: v2 {{(pid=99533) process_request /opt/stack/glance/glance/api/middleware/version_negotiation.py:69}}
Jun 30 06:29:16.924068 np0000003941 devstack@g-api.service[99533]: DEBUG glance.api.middleware.version_negotiation [None req-ea5742ed-25fd-41f2-8452-b068e1d340cc tempest-VolumesActionsTest-134976497 tempest-VolumesActionsTest-134976497-project-member] new path /v2/images/3ef48dce-e883-434a-a30f-8d241a8428d5 {{(pid=99533) process_request /opt/stack/glance/glance/api/middleware/version_negotiation.py:70}}
Jun 30 06:29:16.936531 np0000003941 devstack@g-api.service[99533]: [pid: 99533|app: 0|req: 154/452] 127.0.0.1 () {40 vars in 834 bytes} [Tue Jun 30 06:29:16 2026] GET /v2/images/3ef48dce-e883-434a-a30f-8d241a8428d5 => generated 649 bytes in 13 msecs (HTTP/1.1 200) 4 headers in 157 bytes (1 switches on core 0)
Jun 30 06:29:17.954323 np0000003941 devstack@g-api.service[99531]: DEBUG glance.api.middleware.version_negotiation [None req-2e059fec-0771-4d03-b6d0-d0c809fc07dd tempest-VolumesActionsTest-134976497 tempest-VolumesActionsTest-134976497-project-member] Determining version of request: GET /v2/images/3ef48dce-e883-434a-a30f-8d241a8428d5 Accept: application/json {{(pid=99531) process_request /opt/stack/glance/glance/api/middleware/version_negotiation.py:44}}
Jun 30 06:29:17.954810 np0000003941 devstack@g-api.service[99531]: DEBUG glance.api.middleware.version_negotiation [None req-2e059fec-0771-4d03-b6d0-d0c809fc07dd tempest-VolumesActionsTest-134976497 tempest-VolumesActionsTest-134976497-project-member] Using url versioning {{(pid=99531) process_request /opt/stack/glance/glance/api/middleware/version_negotiation.py:57}}
Jun 30 06:29:17.954810 np0000003941 devstack@g-api.service[99531]: DEBUG glance.api.middleware.version_negotiation [None req-2e059fec-0771-4d03-b6d0-d0c809fc07dd tempest-VolumesActionsTest-134976497 tempest-VolumesActionsTest-134976497-project-member] Matched version: v2 {{(pid=99531) process_request /opt/stack/glance/glance/api/middleware/version_negotiation.py:69}}
Jun 30 06:29:17.954991 np0000003941 devstack@g-api.service[99531]: DEBUG glance.api.middleware.version_negotiation [None req-2e059fec-0771-4d03-b6d0-d0c809fc07dd tempest-VolumesActionsTest-134976497 tempest-VolumesActionsTest-134976497-project-member] new path /v2/images/3ef48dce-e883-434a-a30f-8d241a8428d5 {{(pid=99531) process_request /opt/stack/glance/glance/api/middleware/version_negotiation.py:70}}
Jun 30 06:29:17.971893 np0000003941 devstack@g-api.service[99531]: [pid: 99531|app: 0|req: 149/453] 127.0.0.1 () {40 vars in 834 bytes} [Tue Jun 30 06:29:17 2026] GET /v2/images/3ef48dce-e883-434a-a30f-8d241a8428d5 => generated 649 bytes in 18 msecs (HTTP/1.1 200) 4 headers in 157 bytes (1 switches on core 0)
Jun 30 06:29:18.112055 np0000003941 devstack@g-api.service[99532]: DEBUG swiftclient [None req-d2b0b678-84a8-494b-9010-2f4a27357420 tempest-VolumesActionsTest-134976497 tempest-VolumesActionsTest-134976497-project-member] REQ: curl -i https://10.4.3.54:8080/v1/AUTH_11a387f850034cada84a15582dbefd95/glance/3ef48dce-e883-434a-a30f-8d241a8428d5-00003 -X PUT -H "X-Auth-Token: gAAAAABqQ2I1HVR9..." {{(pid=99532) http_log /opt/stack/data/venv/lib/python3.12/site-packages/swiftclient/client.py:160}}
Jun 30 06:29:18.112941 np0000003941 devstack@g-api.service[99532]: DEBUG swiftclient [None req-d2b0b678-84a8-494b-9010-2f4a27357420 tempest-VolumesActionsTest-134976497 tempest-VolumesActionsTest-134976497-project-member] RESP STATUS: 201 Created {{(pid=99532) http_log /opt/stack/data/venv/lib/python3.12/site-packages/swiftclient/client.py:161}}
Jun 30 06:29:18.112941 np0000003941 devstack@g-api.service[99532]: DEBUG swiftclient [None req-d2b0b678-84a8-494b-9010-2f4a27357420 tempest-VolumesActionsTest-134976497 tempest-VolumesActionsTest-134976497-project-member] RESP HEADERS: {'Date': 'Tue, 30 Jun 2026 06:29:18 GMT', 'Server': 'Apache/2.4.58 (Ubuntu)', 'Content-Type': 'text/html; charset=UTF-8', 'Content-Length': '0', 'Etag': 'eda9a9889837ac4bc81d6387d92c1bec', 'Last-Modified': 'Tue, 30 Jun 2026 06:29:15 GMT', 'X-Trans-Id': 'txcdc12ccdf57e44839ea73-006a43623a', 'X-Openstack-Request-Id': 'txcdc12ccdf57e44839ea73-006a43623a', 'Connection': 'close'} {{(pid=99532) http_log /opt/stack/data/venv/lib/python3.12/site-packages/swiftclient/client.py:162}}
Jun 30 06:29:18.112941 np0000003941 devstack@g-api.service[99532]: DEBUG glance_store._drivers.swift.store [None req-d2b0b678-84a8-494b-9010-2f4a27357420 tempest-VolumesActionsTest-134976497 tempest-VolumesActionsTest-134976497-project-member] Wrote chunk 3ef48dce-e883-434a-a30f-8d241a8428d5-00003 (3/?) of length 204800000 to Swift returning MD5 of content: eda9a9889837ac4bc81d6387d92c1bec {{(pid=99532) add /opt/stack/data/venv/lib/python3.12/site-packages/glance_store/_drivers/swift/store.py:1059}}
Jun 30 06:29:18.984793 np0000003941 devstack@g-api.service[99533]: DEBUG glance.api.middleware.version_negotiation [None req-b7c2bde6-8504-4f54-a56d-bc0ac0e1930b tempest-VolumesActionsTest-134976497 tempest-VolumesActionsTest-134976497-project-member] Determining version of request: GET /v2/images/3ef48dce-e883-434a-a30f-8d241a8428d5 Accept: application/json {{(pid=99533) process_request /opt/stack/glance/glance/api/middleware/version_negotiation.py:44}}
Jun 30 06:29:18.985201 np0000003941 devstack@g-api.service[99533]: DEBUG glance.api.middleware.version_negotiation [None req-b7c2bde6-8504-4f54-a56d-bc0ac0e1930b tempest-VolumesActionsTest-134976497 tempest-VolumesActionsTest-134976497-project-member] Using url versioning {{(pid=99533) process_request /opt/stack/glance/glance/api/middleware/version_negotiation.py:57}}
Jun 30 06:29:18.985201 np0000003941 devstack@g-api.service[99533]: DEBUG glance.api.middleware.version_negotiation [None req-b7c2bde6-8504-4f54-a56d-bc0ac0e1930b tempest-VolumesActionsTest-134976497 tempest-VolumesActionsTest-134976497-project-member] Matched version: v2 {{(pid=99533) process_request /opt/stack/glance/glance/api/middleware/version_negotiation.py:69}}
Jun 30 06:29:18.985377 np0000003941 devstack@g-api.service[99533]: DEBUG glance.api.middleware.version_negotiation [None req-b7c2bde6-8504-4f54-a56d-bc0ac0e1930b tempest-VolumesActionsTest-134976497 tempest-VolumesActionsTest-134976497-project-member] new path /v2/images/3ef48dce-e883-434a-a30f-8d241a8428d5 {{(pid=99533) process_request /opt/stack/glance/glance/api/middleware/version_negotiation.py:70}}
Jun 30 06:29:19.006053 np0000003941 devstack@g-api.service[99533]: [pid: 99533|app: 0|req: 155/454] 127.0.0.1 () {40 vars in 834 bytes} [Tue Jun 30 06:29:18 2026] GET /v2/images/3ef48dce-e883-434a-a30f-8d241a8428d5 => generated 649 bytes in 21 msecs (HTTP/1.1 200) 4 headers in 157 bytes (1 switches on core 0)
Jun 30 06:29:19.382995 np0000003941 devstack@g-api.service[99532]: DEBUG dbcounter [-] [99532] Writing DB stats glance:SELECT=10,glance:UPDATE=1 {{(pid=99532) stat_writer /opt/stack/data/venv/lib/python3.12/site-packages/dbcounter.py:115}}
Jun 30 06:29:20.023451 np0000003941 devstack@g-api.service[99531]: DEBUG glance.api.middleware.version_negotiation [None req-c2ccb595-d4d6-4a10-9f75-3a348a36ba9b tempest-VolumesActionsTest-134976497 tempest-VolumesActionsTest-134976497-project-member] Determining version of request: GET /v2/images/3ef48dce-e883-434a-a30f-8d241a8428d5 Accept: application/json {{(pid=99531) process_request /opt/stack/glance/glance/api/middleware/version_negotiation.py:44}}
Jun 30 06:29:20.023451 np0000003941 devstack@g-api.service[99531]: DEBUG glance.api.middleware.version_negotiation [None req-c2ccb595-d4d6-4a10-9f75-3a348a36ba9b tempest-VolumesActionsTest-134976497 tempest-VolumesActionsTest-134976497-project-member] Using url versioning {{(pid=99531) process_request /opt/stack/glance/glance/api/middleware/version_negotiation.py:57}}
Jun 30 06:29:20.023451 np0000003941 devstack@g-api.service[99531]: DEBUG glance.api.middleware.version_negotiation [None req-c2ccb595-d4d6-4a10-9f75-3a348a36ba9b tempest-VolumesActionsTest-134976497 tempest-VolumesActionsTest-134976497-project-member] Matched version: v2 {{(pid=99531) process_request /opt/stack/glance/glance/api/middleware/version_negotiation.py:69}}
Jun 30 06:29:20.024061 np0000003941 devstack@g-api.service[99531]: DEBUG glance.api.middleware.version_negotiation [None req-c2ccb595-d4d6-4a10-9f75-3a348a36ba9b tempest-VolumesActionsTest-134976497 tempest-VolumesActionsTest-134976497-project-member] new path /v2/images/3ef48dce-e883-434a-a30f-8d241a8428d5 {{(pid=99531) process_request /opt/stack/glance/glance/api/middleware/version_negotiation.py:70}}
Jun 30 06:29:20.047238 np0000003941 devstack@g-api.service[99531]: [pid: 99531|app: 0|req: 150/455] 127.0.0.1 () {40 vars in 834 bytes} [Tue Jun 30 06:29:20 2026] GET /v2/images/3ef48dce-e883-434a-a30f-8d241a8428d5 => generated 649 bytes in 24 msecs (HTTP/1.1 200) 4 headers in 157 bytes (1 switches on core 0)
Jun 30 06:29:21.064137 np0000003941 devstack@g-api.service[99533]: DEBUG glance.api.middleware.version_negotiation [None req-fa89c163-243f-4a52-a600-44e95ef03639 tempest-VolumesActionsTest-134976497 tempest-VolumesActionsTest-134976497-project-member] Determining version of request: GET /v2/images/3ef48dce-e883-434a-a30f-8d241a8428d5 Accept: application/json {{(pid=99533) process_request /opt/stack/glance/glance/api/middleware/version_negotiation.py:44}}
Jun 30 06:29:21.064836 np0000003941 devstack@g-api.service[99533]: DEBUG glance.api.middleware.version_negotiation [None req-fa89c163-243f-4a52-a600-44e95ef03639 tempest-VolumesActionsTest-134976497 tempest-VolumesActionsTest-134976497-project-member] Using url versioning {{(pid=99533) process_request /opt/stack/glance/glance/api/middleware/version_negotiation.py:57}}
Jun 30 06:29:21.064836 np0000003941 devstack@g-api.service[99533]: DEBUG glance.api.middleware.version_negotiation [None req-fa89c163-243f-4a52-a600-44e95ef03639 tempest-VolumesActionsTest-134976497 tempest-VolumesActionsTest-134976497-project-member] Matched version: v2 {{(pid=99533) process_request /opt/stack/glance/glance/api/middleware/version_negotiation.py:69}}
Jun 30 06:29:21.064836 np0000003941 devstack@g-api.service[99533]: DEBUG glance.api.middleware.version_negotiation [None req-fa89c163-243f-4a52-a600-44e95ef03639 tempest-VolumesActionsTest-134976497 tempest-VolumesActionsTest-134976497-project-member] new path /v2/images/3ef48dce-e883-434a-a30f-8d241a8428d5 {{(pid=99533) process_request /opt/stack/glance/glance/api/middleware/version_negotiation.py:70}}
Jun 30 06:29:21.099825 np0000003941 devstack@g-api.service[99533]: [pid: 99533|app: 0|req: 156/456] 127.0.0.1 () {40 vars in 834 bytes} [Tue Jun 30 06:29:21 2026] GET /v2/images/3ef48dce-e883-434a-a30f-8d241a8428d5 => generated 649 bytes in 36 msecs (HTTP/1.1 200) 4 headers in 157 bytes (1 switches on core 0)
Jun 30 06:29:21.430779 np0000003941 devstack@g-api.service[99532]: DEBUG swiftclient [None req-d2b0b678-84a8-494b-9010-2f4a27357420 tempest-VolumesActionsTest-134976497 tempest-VolumesActionsTest-134976497-project-member] REQ: curl -i https://10.4.3.54:8080/v1/AUTH_11a387f850034cada84a15582dbefd95/glance/3ef48dce-e883-434a-a30f-8d241a8428d5-00004 -X PUT -H "X-Auth-Token: gAAAAABqQ2I1HVR9..." {{(pid=99532) http_log /opt/stack/data/venv/lib/python3.12/site-packages/swiftclient/client.py:160}}
Jun 30 06:29:21.431071 np0000003941 devstack@g-api.service[99532]: DEBUG swiftclient [None req-d2b0b678-84a8-494b-9010-2f4a27357420 tempest-VolumesActionsTest-134976497 tempest-VolumesActionsTest-134976497-project-member] RESP STATUS: 201 Created {{(pid=99532) http_log /opt/stack/data/venv/lib/python3.12/site-packages/swiftclient/client.py:161}}
Jun 30 06:29:21.431071 np0000003941 devstack@g-api.service[99532]: DEBUG swiftclient [None req-d2b0b678-84a8-494b-9010-2f4a27357420 tempest-VolumesActionsTest-134976497 tempest-VolumesActionsTest-134976497-project-member] RESP HEADERS: {'Date': 'Tue, 30 Jun 2026 06:29:21 GMT', 'Server': 'Apache/2.4.58 (Ubuntu)', 'Content-Type': 'text/html; charset=UTF-8', 'Content-Length': '0', 'Etag': 'eda9a9889837ac4bc81d6387d92c1bec', 'Last-Modified': 'Tue, 30 Jun 2026 06:29:19 GMT', 'X-Trans-Id': 'txfd8e0bf9d6e84a9582bab-006a43623e', 'X-Openstack-Request-Id': 'txfd8e0bf9d6e84a9582bab-006a43623e', 'Connection': 'close'} {{(pid=99532) http_log /opt/stack/data/venv/lib/python3.12/site-packages/swiftclient/client.py:162}}
Jun 30 06:29:21.431198 np0000003941 devstack@g-api.service[99532]: DEBUG glance_store._drivers.swift.store [None req-d2b0b678-84a8-494b-9010-2f4a27357420 tempest-VolumesActionsTest-134976497 tempest-VolumesActionsTest-134976497-project-member] Wrote chunk 3ef48dce-e883-434a-a30f-8d241a8428d5-00004 (4/?) of length 204800000 to Swift returning MD5 of content: eda9a9889837ac4bc81d6387d92c1bec {{(pid=99532) add /opt/stack/data/venv/lib/python3.12/site-packages/glance_store/_drivers/swift/store.py:1059}}
Jun 30 06:29:22.112509 np0000003941 devstack@g-api.service[99531]: DEBUG glance.api.middleware.version_negotiation [None req-dba70c7d-1a1e-40f4-b398-3360975234ce tempest-VolumesActionsTest-134976497 tempest-VolumesActionsTest-134976497-project-member] Determining version of request: GET /v2/images/3ef48dce-e883-434a-a30f-8d241a8428d5 Accept: application/json {{(pid=99531) process_request /opt/stack/glance/glance/api/middleware/version_negotiation.py:44}}
Jun 30 06:29:22.112509 np0000003941 devstack@g-api.service[99531]: DEBUG glance.api.middleware.version_negotiation [None req-dba70c7d-1a1e-40f4-b398-3360975234ce tempest-VolumesActionsTest-134976497 tempest-VolumesActionsTest-134976497-project-member] Using url versioning {{(pid=99531) process_request /opt/stack/glance/glance/api/middleware/version_negotiation.py:57}}
Jun 30 06:29:22.112509 np0000003941 devstack@g-api.service[99531]: DEBUG glance.api.middleware.version_negotiation [None req-dba70c7d-1a1e-40f4-b398-3360975234ce tempest-VolumesActionsTest-134976497 tempest-VolumesActionsTest-134976497-project-member] Matched version: v2 {{(pid=99531) process_request /opt/stack/glance/glance/api/middleware/version_negotiation.py:69}}
Jun 30 06:29:22.112509 np0000003941 devstack@g-api.service[99531]: DEBUG glance.api.middleware.version_negotiation [None req-dba70c7d-1a1e-40f4-b398-3360975234ce tempest-VolumesActionsTest-134976497 tempest-VolumesActionsTest-134976497-project-member] new path /v2/images/3ef48dce-e883-434a-a30f-8d241a8428d5 {{(pid=99531) process_request /opt/stack/glance/glance/api/middleware/version_negotiation.py:70}}
Jun 30 06:29:22.151163 np0000003941 devstack@g-api.service[99531]: [pid: 99531|app: 0|req: 151/457] 127.0.0.1 () {40 vars in 834 bytes} [Tue Jun 30 06:29:22 2026] GET /v2/images/3ef48dce-e883-434a-a30f-8d241a8428d5 => generated 649 bytes in 39 msecs (HTTP/1.1 200) 4 headers in 157 bytes (1 switches on core 0)
Jun 30 06:29:23.165833 np0000003941 devstack@g-api.service[99533]: DEBUG glance.api.middleware.version_negotiation [None req-b50d2893-0135-4789-99b3-4570d57f7570 tempest-VolumesActionsTest-134976497 tempest-VolumesActionsTest-134976497-project-member] Determining version of request: GET /v2/images/3ef48dce-e883-434a-a30f-8d241a8428d5 Accept: application/json {{(pid=99533) process_request /opt/stack/glance/glance/api/middleware/version_negotiation.py:44}}
Jun 30 06:29:23.165833 np0000003941 devstack@g-api.service[99533]: DEBUG glance.api.middleware.version_negotiation [None req-b50d2893-0135-4789-99b3-4570d57f7570 tempest-VolumesActionsTest-134976497 tempest-VolumesActionsTest-134976497-project-member] Using url versioning {{(pid=99533) process_request /opt/stack/glance/glance/api/middleware/version_negotiation.py:57}}
Jun 30 06:29:23.165833 np0000003941 devstack@g-api.service[99533]: DEBUG glance.api.middleware.version_negotiation [None req-b50d2893-0135-4789-99b3-4570d57f7570 tempest-VolumesActionsTest-134976497 tempest-VolumesActionsTest-134976497-project-member] Matched version: v2 {{(pid=99533) process_request /opt/stack/glance/glance/api/middleware/version_negotiation.py:69}}
Jun 30 06:29:23.165833 np0000003941 devstack@g-api.service[99533]: DEBUG glance.api.middleware.version_negotiation [None req-b50d2893-0135-4789-99b3-4570d57f7570 tempest-VolumesActionsTest-134976497 tempest-VolumesActionsTest-134976497-project-member] new path /v2/images/3ef48dce-e883-434a-a30f-8d241a8428d5 {{(pid=99533) process_request /opt/stack/glance/glance/api/middleware/version_negotiation.py:70}}
Jun 30 06:29:23.179245 np0000003941 devstack@g-api.service[99533]: [pid: 99533|app: 0|req: 157/458] 127.0.0.1 () {40 vars in 834 bytes} [Tue Jun 30 06:29:23 2026] GET /v2/images/3ef48dce-e883-434a-a30f-8d241a8428d5 => generated 649 bytes in 15 msecs (HTTP/1.1 200) 4 headers in 157 bytes (1 switches on core 0)
Jun 30 06:29:24.193041 np0000003941 devstack@g-api.service[99531]: DEBUG glance.api.middleware.version_negotiation [None req-b8d5099b-7470-4337-8aaf-d982ecba28b4 tempest-VolumesActionsTest-134976497 tempest-VolumesActionsTest-134976497-project-member] Determining version of request: GET /v2/images/3ef48dce-e883-434a-a30f-8d241a8428d5 Accept: application/json {{(pid=99531) process_request /opt/stack/glance/glance/api/middleware/version_negotiation.py:44}}
Jun 30 06:29:24.193420 np0000003941 devstack@g-api.service[99531]: DEBUG glance.api.middleware.version_negotiation [None req-b8d5099b-7470-4337-8aaf-d982ecba28b4 tempest-VolumesActionsTest-134976497 tempest-VolumesActionsTest-134976497-project-member] Using url versioning {{(pid=99531) process_request /opt/stack/glance/glance/api/middleware/version_negotiation.py:57}}
Jun 30 06:29:24.193420 np0000003941 devstack@g-api.service[99531]: DEBUG glance.api.middleware.version_negotiation [None req-b8d5099b-7470-4337-8aaf-d982ecba28b4 tempest-VolumesActionsTest-134976497 tempest-VolumesActionsTest-134976497-project-member] Matched version: v2 {{(pid=99531) process_request /opt/stack/glance/glance/api/middleware/version_negotiation.py:69}}
Jun 30 06:29:24.193533 np0000003941 devstack@g-api.service[99531]: DEBUG glance.api.middleware.version_negotiation [None req-b8d5099b-7470-4337-8aaf-d982ecba28b4 tempest-VolumesActionsTest-134976497 tempest-VolumesActionsTest-134976497-project-member] new path /v2/images/3ef48dce-e883-434a-a30f-8d241a8428d5 {{(pid=99531) process_request /opt/stack/glance/glance/api/middleware/version_negotiation.py:70}}
Jun 30 06:29:24.209246 np0000003941 devstack@g-api.service[99531]: [pid: 99531|app: 0|req: 152/459] 127.0.0.1 () {40 vars in 834 bytes} [Tue Jun 30 06:29:24 2026] GET /v2/images/3ef48dce-e883-434a-a30f-8d241a8428d5 => generated 649 bytes in 16 msecs (HTTP/1.1 200) 4 headers in 157 bytes (1 switches on core 0)
Jun 30 06:29:24.398102 np0000003941 devstack@g-api.service[99532]: DEBUG swiftclient [None req-d2b0b678-84a8-494b-9010-2f4a27357420 tempest-VolumesActionsTest-134976497 tempest-VolumesActionsTest-134976497-project-member] REQ: curl -i https://10.4.3.54:8080/v1/AUTH_11a387f850034cada84a15582dbefd95/glance/3ef48dce-e883-434a-a30f-8d241a8428d5-00005 -X PUT -H "X-Auth-Token: gAAAAABqQ2I1HVR9..." {{(pid=99532) http_log /opt/stack/data/venv/lib/python3.12/site-packages/swiftclient/client.py:160}}
Jun 30 06:29:24.399709 np0000003941 devstack@g-api.service[99532]: DEBUG swiftclient [None req-d2b0b678-84a8-494b-9010-2f4a27357420 tempest-VolumesActionsTest-134976497 tempest-VolumesActionsTest-134976497-project-member] RESP STATUS: 201 Created {{(pid=99532) http_log /opt/stack/data/venv/lib/python3.12/site-packages/swiftclient/client.py:161}}
Jun 30 06:29:24.399912 np0000003941 devstack@g-api.service[99532]: DEBUG swiftclient [None req-d2b0b678-84a8-494b-9010-2f4a27357420 tempest-VolumesActionsTest-134976497 tempest-VolumesActionsTest-134976497-project-member] RESP HEADERS: {'Date': 'Tue, 30 Jun 2026 06:29:24 GMT', 'Server': 'Apache/2.4.58 (Ubuntu)', 'Content-Type': 'text/html; charset=UTF-8', 'Content-Length': '0', 'Etag': 'eda9a9889837ac4bc81d6387d92c1bec', 'Last-Modified': 'Tue, 30 Jun 2026 06:29:22 GMT', 'X-Trans-Id': 'tx0bd4cd5e6d504ea6aef9e-006a436241', 'X-Openstack-Request-Id': 'tx0bd4cd5e6d504ea6aef9e-006a436241', 'Connection': 'close'} {{(pid=99532) http_log /opt/stack/data/venv/lib/python3.12/site-packages/swiftclient/client.py:162}}
Jun 30 06:29:24.400065 np0000003941 devstack@g-api.service[99532]: DEBUG glance_store._drivers.swift.store [None req-d2b0b678-84a8-494b-9010-2f4a27357420 tempest-VolumesActionsTest-134976497 tempest-VolumesActionsTest-134976497-project-member] Wrote chunk 3ef48dce-e883-434a-a30f-8d241a8428d5-00005 (5/?) of length 204800000 to Swift returning MD5 of content: eda9a9889837ac4bc81d6387d92c1bec {{(pid=99532) add /opt/stack/data/venv/lib/python3.12/site-packages/glance_store/_drivers/swift/store.py:1059}}
Jun 30 06:29:25.111824 np0000003941 devstack@g-api.service[99532]: DEBUG swiftclient [None req-d2b0b678-84a8-494b-9010-2f4a27357420 tempest-VolumesActionsTest-134976497 tempest-VolumesActionsTest-134976497-project-member] REQ: curl -i https://10.4.3.54:8080/v1/AUTH_11a387f850034cada84a15582dbefd95/glance/3ef48dce-e883-434a-a30f-8d241a8428d5-00006 -X PUT -H "X-Auth-Token: gAAAAABqQ2I1HVR9..." {{(pid=99532) http_log /opt/stack/data/venv/lib/python3.12/site-packages/swiftclient/client.py:160}}
Jun 30 06:29:25.112092 np0000003941 devstack@g-api.service[99532]: DEBUG swiftclient [None req-d2b0b678-84a8-494b-9010-2f4a27357420 tempest-VolumesActionsTest-134976497 tempest-VolumesActionsTest-134976497-project-member] RESP STATUS: 201 Created {{(pid=99532) http_log /opt/stack/data/venv/lib/python3.12/site-packages/swiftclient/client.py:161}}
Jun 30 06:29:25.112292 np0000003941 devstack@g-api.service[99532]: DEBUG swiftclient [None req-d2b0b678-84a8-494b-9010-2f4a27357420 tempest-VolumesActionsTest-134976497 tempest-VolumesActionsTest-134976497-project-member] RESP HEADERS: {'Date': 'Tue, 30 Jun 2026 06:29:25 GMT', 'Server': 'Apache/2.4.58 (Ubuntu)', 'Content-Type': 'text/html; charset=UTF-8', 'Content-Length': '0', 'Etag': '708761f3b8777ec77058e63da08eeeb6', 'Last-Modified': 'Tue, 30 Jun 2026 06:29:25 GMT', 'X-Trans-Id': 'tx4a4ed9b8febf499997860-006a436244', 'X-Openstack-Request-Id': 'tx4a4ed9b8febf499997860-006a436244', 'Connection': 'close'} {{(pid=99532) http_log /opt/stack/data/venv/lib/python3.12/site-packages/swiftclient/client.py:162}}
Jun 30 06:29:25.112412 np0000003941 devstack@g-api.service[99532]: DEBUG glance_store._drivers.swift.store [None req-d2b0b678-84a8-494b-9010-2f4a27357420 tempest-VolumesActionsTest-134976497 tempest-VolumesActionsTest-134976497-project-member] Wrote chunk 3ef48dce-e883-434a-a30f-8d241a8428d5-00006 (6/?) of length 49741824 to Swift returning MD5 of content: 708761f3b8777ec77058e63da08eeeb6 {{(pid=99532) add /opt/stack/data/venv/lib/python3.12/site-packages/glance_store/_drivers/swift/store.py:1059}}
Jun 30 06:29:25.112813 np0000003941 devstack@g-api.service[99532]: DEBUG glance_store._drivers.swift.store [None req-d2b0b678-84a8-494b-9010-2f4a27357420 tempest-VolumesActionsTest-134976497 tempest-VolumesActionsTest-134976497-project-member] Not writing zero-length chunk. {{(pid=99532) add /opt/stack/data/venv/lib/python3.12/site-packages/glance_store/_drivers/swift/store.py:1028}}
Jun 30 06:29:25.161659 np0000003941 devstack@g-api.service[99532]: DEBUG swiftclient [None req-d2b0b678-84a8-494b-9010-2f4a27357420 tempest-VolumesActionsTest-134976497 tempest-VolumesActionsTest-134976497-project-member] REQ: curl -i https://10.4.3.54:8080/v1/AUTH_11a387f850034cada84a15582dbefd95/glance/3ef48dce-e883-434a-a30f-8d241a8428d5 -X PUT -H "X-Object-Manifest: glance/3ef48dce-e883-434a-a30f-8d241a8428d5-" -H "X-Auth-Token: gAAAAABqQ2I1HVR9..." -H "Content-Length: 0" {{(pid=99532) http_log /opt/stack/data/venv/lib/python3.12/site-packages/swiftclient/client.py:160}}
Jun 30 06:29:25.161953 np0000003941 devstack@g-api.service[99532]: DEBUG swiftclient [None req-d2b0b678-84a8-494b-9010-2f4a27357420 tempest-VolumesActionsTest-134976497 tempest-VolumesActionsTest-134976497-project-member] RESP STATUS: 201 Created {{(pid=99532) http_log /opt/stack/data/venv/lib/python3.12/site-packages/swiftclient/client.py:161}}
Jun 30 06:29:25.162247 np0000003941 devstack@g-api.service[99532]: DEBUG swiftclient [None req-d2b0b678-84a8-494b-9010-2f4a27357420 tempest-VolumesActionsTest-134976497 tempest-VolumesActionsTest-134976497-project-member] RESP HEADERS: {'Date': 'Tue, 30 Jun 2026 06:29:25 GMT', 'Server': 'Apache/2.4.58 (Ubuntu)', 'Content-Type': 'text/html; charset=UTF-8', 'Content-Length': '0', 'Etag': 'd41d8cd98f00b204e9800998ecf8427e', 'Last-Modified': 'Tue, 30 Jun 2026 06:29:26 GMT', 'X-Trans-Id': 'txaf9fec02fd994636b57a4-006a436245', 'X-Openstack-Request-Id': 'txaf9fec02fd994636b57a4-006a436245', 'Connection': 'close'} {{(pid=99532) http_log /opt/stack/data/venv/lib/python3.12/site-packages/swiftclient/client.py:162}}
Jun 30 06:29:25.162994 np0000003941 devstack@g-api.service[99532]: INFO glance.location [None req-d2b0b678-84a8-494b-9010-2f4a27357420 tempest-VolumesActionsTest-134976497 tempest-VolumesActionsTest-134976497-project-member] Image format matched and virtual size computed: 1073741824
Jun 30 06:29:25.201347 np0000003941 devstack@g-api.service[99532]: DEBUG glance_store.backend [None req-d2b0b678-84a8-494b-9010-2f4a27357420 tempest-VolumesActionsTest-134976497 tempest-VolumesActionsTest-134976497-project-member] Attempting to import store swift {{(pid=99532) _load_store /opt/stack/data/venv/lib/python3.12/site-packages/glance_store/backend.py:215}}
Jun 30 06:29:25.203189 np0000003941 devstack@g-api.service[99532]: DEBUG glance_store.capabilities [None req-d2b0b678-84a8-494b-9010-2f4a27357420 tempest-VolumesActionsTest-134976497 tempest-VolumesActionsTest-134976497-project-member] Store glance_store._drivers.swift.store.SingleTenantStore doesn't support updating dynamic storage capabilities. Please overwrite 'update_capabilities' method of the store to implement updating logics if needed. {{(pid=99532) update_capabilities /opt/stack/data/venv/lib/python3.12/site-packages/glance_store/capabilities.py:91}}
Jun 30 06:29:25.203327 np0000003941 devstack@g-api.service[99532]: DEBUG glance_store.driver [None req-d2b0b678-84a8-494b-9010-2f4a27357420 tempest-VolumesActionsTest-134976497 tempest-VolumesActionsTest-134976497-project-member] Late loading location class glance_store._drivers.swift.store.StoreLocation {{(pid=99532) get_store_location_class /opt/stack/data/venv/lib/python3.12/site-packages/glance_store/driver.py:134}}
Jun 30 06:29:25.203508 np0000003941 devstack@g-api.service[99532]: DEBUG glance_store.location [None req-d2b0b678-84a8-494b-9010-2f4a27357420 tempest-VolumesActionsTest-134976497 tempest-VolumesActionsTest-134976497-project-member] Registering scheme swift+https with {'store': , 'location_class': , 'store_entry': 'swift'} {{(pid=99532) register_scheme_map /opt/stack/data/venv/lib/python3.12/site-packages/glance_store/location.py:146}}
Jun 30 06:29:25.203638 np0000003941 devstack@g-api.service[99532]: DEBUG glance_store.location [None req-d2b0b678-84a8-494b-9010-2f4a27357420 tempest-VolumesActionsTest-134976497 tempest-VolumesActionsTest-134976497-project-member] Registering scheme swift+https with {'store': , 'location_class': , 'store_entry': 'swift'} {{(pid=99532) register_scheme_map /opt/stack/data/venv/lib/python3.12/site-packages/glance_store/location.py:146}}
Jun 30 06:29:25.203638 np0000003941 devstack@g-api.service[99532]: DEBUG glance_store.location [None req-d2b0b678-84a8-494b-9010-2f4a27357420 tempest-VolumesActionsTest-134976497 tempest-VolumesActionsTest-134976497-project-member] Registering scheme swift with {'store': , 'location_class': , 'store_entry': 'swift'} {{(pid=99532) register_scheme_map /opt/stack/data/venv/lib/python3.12/site-packages/glance_store/location.py:146}}
Jun 30 06:29:25.203829 np0000003941 devstack@g-api.service[99532]: DEBUG glance_store.location [None req-d2b0b678-84a8-494b-9010-2f4a27357420 tempest-VolumesActionsTest-134976497 tempest-VolumesActionsTest-134976497-project-member] Registering scheme swift+https with {'store': , 'location_class': , 'store_entry': 'swift'} {{(pid=99532) register_scheme_map /opt/stack/data/venv/lib/python3.12/site-packages/glance_store/location.py:146}}
Jun 30 06:29:25.203882 np0000003941 devstack@g-api.service[99532]: DEBUG glance_store.location [None req-d2b0b678-84a8-494b-9010-2f4a27357420 tempest-VolumesActionsTest-134976497 tempest-VolumesActionsTest-134976497-project-member] Registering scheme swift with {'store': , 'location_class': , 'store_entry': 'swift'} {{(pid=99532) register_scheme_map /opt/stack/data/venv/lib/python3.12/site-packages/glance_store/location.py:146}}
Jun 30 06:29:25.203965 np0000003941 devstack@g-api.service[99532]: DEBUG glance_store.location [None req-d2b0b678-84a8-494b-9010-2f4a27357420 tempest-VolumesActionsTest-134976497 tempest-VolumesActionsTest-134976497-project-member] Registering scheme swift+http with {'store': , 'location_class': , 'store_entry': 'swift'} {{(pid=99532) register_scheme_map /opt/stack/data/venv/lib/python3.12/site-packages/glance_store/location.py:146}}
Jun 30 06:29:25.204060 np0000003941 devstack@g-api.service[99532]: DEBUG glance_store.location [None req-d2b0b678-84a8-494b-9010-2f4a27357420 tempest-VolumesActionsTest-134976497 tempest-VolumesActionsTest-134976497-project-member] Registering scheme swift+https with {'store': , 'location_class': , 'store_entry': 'swift'} {{(pid=99532) register_scheme_map /opt/stack/data/venv/lib/python3.12/site-packages/glance_store/location.py:146}}
