Jun 30 06:21:12.605791 np0000003941 devstack@g-api.service[99531]: DEBUG glance.api.middleware.version_negotiation [None req-72b6739b-d737-4aed-82b1-a4e50cab6577 tempest-TaggedBootDevicesTest-1597856590 tempest-TaggedBootDevicesTest-1597856590-project-member] new path /v2/images/12136bbd-6656-419a-8381-129a295af595 {{(pid=99531) process_request /opt/stack/glance/glance/api/middleware/version_negotiation.py:70}}
Jun 30 06:21:12.615478 np0000003941 devstack@g-api.service[99531]: [pid: 99531|app: 0|req: 9/28] 127.0.0.1 () {44 vars in 1111 bytes} [Tue Jun 30 06:21:12 2026] GET /v2/images/12136bbd-6656-419a-8381-129a295af595 => generated 1044 bytes in 10 msecs (HTTP/1.1 200) 4 headers in 158 bytes (1 switches on core 0)
Jun 30 06:21:12.621866 np0000003941 devstack@g-api.service[99532]: DEBUG glance.api.middleware.version_negotiation [None req-72b6739b-d737-4aed-82b1-a4e50cab6577 tempest-TaggedBootDevicesTest-1597856590 tempest-TaggedBootDevicesTest-1597856590-project-member] Determining version of request: GET /v2/schemas/image Accept: */* {{(pid=99532) process_request /opt/stack/glance/glance/api/middleware/version_negotiation.py:44}}
Jun 30 06:21:12.622047 np0000003941 devstack@g-api.service[99532]: DEBUG glance.api.middleware.version_negotiation [None req-72b6739b-d737-4aed-82b1-a4e50cab6577 tempest-TaggedBootDevicesTest-1597856590 tempest-TaggedBootDevicesTest-1597856590-project-member] Using url versioning {{(pid=99532) process_request /opt/stack/glance/glance/api/middleware/version_negotiation.py:57}}
Jun 30 06:21:12.622222 np0000003941 devstack@g-api.service[99532]: DEBUG glance.api.middleware.version_negotiation [None req-72b6739b-d737-4aed-82b1-a4e50cab6577 tempest-TaggedBootDevicesTest-1597856590 tempest-TaggedBootDevicesTest-1597856590-project-member] Matched version: v2 {{(pid=99532) process_request /opt/stack/glance/glance/api/middleware/version_negotiation.py:69}}
Jun 30 06:21:12.622399 np0000003941 devstack@g-api.service[99532]: DEBUG glance.api.middleware.version_negotiation [None req-72b6739b-d737-4aed-82b1-a4e50cab6577 tempest-TaggedBootDevicesTest-1597856590 tempest-TaggedBootDevicesTest-1597856590-project-member] new path /v2/schemas/image {{(pid=99532) process_request /opt/stack/glance/glance/api/middleware/version_negotiation.py:70}}
Jun 30 06:21:12.624988 np0000003941 devstack@g-api.service[99532]: [pid: 99532|app: 0|req: 11/29] 127.0.0.1 () {44 vars in 1051 bytes} [Tue Jun 30 06:21:12 2026] GET /v2/schemas/image => generated 6083 bytes in 3 msecs (HTTP/1.1 200) 4 headers in 158 bytes (1 switches on core 0)
Jun 30 06:21:12.633983 np0000003941 devstack@g-api.service[99533]: DEBUG glance.api.middleware.version_negotiation [None req-72b6739b-d737-4aed-82b1-a4e50cab6577 tempest-TaggedBootDevicesTest-1597856590 tempest-TaggedBootDevicesTest-1597856590-project-member] Determining version of request: GET /v2/schemas/image Accept: */* {{(pid=99533) process_request /opt/stack/glance/glance/api/middleware/version_negotiation.py:44}}
Jun 30 06:21:12.634154 np0000003941 devstack@g-api.service[99533]: DEBUG glance.api.middleware.version_negotiation [None req-72b6739b-d737-4aed-82b1-a4e50cab6577 tempest-TaggedBootDevicesTest-1597856590 tempest-TaggedBootDevicesTest-1597856590-project-member] Using url versioning {{(pid=99533) process_request /opt/stack/glance/glance/api/middleware/version_negotiation.py:57}}
Jun 30 06:21:12.634326 np0000003941 devstack@g-api.service[99533]: DEBUG glance.api.middleware.version_negotiation [None req-72b6739b-d737-4aed-82b1-a4e50cab6577 tempest-TaggedBootDevicesTest-1597856590 tempest-TaggedBootDevicesTest-1597856590-project-member] Matched version: v2 {{(pid=99533) process_request /opt/stack/glance/glance/api/middleware/version_negotiation.py:69}}
Jun 30 06:21:12.634464 np0000003941 devstack@g-api.service[99533]: DEBUG glance.api.middleware.version_negotiation [None req-72b6739b-d737-4aed-82b1-a4e50cab6577 tempest-TaggedBootDevicesTest-1597856590 tempest-TaggedBootDevicesTest-1597856590-project-member] new path /v2/schemas/image {{(pid=99533) process_request /opt/stack/glance/glance/api/middleware/version_negotiation.py:70}}
Jun 30 06:21:12.636521 np0000003941 devstack@g-api.service[99533]: [pid: 99533|app: 0|req: 10/30] 127.0.0.1 () {44 vars in 1051 bytes} [Tue Jun 30 06:21:12 2026] GET /v2/schemas/image => generated 6083 bytes in 2 msecs (HTTP/1.1 200) 4 headers in 158 bytes (1 switches on core 0)
Jun 30 06:21:12.659625 np0000003941 devstack@g-api.service[99531]: DEBUG glance.api.middleware.version_negotiation [None req-72b6739b-d737-4aed-82b1-a4e50cab6577 tempest-TaggedBootDevicesTest-1597856590 tempest-TaggedBootDevicesTest-1597856590-project-member] Determining version of request: GET /v2/images/12136bbd-6656-419a-8381-129a295af595 Accept: */* {{(pid=99531) process_request /opt/stack/glance/glance/api/middleware/version_negotiation.py:44}}
Jun 30 06:21:12.660108 np0000003941 devstack@g-api.service[99531]: DEBUG glance.api.middleware.version_negotiation [None req-72b6739b-d737-4aed-82b1-a4e50cab6577 tempest-TaggedBootDevicesTest-1597856590 tempest-TaggedBootDevicesTest-1597856590-project-member] Using url versioning {{(pid=99531) process_request /opt/stack/glance/glance/api/middleware/version_negotiation.py:57}}
Jun 30 06:21:12.660108 np0000003941 devstack@g-api.service[99531]: DEBUG glance.api.middleware.version_negotiation [None req-72b6739b-d737-4aed-82b1-a4e50cab6577 tempest-TaggedBootDevicesTest-1597856590 tempest-TaggedBootDevicesTest-1597856590-project-member] Matched version: v2 {{(pid=99531) process_request /opt/stack/glance/glance/api/middleware/version_negotiation.py:69}}
Jun 30 06:21:12.660108 np0000003941 devstack@g-api.service[99531]: DEBUG glance.api.middleware.version_negotiation [None req-72b6739b-d737-4aed-82b1-a4e50cab6577 tempest-TaggedBootDevicesTest-1597856590 tempest-TaggedBootDevicesTest-1597856590-project-member] new path /v2/images/12136bbd-6656-419a-8381-129a295af595 {{(pid=99531) process_request /opt/stack/glance/glance/api/middleware/version_negotiation.py:70}}
Jun 30 06:21:12.675599 np0000003941 devstack@g-api.service[99531]: [pid: 99531|app: 0|req: 10/31] 127.0.0.1 () {44 vars in 1111 bytes} [Tue Jun 30 06:21:12 2026] GET /v2/images/12136bbd-6656-419a-8381-129a295af595 => generated 1044 bytes in 16 msecs (HTTP/1.1 200) 4 headers in 158 bytes (1 switches on core 0)
Jun 30 06:21:12.684065 np0000003941 devstack@g-api.service[99532]: DEBUG glance.api.middleware.version_negotiation [None req-72b6739b-d737-4aed-82b1-a4e50cab6577 tempest-TaggedBootDevicesTest-1597856590 tempest-TaggedBootDevicesTest-1597856590-project-member] Determining version of request: GET /v2/schemas/image Accept: */* {{(pid=99532) process_request /opt/stack/glance/glance/api/middleware/version_negotiation.py:44}}
Jun 30 06:21:12.684196 np0000003941 devstack@g-api.service[99532]: DEBUG glance.api.middleware.version_negotiation [None req-72b6739b-d737-4aed-82b1-a4e50cab6577 tempest-TaggedBootDevicesTest-1597856590 tempest-TaggedBootDevicesTest-1597856590-project-member] Using url versioning {{(pid=99532) process_request /opt/stack/glance/glance/api/middleware/version_negotiation.py:57}}
Jun 30 06:21:12.684348 np0000003941 devstack@g-api.service[99532]: DEBUG glance.api.middleware.version_negotiation [None req-72b6739b-d737-4aed-82b1-a4e50cab6577 tempest-TaggedBootDevicesTest-1597856590 tempest-TaggedBootDevicesTest-1597856590-project-member] Matched version: v2 {{(pid=99532) process_request /opt/stack/glance/glance/api/middleware/version_negotiation.py:69}}
Jun 30 06:21:12.684448 np0000003941 devstack@g-api.service[99532]: DEBUG glance.api.middleware.version_negotiation [None req-72b6739b-d737-4aed-82b1-a4e50cab6577 tempest-TaggedBootDevicesTest-1597856590 tempest-TaggedBootDevicesTest-1597856590-project-member] new path /v2/schemas/image {{(pid=99532) process_request /opt/stack/glance/glance/api/middleware/version_negotiation.py:70}}
Jun 30 06:21:12.686288 np0000003941 devstack@g-api.service[99532]: [pid: 99532|app: 0|req: 12/32] 127.0.0.1 () {44 vars in 1051 bytes} [Tue Jun 30 06:21:12 2026] GET /v2/schemas/image => generated 6083 bytes in 2 msecs (HTTP/1.1 200) 4 headers in 158 bytes (1 switches on core 0)
Jun 30 06:21:12.695336 np0000003941 devstack@g-api.service[99533]: DEBUG glance.api.middleware.version_negotiation [None req-72b6739b-d737-4aed-82b1-a4e50cab6577 tempest-TaggedBootDevicesTest-1597856590 tempest-TaggedBootDevicesTest-1597856590-project-member] Determining version of request: GET /v2/schemas/image Accept: */* {{(pid=99533) process_request /opt/stack/glance/glance/api/middleware/version_negotiation.py:44}}
Jun 30 06:21:12.695489 np0000003941 devstack@g-api.service[99533]: DEBUG glance.api.middleware.version_negotiation [None req-72b6739b-d737-4aed-82b1-a4e50cab6577 tempest-TaggedBootDevicesTest-1597856590 tempest-TaggedBootDevicesTest-1597856590-project-member] Using url versioning {{(pid=99533) process_request /opt/stack/glance/glance/api/middleware/version_negotiation.py:57}}
Jun 30 06:21:12.695723 np0000003941 devstack@g-api.service[99533]: DEBUG glance.api.middleware.version_negotiation [None req-72b6739b-d737-4aed-82b1-a4e50cab6577 tempest-TaggedBootDevicesTest-1597856590 tempest-TaggedBootDevicesTest-1597856590-project-member] Matched version: v2 {{(pid=99533) process_request /opt/stack/glance/glance/api/middleware/version_negotiation.py:69}}
Jun 30 06:21:12.695840 np0000003941 devstack@g-api.service[99533]: DEBUG glance.api.middleware.version_negotiation [None req-72b6739b-d737-4aed-82b1-a4e50cab6577 tempest-TaggedBootDevicesTest-1597856590 tempest-TaggedBootDevicesTest-1597856590-project-member] new path /v2/schemas/image {{(pid=99533) process_request /opt/stack/glance/glance/api/middleware/version_negotiation.py:70}}
Jun 30 06:21:12.698728 np0000003941 devstack@g-api.service[99533]: [pid: 99533|app: 0|req: 11/33] 127.0.0.1 () {44 vars in 1051 bytes} [Tue Jun 30 06:21:12 2026] GET /v2/schemas/image => generated 6083 bytes in 3 msecs (HTTP/1.1 200) 4 headers in 158 bytes (1 switches on core 0)
Jun 30 06:21:13.287959 np0000003941 devstack@g-api.service[99531]: DEBUG glance.api.middleware.version_negotiation [None req-72b6739b-d737-4aed-82b1-a4e50cab6577 tempest-TaggedBootDevicesTest-1597856590 tempest-TaggedBootDevicesTest-1597856590-project-member] Determining version of request: GET /versions Accept: */* {{(pid=99531) process_request /opt/stack/glance/glance/api/middleware/version_negotiation.py:44}}
Jun 30 06:21:13.288528 np0000003941 devstack@g-api.service[99531]: [pid: 99531|app: 0|req: 11/34] 127.0.0.1 () {44 vars in 1035 bytes} [Tue Jun 30 06:21:13 2026] GET /versions => generated 1394 bytes in 1 msecs (HTTP/1.1 200) 3 headers in 92 bytes (1 switches on core 0)
Jun 30 06:21:13.294723 np0000003941 devstack@g-api.service[99532]: DEBUG glance.api.middleware.version_negotiation [None req-72b6739b-d737-4aed-82b1-a4e50cab6577 tempest-TaggedBootDevicesTest-1597856590 tempest-TaggedBootDevicesTest-1597856590-project-member] Determining version of request: GET /v2/images/12136bbd-6656-419a-8381-129a295af595/locations Accept: */* {{(pid=99532) process_request /opt/stack/glance/glance/api/middleware/version_negotiation.py:44}}
Jun 30 06:21:13.294888 np0000003941 devstack@g-api.service[99532]: DEBUG glance.api.middleware.version_negotiation [None req-72b6739b-d737-4aed-82b1-a4e50cab6577 tempest-TaggedBootDevicesTest-1597856590 tempest-TaggedBootDevicesTest-1597856590-project-member] Using url versioning {{(pid=99532) process_request /opt/stack/glance/glance/api/middleware/version_negotiation.py:57}}
Jun 30 06:21:13.295079 np0000003941 devstack@g-api.service[99532]: DEBUG glance.api.middleware.version_negotiation [None req-72b6739b-d737-4aed-82b1-a4e50cab6577 tempest-TaggedBootDevicesTest-1597856590 tempest-TaggedBootDevicesTest-1597856590-project-member] Matched version: v2 {{(pid=99532) process_request /opt/stack/glance/glance/api/middleware/version_negotiation.py:69}}
Jun 30 06:21:13.295239 np0000003941 devstack@g-api.service[99532]: DEBUG glance.api.middleware.version_negotiation [None req-72b6739b-d737-4aed-82b1-a4e50cab6577 tempest-TaggedBootDevicesTest-1597856590 tempest-TaggedBootDevicesTest-1597856590-project-member] new path /v2/images/12136bbd-6656-419a-8381-129a295af595/locations {{(pid=99532) process_request /opt/stack/glance/glance/api/middleware/version_negotiation.py:70}}
Jun 30 06:21:13.854700 np0000003941 devstack@g-api.service[99532]: [pid: 99532|app: 0|req: 13/35] 127.0.0.1 () {44 vars in 1131 bytes} [Tue Jun 30 06:21:13 2026] GET /v2/images/12136bbd-6656-419a-8381-129a295af595/locations => generated 92 bytes in 560 msecs (HTTP/1.1 200) 4 headers in 156 bytes (1 switches on core 0)
Jun 30 06:21:13.866932 np0000003941 devstack@g-api.service[99533]: DEBUG glance.api.middleware.version_negotiation [None req-72b6739b-d737-4aed-82b1-a4e50cab6577 tempest-TaggedBootDevicesTest-1597856590 tempest-TaggedBootDevicesTest-1597856590-project-member] Determining version of request: GET /v2/images/12136bbd-6656-419a-8381-129a295af595 Accept: */* {{(pid=99533) process_request /opt/stack/glance/glance/api/middleware/version_negotiation.py:44}}
Jun 30 06:21:13.867228 np0000003941 devstack@g-api.service[99533]: DEBUG glance.api.middleware.version_negotiation [None req-72b6739b-d737-4aed-82b1-a4e50cab6577 tempest-TaggedBootDevicesTest-1597856590 tempest-TaggedBootDevicesTest-1597856590-project-member] Using url versioning {{(pid=99533) process_request /opt/stack/glance/glance/api/middleware/version_negotiation.py:57}}
Jun 30 06:21:13.867228 np0000003941 devstack@g-api.service[99533]: DEBUG glance.api.middleware.version_negotiation [None req-72b6739b-d737-4aed-82b1-a4e50cab6577 tempest-TaggedBootDevicesTest-1597856590 tempest-TaggedBootDevicesTest-1597856590-project-member] Matched version: v2 {{(pid=99533) process_request /opt/stack/glance/glance/api/middleware/version_negotiation.py:69}}
Jun 30 06:21:13.867228 np0000003941 devstack@g-api.service[99533]: DEBUG glance.api.middleware.version_negotiation [None req-72b6739b-d737-4aed-82b1-a4e50cab6577 tempest-TaggedBootDevicesTest-1597856590 tempest-TaggedBootDevicesTest-1597856590-project-member] new path /v2/images/12136bbd-6656-419a-8381-129a295af595 {{(pid=99533) process_request /opt/stack/glance/glance/api/middleware/version_negotiation.py:70}}
Jun 30 06:21:13.889130 np0000003941 devstack@g-api.service[99533]: [pid: 99533|app: 0|req: 12/36] 127.0.0.1 () {44 vars in 1111 bytes} [Tue Jun 30 06:21:13 2026] GET /v2/images/12136bbd-6656-419a-8381-129a295af595 => generated 1044 bytes in 22 msecs (HTTP/1.1 200) 4 headers in 158 bytes (1 switches on core 0)
Jun 30 06:21:13.897621 np0000003941 devstack@g-api.service[99531]: DEBUG glance.api.middleware.version_negotiation [None req-72b6739b-d737-4aed-82b1-a4e50cab6577 tempest-TaggedBootDevicesTest-1597856590 tempest-TaggedBootDevicesTest-1597856590-project-member] Determining version of request: GET /v2/schemas/image Accept: */* {{(pid=99531) process_request /opt/stack/glance/glance/api/middleware/version_negotiation.py:44}}
Jun 30 06:21:13.897782 np0000003941 devstack@g-api.service[99531]: DEBUG glance.api.middleware.version_negotiation [None req-72b6739b-d737-4aed-82b1-a4e50cab6577 tempest-TaggedBootDevicesTest-1597856590 tempest-TaggedBootDevicesTest-1597856590-project-member] Using url versioning {{(pid=99531) process_request /opt/stack/glance/glance/api/middleware/version_negotiation.py:57}}
Jun 30 06:21:13.897903 np0000003941 devstack@g-api.service[99531]: DEBUG glance.api.middleware.version_negotiation [None req-72b6739b-d737-4aed-82b1-a4e50cab6577 tempest-TaggedBootDevicesTest-1597856590 tempest-TaggedBootDevicesTest-1597856590-project-member] Matched version: v2 {{(pid=99531) process_request /opt/stack/glance/glance/api/middleware/version_negotiation.py:69}}
Jun 30 06:21:13.897994 np0000003941 devstack@g-api.service[99531]: DEBUG glance.api.middleware.version_negotiation [None req-72b6739b-d737-4aed-82b1-a4e50cab6577 tempest-TaggedBootDevicesTest-1597856590 tempest-TaggedBootDevicesTest-1597856590-project-member] new path /v2/schemas/image {{(pid=99531) process_request /opt/stack/glance/glance/api/middleware/version_negotiation.py:70}}
Jun 30 06:21:13.903844 np0000003941 devstack@g-api.service[99531]: [pid: 99531|app: 0|req: 12/37] 127.0.0.1 () {44 vars in 1051 bytes} [Tue Jun 30 06:21:13 2026] GET /v2/schemas/image => generated 6083 bytes in 6 msecs (HTTP/1.1 200) 4 headers in 158 bytes (1 switches on core 0)
Jun 30 06:21:13.916023 np0000003941 devstack@g-api.service[99532]: DEBUG glance.api.middleware.version_negotiation [None req-72b6739b-d737-4aed-82b1-a4e50cab6577 service glance] Determining version of request: GET /v2/schemas/image Accept: */* {{(pid=99532) process_request /opt/stack/glance/glance/api/middleware/version_negotiation.py:44}}
Jun 30 06:21:13.916467 np0000003941 devstack@g-api.service[99532]: DEBUG glance.api.middleware.version_negotiation [None req-72b6739b-d737-4aed-82b1-a4e50cab6577 service glance] Using url versioning {{(pid=99532) process_request /opt/stack/glance/glance/api/middleware/version_negotiation.py:57}}
Jun 30 06:21:13.916467 np0000003941 devstack@g-api.service[99532]: DEBUG glance.api.middleware.version_negotiation [None req-72b6739b-d737-4aed-82b1-a4e50cab6577 service glance] Matched version: v2 {{(pid=99532) process_request /opt/stack/glance/glance/api/middleware/version_negotiation.py:69}}
Jun 30 06:21:13.916467 np0000003941 devstack@g-api.service[99532]: DEBUG glance.api.middleware.version_negotiation [None req-72b6739b-d737-4aed-82b1-a4e50cab6577 service glance] new path /v2/schemas/image {{(pid=99532) process_request /opt/stack/glance/glance/api/middleware/version_negotiation.py:70}}
Jun 30 06:21:13.918802 np0000003941 devstack@g-api.service[99532]: [pid: 99532|app: 0|req: 14/38] 127.0.0.1 () {44 vars in 1051 bytes} [Tue Jun 30 06:21:13 2026] GET /v2/schemas/image => generated 6083 bytes in 3 msecs (HTTP/1.1 200) 4 headers in 158 bytes (1 switches on core 0)
Jun 30 06:21:13.992006 np0000003941 devstack@g-api.service[99533]: DEBUG glance.api.middleware.version_negotiation [None req-72b6739b-d737-4aed-82b1-a4e50cab6577 tempest-TaggedBootDevicesTest-1597856590 tempest-TaggedBootDevicesTest-1597856590-project-member] Determining version of request: GET /v2/images/12136bbd-6656-419a-8381-129a295af595 Accept: */* {{(pid=99533) process_request /opt/stack/glance/glance/api/middleware/version_negotiation.py:44}}
Jun 30 06:21:13.992006 np0000003941 devstack@g-api.service[99533]: DEBUG glance.api.middleware.version_negotiation [None req-72b6739b-d737-4aed-82b1-a4e50cab6577 tempest-TaggedBootDevicesTest-1597856590 tempest-TaggedBootDevicesTest-1597856590-project-member] Using url versioning {{(pid=99533) process_request /opt/stack/glance/glance/api/middleware/version_negotiation.py:57}}
Jun 30 06:21:13.992006 np0000003941 devstack@g-api.service[99533]: DEBUG glance.api.middleware.version_negotiation [None req-72b6739b-d737-4aed-82b1-a4e50cab6577 tempest-TaggedBootDevicesTest-1597856590 tempest-TaggedBootDevicesTest-1597856590-project-member] Matched version: v2 {{(pid=99533) process_request /opt/stack/glance/glance/api/middleware/version_negotiation.py:69}}
Jun 30 06:21:13.992006 np0000003941 devstack@g-api.service[99533]: DEBUG glance.api.middleware.version_negotiation [None req-72b6739b-d737-4aed-82b1-a4e50cab6577 tempest-TaggedBootDevicesTest-1597856590 tempest-TaggedBootDevicesTest-1597856590-project-member] new path /v2/images/12136bbd-6656-419a-8381-129a295af595 {{(pid=99533) process_request /opt/stack/glance/glance/api/middleware/version_negotiation.py:70}}
Jun 30 06:21:14.005464 np0000003941 devstack@g-api.service[99533]: [pid: 99533|app: 0|req: 13/39] 127.0.0.1 () {44 vars in 1111 bytes} [Tue Jun 30 06:21:13 2026] GET /v2/images/12136bbd-6656-419a-8381-129a295af595 => generated 1044 bytes in 14 msecs (HTTP/1.1 200) 4 headers in 158 bytes (1 switches on core 0)
Jun 30 06:21:14.015186 np0000003941 devstack@g-api.service[99531]: DEBUG glance.api.middleware.version_negotiation [None req-72b6739b-d737-4aed-82b1-a4e50cab6577 tempest-TaggedBootDevicesTest-1597856590 tempest-TaggedBootDevicesTest-1597856590-project-member] Determining version of request: GET /v2/images/12136bbd-6656-419a-8381-129a295af595/file Accept: */* {{(pid=99531) process_request /opt/stack/glance/glance/api/middleware/version_negotiation.py:44}}
Jun 30 06:21:14.015410 np0000003941 devstack@g-api.service[99531]: DEBUG glance.api.middleware.version_negotiation [None req-72b6739b-d737-4aed-82b1-a4e50cab6577 tempest-TaggedBootDevicesTest-1597856590 tempest-TaggedBootDevicesTest-1597856590-project-member] Using url versioning {{(pid=99531) process_request /opt/stack/glance/glance/api/middleware/version_negotiation.py:57}}
Jun 30 06:21:14.015597 np0000003941 devstack@g-api.service[99531]: DEBUG glance.api.middleware.version_negotiation [None req-72b6739b-d737-4aed-82b1-a4e50cab6577 tempest-TaggedBootDevicesTest-1597856590 tempest-TaggedBootDevicesTest-1597856590-project-member] Matched version: v2 {{(pid=99531) process_request /opt/stack/glance/glance/api/middleware/version_negotiation.py:69}}
Jun 30 06:21:14.015727 np0000003941 devstack@g-api.service[99531]: DEBUG glance.api.middleware.version_negotiation [None req-72b6739b-d737-4aed-82b1-a4e50cab6577 tempest-TaggedBootDevicesTest-1597856590 tempest-TaggedBootDevicesTest-1597856590-project-member] new path /v2/images/12136bbd-6656-419a-8381-129a295af595/file {{(pid=99531) process_request /opt/stack/glance/glance/api/middleware/version_negotiation.py:70}}
Jun 30 06:21:14.027545 np0000003941 devstack@g-api.service[99531]: DEBUG glance_store.backend [None req-72b6739b-d737-4aed-82b1-a4e50cab6577 tempest-TaggedBootDevicesTest-1597856590 tempest-TaggedBootDevicesTest-1597856590-project-member] Attempting to import store swift {{(pid=99531) _load_store /opt/stack/data/venv/lib/python3.12/site-packages/glance_store/backend.py:215}}
Jun 30 06:21:14.028859 np0000003941 devstack@g-api.service[99531]: DEBUG glance_store.capabilities [None req-72b6739b-d737-4aed-82b1-a4e50cab6577 tempest-TaggedBootDevicesTest-1597856590 tempest-TaggedBootDevicesTest-1597856590-project-member] Store glance_store._drivers.swift.store.SingleTenantStore doesn't support updating dynamic storage capabilities. Please overwrite 'update_capabilities' method of the store to implement updating logics if needed. {{(pid=99531) update_capabilities /opt/stack/data/venv/lib/python3.12/site-packages/glance_store/capabilities.py:91}}
Jun 30 06:21:14.028952 np0000003941 devstack@g-api.service[99531]: DEBUG glance_store.driver [None req-72b6739b-d737-4aed-82b1-a4e50cab6577 tempest-TaggedBootDevicesTest-1597856590 tempest-TaggedBootDevicesTest-1597856590-project-member] Late loading location class glance_store._drivers.swift.store.StoreLocation {{(pid=99531) get_store_location_class /opt/stack/data/venv/lib/python3.12/site-packages/glance_store/driver.py:134}}
Jun 30 06:21:14.029056 np0000003941 devstack@g-api.service[99531]: DEBUG glance_store.location [None req-72b6739b-d737-4aed-82b1-a4e50cab6577 tempest-TaggedBootDevicesTest-1597856590 tempest-TaggedBootDevicesTest-1597856590-project-member] Registering scheme swift+https with {'store': , 'location_class': , 'store_entry': 'swift'} {{(pid=99531) register_scheme_map /opt/stack/data/venv/lib/python3.12/site-packages/glance_store/location.py:146}}
Jun 30 06:21:14.029222 np0000003941 devstack@g-api.service[99531]: DEBUG glance_store.location [None req-72b6739b-d737-4aed-82b1-a4e50cab6577 tempest-TaggedBootDevicesTest-1597856590 tempest-TaggedBootDevicesTest-1597856590-project-member] Registering scheme swift+https with {'store': , 'location_class': , 'store_entry': 'swift'} {{(pid=99531) register_scheme_map /opt/stack/data/venv/lib/python3.12/site-packages/glance_store/location.py:146}}
Jun 30 06:21:14.029310 np0000003941 devstack@g-api.service[99531]: DEBUG glance_store.location [None req-72b6739b-d737-4aed-82b1-a4e50cab6577 tempest-TaggedBootDevicesTest-1597856590 tempest-TaggedBootDevicesTest-1597856590-project-member] Registering scheme swift with {'store': , 'location_class': , 'store_entry': 'swift'} {{(pid=99531) register_scheme_map /opt/stack/data/venv/lib/python3.12/site-packages/glance_store/location.py:146}}
Jun 30 06:21:14.029461 np0000003941 devstack@g-api.service[99531]: DEBUG glance_store.location [None req-72b6739b-d737-4aed-82b1-a4e50cab6577 tempest-TaggedBootDevicesTest-1597856590 tempest-TaggedBootDevicesTest-1597856590-project-member] Registering scheme swift+https with {'store': , 'location_class': , 'store_entry': 'swift'} {{(pid=99531) register_scheme_map /opt/stack/data/venv/lib/python3.12/site-packages/glance_store/location.py:146}}
Jun 30 06:21:14.029576 np0000003941 devstack@g-api.service[99531]: DEBUG glance_store.location [None req-72b6739b-d737-4aed-82b1-a4e50cab6577 tempest-TaggedBootDevicesTest-1597856590 tempest-TaggedBootDevicesTest-1597856590-project-member] Registering scheme swift with {'store': , 'location_class': , 'store_entry': 'swift'} {{(pid=99531) register_scheme_map /opt/stack/data/venv/lib/python3.12/site-packages/glance_store/location.py:146}}
Jun 30 06:21:14.029688 np0000003941 devstack@g-api.service[99531]: DEBUG glance_store.location [None req-72b6739b-d737-4aed-82b1-a4e50cab6577 tempest-TaggedBootDevicesTest-1597856590 tempest-TaggedBootDevicesTest-1597856590-project-member] Registering scheme swift+http with {'store': , 'location_class': , 'store_entry': 'swift'} {{(pid=99531) register_scheme_map /opt/stack/data/venv/lib/python3.12/site-packages/glance_store/location.py:146}}
Jun 30 06:21:14.029801 np0000003941 devstack@g-api.service[99531]: DEBUG glance_store.location [None req-72b6739b-d737-4aed-82b1-a4e50cab6577 tempest-TaggedBootDevicesTest-1597856590 tempest-TaggedBootDevicesTest-1597856590-project-member] Registering scheme swift+https with {'store': , 'location_class': , 'store_entry': 'swift'} {{(pid=99531) register_scheme_map /opt/stack/data/venv/lib/python3.12/site-packages/glance_store/location.py:146}}
Jun 30 06:21:14.029906 np0000003941 devstack@g-api.service[99531]: DEBUG glance_store.location [None req-72b6739b-d737-4aed-82b1-a4e50cab6577 tempest-TaggedBootDevicesTest-1597856590 tempest-TaggedBootDevicesTest-1597856590-project-member] Registering scheme swift with {'store': , 'location_class': , 'store_entry': 'swift'} {{(pid=99531) register_scheme_map /opt/stack/data/venv/lib/python3.12/site-packages/glance_store/location.py:146}}
Jun 30 06:21:14.030016 np0000003941 devstack@g-api.service[99531]: DEBUG glance_store.location [None req-72b6739b-d737-4aed-82b1-a4e50cab6577 tempest-TaggedBootDevicesTest-1597856590 tempest-TaggedBootDevicesTest-1597856590-project-member] Registering scheme swift+http with {'store': , 'location_class': , 'store_entry': 'swift'} {{(pid=99531) register_scheme_map /opt/stack/data/venv/lib/python3.12/site-packages/glance_store/location.py:146}}
Jun 30 06:21:14.030123 np0000003941 devstack@g-api.service[99531]: DEBUG glance_store.location [None req-72b6739b-d737-4aed-82b1-a4e50cab6577 tempest-TaggedBootDevicesTest-1597856590 tempest-TaggedBootDevicesTest-1597856590-project-member] Registering scheme swift+config with {'store': , 'location_class': , 'store_entry': 'swift'} {{(pid=99531) register_scheme_map /opt/stack/data/venv/lib/python3.12/site-packages/glance_store/location.py:146}}
Jun 30 06:21:14.340678 np0000003941 devstack@g-api.service[99532]: DEBUG glance.api.middleware.version_negotiation [None req-72b6739b-d737-4aed-82b1-a4e50cab6577 tempest-TaggedBootDevicesTest-1597856590 tempest-TaggedBootDevicesTest-1597856590-project-member] Determining version of request: GET /v2/images/12136bbd-6656-419a-8381-129a295af595 Accept: application/json {{(pid=99532) process_request /opt/stack/glance/glance/api/middleware/version_negotiation.py:44}}
Jun 30 06:21:14.340678 np0000003941 devstack@g-api.service[99532]: DEBUG glance.api.middleware.version_negotiation [None req-72b6739b-d737-4aed-82b1-a4e50cab6577 tempest-TaggedBootDevicesTest-1597856590 tempest-TaggedBootDevicesTest-1597856590-project-member] Using url versioning {{(pid=99532) process_request /opt/stack/glance/glance/api/middleware/version_negotiation.py:57}}
Jun 30 06:21:14.340678 np0000003941 devstack@g-api.service[99532]: DEBUG glance.api.middleware.version_negotiation [None req-72b6739b-d737-4aed-82b1-a4e50cab6577 tempest-TaggedBootDevicesTest-1597856590 tempest-TaggedBootDevicesTest-1597856590-project-member] Matched version: v2 {{(pid=99532) process_request /opt/stack/glance/glance/api/middleware/version_negotiation.py:69}}
Jun 30 06:21:14.340875 np0000003941 devstack@g-api.service[99532]: DEBUG glance.api.middleware.version_negotiation [None req-72b6739b-d737-4aed-82b1-a4e50cab6577 tempest-TaggedBootDevicesTest-1597856590 tempest-TaggedBootDevicesTest-1597856590-project-member] new path /v2/images/12136bbd-6656-419a-8381-129a295af595 {{(pid=99532) process_request /opt/stack/glance/glance/api/middleware/version_negotiation.py:70}}
Jun 30 06:21:14.423928 np0000003941 devstack@g-api.service[99531]: DEBUG swiftclient [None req-72b6739b-d737-4aed-82b1-a4e50cab6577 tempest-TaggedBootDevicesTest-1597856590 tempest-TaggedBootDevicesTest-1597856590-project-member] REQ: curl -i https://10.4.3.54:8080/v1/AUTH_11a387f850034cada84a15582dbefd95/glance/12136bbd-6656-419a-8381-129a295af595 -X GET -H "X-Auth-Token: gAAAAABqQ2BaASua..." {{(pid=99531) http_log /opt/stack/data/venv/lib/python3.12/site-packages/swiftclient/client.py:160}}
Jun 30 06:21:14.423928 np0000003941 devstack@g-api.service[99531]: DEBUG swiftclient [None req-72b6739b-d737-4aed-82b1-a4e50cab6577 tempest-TaggedBootDevicesTest-1597856590 tempest-TaggedBootDevicesTest-1597856590-project-member] RESP STATUS: 200 OK {{(pid=99531) http_log /opt/stack/data/venv/lib/python3.12/site-packages/swiftclient/client.py:161}}
Jun 30 06:21:14.424496 np0000003941 devstack@g-api.service[99531]: DEBUG swiftclient [None req-72b6739b-d737-4aed-82b1-a4e50cab6577 tempest-TaggedBootDevicesTest-1597856590 tempest-TaggedBootDevicesTest-1597856590-project-member] RESP HEADERS: {'Date': 'Tue, 30 Jun 2026 06:21:14 GMT', 'Server': 'Apache/2.4.58 (Ubuntu)', 'Content-Type': 'application/octet-stream', 'Etag': '87617e24a5e30cb3b87fda8c0764838f', 'Last-Modified': 'Tue, 30 Jun 2026 06:19:22 GMT', 'X-Timestamp': '1782800361.27185', 'Accept-Ranges': 'bytes', 'Content-Length': '21692416', 'X-Trans-Id': 'tx8d9a9bdde5dc43de8e593-006a43605a', 'X-Openstack-Request-Id': 'tx8d9a9bdde5dc43de8e593-006a43605a', 'Connection': 'close'} {{(pid=99531) http_log /opt/stack/data/venv/lib/python3.12/site-packages/swiftclient/client.py:162}}
Jun 30 06:21:14.436087 np0000003941 devstack@g-api.service[99531]: DEBUG glance.image_cache [None req-72b6739b-d737-4aed-82b1-a4e50cab6577 tempest-TaggedBootDevicesTest-1597856590 tempest-TaggedBootDevicesTest-1597856590-project-member] Tee'ing image '12136bbd-6656-419a-8381-129a295af595' into cache {{(pid=99531) get_caching_iter /opt/stack/glance/glance/image_cache/__init__.py:356}}
Jun 30 06:21:14.616835 np0000003941 devstack@g-api.service[99532]: [pid: 99532|app: 0|req: 15/40] 127.0.0.1 () {40 vars in 834 bytes} [Tue Jun 30 06:21:14 2026] GET /v2/images/12136bbd-6656-419a-8381-129a295af595 => generated 1044 bytes in 277 msecs (HTTP/1.1 200) 4 headers in 158 bytes (1 switches on core 0)
Jun 30 06:21:14.624945 np0000003941 devstack@g-api.service[99533]: DEBUG glance.api.middleware.version_negotiation [None req-72b6739b-d737-4aed-82b1-a4e50cab6577 tempest-TaggedBootDevicesTest-1597856590 tempest-TaggedBootDevicesTest-1597856590-project-member] Determining version of request: GET /v2/images/12136bbd-6656-419a-8381-129a295af595/file Accept: application/json {{(pid=99533) process_request /opt/stack/glance/glance/api/middleware/version_negotiation.py:44}}
Jun 30 06:21:14.625083 np0000003941 devstack@g-api.service[99533]: DEBUG glance.api.middleware.version_negotiation [None req-72b6739b-d737-4aed-82b1-a4e50cab6577 tempest-TaggedBootDevicesTest-1597856590 tempest-TaggedBootDevicesTest-1597856590-project-member] Using url versioning {{(pid=99533) process_request /opt/stack/glance/glance/api/middleware/version_negotiation.py:57}}
Jun 30 06:21:14.625237 np0000003941 devstack@g-api.service[99533]: DEBUG glance.api.middleware.version_negotiation [None req-72b6739b-d737-4aed-82b1-a4e50cab6577 tempest-TaggedBootDevicesTest-1597856590 tempest-TaggedBootDevicesTest-1597856590-project-member] Matched version: v2 {{(pid=99533) process_request /opt/stack/glance/glance/api/middleware/version_negotiation.py:69}}
Jun 30 06:21:14.625411 np0000003941 devstack@g-api.service[99533]: DEBUG glance.api.middleware.version_negotiation [None req-72b6739b-d737-4aed-82b1-a4e50cab6577 tempest-TaggedBootDevicesTest-1597856590 tempest-TaggedBootDevicesTest-1597856590-project-member] new path /v2/images/12136bbd-6656-419a-8381-129a295af595/file {{(pid=99533) process_request /opt/stack/glance/glance/api/middleware/version_negotiation.py:70}}
Jun 30 06:21:14.728980 np0000003941 devstack@g-api.service[99531]: DEBUG glance.image_cache.drivers.centralized_db [None req-72b6739b-d737-4aed-82b1-a4e50cab6577 tempest-TaggedBootDevicesTest-1597856590 tempest-TaggedBootDevicesTest-1597856590-project-member] Fetch finished, moving '/opt/stack/data/glance/cache/incomplete/12136bbd-6656-419a-8381-129a295af595' to '/opt/stack/data/glance/cache/12136bbd-6656-419a-8381-129a295af595' {{(pid=99531) commit /opt/stack/glance/glance/image_cache/drivers/centralized_db.py:243}}
Jun 30 06:21:14.740096 np0000003941 devstack@g-api.service[99531]: DEBUG glance.image_cache.drivers.centralized_db [None req-72b6739b-d737-4aed-82b1-a4e50cab6577 tempest-TaggedBootDevicesTest-1597856590 tempest-TaggedBootDevicesTest-1597856590-project-member] Image cached successfully. {{(pid=99531) commit /opt/stack/glance/glance/image_cache/drivers/centralized_db.py:258}}
Jun 30 06:21:14.740242 np0000003941 devstack@g-api.service[99531]: [pid: 99531|app: 0|req: 13/41] 127.0.0.1 () {44 vars in 1121 bytes} [Tue Jun 30 06:21:14 2026] GET /v2/images/12136bbd-6656-419a-8381-129a295af595/file => generated 21692416 bytes in 725 msecs (HTTP/1.1 200) 4 headers in 191 bytes (334 switches on core 0)
Jun 30 06:21:14.856147 np0000003941 devstack@g-api.service[99533]: DEBUG glance.api.middleware.cache [None req-a0c02271-dfed-4f53-a5b4-dbc9339ecf28 tempest-AttachSCSIVolumeTestJSON-1498520862 tempest-AttachSCSIVolumeTestJSON-1498520862-project-admin] Cache hit for image '12136bbd-6656-419a-8381-129a295af595' {{(pid=99533) process_request /opt/stack/glance/glance/api/middleware/cache.py:160}}
Jun 30 06:21:14.866905 np0000003941 devstack@g-api.service[99532]: DEBUG glance.api.middleware.version_negotiation [None req-d616f2b5-b184-44d8-83ed-e4d4bc355872 tempest-AttachSCSIVolumeTestJSON-1726740772 tempest-AttachSCSIVolumeTestJSON-1726740772-project-reader] Determining version of request: POST /v2/images Accept: application/json {{(pid=99532) process_request /opt/stack/glance/glance/api/middleware/version_negotiation.py:44}}
Jun 30 06:21:14.867451 np0000003941 devstack@g-api.service[99532]: DEBUG glance.api.middleware.version_negotiation [None req-d616f2b5-b184-44d8-83ed-e4d4bc355872 tempest-AttachSCSIVolumeTestJSON-1726740772 tempest-AttachSCSIVolumeTestJSON-1726740772-project-reader] Using url versioning {{(pid=99532) process_request /opt/stack/glance/glance/api/middleware/version_negotiation.py:57}}
Jun 30 06:21:14.867451 np0000003941 devstack@g-api.service[99532]: DEBUG glance.api.middleware.version_negotiation [None req-d616f2b5-b184-44d8-83ed-e4d4bc355872 tempest-AttachSCSIVolumeTestJSON-1726740772 tempest-AttachSCSIVolumeTestJSON-1726740772-project-reader] Matched version: v2 {{(pid=99532) process_request /opt/stack/glance/glance/api/middleware/version_negotiation.py:69}}
Jun 30 06:21:14.867451 np0000003941 devstack@g-api.service[99532]: DEBUG glance.api.middleware.version_negotiation [None req-d616f2b5-b184-44d8-83ed-e4d4bc355872 tempest-AttachSCSIVolumeTestJSON-1726740772 tempest-AttachSCSIVolumeTestJSON-1726740772-project-reader] new path /v2/images {{(pid=99532) process_request /opt/stack/glance/glance/api/middleware/version_negotiation.py:70}}
Jun 30 06:21:15.469719 np0000003941 devstack@g-api.service[99532]: [pid: 99532|app: 0|req: 16/42] 127.0.0.1 () {42 vars in 782 bytes} [Tue Jun 30 06:21:14 2026] POST /v2/images => generated 690 bytes in 603 msecs (HTTP/1.1 201) 6 headers in 315 bytes (1 switches on core 0)
Jun 30 06:21:15.478390 np0000003941 devstack@g-api.service[99531]: DEBUG glance.api.middleware.version_negotiation [None req-72b6739b-d737-4aed-82b1-a4e50cab6577 tempest-TaggedBootDevicesTest-1597856590 tempest-TaggedBootDevicesTest-1597856590-project-member] Determining version of request: PUT /v2/images/97d2bc97-15cb-4e74-bc78-1ed34fff766f/file Accept: {{(pid=99531) process_request /opt/stack/glance/glance/api/middleware/version_negotiation.py:44}}
Jun 30 06:21:15.478804 np0000003941 devstack@g-api.service[99531]: DEBUG glance.api.middleware.version_negotiation [None req-72b6739b-d737-4aed-82b1-a4e50cab6577 tempest-TaggedBootDevicesTest-1597856590 tempest-TaggedBootDevicesTest-1597856590-project-member] Using url versioning {{(pid=99531) process_request /opt/stack/glance/glance/api/middleware/version_negotiation.py:57}}
Jun 30 06:21:15.478932 np0000003941 devstack@g-api.service[99531]: DEBUG glance.api.middleware.version_negotiation [None req-72b6739b-d737-4aed-82b1-a4e50cab6577 tempest-TaggedBootDevicesTest-1597856590 tempest-TaggedBootDevicesTest-1597856590-project-member] Matched version: v2 {{(pid=99531) process_request /opt/stack/glance/glance/api/middleware/version_negotiation.py:69}}
Jun 30 06:21:15.479091 np0000003941 devstack@g-api.service[99531]: DEBUG glance.api.middleware.version_negotiation [None req-72b6739b-d737-4aed-82b1-a4e50cab6577 tempest-TaggedBootDevicesTest-1597856590 tempest-TaggedBootDevicesTest-1597856590-project-member] new path /v2/images/97d2bc97-15cb-4e74-bc78-1ed34fff766f/file {{(pid=99531) process_request /opt/stack/glance/glance/api/middleware/version_negotiation.py:70}}
Jun 30 06:21:15.537795 np0000003941 devstack@g-api.service[99533]: [pid: 99533|app: 0|req: 14/43] 127.0.0.1 () {40 vars in 844 bytes} [Tue Jun 30 06:21:14 2026] GET /v2/images/12136bbd-6656-419a-8381-129a295af595/file => generated 21692416 bytes in 913 msecs (HTTP/1.1 200) 5 headers in 217 bytes (339 switches on core 0)
Jun 30 06:21:15.545898 np0000003941 devstack@g-api.service[99532]: DEBUG glance.api.middleware.version_negotiation [None req-15fba780-d915-4899-8115-55d9d3298e59 tempest-AttachSCSIVolumeTestJSON-1498520862 tempest-AttachSCSIVolumeTestJSON-1498520862-project-admin] Determining version of request: GET /v2/images/12136bbd-6656-419a-8381-129a295af595 Accept: */* {{(pid=99532) process_request /opt/stack/glance/glance/api/middleware/version_negotiation.py:44}}
Jun 30 06:21:15.546011 np0000003941 devstack@g-api.service[99532]: DEBUG glance.api.middleware.version_negotiation [None req-15fba780-d915-4899-8115-55d9d3298e59 tempest-AttachSCSIVolumeTestJSON-1498520862 tempest-AttachSCSIVolumeTestJSON-1498520862-project-admin] Using url versioning {{(pid=99532) process_request /opt/stack/glance/glance/api/middleware/version_negotiation.py:57}}
Jun 30 06:21:15.546120 np0000003941 devstack@g-api.service[99532]: DEBUG glance.api.middleware.version_negotiation [None req-15fba780-d915-4899-8115-55d9d3298e59 tempest-AttachSCSIVolumeTestJSON-1498520862 tempest-AttachSCSIVolumeTestJSON-1498520862-project-admin] Matched version: v2 {{(pid=99532) process_request /opt/stack/glance/glance/api/middleware/version_negotiation.py:69}}
Jun 30 06:21:15.546209 np0000003941 devstack@g-api.service[99532]: DEBUG glance.api.middleware.version_negotiation [None req-15fba780-d915-4899-8115-55d9d3298e59 tempest-AttachSCSIVolumeTestJSON-1498520862 tempest-AttachSCSIVolumeTestJSON-1498520862-project-admin] new path /v2/images/12136bbd-6656-419a-8381-129a295af595 {{(pid=99532) process_request /opt/stack/glance/glance/api/middleware/version_negotiation.py:70}}
Jun 30 06:21:15.556628 np0000003941 devstack@g-api.service[99532]: [pid: 99532|app: 0|req: 17/44] 127.0.0.1 () {44 vars in 1111 bytes} [Tue Jun 30 06:21:15 2026] GET /v2/images/12136bbd-6656-419a-8381-129a295af595 => generated 1044 bytes in 11 msecs (HTTP/1.1 200) 4 headers in 158 bytes (1 switches on core 0)
Jun 30 06:21:15.563865 np0000003941 devstack@g-api.service[99533]: DEBUG glance.api.middleware.version_negotiation [None req-a0c02271-dfed-4f53-a5b4-dbc9339ecf28 tempest-AttachSCSIVolumeTestJSON-1498520862 tempest-AttachSCSIVolumeTestJSON-1498520862-project-admin] Determining version of request: GET /v2/schemas/image Accept: */* {{(pid=99533) process_request /opt/stack/glance/glance/api/middleware/version_negotiation.py:44}}
Jun 30 06:21:15.564036 np0000003941 devstack@g-api.service[99533]: DEBUG glance.api.middleware.version_negotiation [None req-a0c02271-dfed-4f53-a5b4-dbc9339ecf28 tempest-AttachSCSIVolumeTestJSON-1498520862 tempest-AttachSCSIVolumeTestJSON-1498520862-project-admin] Using url versioning {{(pid=99533) process_request /opt/stack/glance/glance/api/middleware/version_negotiation.py:57}}
Jun 30 06:21:15.564212 np0000003941 devstack@g-api.service[99533]: DEBUG glance.api.middleware.version_negotiation [None req-a0c02271-dfed-4f53-a5b4-dbc9339ecf28 tempest-AttachSCSIVolumeTestJSON-1498520862 tempest-AttachSCSIVolumeTestJSON-1498520862-project-admin] Matched version: v2 {{(pid=99533) process_request /opt/stack/glance/glance/api/middleware/version_negotiation.py:69}}
Jun 30 06:21:15.564391 np0000003941 devstack@g-api.service[99533]: DEBUG glance.api.middleware.version_negotiation [None req-a0c02271-dfed-4f53-a5b4-dbc9339ecf28 tempest-AttachSCSIVolumeTestJSON-1498520862 tempest-AttachSCSIVolumeTestJSON-1498520862-project-admin] new path /v2/schemas/image {{(pid=99533) process_request /opt/stack/glance/glance/api/middleware/version_negotiation.py:70}}
Jun 30 06:21:15.567234 np0000003941 devstack@g-api.service[99533]: [pid: 99533|app: 0|req: 15/45] 127.0.0.1 () {44 vars in 1051 bytes} [Tue Jun 30 06:21:15 2026] GET /v2/schemas/image => generated 6083 bytes in 4 msecs (HTTP/1.1 200) 4 headers in 158 bytes (1 switches on core 0)
Jun 30 06:21:16.113486 np0000003941 devstack@g-api.service[99531]: INFO glance.api.v2.image_data [None req-317f42d1-a4fc-4791-b51a-3889bffa76cf tempest-AttachSCSIVolumeTestJSON-1498520862 tempest-AttachSCSIVolumeTestJSON-1498520862-project-admin] Unable to create trust: no such option collect_timing in group [keystone_authtoken] Use the existing user token.
Jun 30 06:21:16.700638 np0000003941 devstack@g-api.service[99531]: DEBUG glance.location [None req-317f42d1-a4fc-4791-b51a-3889bffa76cf tempest-AttachSCSIVolumeTestJSON-1498520862 tempest-AttachSCSIVolumeTestJSON-1498520862-project-admin] Enabling in-flight format inspection for qcow2 {{(pid=99531) set_data /opt/stack/glance/glance/location.py:616}}
Jun 30 06:21:16.701483 np0000003941 devstack@g-api.service[99531]: DEBUG glance_store.backend [None req-317f42d1-a4fc-4791-b51a-3889bffa76cf tempest-AttachSCSIVolumeTestJSON-1498520862 tempest-AttachSCSIVolumeTestJSON-1498520862-project-admin] Attempting to import store swift {{(pid=99531) _load_store /opt/stack/data/venv/lib/python3.12/site-packages/glance_store/backend.py:215}}
Jun 30 06:21:16.702693 np0000003941 devstack@g-api.service[99531]: DEBUG glance_store.capabilities [None req-317f42d1-a4fc-4791-b51a-3889bffa76cf tempest-AttachSCSIVolumeTestJSON-1498520862 tempest-AttachSCSIVolumeTestJSON-1498520862-project-admin] Store glance_store._drivers.swift.store.SingleTenantStore doesn't support updating dynamic storage capabilities. Please overwrite 'update_capabilities' method of the store to implement updating logics if needed. {{(pid=99531) update_capabilities /opt/stack/data/venv/lib/python3.12/site-packages/glance_store/capabilities.py:91}}
Jun 30 06:21:16.702794 np0000003941 devstack@g-api.service[99531]: DEBUG glance_store.driver [None req-317f42d1-a4fc-4791-b51a-3889bffa76cf tempest-AttachSCSIVolumeTestJSON-1498520862 tempest-AttachSCSIVolumeTestJSON-1498520862-project-admin] Late loading location class glance_store._drivers.swift.store.StoreLocation {{(pid=99531) get_store_location_class /opt/stack/data/venv/lib/python3.12/site-packages/glance_store/driver.py:134}}
Jun 30 06:21:16.702930 np0000003941 devstack@g-api.service[99531]: DEBUG glance_store.location [None req-317f42d1-a4fc-4791-b51a-3889bffa76cf tempest-AttachSCSIVolumeTestJSON-1498520862 tempest-AttachSCSIVolumeTestJSON-1498520862-project-admin] Registering scheme swift+https with {'store': , 'location_class': , 'store_entry': 'swift'} {{(pid=99531) register_scheme_map /opt/stack/data/venv/lib/python3.12/site-packages/glance_store/location.py:146}}
Jun 30 06:21:16.703005 np0000003941 devstack@g-api.service[99531]: DEBUG glance_store.location [None req-317f42d1-a4fc-4791-b51a-3889bffa76cf tempest-AttachSCSIVolumeTestJSON-1498520862 tempest-AttachSCSIVolumeTestJSON-1498520862-project-admin] Registering scheme swift+https with {'store': , 'location_class': , 'store_entry': 'swift'} {{(pid=99531) register_scheme_map /opt/stack/data/venv/lib/python3.12/site-packages/glance_store/location.py:146}}
Jun 30 06:21:16.703118 np0000003941 devstack@g-api.service[99531]: DEBUG glance_store.location [None req-317f42d1-a4fc-4791-b51a-3889bffa76cf tempest-AttachSCSIVolumeTestJSON-1498520862 tempest-AttachSCSIVolumeTestJSON-1498520862-project-admin] Registering scheme swift with {'store': , 'location_class': , 'store_entry': 'swift'} {{(pid=99531) register_scheme_map /opt/stack/data/venv/lib/python3.12/site-packages/glance_store/location.py:146}}
Jun 30 06:21:16.703209 np0000003941 devstack@g-api.service[99531]: DEBUG glance_store.location [None req-317f42d1-a4fc-4791-b51a-3889bffa76cf tempest-AttachSCSIVolumeTestJSON-1498520862 tempest-AttachSCSIVolumeTestJSON-1498520862-project-admin] Registering scheme swift+https with {'store': , 'location_class': , 'store_entry': 'swift'} {{(pid=99531) register_scheme_map /opt/stack/data/venv/lib/python3.12/site-packages/glance_store/location.py:146}}
Jun 30 06:21:16.703338 np0000003941 devstack@g-api.service[99531]: DEBUG glance_store.location [None req-317f42d1-a4fc-4791-b51a-3889bffa76cf tempest-AttachSCSIVolumeTestJSON-1498520862 tempest-AttachSCSIVolumeTestJSON-1498520862-project-admin] Registering scheme swift with {'store': , 'location_class': , 'store_entry': 'swift'} {{(pid=99531) register_scheme_map /opt/stack/data/venv/lib/python3.12/site-packages/glance_store/location.py:146}}
Jun 30 06:21:16.703528 np0000003941 devstack@g-api.service[99531]: DEBUG glance_store.location [None req-317f42d1-a4fc-4791-b51a-3889bffa76cf tempest-AttachSCSIVolumeTestJSON-1498520862 tempest-AttachSCSIVolumeTestJSON-1498520862-project-admin] Registering scheme swift+http with {'store': , 'location_class': , 'store_entry': 'swift'} {{(pid=99531) register_scheme_map /opt/stack/data/venv/lib/python3.12/site-packages/glance_store/location.py:146}}
Jun 30 06:21:16.703636 np0000003941 devstack@g-api.service[99531]: DEBUG glance_store.location [None req-317f42d1-a4fc-4791-b51a-3889bffa76cf tempest-AttachSCSIVolumeTestJSON-1498520862 tempest-AttachSCSIVolumeTestJSON-1498520862-project-admin] Registering scheme swift+https with {'store': , 'location_class': , 'store_entry': 'swift'} {{(pid=99531) register_scheme_map /opt/stack/data/venv/lib/python3.12/site-packages/glance_store/location.py:146}}
Jun 30 06:21:16.703762 np0000003941 devstack@g-api.service[99531]: DEBUG glance_store.location [None req-317f42d1-a4fc-4791-b51a-3889bffa76cf tempest-AttachSCSIVolumeTestJSON-1498520862 tempest-AttachSCSIVolumeTestJSON-1498520862-project-admin] Registering scheme swift with {'store': , 'location_class': , 'store_entry': 'swift'} {{(pid=99531) register_scheme_map /opt/stack/data/venv/lib/python3.12/site-packages/glance_store/location.py:146}}
Jun 30 06:21:16.703833 np0000003941 devstack@g-api.service[99531]: DEBUG glance_store.location [None req-317f42d1-a4fc-4791-b51a-3889bffa76cf tempest-AttachSCSIVolumeTestJSON-1498520862 tempest-AttachSCSIVolumeTestJSON-1498520862-project-admin] Registering scheme swift+http with {'store': , 'location_class': , 'store_entry': 'swift'} {{(pid=99531) register_scheme_map /opt/stack/data/venv/lib/python3.12/site-packages/glance_store/location.py:146}}
Jun 30 06:21:16.703905 np0000003941 devstack@g-api.service[99531]: DEBUG glance_store.location [None req-317f42d1-a4fc-4791-b51a-3889bffa76cf tempest-AttachSCSIVolumeTestJSON-1498520862 tempest-AttachSCSIVolumeTestJSON-1498520862-project-admin] Registering scheme swift+config with {'store': , 'location_class': , 'store_entry': 'swift'} {{(pid=99531) register_scheme_map /opt/stack/data/venv/lib/python3.12/site-packages/glance_store/location.py:146}}
Jun 30 06:21:16.940237 np0000003941 devstack@g-api.service[99532]: DEBUG glance.api.middleware.version_negotiation [None req-72b6739b-d737-4aed-82b1-a4e50cab6577 tempest-TaggedBootDevicesTest-1597856590 tempest-TaggedBootDevicesTest-1597856590-project-member] Determining version of request: GET /v2/images/12136bbd-6656-419a-8381-129a295af595 Accept: */* {{(pid=99532) process_request /opt/stack/glance/glance/api/middleware/version_negotiation.py:44}}
Jun 30 06:21:16.940887 np0000003941 devstack@g-api.service[99532]: DEBUG glance.api.middleware.version_negotiation [None req-72b6739b-d737-4aed-82b1-a4e50cab6577 tempest-TaggedBootDevicesTest-1597856590 tempest-TaggedBootDevicesTest-1597856590-project-member] Using url versioning {{(pid=99532) process_request /opt/stack/glance/glance/api/middleware/version_negotiation.py:57}}
