Jun 30 06:18:44.271971 np0000003941 nova-scheduler[93269]: DEBUG cotyledon.oslo_config_glue [-] oslo_limit.auth_type = None {{(pid=93269) log_opt_values /opt/stack/data/venv/lib/python3.12/site-packages/oslo_config/cfg.py:3253}}
Jun 30 06:18:44.271971 np0000003941 nova-scheduler[93269]: DEBUG cotyledon.oslo_config_glue [-] oslo_limit.cafile = None {{(pid=93269) log_opt_values /opt/stack/data/venv/lib/python3.12/site-packages/oslo_config/cfg.py:3253}}
Jun 30 06:18:44.271971 np0000003941 nova-scheduler[93269]: DEBUG cotyledon.oslo_config_glue [-] oslo_limit.certfile = None {{(pid=93269) log_opt_values /opt/stack/data/venv/lib/python3.12/site-packages/oslo_config/cfg.py:3253}}
Jun 30 06:18:44.271971 np0000003941 nova-scheduler[93269]: DEBUG cotyledon.oslo_config_glue [-] oslo_limit.collect_timing = False {{(pid=93269) log_opt_values /opt/stack/data/venv/lib/python3.12/site-packages/oslo_config/cfg.py:3253}}
Jun 30 06:18:44.272249 np0000003941 nova-scheduler[93269]: DEBUG cotyledon.oslo_config_glue [-] oslo_limit.connect_retries = None {{(pid=93269) log_opt_values /opt/stack/data/venv/lib/python3.12/site-packages/oslo_config/cfg.py:3253}}
Jun 30 06:18:44.272249 np0000003941 nova-scheduler[93269]: DEBUG cotyledon.oslo_config_glue [-] oslo_limit.connect_retry_delay = None {{(pid=93269) log_opt_values /opt/stack/data/venv/lib/python3.12/site-packages/oslo_config/cfg.py:3253}}
Jun 30 06:18:44.272249 np0000003941 nova-scheduler[93269]: DEBUG cotyledon.oslo_config_glue [-] oslo_limit.endpoint_id = None {{(pid=93269) log_opt_values /opt/stack/data/venv/lib/python3.12/site-packages/oslo_config/cfg.py:3253}}
Jun 30 06:18:44.272249 np0000003941 nova-scheduler[93269]: DEBUG cotyledon.oslo_config_glue [-] oslo_limit.endpoint_interface = public {{(pid=93269) log_opt_values /opt/stack/data/venv/lib/python3.12/site-packages/oslo_config/cfg.py:3253}}
Jun 30 06:18:44.272249 np0000003941 nova-scheduler[93269]: DEBUG cotyledon.oslo_config_glue [-] oslo_limit.endpoint_override = None {{(pid=93269) log_opt_values /opt/stack/data/venv/lib/python3.12/site-packages/oslo_config/cfg.py:3253}}
Jun 30 06:18:44.272249 np0000003941 nova-scheduler[93269]: DEBUG cotyledon.oslo_config_glue [-] oslo_limit.endpoint_region_name = None {{(pid=93269) log_opt_values /opt/stack/data/venv/lib/python3.12/site-packages/oslo_config/cfg.py:3253}}
Jun 30 06:18:44.272249 np0000003941 nova-scheduler[93269]: DEBUG cotyledon.oslo_config_glue [-] oslo_limit.endpoint_service_name = None {{(pid=93269) log_opt_values /opt/stack/data/venv/lib/python3.12/site-packages/oslo_config/cfg.py:3253}}
Jun 30 06:18:44.272249 np0000003941 nova-scheduler[93269]: DEBUG cotyledon.oslo_config_glue [-] oslo_limit.endpoint_service_type = None {{(pid=93269) log_opt_values /opt/stack/data/venv/lib/python3.12/site-packages/oslo_config/cfg.py:3253}}
Jun 30 06:18:44.272249 np0000003941 nova-scheduler[93269]: DEBUG cotyledon.oslo_config_glue [-] oslo_limit.insecure = False {{(pid=93269) log_opt_values /opt/stack/data/venv/lib/python3.12/site-packages/oslo_config/cfg.py:3253}}
Jun 30 06:18:44.272549 np0000003941 nova-scheduler[93269]: DEBUG cotyledon.oslo_config_glue [-] oslo_limit.keyfile = None {{(pid=93269) log_opt_values /opt/stack/data/venv/lib/python3.12/site-packages/oslo_config/cfg.py:3253}}
Jun 30 06:18:44.272549 np0000003941 nova-scheduler[93269]: DEBUG cotyledon.oslo_config_glue [-] oslo_limit.max_version = None {{(pid=93269) log_opt_values /opt/stack/data/venv/lib/python3.12/site-packages/oslo_config/cfg.py:3253}}
Jun 30 06:18:44.272549 np0000003941 nova-scheduler[93269]: DEBUG cotyledon.oslo_config_glue [-] oslo_limit.min_version = None {{(pid=93269) log_opt_values /opt/stack/data/venv/lib/python3.12/site-packages/oslo_config/cfg.py:3253}}
Jun 30 06:18:44.272549 np0000003941 nova-scheduler[93269]: DEBUG cotyledon.oslo_config_glue [-] oslo_limit.region_name = None {{(pid=93269) log_opt_values /opt/stack/data/venv/lib/python3.12/site-packages/oslo_config/cfg.py:3253}}
Jun 30 06:18:44.272549 np0000003941 nova-scheduler[93269]: DEBUG cotyledon.oslo_config_glue [-] oslo_limit.retriable_status_codes = None {{(pid=93269) log_opt_values /opt/stack/data/venv/lib/python3.12/site-packages/oslo_config/cfg.py:3253}}
Jun 30 06:18:44.272549 np0000003941 nova-scheduler[93269]: DEBUG cotyledon.oslo_config_glue [-] oslo_limit.service_name = None {{(pid=93269) log_opt_values /opt/stack/data/venv/lib/python3.12/site-packages/oslo_config/cfg.py:3253}}
Jun 30 06:18:44.272549 np0000003941 nova-scheduler[93269]: DEBUG cotyledon.oslo_config_glue [-] oslo_limit.service_type = None {{(pid=93269) log_opt_values /opt/stack/data/venv/lib/python3.12/site-packages/oslo_config/cfg.py:3253}}
Jun 30 06:18:44.272549 np0000003941 nova-scheduler[93269]: DEBUG cotyledon.oslo_config_glue [-] oslo_limit.split_loggers = False {{(pid=93269) log_opt_values /opt/stack/data/venv/lib/python3.12/site-packages/oslo_config/cfg.py:3253}}
Jun 30 06:18:44.272549 np0000003941 nova-scheduler[93269]: DEBUG cotyledon.oslo_config_glue [-] oslo_limit.status_code_retries = None {{(pid=93269) log_opt_values /opt/stack/data/venv/lib/python3.12/site-packages/oslo_config/cfg.py:3253}}
Jun 30 06:18:44.272816 np0000003941 nova-scheduler[93269]: DEBUG cotyledon.oslo_config_glue [-] oslo_limit.status_code_retry_delay = None {{(pid=93269) log_opt_values /opt/stack/data/venv/lib/python3.12/site-packages/oslo_config/cfg.py:3253}}
Jun 30 06:18:44.272816 np0000003941 nova-scheduler[93269]: DEBUG cotyledon.oslo_config_glue [-] oslo_limit.timeout = None {{(pid=93269) log_opt_values /opt/stack/data/venv/lib/python3.12/site-packages/oslo_config/cfg.py:3253}}
Jun 30 06:18:44.272816 np0000003941 nova-scheduler[93269]: DEBUG cotyledon.oslo_config_glue [-] oslo_limit.valid_interfaces = None {{(pid=93269) log_opt_values /opt/stack/data/venv/lib/python3.12/site-packages/oslo_config/cfg.py:3253}}
Jun 30 06:18:44.272816 np0000003941 nova-scheduler[93269]: DEBUG cotyledon.oslo_config_glue [-] oslo_limit.version = None {{(pid=93269) log_opt_values /opt/stack/data/venv/lib/python3.12/site-packages/oslo_config/cfg.py:3253}}
Jun 30 06:18:44.272816 np0000003941 nova-scheduler[93269]: DEBUG cotyledon.oslo_config_glue [-] oslo_reports.file_event_handler = None {{(pid=93269) log_opt_values /opt/stack/data/venv/lib/python3.12/site-packages/oslo_config/cfg.py:3253}}
Jun 30 06:18:44.272816 np0000003941 nova-scheduler[93269]: DEBUG cotyledon.oslo_config_glue [-] oslo_reports.file_event_handler_interval = 1 {{(pid=93269) log_opt_values /opt/stack/data/venv/lib/python3.12/site-packages/oslo_config/cfg.py:3253}}
Jun 30 06:18:44.272816 np0000003941 nova-scheduler[93269]: DEBUG cotyledon.oslo_config_glue [-] oslo_reports.log_dir = None {{(pid=93269) log_opt_values /opt/stack/data/venv/lib/python3.12/site-packages/oslo_config/cfg.py:3253}}
Jun 30 06:18:44.272816 np0000003941 nova-scheduler[93269]: DEBUG cotyledon.oslo_config_glue [-] ******************************************************************************** {{(pid=93269) log_opt_values /opt/stack/data/venv/lib/python3.12/site-packages/oslo_config/cfg.py:3260}}
Jun 30 06:18:44.272816 np0000003941 nova-scheduler[93269]: DEBUG cotyledon._service_worker [-] Run service ServiceWrapper(2) [93269] {{(pid=93269) wait_forever /opt/stack/data/venv/lib/python3.12/site-packages/cotyledon/_service_worker.py:218}}
Jun 30 06:18:44.273128 np0000003941 nova-scheduler[93269]: INFO nova.service [-] Starting scheduler node (version 33.1.0)
Jun 30 06:18:44.273128 np0000003941 nova-scheduler[93269]: INFO dbcounter [None req-e4fb5c3a-62d9-4450-9acb-6eb97c2f7c45 None None] Registered counter for database nova_cell0
Jun 30 06:18:44.279762 np0000003941 nova-scheduler[93265]: DEBUG oslo_db.sqlalchemy.engines [None req-ccfe2895-b2e5-4a70-bc27-7303b5798579 None None] MySQL server mode set to STRICT_TRANS_TABLES,STRICT_ALL_TABLES,NO_ZERO_IN_DATE,NO_ZERO_DATE,ERROR_FOR_DIVISION_BY_ZERO,TRADITIONAL,NO_ENGINE_SUBSTITUTION {{(pid=93265) _check_effective_sql_mode /opt/stack/data/venv/lib/python3.12/site-packages/oslo_db/sqlalchemy/engines.py:325}}
Jun 30 06:18:44.293450 np0000003941 nova-scheduler[93265]: DEBUG dbcounter [-] [93265] Writer thread running {{(pid=93265) stat_writer /opt/stack/data/venv/lib/python3.12/site-packages/dbcounter.py:102}}
Jun 30 06:18:44.294449 np0000003941 nova-scheduler[93267]: DEBUG oslo_db.sqlalchemy.engines [None req-b499aa54-5494-434a-a8b6-35909b651f0d None None] MySQL server mode set to STRICT_TRANS_TABLES,STRICT_ALL_TABLES,NO_ZERO_IN_DATE,NO_ZERO_DATE,ERROR_FOR_DIVISION_BY_ZERO,TRADITIONAL,NO_ENGINE_SUBSTITUTION {{(pid=93267) _check_effective_sql_mode /opt/stack/data/venv/lib/python3.12/site-packages/oslo_db/sqlalchemy/engines.py:325}}
Jun 30 06:18:44.301020 np0000003941 nova-scheduler[93269]: DEBUG oslo_db.sqlalchemy.engines [None req-e4fb5c3a-62d9-4450-9acb-6eb97c2f7c45 None None] MySQL server mode set to STRICT_TRANS_TABLES,STRICT_ALL_TABLES,NO_ZERO_IN_DATE,NO_ZERO_DATE,ERROR_FOR_DIVISION_BY_ZERO,TRADITIONAL,NO_ENGINE_SUBSTITUTION {{(pid=93269) _check_effective_sql_mode /opt/stack/data/venv/lib/python3.12/site-packages/oslo_db/sqlalchemy/engines.py:325}}
Jun 30 06:18:44.304724 np0000003941 nova-scheduler[93267]: DEBUG dbcounter [-] [93267] Writer thread running {{(pid=93267) stat_writer /opt/stack/data/venv/lib/python3.12/site-packages/dbcounter.py:102}}
Jun 30 06:18:44.310624 np0000003941 nova-scheduler[93265]: DEBUG nova.service [None req-ccfe2895-b2e5-4a70-bc27-7303b5798579 None None] Creating RPC server for service: nova-scheduler on topic: scheduler {{(pid=93265) start /opt/stack/nova/nova/service.py:196}}
Jun 30 06:18:44.312684 np0000003941 nova-scheduler[93269]: DEBUG dbcounter [-] [93269] Writer thread running {{(pid=93269) stat_writer /opt/stack/data/venv/lib/python3.12/site-packages/dbcounter.py:102}}
Jun 30 06:18:44.315922 np0000003941 nova-scheduler[93269]: DEBUG nova.service [None req-e4fb5c3a-62d9-4450-9acb-6eb97c2f7c45 None None] Creating RPC server for service: nova-scheduler on topic: scheduler {{(pid=93269) start /opt/stack/nova/nova/service.py:196}}
Jun 30 06:18:44.324355 np0000003941 nova-scheduler[93267]: DEBUG nova.service [None req-b499aa54-5494-434a-a8b6-35909b651f0d None None] Creating RPC server for service: nova-scheduler on topic: scheduler {{(pid=93267) start /opt/stack/nova/nova/service.py:196}}
Jun 30 06:18:44.342174 np0000003941 nova-scheduler[93269]: DEBUG nova.service [None req-e4fb5c3a-62d9-4450-9acb-6eb97c2f7c45 None None] Join ServiceGroup membership for this service scheduler {{(pid=93269) start /opt/stack/nova/nova/service.py:222}}
Jun 30 06:18:44.342362 np0000003941 nova-scheduler[93269]: DEBUG nova.servicegroup.drivers.db [None req-e4fb5c3a-62d9-4450-9acb-6eb97c2f7c45 None None] DB_Driver: join new ServiceGroup member np0000003941 to the scheduler group, service = {{(pid=93269) join /opt/stack/nova/nova/servicegroup/drivers/db.py:44}}
Jun 30 06:18:44.346706 np0000003941 nova-scheduler[93267]: DEBUG nova.service [None req-b499aa54-5494-434a-a8b6-35909b651f0d None None] Join ServiceGroup membership for this service scheduler {{(pid=93267) start /opt/stack/nova/nova/service.py:222}}
Jun 30 06:18:44.346706 np0000003941 nova-scheduler[93267]: DEBUG nova.servicegroup.drivers.db [None req-b499aa54-5494-434a-a8b6-35909b651f0d None None] DB_Driver: join new ServiceGroup member np0000003941 to the scheduler group, service = {{(pid=93267) join /opt/stack/nova/nova/servicegroup/drivers/db.py:44}}
Jun 30 06:18:44.347776 np0000003941 nova-scheduler[93265]: DEBUG nova.service [None req-ccfe2895-b2e5-4a70-bc27-7303b5798579 None None] Join ServiceGroup membership for this service scheduler {{(pid=93265) start /opt/stack/nova/nova/service.py:222}}
Jun 30 06:18:44.347977 np0000003941 nova-scheduler[93265]: DEBUG nova.servicegroup.drivers.db [None req-ccfe2895-b2e5-4a70-bc27-7303b5798579 None None] DB_Driver: join new ServiceGroup member np0000003941 to the scheduler group, service = {{(pid=93265) join /opt/stack/nova/nova/servicegroup/drivers/db.py:44}}
Jun 30 06:18:47.350192 np0000003941 nova-scheduler[93265]: DEBUG oslo.service.backend._threading.loopingcall [None req-cfd821db-ab31-4bfb-9bb3-96b07e936fdb None None] Dynamic interval looping call 'nova.service.Service.periodic_tasks' sleeping for 60.00 seconds {{(pid=93265) _run_loop /opt/stack/data/venv/lib/python3.12/site-packages/oslo_service/backend/_threading/loopingcall.py:125}}
Jun 30 06:18:49.345642 np0000003941 nova-scheduler[93269]: DEBUG oslo.service.backend._threading.loopingcall [None req-cc04eff0-3b59-4f62-9bcd-e4130720b326 None None] Dynamic interval looping call 'nova.service.Service.periodic_tasks' sleeping for 60.00 seconds {{(pid=93269) _run_loop /opt/stack/data/venv/lib/python3.12/site-packages/oslo_service/backend/_threading/loopingcall.py:125}}
Jun 30 06:18:49.361236 np0000003941 nova-scheduler[93267]: DEBUG oslo.service.backend._threading.loopingcall [-] Fixed interval looping call 'nova.servicegroup.drivers.db.DbDriver._report_state' sleeping for 119.99 seconds {{(pid=93267) _run_loop /opt/stack/data/venv/lib/python3.12/site-packages/oslo_service/backend/_threading/loopingcall.py:125}}
Jun 30 06:18:49.363085 np0000003941 nova-scheduler[93269]: DEBUG oslo.service.backend._threading.loopingcall [-] Fixed interval looping call 'nova.servicegroup.drivers.db.DbDriver._report_state' sleeping for 119.98 seconds {{(pid=93269) _run_loop /opt/stack/data/venv/lib/python3.12/site-packages/oslo_service/backend/_threading/loopingcall.py:125}}
Jun 30 06:18:49.363634 np0000003941 nova-scheduler[93265]: DEBUG oslo.service.backend._threading.loopingcall [-] Fixed interval looping call 'nova.servicegroup.drivers.db.DbDriver._report_state' sleeping for 119.99 seconds {{(pid=93265) _run_loop /opt/stack/data/venv/lib/python3.12/site-packages/oslo_service/backend/_threading/loopingcall.py:125}}
Jun 30 06:18:52.913680 np0000003941 nova-scheduler[92068]: DEBUG dbcounter [-] [92068] Writing DB stats nova_api:SELECT=3 {{(pid=92068) stat_writer /opt/stack/data/venv/lib/python3.12/site-packages/dbcounter.py:115}}
Jun 30 06:18:53.047777 np0000003941 nova-scheduler[92068]: DEBUG dbcounter [-] [92068] Writing DB stats nova_cell1:SELECT=1 {{(pid=92068) stat_writer /opt/stack/data/venv/lib/python3.12/site-packages/dbcounter.py:115}}
Jun 30 06:18:53.052653 np0000003941 nova-scheduler[92068]: DEBUG dbcounter [-] [92068] Writing DB stats nova_cell0:SELECT=1 {{(pid=92068) stat_writer /opt/stack/data/venv/lib/python3.12/site-packages/dbcounter.py:115}}
Jun 30 06:18:59.355406 np0000003941 nova-scheduler[93267]: DEBUG dbcounter [-] [93267] Writing DB stats nova_cell0:SELECT=4,nova_cell0:INSERT=1,nova_cell0:UPDATE=1 {{(pid=93267) stat_writer /opt/stack/data/venv/lib/python3.12/site-packages/dbcounter.py:115}}
Jun 30 06:18:59.358937 np0000003941 nova-scheduler[93269]: DEBUG dbcounter [-] [93269] Writing DB stats nova_cell0:SELECT=3,nova_cell0:UPDATE=1 {{(pid=93269) stat_writer /opt/stack/data/venv/lib/python3.12/site-packages/dbcounter.py:115}}
Jun 30 06:18:59.361470 np0000003941 nova-scheduler[93265]: DEBUG dbcounter [-] [93265] Writing DB stats nova_cell0:SELECT=4,nova_cell0:INSERT=1,nova_cell0:UPDATE=1 {{(pid=93265) stat_writer /opt/stack/data/venv/lib/python3.12/site-packages/dbcounter.py:115}}
Jun 30 06:19:15.349238 np0000003941 nova-scheduler[93267]: DEBUG oslo.service.backend._threading.loopingcall [None req-2a844e20-d93e-4a20-8ece-5c61e136470e None None] Dynamic interval looping call 'nova.service.Service.periodic_tasks' sleeping for 60.00 seconds {{(pid=93267) _run_loop /opt/stack/data/venv/lib/python3.12/site-packages/oslo_service/backend/_threading/loopingcall.py:125}}
Jun 30 06:19:47.350670 np0000003941 nova-scheduler[93265]: DEBUG oslo.service.backend._threading.loopingcall [None req-cfd821db-ab31-4bfb-9bb3-96b07e936fdb None None] Dynamic interval looping call 'nova.service.Service.periodic_tasks' sleeping for 60.00 seconds {{(pid=93265) _run_loop /opt/stack/data/venv/lib/python3.12/site-packages/oslo_service/backend/_threading/loopingcall.py:125}}
Jun 30 06:19:49.346224 np0000003941 nova-scheduler[93269]: DEBUG oslo.service.backend._threading.loopingcall [None req-cc04eff0-3b59-4f62-9bcd-e4130720b326 None None] Dynamic interval looping call 'nova.service.Service.periodic_tasks' sleeping for 60.00 seconds {{(pid=93269) _run_loop /opt/stack/data/venv/lib/python3.12/site-packages/oslo_service/backend/_threading/loopingcall.py:125}}
Jun 30 06:20:15.349735 np0000003941 nova-scheduler[93267]: DEBUG oslo.service.backend._threading.loopingcall [None req-2a844e20-d93e-4a20-8ece-5c61e136470e None None] Dynamic interval looping call 'nova.service.Service.periodic_tasks' sleeping for 60.00 seconds {{(pid=93267) _run_loop /opt/stack/data/venv/lib/python3.12/site-packages/oslo_service/backend/_threading/loopingcall.py:125}}
Jun 30 06:20:47.351076 np0000003941 nova-scheduler[93265]: DEBUG oslo.service.backend._threading.loopingcall [None req-cfd821db-ab31-4bfb-9bb3-96b07e936fdb None None] Dynamic interval looping call 'nova.service.Service.periodic_tasks' sleeping for 60.00 seconds {{(pid=93265) _run_loop /opt/stack/data/venv/lib/python3.12/site-packages/oslo_service/backend/_threading/loopingcall.py:125}}
Jun 30 06:20:49.347123 np0000003941 nova-scheduler[93269]: DEBUG oslo.service.backend._threading.loopingcall [None req-cc04eff0-3b59-4f62-9bcd-e4130720b326 None None] Dynamic interval looping call 'nova.service.Service.periodic_tasks' sleeping for 60.00 seconds {{(pid=93269) _run_loop /opt/stack/data/venv/lib/python3.12/site-packages/oslo_service/backend/_threading/loopingcall.py:125}}
Jun 30 06:20:49.350944 np0000003941 nova-scheduler[93269]: DEBUG oslo.service.backend._threading.loopingcall [-] Fixed interval looping call 'nova.servicegroup.drivers.db.DbDriver._report_state' sleeping for 119.99 seconds {{(pid=93269) _run_loop /opt/stack/data/venv/lib/python3.12/site-packages/oslo_service/backend/_threading/loopingcall.py:125}}
Jun 30 06:20:49.358370 np0000003941 nova-scheduler[93267]: DEBUG oslo.service.backend._threading.loopingcall [-] Fixed interval looping call 'nova.servicegroup.drivers.db.DbDriver._report_state' sleeping for 119.99 seconds {{(pid=93267) _run_loop /opt/stack/data/venv/lib/python3.12/site-packages/oslo_service/backend/_threading/loopingcall.py:125}}
Jun 30 06:20:49.359088 np0000003941 nova-scheduler[93265]: DEBUG oslo.service.backend._threading.loopingcall [-] Fixed interval looping call 'nova.servicegroup.drivers.db.DbDriver._report_state' sleeping for 119.99 seconds {{(pid=93265) _run_loop /opt/stack/data/venv/lib/python3.12/site-packages/oslo_service/backend/_threading/loopingcall.py:125}}
Jun 30 06:20:59.347979 np0000003941 nova-scheduler[93269]: DEBUG dbcounter [-] [93269] Writing DB stats nova_cell0:SELECT=1,nova_cell0:UPDATE=1 {{(pid=93269) stat_writer /opt/stack/data/venv/lib/python3.12/site-packages/dbcounter.py:115}}
Jun 30 06:20:59.355546 np0000003941 nova-scheduler[93265]: DEBUG dbcounter [-] [93265] Writing DB stats nova_cell0:SELECT=1 {{(pid=93265) stat_writer /opt/stack/data/venv/lib/python3.12/site-packages/dbcounter.py:115}}
Jun 30 06:20:59.356535 np0000003941 nova-scheduler[93267]: DEBUG dbcounter [-] [93267] Writing DB stats nova_cell0:SELECT=1 {{(pid=93267) stat_writer /opt/stack/data/venv/lib/python3.12/site-packages/dbcounter.py:115}}
Jun 30 06:21:15.350252 np0000003941 nova-scheduler[93267]: DEBUG oslo.service.backend._threading.loopingcall [None req-2a844e20-d93e-4a20-8ece-5c61e136470e None None] Dynamic interval looping call 'nova.service.Service.periodic_tasks' sleeping for 60.00 seconds {{(pid=93267) _run_loop /opt/stack/data/venv/lib/python3.12/site-packages/oslo_service/backend/_threading/loopingcall.py:125}}
Jun 30 06:21:17.226888 np0000003941 nova-scheduler[93269]: DEBUG nova.scheduler.manager [None req-315f8e08-5186-474f-93ad-3ad86c6cc542 tempest-ServerStableDeviceRescueTest-1411898151 tempest-ServerStableDeviceRescueTest-1411898151-project-member] Starting to schedule for instances: ['b88d2e8b-3a08-4904-8c49-6a9f3ac3f1d9'] {{(pid=93269) select_destinations /opt/stack/nova/nova/scheduler/manager.py:209}}
Jun 30 06:21:17.227598 np0000003941 nova-scheduler[93269]: DEBUG nova.scheduler.request_filter [None req-315f8e08-5186-474f-93ad-3ad86c6cc542 tempest-ServerStableDeviceRescueTest-1411898151 tempest-ServerStableDeviceRescueTest-1411898151-project-member] compute_status_filter request filter added forbidden trait COMPUTE_STATUS_DISABLED {{(pid=93269) compute_status_filter /opt/stack/nova/nova/scheduler/request_filter.py:253}}
Jun 30 06:21:17.227598 np0000003941 nova-scheduler[93269]: DEBUG nova.scheduler.request_filter [None req-315f8e08-5186-474f-93ad-3ad86c6cc542 tempest-ServerStableDeviceRescueTest-1411898151 tempest-ServerStableDeviceRescueTest-1411898151-project-member] Request filter 'compute_status_filter' took 0.0 seconds {{(pid=93269) wrapper /opt/stack/nova/nova/scheduler/request_filter.py:46}}
Jun 30 06:21:17.227695 np0000003941 nova-scheduler[93269]: DEBUG nova.scheduler.request_filter [None req-315f8e08-5186-474f-93ad-3ad86c6cc542 tempest-ServerStableDeviceRescueTest-1411898151 tempest-ServerStableDeviceRescueTest-1411898151-project-member] Request filter 'accelerators_filter' took 0.0 seconds {{(pid=93269) wrapper /opt/stack/nova/nova/scheduler/request_filter.py:46}}
Jun 30 06:21:17.228352 np0000003941 nova-scheduler[93269]: DEBUG nova.scheduler.request_filter [None req-315f8e08-5186-474f-93ad-3ad86c6cc542 tempest-ServerStableDeviceRescueTest-1411898151 tempest-ServerStableDeviceRescueTest-1411898151-project-member] Request filter 'packed_virtqueue_filter' took 0.0 seconds {{(pid=93269) wrapper /opt/stack/nova/nova/scheduler/request_filter.py:46}}
Jun 30 06:21:17.228352 np0000003941 nova-scheduler[93269]: DEBUG nova.scheduler.request_filter [None req-315f8e08-5186-474f-93ad-3ad86c6cc542 tempest-ServerStableDeviceRescueTest-1411898151 tempest-ServerStableDeviceRescueTest-1411898151-project-member] Request filter 'remote_managed_ports_filter' took 0.0 seconds {{(pid=93269) wrapper /opt/stack/nova/nova/scheduler/request_filter.py:46}}
Jun 30 06:21:17.228352 np0000003941 nova-scheduler[93269]: DEBUG nova.scheduler.request_filter [None req-315f8e08-5186-474f-93ad-3ad86c6cc542 tempest-ServerStableDeviceRescueTest-1411898151 tempest-ServerStableDeviceRescueTest-1411898151-project-member] ephemeral_encryption_filter skipped {{(pid=93269) ephemeral_encryption_filter /opt/stack/nova/nova/scheduler/request_filter.py:426}}
Jun 30 06:21:17.228512 np0000003941 nova-scheduler[93269]: DEBUG nova.scheduler.request_filter [None req-315f8e08-5186-474f-93ad-3ad86c6cc542 tempest-ServerStableDeviceRescueTest-1411898151 tempest-ServerStableDeviceRescueTest-1411898151-project-member] virtio_sound_filter skipped {{(pid=93269) virtio_sound_filter /opt/stack/nova/nova/scheduler/request_filter.py:460}}
Jun 30 06:21:17.228641 np0000003941 nova-scheduler[93269]: DEBUG nova.scheduler.request_filter [None req-315f8e08-5186-474f-93ad-3ad86c6cc542 tempest-ServerStableDeviceRescueTest-1411898151 tempest-ServerStableDeviceRescueTest-1411898151-project-member] tpm_secret_security_filter skipped {{(pid=93269) tpm_secret_security_filter /opt/stack/nova/nova/scheduler/request_filter.py:477}}
Jun 30 06:21:17.356907 np0000003941 nova-scheduler[93267]: DEBUG nova.scheduler.manager [None req-a6efaef8-a1ec-44cb-b632-0022d21b8243 tempest-ServerActionsTestOtherB-964056442 tempest-ServerActionsTestOtherB-964056442-project-member] Starting to schedule for instances: ['69ad96c0-a55b-4a11-a399-7e9d4d678852'] {{(pid=93267) select_destinations /opt/stack/nova/nova/scheduler/manager.py:209}}
Jun 30 06:21:17.357516 np0000003941 nova-scheduler[93267]: DEBUG nova.scheduler.request_filter [None req-a6efaef8-a1ec-44cb-b632-0022d21b8243 tempest-ServerActionsTestOtherB-964056442 tempest-ServerActionsTestOtherB-964056442-project-member] compute_status_filter request filter added forbidden trait COMPUTE_STATUS_DISABLED {{(pid=93267) compute_status_filter /opt/stack/nova/nova/scheduler/request_filter.py:253}}
Jun 30 06:21:17.357652 np0000003941 nova-scheduler[93267]: DEBUG nova.scheduler.request_filter [None req-a6efaef8-a1ec-44cb-b632-0022d21b8243 tempest-ServerActionsTestOtherB-964056442 tempest-ServerActionsTestOtherB-964056442-project-member] Request filter 'compute_status_filter' took 0.0 seconds {{(pid=93267) wrapper /opt/stack/nova/nova/scheduler/request_filter.py:46}}
Jun 30 06:21:17.357892 np0000003941 nova-scheduler[93267]: DEBUG nova.scheduler.request_filter [None req-a6efaef8-a1ec-44cb-b632-0022d21b8243 tempest-ServerActionsTestOtherB-964056442 tempest-ServerActionsTestOtherB-964056442-project-member] Request filter 'accelerators_filter' took 0.0 seconds {{(pid=93267) wrapper /opt/stack/nova/nova/scheduler/request_filter.py:46}}
Jun 30 06:21:17.358119 np0000003941 nova-scheduler[93267]: DEBUG nova.scheduler.request_filter [None req-a6efaef8-a1ec-44cb-b632-0022d21b8243 tempest-ServerActionsTestOtherB-964056442 tempest-ServerActionsTestOtherB-964056442-project-member] Request filter 'packed_virtqueue_filter' took 0.0 seconds {{(pid=93267) wrapper /opt/stack/nova/nova/scheduler/request_filter.py:46}}
Jun 30 06:21:17.358412 np0000003941 nova-scheduler[93267]: DEBUG nova.scheduler.request_filter [None req-a6efaef8-a1ec-44cb-b632-0022d21b8243 tempest-ServerActionsTestOtherB-964056442 tempest-ServerActionsTestOtherB-964056442-project-member] Request filter 'remote_managed_ports_filter' took 0.0 seconds {{(pid=93267) wrapper /opt/stack/nova/nova/scheduler/request_filter.py:46}}
Jun 30 06:21:17.358566 np0000003941 nova-scheduler[93267]: DEBUG nova.scheduler.request_filter [None req-a6efaef8-a1ec-44cb-b632-0022d21b8243 tempest-ServerActionsTestOtherB-964056442 tempest-ServerActionsTestOtherB-964056442-project-member] ephemeral_encryption_filter skipped {{(pid=93267) ephemeral_encryption_filter /opt/stack/nova/nova/scheduler/request_filter.py:426}}
Jun 30 06:21:17.358685 np0000003941 nova-scheduler[93267]: DEBUG nova.scheduler.request_filter [None req-a6efaef8-a1ec-44cb-b632-0022d21b8243 tempest-ServerActionsTestOtherB-964056442 tempest-ServerActionsTestOtherB-964056442-project-member] virtio_sound_filter skipped {{(pid=93267) virtio_sound_filter /opt/stack/nova/nova/scheduler/request_filter.py:460}}
Jun 30 06:21:17.358810 np0000003941 nova-scheduler[93267]: DEBUG nova.scheduler.request_filter [None req-a6efaef8-a1ec-44cb-b632-0022d21b8243 tempest-ServerActionsTestOtherB-964056442 tempest-ServerActionsTestOtherB-964056442-project-member] tpm_secret_security_filter skipped {{(pid=93267) tpm_secret_security_filter /opt/stack/nova/nova/scheduler/request_filter.py:477}}
Jun 30 06:21:17.754294 np0000003941 nova-scheduler[93267]: INFO nova.utils [None req-a6efaef8-a1ec-44cb-b632-0022d21b8243 tempest-ServerActionsTestOtherB-964056442 tempest-ServerActionsTestOtherB-964056442-project-member] The cell worker thread pool ForkProcess-2.cell_worker is initialized
Jun 30 06:21:17.754294 np0000003941 nova-scheduler[93267]: DEBUG oslo_concurrency.lockutils [None req-a6efaef8-a1ec-44cb-b632-0022d21b8243 tempest-ServerActionsTestOtherB-964056442 tempest-ServerActionsTestOtherB-964056442-project-member] Acquiring lock "b0c1321d-9c85-42d6-bf15-719f3361865b" by "nova.context.set_target_cell..get_or_set_cached_cell_and_set_connections" {{(pid=93267) inner /opt/stack/data/venv/lib/python3.12/site-packages/oslo_concurrency/lockutils.py:511}}
Jun 30 06:21:17.754294 np0000003941 nova-scheduler[93267]: DEBUG oslo_concurrency.lockutils [None req-a6efaef8-a1ec-44cb-b632-0022d21b8243 tempest-ServerActionsTestOtherB-964056442 tempest-ServerActionsTestOtherB-964056442-project-member] Lock "b0c1321d-9c85-42d6-bf15-719f3361865b" acquired by "nova.context.set_target_cell..get_or_set_cached_cell_and_set_connections" :: waited 0.000s {{(pid=93267) inner /opt/stack/data/venv/lib/python3.12/site-packages/oslo_concurrency/lockutils.py:524}}
Jun 30 06:21:17.754708 np0000003941 nova-scheduler[93267]: DEBUG oslo_concurrency.lockutils [None req-a6efaef8-a1ec-44cb-b632-0022d21b8243 tempest-ServerActionsTestOtherB-964056442 tempest-ServerActionsTestOtherB-964056442-project-member] Lock "b0c1321d-9c85-42d6-bf15-719f3361865b" "released" by "nova.context.set_target_cell..get_or_set_cached_cell_and_set_connections" :: held 0.002s {{(pid=93267) inner /opt/stack/data/venv/lib/python3.12/site-packages/oslo_concurrency/lockutils.py:543}}
Jun 30 06:21:17.756972 np0000003941 nova-scheduler[93267]: INFO dbcounter [None req-a6efaef8-a1ec-44cb-b632-0022d21b8243 tempest-ServerActionsTestOtherB-964056442 tempest-ServerActionsTestOtherB-964056442-project-member] Registered counter for database nova_cell1
Jun 30 06:21:17.795793 np0000003941 nova-scheduler[93267]: DEBUG oslo_db.sqlalchemy.engines [None req-a6efaef8-a1ec-44cb-b632-0022d21b8243 tempest-ServerActionsTestOtherB-964056442 tempest-ServerActionsTestOtherB-964056442-project-member] MySQL server mode set to STRICT_TRANS_TABLES,STRICT_ALL_TABLES,NO_ZERO_IN_DATE,NO_ZERO_DATE,ERROR_FOR_DIVISION_BY_ZERO,TRADITIONAL,NO_ENGINE_SUBSTITUTION {{(pid=93267) _check_effective_sql_mode /opt/stack/data/venv/lib/python3.12/site-packages/oslo_db/sqlalchemy/engines.py:325}}
Jun 30 06:21:17.801733 np0000003941 nova-scheduler[93267]: DEBUG dbcounter [-] [93267] Writer thread running {{(pid=93267) stat_writer /opt/stack/data/venv/lib/python3.12/site-packages/dbcounter.py:102}}
Jun 30 06:21:17.820406 np0000003941 nova-scheduler[93267]: DEBUG oslo_db.sqlalchemy.engines [None req-a6efaef8-a1ec-44cb-b632-0022d21b8243 tempest-ServerActionsTestOtherB-964056442 tempest-ServerActionsTestOtherB-964056442-project-member] Parent process 92068 forked (93267) with an open database connection, which is being discarded and recreated. {{(pid=93267) checkout /opt/stack/data/venv/lib/python3.12/site-packages/oslo_db/sqlalchemy/engines.py:402}}
Jun 30 06:21:17.879946 np0000003941 nova-scheduler[93267]: DEBUG dbcounter [-] [93267] Writer thread running {{(pid=93267) stat_writer /opt/stack/data/venv/lib/python3.12/site-packages/dbcounter.py:102}}
Jun 30 06:21:17.884943 np0000003941 nova-scheduler[93267]: DEBUG oslo_concurrency.lockutils [None req-a6efaef8-a1ec-44cb-b632-0022d21b8243 tempest-ServerActionsTestOtherB-964056442 tempest-ServerActionsTestOtherB-964056442-project-member] Acquiring lock "b0c1321d-9c85-42d6-bf15-719f3361865b" by "nova.context.set_target_cell..get_or_set_cached_cell_and_set_connections" {{(pid=93267) inner /opt/stack/data/venv/lib/python3.12/site-packages/oslo_concurrency/lockutils.py:511}}
Jun 30 06:21:17.885255 np0000003941 nova-scheduler[93267]: DEBUG oslo_concurrency.lockutils [None req-a6efaef8-a1ec-44cb-b632-0022d21b8243 tempest-ServerActionsTestOtherB-964056442 tempest-ServerActionsTestOtherB-964056442-project-member] Lock "b0c1321d-9c85-42d6-bf15-719f3361865b" acquired by "nova.context.set_target_cell..get_or_set_cached_cell_and_set_connections" :: waited 0.000s {{(pid=93267) inner /opt/stack/data/venv/lib/python3.12/site-packages/oslo_concurrency/lockutils.py:524}}
Jun 30 06:21:17.885432 np0000003941 nova-scheduler[93267]: DEBUG oslo_concurrency.lockutils [None req-a6efaef8-a1ec-44cb-b632-0022d21b8243 tempest-ServerActionsTestOtherB-964056442 tempest-ServerActionsTestOtherB-964056442-project-member] Lock "b0c1321d-9c85-42d6-bf15-719f3361865b" "released" by "nova.context.set_target_cell..get_or_set_cached_cell_and_set_connections" :: held 0.000s {{(pid=93267) inner /opt/stack/data/venv/lib/python3.12/site-packages/oslo_concurrency/lockutils.py:543}}
Jun 30 06:21:17.889880 np0000003941 nova-scheduler[93267]: DEBUG oslo_concurrency.lockutils [None req-a6efaef8-a1ec-44cb-b632-0022d21b8243 tempest-ServerActionsTestOtherB-964056442 tempest-ServerActionsTestOtherB-964056442-project-member] Acquiring lock "np0000003941-np0000003941" by "nova.scheduler.host_manager.HostState.update.._locked_update" {{(pid=93267) inner /opt/stack/data/venv/lib/python3.12/site-packages/oslo_concurrency/lockutils.py:511}}
Jun 30 06:21:17.890069 np0000003941 nova-scheduler[93267]: DEBUG oslo_concurrency.lockutils [None req-a6efaef8-a1ec-44cb-b632-0022d21b8243 tempest-ServerActionsTestOtherB-964056442 tempest-ServerActionsTestOtherB-964056442-project-member] Lock "np0000003941-np0000003941" acquired by "nova.scheduler.host_manager.HostState.update.._locked_update" :: waited 0.000s {{(pid=93267) inner /opt/stack/data/venv/lib/python3.12/site-packages/oslo_concurrency/lockutils.py:524}}
Jun 30 06:21:17.891214 np0000003941 nova-scheduler[93267]: DEBUG nova.scheduler.host_manager [None req-a6efaef8-a1ec-44cb-b632-0022d21b8243 tempest-ServerActionsTestOtherB-964056442 tempest-ServerActionsTestOtherB-964056442-project-member] Update host state from compute node: ComputeNode(cpu_allocation_ratio=4.0,cpu_info='{"arch": "x86_64", "model": "EPYC-Milan", "vendor": "AMD", "topology": {"cells": 1, "sockets": 16, "cores": 1, "threads": 1}, "maxphysaddr": {"mode": "emulate", "bits": 40}, "features": ["rdpid", "pcid", "topoext", "arat", "nx", "amd-stibp", "msr", "cx8", "pse", "svm", "hypervisor", "amd-ssbd", "osvw", "rdtscp", "fxsr", "pat", "avx2", "ibrs", "avx", "x2apic", "stibp-always-on", "tsc_adjust", "clzero", "pse36", "skip-l1dfl-vmentry", "3dnowprefetch", "cx16", "fma", "umip", "pni", "lfence-always-serializing", "pku", "arch-capabilities", "clflush", "abm", "mds-no", "sse4.1", "pfthreshold", "sse", "f16c", "spec-ctrl", "vme", "vgif", "clflushopt", "rdrand", "lbrv", "flushbyasid", "mmxext", "gds-no", "lm", "rdctl-no", "ssse3", "de", "vmcb-clean", "cmp_legacy", "bmi1", "xsaveerptr", "misalignsse", "syscall", "fxsr_opt", "aes", "mca", "sse4a", "nrip-save", "movbe", "null-sel-clr-base", "tsc-deadline", "pclmuldq", "xsaveopt", "xsavec", "stibp", "pdpe1gb", "ssbd", "fsrm", "erms", "invpcid", "lahf_lm", "sse2", "xsave", "tsc-scale", "virt-ssbd", "cmov", "no-nested-data-bp", "fsgsbase", "popcnt", "apic", "sha-ni", "smep", "sep", "wbnoinvd", "sse4.2", "mmx", "tsc", "npt", "mce", "fpu", "cr8legacy", "clwb", "svme-addr-chk", "rdseed", "pschange-mc-no", "bmi2", "amd-psfd", "mtrr", "pause-filter", "xsaves", "vaes", "pge", "vpclmulqdq", "pae", "adx", "smap", "ibpb", "xgetbv1", "v-vmsave-vmload", "perfctr_core"]}',created_at=2026-06-30T06:19:11Z,current_workload=0,deleted=False,deleted_at=None,disk_allocation_ratio=1.0,disk_available_least=73,free_disk_gb=95,free_ram_mb=62765,host='np0000003941',host_ip=10.4.3.54,hypervisor_hostname='np0000003941',hypervisor_type='QEMU',hypervisor_version=8002002,id=1,local_gb=95,local_gb_used=0,mapped=1,memory_mb=63277,memory_mb_used=512,metrics='[]',numa_topology='{"nova_object.name": "NUMATopology", "nova_object.namespace": "nova", "nova_object.version": "1.2", "nova_object.data": {"cells": [{"nova_object.name": "NUMACell", "nova_object.namespace": "nova", "nova_object.version": "1.5", "nova_object.data": {"id": 0, "cpuset": [0, 1, 2, 3, 4, 5, 6, 7, 8, 9, 10, 11, 12, 13, 14, 15], "pcpuset": [0, 1, 2, 3, 4, 5, 6, 7, 8, 9, 10, 11, 12, 13, 14, 15], "memory": 63277, "cpu_usage": 0, "memory_usage": 0, "pinned_cpus": [], "siblings": [[6], [12], [2], [15], [5], [11], [8], [14], [4], [1], [7], [10], [0], [13], [3], [9]], "mempages": [{"nova_object.name": "NUMAPagesTopology", "nova_object.namespace": "nova", "nova_object.version": "1.1", "nova_object.data": {"size_kb": 4, "total": 16177931, "used": 0, "reserved": 0}, "nova_object.changes": ["used", "size_kb", "reserved", "total"]}, {"nova_object.name": "NUMAPagesTopology", "nova_object.namespace": "nova", "nova_object.version": "1.1", "nova_object.data": {"size_kb": 2048, "total": 41, "used": 0, "reserved": 0}, "nova_object.changes": ["used", "size_kb", "reserved", "total"]}, {"nova_object.name": "NUMAPagesTopology", "nova_object.namespace": "nova", "nova_object.version": "1.1", "nova_object.data": {"size_kb": 1048576, "total": 0, "used": 0, "reserved": 0}, "nova_object.changes": ["used", "size_kb", "reserved", "total"]}], "network_metadata": {"nova_object.name": "NetworkMetadata", "nova_object.namespace": "nova", "nova_object.version": "1.0", "nova_object.data": {"physnets": [], "tunneled": false}, "nova_object.changes": ["tunneled", "physnets"]}, "socket": null}, "nova_object.changes": ["cpuset", "memory", "id", "mempages", "socket", "cpu_usage", "network_metadata", "pinned_cpus", "siblings", "memory_usage", "pcpuset"]}]}, "nova_object.changes": ["cells"]}',pci_device_pools=PciDevicePoolList,ram_allocation_ratio=1.0,running_vms=0,service_id=3,stats={failed_builds='0',uptime=' 06:20:55 up 13 min, 2 users, load average: 1.40, 1.45, 0.85
Jun 30 06:21:17.891214 np0000003941 nova-scheduler[93267]: '},supported_hv_specs=[HVSpec,HVSpec,HVSpec,HVSpec,HVSpec,HVSpec,HVSpec,HVSpec,HVSpec,HVSpec,HVSpec,HVSpec,HVSpec,HVSpec,HVSpec,HVSpec,HVSpec,HVSpec,HVSpec,HVSpec,HVSpec,HVSpec,HVSpec,HVSpec,HVSpec],updated_at=2026-06-30T06:20:57Z,uuid=18849e80-0f37-485a-a96f-1f0c8fcaefbc,vcpus=16,vcpus_used=0) {{(pid=93267) _locked_update /opt/stack/nova/nova/scheduler/host_manager.py:168}}
Jun 30 06:21:17.892531 np0000003941 nova-scheduler[93267]: DEBUG nova.scheduler.host_manager [None req-a6efaef8-a1ec-44cb-b632-0022d21b8243 tempest-ServerActionsTestOtherB-964056442 tempest-ServerActionsTestOtherB-964056442-project-member] Update host state with aggregates: [] {{(pid=93267) _locked_update /opt/stack/nova/nova/scheduler/host_manager.py:171}}
Jun 30 06:21:17.892531 np0000003941 nova-scheduler[93267]: DEBUG nova.scheduler.host_manager [None req-a6efaef8-a1ec-44cb-b632-0022d21b8243 tempest-ServerActionsTestOtherB-964056442 tempest-ServerActionsTestOtherB-964056442-project-member] Update host state with service dict: {'id': 3, 'uuid': 'e998498e-6a67-429e-ac19-31eb5ee2c470', 'host': 'np0000003941', 'binary': 'nova-compute', 'topic': 'compute', 'report_count': 1, 'disabled': False, 'disabled_reason': None, 'last_seen_up': datetime.datetime(2026, 6, 30, 6, 19, 19, tzinfo=datetime.timezone.utc), 'forced_down': False, 'version': 72, 'created_at': datetime.datetime(2026, 6, 30, 6, 19, 9, tzinfo=datetime.timezone.utc), 'updated_at': datetime.datetime(2026, 6, 30, 6, 19, 19, tzinfo=datetime.timezone.utc), 'deleted_at': None, 'deleted': False} {{(pid=93267) _locked_update /opt/stack/nova/nova/scheduler/host_manager.py:174}}
Jun 30 06:21:17.892669 np0000003941 nova-scheduler[93267]: DEBUG nova.scheduler.host_manager [None req-a6efaef8-a1ec-44cb-b632-0022d21b8243 tempest-ServerActionsTestOtherB-964056442 tempest-ServerActionsTestOtherB-964056442-project-member] Update host state with instances: [] {{(pid=93267) _locked_update /opt/stack/nova/nova/scheduler/host_manager.py:177}}
Jun 30 06:21:17.893190 np0000003941 nova-scheduler[93267]: DEBUG oslo_concurrency.lockutils [None req-a6efaef8-a1ec-44cb-b632-0022d21b8243 tempest-ServerActionsTestOtherB-964056442 tempest-ServerActionsTestOtherB-964056442-project-member] Lock "np0000003941-np0000003941" "released" by "nova.scheduler.host_manager.HostState.update.._locked_update" :: held 0.003s {{(pid=93267) inner /opt/stack/data/venv/lib/python3.12/site-packages/oslo_concurrency/lockutils.py:543}}
Jun 30 06:21:17.893817 np0000003941 nova-scheduler[93267]: DEBUG nova.filters [None req-a6efaef8-a1ec-44cb-b632-0022d21b8243 tempest-ServerActionsTestOtherB-964056442 tempest-ServerActionsTestOtherB-964056442-project-member] Starting with 1 host(s) {{(pid=93267) get_filtered_objects /opt/stack/nova/nova/filters.py:70}}
Jun 30 06:21:17.894139 np0000003941 nova-scheduler[93267]: DEBUG nova.filters [None req-a6efaef8-a1ec-44cb-b632-0022d21b8243 tempest-ServerActionsTestOtherB-964056442 tempest-ServerActionsTestOtherB-964056442-project-member] Filter ComputeFilter returned 1 host(s) {{(pid=93267) get_filtered_objects /opt/stack/nova/nova/filters.py:102}}
Jun 30 06:21:17.894577 np0000003941 nova-scheduler[93267]: DEBUG nova.filters [None req-a6efaef8-a1ec-44cb-b632-0022d21b8243 tempest-ServerActionsTestOtherB-964056442 tempest-ServerActionsTestOtherB-964056442-project-member] Filter ComputeCapabilitiesFilter returned 1 host(s) {{(pid=93267) get_filtered_objects /opt/stack/nova/nova/filters.py:102}}
Jun 30 06:21:17.894804 np0000003941 nova-scheduler[93267]: DEBUG nova.filters [None req-a6efaef8-a1ec-44cb-b632-0022d21b8243 tempest-ServerActionsTestOtherB-964056442 tempest-ServerActionsTestOtherB-964056442-project-member] Filter ImagePropertiesFilter returned 1 host(s) {{(pid=93267) get_filtered_objects /opt/stack/nova/nova/filters.py:102}}
Jun 30 06:21:17.895189 np0000003941 nova-scheduler[93267]: DEBUG nova.filters [None req-a6efaef8-a1ec-44cb-b632-0022d21b8243 tempest-ServerActionsTestOtherB-964056442 tempest-ServerActionsTestOtherB-964056442-project-member] Filter ServerGroupAntiAffinityFilter returned 1 host(s) {{(pid=93267) get_filtered_objects /opt/stack/nova/nova/filters.py:102}}
Jun 30 06:21:17.895350 np0000003941 nova-scheduler[93267]: DEBUG nova.filters [None req-a6efaef8-a1ec-44cb-b632-0022d21b8243 tempest-ServerActionsTestOtherB-964056442 tempest-ServerActionsTestOtherB-964056442-project-member] Filter ServerGroupAffinityFilter returned 1 host(s) {{(pid=93267) get_filtered_objects /opt/stack/nova/nova/filters.py:102}}
Jun 30 06:21:17.895532 np0000003941 nova-scheduler[93267]: DEBUG nova.filters [None req-a6efaef8-a1ec-44cb-b632-0022d21b8243 tempest-ServerActionsTestOtherB-964056442 tempest-ServerActionsTestOtherB-964056442-project-member] Filter SameHostFilter returned 1 host(s) {{(pid=93267) get_filtered_objects /opt/stack/nova/nova/filters.py:102}}
Jun 30 06:21:17.895781 np0000003941 nova-scheduler[93267]: DEBUG nova.filters [None req-a6efaef8-a1ec-44cb-b632-0022d21b8243 tempest-ServerActionsTestOtherB-964056442 tempest-ServerActionsTestOtherB-964056442-project-member] Filter DifferentHostFilter returned 1 host(s) {{(pid=93267) get_filtered_objects /opt/stack/nova/nova/filters.py:102}}
Jun 30 06:21:17.895963 np0000003941 nova-scheduler[93267]: DEBUG nova.scheduler.manager [None req-a6efaef8-a1ec-44cb-b632-0022d21b8243 tempest-ServerActionsTestOtherB-964056442 tempest-ServerActionsTestOtherB-964056442-project-member] Filtered [(np0000003941, np0000003941) ram: 62765MB disk: 74752MB io_ops: 0 instances: 0, allocation_candidates: 1] {{(pid=93267) _get_sorted_hosts /opt/stack/nova/nova/scheduler/manager.py:742}}
Jun 30 06:21:17.896541 np0000003941 nova-scheduler[93267]: DEBUG nova.scheduler.manager [None req-a6efaef8-a1ec-44cb-b632-0022d21b8243 tempest-ServerActionsTestOtherB-964056442 tempest-ServerActionsTestOtherB-964056442-project-member] Weighed [WeighedHost [host: (np0000003941, np0000003941) ram: 62765MB disk: 74752MB io_ops: 0 instances: 0, allocation_candidates: 1, weight: 0.0]] {{(pid=93267) _get_sorted_hosts /opt/stack/nova/nova/scheduler/manager.py:764}}
Jun 30 06:21:17.896976 np0000003941 nova-scheduler[93267]: DEBUG nova.scheduler.utils [None req-a6efaef8-a1ec-44cb-b632-0022d21b8243 tempest-ServerActionsTestOtherB-964056442 tempest-ServerActionsTestOtherB-964056442-project-member] Attempting to claim resources in the placement API for instance 69ad96c0-a55b-4a11-a399-7e9d4d678852 {{(pid=93267) claim_resources /opt/stack/nova/nova/scheduler/utils.py:1345}}
Jun 30 06:21:18.004488 np0000003941 nova-scheduler[93269]: INFO nova.utils [None req-315f8e08-5186-474f-93ad-3ad86c6cc542 tempest-ServerStableDeviceRescueTest-1411898151 tempest-ServerStableDeviceRescueTest-1411898151-project-member] The cell worker thread pool ForkProcess-3.cell_worker is initialized
Jun 30 06:21:18.004819 np0000003941 nova-scheduler[93269]: DEBUG oslo_concurrency.lockutils [None req-315f8e08-5186-474f-93ad-3ad86c6cc542 tempest-ServerStableDeviceRescueTest-1411898151 tempest-ServerStableDeviceRescueTest-1411898151-project-member] Acquiring lock "b0c1321d-9c85-42d6-bf15-719f3361865b" by "nova.context.set_target_cell..get_or_set_cached_cell_and_set_connections" {{(pid=93269) inner /opt/stack/data/venv/lib/python3.12/site-packages/oslo_concurrency/lockutils.py:511}}
Jun 30 06:21:18.005128 np0000003941 nova-scheduler[93269]: DEBUG oslo_concurrency.lockutils [None req-315f8e08-5186-474f-93ad-3ad86c6cc542 tempest-ServerStableDeviceRescueTest-1411898151 tempest-ServerStableDeviceRescueTest-1411898151-project-member] Lock "b0c1321d-9c85-42d6-bf15-719f3361865b" acquired by "nova.context.set_target_cell..get_or_set_cached_cell_and_set_connections" :: waited 0.000s {{(pid=93269) inner /opt/stack/data/venv/lib/python3.12/site-packages/oslo_concurrency/lockutils.py:524}}
Jun 30 06:21:18.006768 np0000003941 nova-scheduler[93269]: DEBUG oslo_concurrency.lockutils [None req-315f8e08-5186-474f-93ad-3ad86c6cc542 tempest-ServerStableDeviceRescueTest-1411898151 tempest-ServerStableDeviceRescueTest-1411898151-project-member] Lock "b0c1321d-9c85-42d6-bf15-719f3361865b" "released" by "nova.context.set_target_cell..get_or_set_cached_cell_and_set_connections" :: held 0.002s {{(pid=93269) inner /opt/stack/data/venv/lib/python3.12/site-packages/oslo_concurrency/lockutils.py:543}}
Jun 30 06:21:18.008923 np0000003941 nova-scheduler[93269]: INFO dbcounter [None req-315f8e08-5186-474f-93ad-3ad86c6cc542 tempest-ServerStableDeviceRescueTest-1411898151 tempest-ServerStableDeviceRescueTest-1411898151-project-member] Registered counter for database nova_cell1
Jun 30 06:21:18.047520 np0000003941 nova-scheduler[93269]: DEBUG oslo_db.sqlalchemy.engines [None req-315f8e08-5186-474f-93ad-3ad86c6cc542 tempest-ServerStableDeviceRescueTest-1411898151 tempest-ServerStableDeviceRescueTest-1411898151-project-member] MySQL server mode set to STRICT_TRANS_TABLES,STRICT_ALL_TABLES,NO_ZERO_IN_DATE,NO_ZERO_DATE,ERROR_FOR_DIVISION_BY_ZERO,TRADITIONAL,NO_ENGINE_SUBSTITUTION {{(pid=93269) _check_effective_sql_mode /opt/stack/data/venv/lib/python3.12/site-packages/oslo_db/sqlalchemy/engines.py:325}}
Jun 30 06:21:18.056006 np0000003941 nova-scheduler[93269]: DEBUG dbcounter [-] [93269] Writer thread running {{(pid=93269) stat_writer /opt/stack/data/venv/lib/python3.12/site-packages/dbcounter.py:102}}
Jun 30 06:21:18.096222 np0000003941 nova-scheduler[93267]: DEBUG nova.scheduler.manager [None req-a6efaef8-a1ec-44cb-b632-0022d21b8243 tempest-ServerActionsTestOtherB-964056442 tempest-ServerActionsTestOtherB-964056442-project-member] [instance: 69ad96c0-a55b-4a11-a399-7e9d4d678852] Selected host: (np0000003941, np0000003941) ram: 62765MB disk: 74752MB io_ops: 0 instances: 0, allocation_candidates: 1 {{(pid=93267) _consume_selected_host /opt/stack/nova/nova/scheduler/manager.py:624}}
Jun 30 06:21:18.098022 np0000003941 nova-scheduler[93267]: DEBUG oslo_concurrency.lockutils [None req-a6efaef8-a1ec-44cb-b632-0022d21b8243 tempest-ServerActionsTestOtherB-964056442 tempest-ServerActionsTestOtherB-964056442-project-member] Acquiring lock "np0000003941-np0000003941" by "nova.scheduler.host_manager.HostState.consume_from_request.._locked" {{(pid=93267) inner /opt/stack/data/venv/lib/python3.12/site-packages/oslo_concurrency/lockutils.py:511}}
Jun 30 06:21:18.098220 np0000003941 nova-scheduler[93267]: DEBUG oslo_concurrency.lockutils [None req-a6efaef8-a1ec-44cb-b632-0022d21b8243 tempest-ServerActionsTestOtherB-964056442 tempest-ServerActionsTestOtherB-964056442-project-member] Lock "np0000003941-np0000003941" acquired by "nova.scheduler.host_manager.HostState.consume_from_request.._locked" :: waited 0.000s {{(pid=93267) inner /opt/stack/data/venv/lib/python3.12/site-packages/oslo_concurrency/lockutils.py:524}}
Jun 30 06:21:18.098436 np0000003941 nova-scheduler[93267]: DEBUG oslo_concurrency.lockutils [None req-a6efaef8-a1ec-44cb-b632-0022d21b8243 tempest-ServerActionsTestOtherB-964056442 tempest-ServerActionsTestOtherB-964056442-project-member] Lock "np0000003941-np0000003941" "released" by "nova.scheduler.host_manager.HostState.consume_from_request.._locked" :: held 0.000s {{(pid=93267) inner /opt/stack/data/venv/lib/python3.12/site-packages/oslo_concurrency/lockutils.py:543}}
Jun 30 06:21:18.131049 np0000003941 nova-scheduler[93269]: DEBUG dbcounter [-] [93269] Writer thread running {{(pid=93269) stat_writer /opt/stack/data/venv/lib/python3.12/site-packages/dbcounter.py:102}}
Jun 30 06:21:18.134563 np0000003941 nova-scheduler[93269]: DEBUG oslo_concurrency.lockutils [None req-315f8e08-5186-474f-93ad-3ad86c6cc542 tempest-ServerStableDeviceRescueTest-1411898151 tempest-ServerStableDeviceRescueTest-1411898151-project-member] Acquiring lock "b0c1321d-9c85-42d6-bf15-719f3361865b" by "nova.context.set_target_cell..get_or_set_cached_cell_and_set_connections" {{(pid=93269) inner /opt/stack/data/venv/lib/python3.12/site-packages/oslo_concurrency/lockutils.py:511}}
Jun 30 06:21:18.134695 np0000003941 nova-scheduler[93269]: DEBUG oslo_concurrency.lockutils [None req-315f8e08-5186-474f-93ad-3ad86c6cc542 tempest-ServerStableDeviceRescueTest-1411898151 tempest-ServerStableDeviceRescueTest-1411898151-project-member] Lock "b0c1321d-9c85-42d6-bf15-719f3361865b" acquired by "nova.context.set_target_cell..get_or_set_cached_cell_and_set_connections" :: waited 0.000s {{(pid=93269) inner /opt/stack/data/venv/lib/python3.12/site-packages/oslo_concurrency/lockutils.py:524}}
Jun 30 06:21:18.134885 np0000003941 nova-scheduler[93269]: DEBUG oslo_concurrency.lockutils [None req-315f8e08-5186-474f-93ad-3ad86c6cc542 tempest-ServerStableDeviceRescueTest-1411898151 tempest-ServerStableDeviceRescueTest-1411898151-project-member] Lock "b0c1321d-9c85-42d6-bf15-719f3361865b" "released" by "nova.context.set_target_cell..get_or_set_cached_cell_and_set_connections" :: held 0.000s {{(pid=93269) inner /opt/stack/data/venv/lib/python3.12/site-packages/oslo_concurrency/lockutils.py:543}}
Jun 30 06:21:18.138602 np0000003941 nova-scheduler[93269]: DEBUG oslo_concurrency.lockutils [None req-315f8e08-5186-474f-93ad-3ad86c6cc542 tempest-ServerStableDeviceRescueTest-1411898151 tempest-ServerStableDeviceRescueTest-1411898151-project-member] Acquiring lock "np0000003941-np0000003941" by "nova.scheduler.host_manager.HostState.update.._locked_update" {{(pid=93269) inner /opt/stack/data/venv/lib/python3.12/site-packages/oslo_concurrency/lockutils.py:511}}
