Jun 08 15:40:12.523008 np0000002324 devstack@neutron-api.service[89888]: DEBUG ovsdbapp.backend.ovs_idl.transaction [None req-bb6034ac-c4ba-4eaa-b33e-b32d3f5dd7db None None] Transaction caused no change {{(pid=89888) do_commit /opt/stack/data/venv/lib/python3.12/site-packages/ovsdbapp/backend/ovs_idl/transaction.py:129}}
Jun 08 15:40:18.788629 np0000002324 devstack@neutron-api.service[89888]: DEBUG futurist.periodics [-] Submitting periodic callback 'neutron.plugins.ml2.drivers.ovn.mech_driver.ovsdb.maintenance.HashRingHealthCheckPeriodics.touch_hash_ring_node' {{(pid=89888) _process_scheduled /opt/stack/data/venv/lib/python3.12/site-packages/futurist/periodics.py:784}}
Jun 08 15:40:18.789036 np0000002324 devstack@neutron-api.service[89888]: DEBUG neutron.plugins.ml2.drivers.ovn.mech_driver.ovsdb.maintenance [-] Touching Hash Ring node "f763e6677e6659e2b61ba35499b59e5e" from periodic health check thread {{(pid=89888) touch_hash_ring_node /opt/stack/neutron/neutron/plugins/ml2/drivers/ovn/mech_driver/ovsdb/maintenance.py:1421}}
Jun 08 15:40:19.636613 np0000002324 devstack@neutron-api.service[89889]: DEBUG futurist.periodics [-] Submitting periodic callback 'neutron.plugins.ml2.drivers.ovn.mech_driver.ovsdb.maintenance.HashRingHealthCheckPeriodics.touch_hash_ring_node' {{(pid=89889) _process_scheduled /opt/stack/data/venv/lib/python3.12/site-packages/futurist/periodics.py:784}}
Jun 08 15:40:19.637049 np0000002324 devstack@neutron-api.service[89889]: DEBUG neutron.plugins.ml2.drivers.ovn.mech_driver.ovsdb.maintenance [-] Touching Hash Ring node "0b724d5e46665a7a9eaf61d47536ee57" from periodic health check thread {{(pid=89889) touch_hash_ring_node /opt/stack/neutron/neutron/plugins/ml2/drivers/ovn/mech_driver/ovsdb/maintenance.py:1421}}
Jun 08 15:40:19.679472 np0000002324 devstack@neutron-api.service[89887]: DEBUG futurist.periodics [-] Submitting periodic callback 'neutron.plugins.ml2.drivers.ovn.mech_driver.ovsdb.maintenance.HashRingHealthCheckPeriodics.touch_hash_ring_node' {{(pid=89887) _process_scheduled /opt/stack/data/venv/lib/python3.12/site-packages/futurist/periodics.py:784}}
Jun 08 15:40:19.679998 np0000002324 devstack@neutron-api.service[89887]: DEBUG neutron.plugins.ml2.drivers.ovn.mech_driver.ovsdb.maintenance [-] Touching Hash Ring node "209c6ec9c427538994035c3bfd5c5700" from periodic health check thread {{(pid=89887) touch_hash_ring_node /opt/stack/neutron/neutron/plugins/ml2/drivers/ovn/mech_driver/ovsdb/maintenance.py:1421}}
Jun 08 15:40:28.802959 np0000002324 devstack@neutron-api.service[89888]: DEBUG dbcounter [-] [89888] Writing DB stats neutron:SELECT=3148,neutron:INSERT=730,neutron:DELETE=12,neutron:UPDATE=126 {{(pid=89888) stat_writer /opt/stack/data/venv/lib/python3.12/site-packages/dbcounter.py:115}}
Jun 08 15:40:29.642428 np0000002324 devstack@neutron-api.service[89889]: DEBUG dbcounter [-] [89889] Writing DB stats neutron:SELECT=597,neutron:INSERT=17,neutron:DELETE=5,neutron:UPDATE=20 {{(pid=89889) stat_writer /opt/stack/data/venv/lib/python3.12/site-packages/dbcounter.py:115}}
Jun 08 15:40:29.685917 np0000002324 devstack@neutron-api.service[89887]: DEBUG dbcounter [-] [89887] Writing DB stats neutron:SELECT=1900,neutron:INSERT=55,neutron:DELETE=9,neutron:UPDATE=48 {{(pid=89887) stat_writer /opt/stack/data/venv/lib/python3.12/site-packages/dbcounter.py:115}}
Jun 08 15:40:33.789433 np0000002324 devstack@neutron-api.service[89888]: DEBUG futurist.periodics [-] Submitting periodic callback 'neutron.plugins.ml2.drivers.ovn.mech_driver.ovsdb.maintenance.HashRingHealthCheckPeriodics.touch_hash_ring_node' {{(pid=89888) _process_scheduled /opt/stack/data/venv/lib/python3.12/site-packages/futurist/periodics.py:784}}
Jun 08 15:40:33.789855 np0000002324 devstack@neutron-api.service[89888]: DEBUG neutron.plugins.ml2.drivers.ovn.mech_driver.ovsdb.maintenance [-] Touching Hash Ring node "f763e6677e6659e2b61ba35499b59e5e" from periodic health check thread {{(pid=89888) touch_hash_ring_node /opt/stack/neutron/neutron/plugins/ml2/drivers/ovn/mech_driver/ovsdb/maintenance.py:1421}}
Jun 08 15:40:34.637108 np0000002324 devstack@neutron-api.service[89889]: DEBUG futurist.periodics [-] Submitting periodic callback 'neutron.plugins.ml2.drivers.ovn.mech_driver.ovsdb.maintenance.HashRingHealthCheckPeriodics.touch_hash_ring_node' {{(pid=89889) _process_scheduled /opt/stack/data/venv/lib/python3.12/site-packages/futurist/periodics.py:784}}
Jun 08 15:40:34.637504 np0000002324 devstack@neutron-api.service[89889]: DEBUG neutron.plugins.ml2.drivers.ovn.mech_driver.ovsdb.maintenance [-] Touching Hash Ring node "0b724d5e46665a7a9eaf61d47536ee57" from periodic health check thread {{(pid=89889) touch_hash_ring_node /opt/stack/neutron/neutron/plugins/ml2/drivers/ovn/mech_driver/ovsdb/maintenance.py:1421}}
Jun 08 15:40:34.680742 np0000002324 devstack@neutron-api.service[89887]: DEBUG futurist.periodics [-] Submitting periodic callback 'neutron.plugins.ml2.drivers.ovn.mech_driver.ovsdb.maintenance.HashRingHealthCheckPeriodics.touch_hash_ring_node' {{(pid=89887) _process_scheduled /opt/stack/data/venv/lib/python3.12/site-packages/futurist/periodics.py:784}}
Jun 08 15:40:34.681084 np0000002324 devstack@neutron-api.service[89887]: DEBUG neutron.plugins.ml2.drivers.ovn.mech_driver.ovsdb.maintenance [-] Touching Hash Ring node "209c6ec9c427538994035c3bfd5c5700" from periodic health check thread {{(pid=89887) touch_hash_ring_node /opt/stack/neutron/neutron/plugins/ml2/drivers/ovn/mech_driver/ovsdb/maintenance.py:1421}}
Jun 08 15:40:43.797114 np0000002324 devstack@neutron-api.service[89888]: DEBUG dbcounter [-] [89888] Writing DB stats neutron:UPDATE=1,neutron:SELECT=1 {{(pid=89888) stat_writer /opt/stack/data/venv/lib/python3.12/site-packages/dbcounter.py:115}}
Jun 08 15:40:44.645275 np0000002324 devstack@neutron-api.service[89889]: DEBUG dbcounter [-] [89889] Writing DB stats neutron:UPDATE=1,neutron:SELECT=1 {{(pid=89889) stat_writer /opt/stack/data/venv/lib/python3.12/site-packages/dbcounter.py:115}}
Jun 08 15:40:44.686737 np0000002324 devstack@neutron-api.service[89887]: DEBUG dbcounter [-] [89887] Writing DB stats neutron:UPDATE=1,neutron:SELECT=1 {{(pid=89887) stat_writer /opt/stack/data/venv/lib/python3.12/site-packages/dbcounter.py:115}}
Jun 08 15:40:48.790011 np0000002324 devstack@neutron-api.service[89888]: DEBUG futurist.periodics [-] Submitting periodic callback 'neutron.plugins.ml2.drivers.ovn.mech_driver.ovsdb.maintenance.HashRingHealthCheckPeriodics.touch_hash_ring_node' {{(pid=89888) _process_scheduled /opt/stack/data/venv/lib/python3.12/site-packages/futurist/periodics.py:784}}
Jun 08 15:40:48.790387 np0000002324 devstack@neutron-api.service[89888]: DEBUG neutron.plugins.ml2.drivers.ovn.mech_driver.ovsdb.maintenance [-] Touching Hash Ring node "f763e6677e6659e2b61ba35499b59e5e" from periodic health check thread {{(pid=89888) touch_hash_ring_node /opt/stack/neutron/neutron/plugins/ml2/drivers/ovn/mech_driver/ovsdb/maintenance.py:1421}}
Jun 08 15:40:49.637543 np0000002324 devstack@neutron-api.service[89889]: DEBUG futurist.periodics [-] Submitting periodic callback 'neutron.plugins.ml2.drivers.ovn.mech_driver.ovsdb.maintenance.HashRingHealthCheckPeriodics.touch_hash_ring_node' {{(pid=89889) _process_scheduled /opt/stack/data/venv/lib/python3.12/site-packages/futurist/periodics.py:784}}
Jun 08 15:40:49.637860 np0000002324 devstack@neutron-api.service[89889]: DEBUG neutron.plugins.ml2.drivers.ovn.mech_driver.ovsdb.maintenance [-] Touching Hash Ring node "0b724d5e46665a7a9eaf61d47536ee57" from periodic health check thread {{(pid=89889) touch_hash_ring_node /opt/stack/neutron/neutron/plugins/ml2/drivers/ovn/mech_driver/ovsdb/maintenance.py:1421}}
Jun 08 15:40:49.681123 np0000002324 devstack@neutron-api.service[89887]: DEBUG futurist.periodics [-] Submitting periodic callback 'neutron.plugins.ml2.drivers.ovn.mech_driver.ovsdb.maintenance.HashRingHealthCheckPeriodics.touch_hash_ring_node' {{(pid=89887) _process_scheduled /opt/stack/data/venv/lib/python3.12/site-packages/futurist/periodics.py:784}}
Jun 08 15:40:49.681503 np0000002324 devstack@neutron-api.service[89887]: DEBUG neutron.plugins.ml2.drivers.ovn.mech_driver.ovsdb.maintenance [-] Touching Hash Ring node "209c6ec9c427538994035c3bfd5c5700" from periodic health check thread {{(pid=89887) touch_hash_ring_node /opt/stack/neutron/neutron/plugins/ml2/drivers/ovn/mech_driver/ovsdb/maintenance.py:1421}}
Jun 08 15:40:58.796210 np0000002324 devstack@neutron-api.service[89888]: DEBUG dbcounter [-] [89888] Writing DB stats neutron:UPDATE=1,neutron:SELECT=1 {{(pid=89888) stat_writer /opt/stack/data/venv/lib/python3.12/site-packages/dbcounter.py:115}}
Jun 08 15:40:59.644063 np0000002324 devstack@neutron-api.service[89889]: DEBUG dbcounter [-] [89889] Writing DB stats neutron:UPDATE=1,neutron:SELECT=1 {{(pid=89889) stat_writer /opt/stack/data/venv/lib/python3.12/site-packages/dbcounter.py:115}}
Jun 08 15:40:59.686962 np0000002324 devstack@neutron-api.service[89887]: DEBUG dbcounter [-] [89887] Writing DB stats neutron:UPDATE=1,neutron:SELECT=1 {{(pid=89887) stat_writer /opt/stack/data/venv/lib/python3.12/site-packages/dbcounter.py:115}}
Jun 08 15:41:03.790489 np0000002324 devstack@neutron-api.service[89888]: DEBUG futurist.periodics [-] Submitting periodic callback 'neutron.plugins.ml2.drivers.ovn.mech_driver.ovsdb.maintenance.HashRingHealthCheckPeriodics.touch_hash_ring_node' {{(pid=89888) _process_scheduled /opt/stack/data/venv/lib/python3.12/site-packages/futurist/periodics.py:784}}
Jun 08 15:41:03.790845 np0000002324 devstack@neutron-api.service[89888]: DEBUG neutron.plugins.ml2.drivers.ovn.mech_driver.ovsdb.maintenance [-] Touching Hash Ring node "f763e6677e6659e2b61ba35499b59e5e" from periodic health check thread {{(pid=89888) touch_hash_ring_node /opt/stack/neutron/neutron/plugins/ml2/drivers/ovn/mech_driver/ovsdb/maintenance.py:1421}}
Jun 08 15:41:04.638037 np0000002324 devstack@neutron-api.service[89889]: DEBUG futurist.periodics [-] Submitting periodic callback 'neutron.plugins.ml2.drivers.ovn.mech_driver.ovsdb.maintenance.HashRingHealthCheckPeriodics.touch_hash_ring_node' {{(pid=89889) _process_scheduled /opt/stack/data/venv/lib/python3.12/site-packages/futurist/periodics.py:784}}
Jun 08 15:41:04.638479 np0000002324 devstack@neutron-api.service[89889]: DEBUG neutron.plugins.ml2.drivers.ovn.mech_driver.ovsdb.maintenance [-] Touching Hash Ring node "0b724d5e46665a7a9eaf61d47536ee57" from periodic health check thread {{(pid=89889) touch_hash_ring_node /opt/stack/neutron/neutron/plugins/ml2/drivers/ovn/mech_driver/ovsdb/maintenance.py:1421}}
Jun 08 15:41:04.681685 np0000002324 devstack@neutron-api.service[89887]: DEBUG futurist.periodics [-] Submitting periodic callback 'neutron.plugins.ml2.drivers.ovn.mech_driver.ovsdb.maintenance.HashRingHealthCheckPeriodics.touch_hash_ring_node' {{(pid=89887) _process_scheduled /opt/stack/data/venv/lib/python3.12/site-packages/futurist/periodics.py:784}}
Jun 08 15:41:04.682120 np0000002324 devstack@neutron-api.service[89887]: DEBUG neutron.plugins.ml2.drivers.ovn.mech_driver.ovsdb.maintenance [-] Touching Hash Ring node "209c6ec9c427538994035c3bfd5c5700" from periodic health check thread {{(pid=89887) touch_hash_ring_node /opt/stack/neutron/neutron/plugins/ml2/drivers/ovn/mech_driver/ovsdb/maintenance.py:1421}}
Jun 08 15:41:10.818815 np0000002324 devstack@neutron-api.service[89887]: DEBUG neutron.api.wsgi [None req-968584e8-01f5-4bc7-b37d-f5b5a768f9a1 admin admin] Missing Content-Type {{(pid=89887) get_content_type /opt/stack/neutron/neutron/api/wsgi.py:80}}
Jun 08 15:41:10.819379 np0000002324 devstack@neutron-api.service[89887]: DEBUG neutron.api.wsgi [None req-968584e8-01f5-4bc7-b37d-f5b5a768f9a1 admin admin] https://10.4.3.201/networking/v2.0/extensions returned with HTTP 200 {{(pid=89887) __call__ /opt/stack/neutron/neutron/api/wsgi.py:540}}
Jun 08 15:41:10.819455 np0000002324 devstack@neutron-api.service[89887]: [pid: 89887|app: 0|req: 11/34] 10.4.3.201 () {64 vars in 1292 bytes} [Mon Jun 8 15:41:10 2026] GET /networking/v2.0/extensions => generated 15873 bytes in 3 msecs (HTTP/1.1 200) 4 headers in 159 bytes (1 switches on core 0)
Jun 08 15:41:11.078775 np0000002324 devstack@neutron-api.service[89888]: INFO neutron.pecan_wsgi.hooks.translation [None req-02fbc95b-2fab-45bf-bc0d-36c52b47537f admin admin] GET failed (client error): The resource could not be found.
Jun 08 15:41:11.079427 np0000002324 devstack@neutron-api.service[89888]: [pid: 89888|app: 0|req: 13/35] 10.4.3.201 () {64 vars in 1294 bytes} [Mon Jun 8 15:41:11 2026] GET /networking/v2.0/networks/public => generated 108 bytes in 8 msecs (HTTP/1.1 404) 4 headers in 164 bytes (1 switches on core 0)
Jun 08 15:41:11.120329 np0000002324 devstack@neutron-api.service[89889]: DEBUG neutron.pecan_wsgi.hooks.policy_enforcement [None req-b1dcc1da-0e31-4692-b6e2-0890fe0c5620 admin admin] Attributes excluded by policy engine: ['standard_attr_id'] {{(pid=89889) _exclude_attributes_by_policy /opt/stack/neutron/neutron/pecan_wsgi/hooks/policy_enforcement.py:256}}
Jun 08 15:41:11.121054 np0000002324 devstack@neutron-api.service[89889]: [pid: 89889|app: 0|req: 12/36] 10.4.3.201 () {64 vars in 1309 bytes} [Mon Jun 8 15:41:11 2026] GET /networking/v2.0/networks?name=public => generated 759 bytes in 35 msecs (HTTP/1.1 200) 4 headers in 157 bytes (1 switches on core 0)
Jun 08 15:41:11.308121 np0000002324 devstack@neutron-api.service[89887]: DEBUG neutron.api.v2.base [None req-c67bee23-568e-44e1-be29-01f93f7aefa9 admin admin] Request body: {'network': {'shared': True, 'name': 'shared', 'admin_state_up': True}} {{(pid=89887) prepare_request_body /opt/stack/neutron/neutron/api/v2/base.py:727}}
Jun 08 15:41:11.320025 np0000002324 devstack@neutron-api.service[89887]: DEBUG neutron.pecan_wsgi.hooks.quota_enforcement [None req-c67bee23-568e-44e1-be29-01f93f7aefa9 admin admin] Made reservation on behalf of 2e7a19f3db8042a2b075fbcad5cb98c5 for: {'network': 1} {{(pid=89887) before /opt/stack/neutron/neutron/pecan_wsgi/hooks/quota_enforcement.py:66}}
Jun 08 15:41:11.323561 np0000002324 devstack@neutron-api.service[89887]: DEBUG neutron_lib.callbacks.manager [None req-c67bee23-568e-44e1-be29-01f93f7aefa9 admin admin] Publish callbacks ['neutron.plugins.ml2.plugin.SecurityGroupDbMixin._ensure_default_security_group_handler-46350'] for network (None), before_create {{(pid=89887) _notify_loop /opt/stack/data/venv/lib/python3.12/site-packages/neutron_lib/callbacks/manager.py:184}}
Jun 08 15:41:11.353793 np0000002324 devstack@neutron-api.service[89887]: WARNING neutron.services.revisions.revision_plugin [None req-c67bee23-568e-44e1-be29-01f93f7aefa9 admin admin] Could not find related network for resource to bump revision.
Jun 08 15:41:11.379101 np0000002324 devstack@neutron-api.service[89887]: DEBUG neutron.plugins.ml2.drivers.helpers [None req-c67bee23-568e-44e1-be29-01f93f7aefa9 admin admin] geneve segment allocate from pool success with {'geneve_vni': 426} {{(pid=89887) allocate_partially_specified_segment /opt/stack/neutron/neutron/plugins/ml2/drivers/helpers.py:142}}
Jun 08 15:41:11.385317 np0000002324 devstack@neutron-api.service[89887]: DEBUG neutron_lib.callbacks.manager [None req-c67bee23-568e-44e1-be29-01f93f7aefa9 admin admin] Publish callbacks ['neutron.plugins.ml2.plugin.Ml2Plugin._handle_segment_change-307842'] for segment (521efde1-0175-494b-a0a7-2b7bd2f2b94e), precommit_create {{(pid=89887) _notify_loop /opt/stack/data/venv/lib/python3.12/site-packages/neutron_lib/callbacks/manager.py:184}}
Jun 08 15:41:11.385506 np0000002324 devstack@neutron-api.service[89887]: INFO neutron.db.segments_db [None req-c67bee23-568e-44e1-be29-01f93f7aefa9 admin admin] Added segment 521efde1-0175-494b-a0a7-2b7bd2f2b94e of type geneve for network c4d35789-004e-4d33-bf6b-fe14aa5050d5
Jun 08 15:41:11.397201 np0000002324 devstack@neutron-api.service[89887]: DEBUG neutron_lib.callbacks.manager [None req-c67bee23-568e-44e1-be29-01f93f7aefa9 admin admin] Publish callbacks ['neutron.services.auto_allocate.db._ensure_external_network_default_value_callback-8733273331272'] for network (c4d35789-004e-4d33-bf6b-fe14aa5050d5), precommit_create {{(pid=89887) _notify_loop /opt/stack/data/venv/lib/python3.12/site-packages/neutron_lib/callbacks/manager.py:184}}
Jun 08 15:41:11.407366 np0000002324 devstack@neutron-api.service[89887]: DEBUG neutron.plugins.ml2.drivers.ovn.mech_driver.mech_driver [None req-c67bee23-568e-44e1-be29-01f93f7aefa9 admin admin] Validating network segment with type geneve, segmentation ID 426, physical network None {{(pid=89887) _validate_network_segments /opt/stack/neutron/neutron/plugins/ml2/drivers/ovn/mech_driver/mech_driver.py:643}}
Jun 08 15:41:11.407507 np0000002324 devstack@neutron-api.service[89887]: DEBUG neutron.db.ovn_revision_numbers_db [None req-c67bee23-568e-44e1-be29-01f93f7aefa9 admin admin] create_initial_revision uuid=c4d35789-004e-4d33-bf6b-fe14aa5050d5, type=networks, rev=-1 {{(pid=89887) create_initial_revision /opt/stack/neutron/neutron/db/ovn_revision_numbers_db.py:98}}
Jun 08 15:41:11.413228 np0000002324 devstack@neutron-api.service[89887]: DEBUG neutron_lib.callbacks.manager [None req-c67bee23-568e-44e1-be29-01f93f7aefa9 admin admin] Publish callbacks ['neutron.plugins.ml2.ovo_rpc._ObjectChangeHandler.handle_event-7285166'] for network (c4d35789-004e-4d33-bf6b-fe14aa5050d5), after_create {{(pid=89887) _notify_loop /opt/stack/data/venv/lib/python3.12/site-packages/neutron_lib/callbacks/manager.py:184}}
Jun 08 15:41:11.425309 np0000002324 devstack@neutron-api.service[89887]: DEBUG neutron.api.rpc.handlers.resources_rpc [None req-c67bee23-568e-44e1-be29-01f93f7aefa9 admin admin] Pushing event updated for resources: {'Network': ['ID=c4d35789-004e-4d33-bf6b-fe14aa5050d5,revision_number=1']} {{(pid=89887) push /opt/stack/neutron/neutron/api/rpc/handlers/resources_rpc.py:237}}
Jun 08 15:41:11.429072 np0000002324 devstack@neutron-api.service[89887]: DEBUG ovsdbapp.backend.ovs_idl.transaction [None req-cd10273b-79a5-45f8-b55e-4ea951ff3ddd None None] Running txn n=1 command(idx=0): CheckLivenessCommand(_result=None) {{(pid=89887) do_commit /opt/stack/data/venv/lib/python3.12/site-packages/ovsdbapp/backend/ovs_idl/transaction.py:89}}
Jun 08 15:41:11.433830 np0000002324 devstack@neutron-api.service[89888]: DEBUG neutron.plugins.ml2.drivers.ovn.mech_driver.ovsdb.ovsdb_monitor [None req-8eeb4efc-19a6-4653-9c6d-3f6811fb5dbb None None] ChassisAgentWriteEvent : Matched Chassis_Private, update, None None {{(pid=89888) matches /opt/stack/neutron/neutron/plugins/ml2/drivers/ovn/mech_driver/ovsdb/ovsdb_monitor.py:64}}
Jun 08 15:41:11.434894 np0000002324 devstack@neutron-api.service[89887]: DEBUG neutron.plugins.ml2.drivers.ovn.mech_driver.ovsdb.ovsdb_monitor [None req-c6636c92-eeca-4d38-a127-2cfb3f8f3701 None None] ChassisAgentWriteEvent : Matched Chassis_Private, update, None None {{(pid=89887) matches /opt/stack/neutron/neutron/plugins/ml2/drivers/ovn/mech_driver/ovsdb/ovsdb_monitor.py:64}}
Jun 08 15:41:11.435068 np0000002324 devstack@neutron-api.service[89889]: DEBUG neutron.plugins.ml2.drivers.ovn.mech_driver.ovsdb.ovsdb_monitor [None req-ba30abd7-7002-4773-9c5e-ba745facec47 None None] ChassisAgentWriteEvent : Matched Chassis_Private, update, None None {{(pid=89889) matches /opt/stack/neutron/neutron/plugins/ml2/drivers/ovn/mech_driver/ovsdb/ovsdb_monitor.py:64}}
Jun 08 15:41:11.441833 np0000002324 devstack@neutron-api.service[89888]: DEBUG neutron.common.ovn.hash_ring_manager [None req-bb6034ac-c4ba-4eaa-b33e-b32d3f5dd7db None None] Hash Ring loaded. 3 active nodes. 0 offline nodes {{(pid=89888) _load_hash_ring /opt/stack/neutron/neutron/common/ovn/hash_ring_manager.py:102}}
Jun 08 15:41:11.441961 np0000002324 devstack@neutron-api.service[89888]: DEBUG neutron.common.ovn.hash_ring_manager [None req-8eeb4efc-19a6-4653-9c6d-3f6811fb5dbb None None] Hash Ring loaded. 3 active nodes. 0 offline nodes {{(pid=89888) _load_hash_ring /opt/stack/neutron/neutron/common/ovn/hash_ring_manager.py:102}}
Jun 08 15:41:11.442509 np0000002324 devstack@neutron-api.service[89887]: DEBUG neutron.common.ovn.hash_ring_manager [None req-cd10273b-79a5-45f8-b55e-4ea951ff3ddd None None] Hash Ring loaded. 3 active nodes. 0 offline nodes {{(pid=89887) _load_hash_ring /opt/stack/neutron/neutron/common/ovn/hash_ring_manager.py:102}}
Jun 08 15:41:11.442747 np0000002324 devstack@neutron-api.service[89887]: DEBUG neutron.plugins.ml2.drivers.ovn.mech_driver.ovsdb.ovsdb_monitor [None req-cd10273b-79a5-45f8-b55e-4ea951ff3ddd None None] Hash Ring: Node 209c6ec9c427538994035c3bfd5c5700 (host: np0000002324) handling event "update" for row d79e6625-040f-459e-806b-b7fb57c2f9bd (table: NB_Global) {{(pid=89887) notify /opt/stack/neutron/neutron/plugins/ml2/drivers/ovn/mech_driver/ovsdb/ovsdb_monitor.py:1015}}
Jun 08 15:41:11.443247 np0000002324 devstack@neutron-api.service[89887]: DEBUG neutron.common.ovn.hash_ring_manager [None req-c6636c92-eeca-4d38-a127-2cfb3f8f3701 None None] Hash Ring loaded. 3 active nodes. 0 offline nodes {{(pid=89887) _load_hash_ring /opt/stack/neutron/neutron/common/ovn/hash_ring_manager.py:102}}
Jun 08 15:41:11.443417 np0000002324 devstack@neutron-api.service[89889]: DEBUG neutron.common.ovn.hash_ring_manager [None req-fe903f6a-e5c0-423d-80cf-b73392c59b13 None None] Hash Ring loaded. 3 active nodes. 0 offline nodes {{(pid=89889) _load_hash_ring /opt/stack/neutron/neutron/common/ovn/hash_ring_manager.py:102}}
Jun 08 15:41:11.444305 np0000002324 devstack@neutron-api.service[89887]: DEBUG neutron.plugins.ml2.drivers.ovn.mech_driver.ovsdb.ovsdb_monitor [None req-cd10273b-79a5-45f8-b55e-4ea951ff3ddd None None] Hash Ring: Node 209c6ec9c427538994035c3bfd5c5700 (host: np0000002324) handling event "update" for row d79e6625-040f-459e-806b-b7fb57c2f9bd (table: NB_Global) {{(pid=89887) notify /opt/stack/neutron/neutron/plugins/ml2/drivers/ovn/mech_driver/ovsdb/ovsdb_monitor.py:1015}}
Jun 08 15:41:11.444677 np0000002324 devstack@neutron-api.service[89889]: DEBUG neutron.common.ovn.hash_ring_manager [None req-ba30abd7-7002-4773-9c5e-ba745facec47 None None] Hash Ring loaded. 3 active nodes. 0 offline nodes {{(pid=89889) _load_hash_ring /opt/stack/neutron/neutron/common/ovn/hash_ring_manager.py:102}}
Jun 08 15:41:11.444847 np0000002324 devstack@neutron-api.service[89889]: DEBUG neutron.plugins.ml2.drivers.ovn.mech_driver.ovsdb.ovsdb_monitor [None req-ba30abd7-7002-4773-9c5e-ba745facec47 None None] Hash Ring: Node 0b724d5e46665a7a9eaf61d47536ee57 (host: np0000002324) handling event "update" for row 8d7aff4f-5e88-4db4-8b0f-0685da834160 (table: Chassis_Private) {{(pid=89889) notify /opt/stack/neutron/neutron/plugins/ml2/drivers/ovn/mech_driver/ovsdb/ovsdb_monitor.py:1015}}
Jun 08 15:41:11.444882 np0000002324 devstack@neutron-api.service[89887]: DEBUG neutron.plugins.ml2.drivers.ovn.mech_driver.ovsdb.ovsdb_monitor [None req-cd10273b-79a5-45f8-b55e-4ea951ff3ddd None None] Hash Ring: Node 209c6ec9c427538994035c3bfd5c5700 (host: np0000002324) handling event "update" for row d79e6625-040f-459e-806b-b7fb57c2f9bd (table: NB_Global) {{(pid=89887) notify /opt/stack/neutron/neutron/plugins/ml2/drivers/ovn/mech_driver/ovsdb/ovsdb_monitor.py:1015}}
Jun 08 15:41:11.445417 np0000002324 devstack@neutron-api.service[89887]: DEBUG neutron.plugins.ml2.drivers.ovn.mech_driver.ovsdb.ovsdb_monitor [None req-cd10273b-79a5-45f8-b55e-4ea951ff3ddd None None] Hash Ring: Node 209c6ec9c427538994035c3bfd5c5700 (host: np0000002324) handling event "update" for row d79e6625-040f-459e-806b-b7fb57c2f9bd (table: NB_Global) {{(pid=89887) notify /opt/stack/neutron/neutron/plugins/ml2/drivers/ovn/mech_driver/ovsdb/ovsdb_monitor.py:1015}}
Jun 08 15:41:11.453409 np0000002324 devstack@neutron-api.service[89887]: DEBUG ovsdbapp.backend.ovs_idl.transaction [None req-cd10273b-79a5-45f8-b55e-4ea951ff3ddd None None] Running txn n=1 command(idx=0): AddNetworkCommand(_result=None, network_uuid=c4d35789-004e-4d33-bf6b-fe14aa5050d5, may_exist=True, columns={'external_ids': {'neutron:network_name': 'shared', 'neutron:mtu': '1372', 'neutron:revision_number': '1', 'neutron:availability_zone_hints': '', 'neutron:provnet-network-type': 'geneve'}, 'other_config': {'mcast_snoop': 'false', 'mcast_flood_unregistered': 'false', 'vlan-passthru': 'false'}}) {{(pid=89887) do_commit /opt/stack/data/venv/lib/python3.12/site-packages/ovsdbapp/backend/ovs_idl/transaction.py:89}}
Jun 08 15:41:11.456820 np0000002324 devstack@neutron-api.service[89889]: DEBUG neutron.plugins.ml2.drivers.ovn.mech_driver.ovsdb.ovsdb_monitor [None req-fe903f6a-e5c0-423d-80cf-b73392c59b13 None None] Hash Ring: Node 0b724d5e46665a7a9eaf61d47536ee57 (host: np0000002324) handling event "create" for row c4d35789-004e-4d33-bf6b-fe14aa5050d5 (table: Logical_Switch) {{(pid=89889) notify /opt/stack/neutron/neutron/plugins/ml2/drivers/ovn/mech_driver/ovsdb/ovsdb_monitor.py:1015}}
Jun 08 15:41:11.457203 np0000002324 devstack@neutron-api.service[89887]: DEBUG neutron.plugins.ml2.drivers.ovn.mech_driver.ovsdb.ovsdb_monitor [None req-c6636c92-eeca-4d38-a127-2cfb3f8f3701 None None] Hash Ring: Node 209c6ec9c427538994035c3bfd5c5700 (host: np0000002324) handling event "create" for row 4064d7be-87e7-496d-b00d-86d0beeb195a (table: Datapath_Binding) {{(pid=89887) notify /opt/stack/neutron/neutron/plugins/ml2/drivers/ovn/mech_driver/ovsdb/ovsdb_monitor.py:1015}}
Jun 08 15:41:11.470620 np0000002324 devstack@neutron-api.service[89887]: INFO neutron.db.ovn_revision_numbers_db [None req-c67bee23-568e-44e1-be29-01f93f7aefa9 admin admin] Successfully bumped revision number for resource c4d35789-004e-4d33-bf6b-fe14aa5050d5 (type: networks) to 1
Jun 08 15:41:11.480176 np0000002324 devstack@neutron-api.service[89887]: DEBUG neutron_lib.callbacks.manager [None req-c67bee23-568e-44e1-be29-01f93f7aefa9 admin admin] Publish callbacks ['neutron.plugins.ml2.plugin.SecurityGroupDbMixin._ensure_default_security_group_handler-46350'] for port (None), before_create {{(pid=89887) _notify_loop /opt/stack/data/venv/lib/python3.12/site-packages/neutron_lib/callbacks/manager.py:184}}
Jun 08 15:41:11.532193 np0000002324 devstack@neutron-api.service[89887]: DEBUG neutron_lib.callbacks.manager [None req-c67bee23-568e-44e1-be29-01f93f7aefa9 admin admin] Publish callbacks ['neutron.plugins.ml2.drivers.ovn.mech_driver.mech_driver.OVNMechanismDriver._validate_allowed_address_pairs-7864468'] for allowed_address_pair (733789d7-c126-4419-bf22-a38b93b8ffd8), before_create {{(pid=89887) _notify_loop /opt/stack/data/venv/lib/python3.12/site-packages/neutron_lib/callbacks/manager.py:184}}
Jun 08 15:41:11.532655 np0000002324 devstack@neutron-api.service[89887]: DEBUG neutron_lib.callbacks.manager [None req-c67bee23-568e-44e1-be29-01f93f7aefa9 admin admin] Publish callbacks [] for port (733789d7-c126-4419-bf22-a38b93b8ffd8), precommit_create {{(pid=89887) _notify_loop /opt/stack/data/venv/lib/python3.12/site-packages/neutron_lib/callbacks/manager.py:184}}
Jun 08 15:41:11.532791 np0000002324 devstack@neutron-api.service[89887]: DEBUG neutron.plugins.ml2.drivers.ovn.mech_driver.mech_driver [None req-c67bee23-568e-44e1-be29-01f93f7aefa9 admin admin] No provisioning block for port 733789d7-c126-4419-bf22-a38b93b8ffd8 since it does not have a host {{(pid=89887) _is_port_provisioning_required /opt/stack/neutron/neutron/plugins/ml2/drivers/ovn/mech_driver/mech_driver.py:896}}
Jun 08 15:41:11.532894 np0000002324 devstack@neutron-api.service[89887]: DEBUG neutron.db.ovn_revision_numbers_db [None req-c67bee23-568e-44e1-be29-01f93f7aefa9 admin admin] create_initial_revision uuid=733789d7-c126-4419-bf22-a38b93b8ffd8, type=ports, rev=-1 {{(pid=89887) create_initial_revision /opt/stack/neutron/neutron/db/ovn_revision_numbers_db.py:98}}
Jun 08 15:41:11.555702 np0000002324 devstack@neutron-api.service[89887]: DEBUG neutron_lib.callbacks.manager [None req-c67bee23-568e-44e1-be29-01f93f7aefa9 admin admin] Publish callbacks ['neutron.plugins.ml2.ovo_rpc._ObjectChangeHandler.handle_event-7285205'] for port (733789d7-c126-4419-bf22-a38b93b8ffd8), after_create {{(pid=89887) _notify_loop /opt/stack/data/venv/lib/python3.12/site-packages/neutron_lib/callbacks/manager.py:184}}
Jun 08 15:41:11.579895 np0000002324 devstack@neutron-api.service[89887]: DEBUG neutron.api.rpc.handlers.resources_rpc [None req-c67bee23-568e-44e1-be29-01f93f7aefa9 admin admin] Pushing event updated for resources: {'Port': ['ID=733789d7-c126-4419-bf22-a38b93b8ffd8,revision_number=1']} {{(pid=89887) push /opt/stack/neutron/neutron/api/rpc/handlers/resources_rpc.py:237}}
Jun 08 15:41:11.585279 np0000002324 devstack@neutron-api.service[89887]: DEBUG ovsdbapp.backend.ovs_idl.transaction [None req-cd10273b-79a5-45f8-b55e-4ea951ff3ddd None None] Running txn n=1 command(idx=0): AddLSwitchPortCommand(_result=None, lport=733789d7-c126-4419-bf22-a38b93b8ffd8, lswitch=neutron-c4d35789-004e-4d33-bf6b-fe14aa5050d5, may_exist=True, network_uuid=c4d35789-004e-4d33-bf6b-fe14aa5050d5, columns={'addresses': ['fa:16:3e:c8:2c:c7'], 'external_ids': {'neutron:port_name': '', 'neutron:device_id': 'ovnmeta-c4d35789-004e-4d33-bf6b-fe14aa5050d5', 'neutron:project_id': '2e7a19f3db8042a2b075fbcad5cb98c5', 'neutron:cidrs': '', 'neutron:device_owner': 'network:distributed', 'neutron:subnet_pool_addr_scope4': '', 'neutron:subnet_pool_addr_scope6': '', 'neutron:network_name': 'neutron-c4d35789-004e-4d33-bf6b-fe14aa5050d5', 'neutron:security_group_ids': '', 'neutron:revision_number': '1', 'neutron:vnic_type': 'normal', 'neutron:port_capabilities': '', 'neutron:mtu': '1372'}, 'parent_name': [], 'tag': [], 'enabled': True, 'options': {}, 'type': 'localport', 'port_security': [], 'dhcpv4_options': [], 'dhcpv6_options': []}) {{(pid=89887) do_commit /opt/stack/data/venv/lib/python3.12/site-packages/ovsdbapp/backend/ovs_idl/transaction.py:89}}
Jun 08 15:41:11.585795 np0000002324 devstack@neutron-api.service[89887]: DEBUG ovsdbapp.backend.ovs_idl.transaction [None req-cd10273b-79a5-45f8-b55e-4ea951ff3ddd None None] Running txn n=1 command(idx=1): QoSDelCommand(_result=None, switch=neutron-c4d35789-004e-4d33-bf6b-fe14aa5050d5, conditions=[('direction', '=', 'to-lport'), ('priority', '=', 2002), ('match', '=', 'outport == "733789d7-c126-4419-bf22-a38b93b8ffd8"')], if_exists=True) {{(pid=89887) do_commit /opt/stack/data/venv/lib/python3.12/site-packages/ovsdbapp/backend/ovs_idl/transaction.py:89}}
Jun 08 15:41:11.585984 np0000002324 devstack@neutron-api.service[89887]: DEBUG ovsdbapp.backend.ovs_idl.transaction [None req-cd10273b-79a5-45f8-b55e-4ea951ff3ddd None None] Running txn n=1 command(idx=2): QoSDelCommand(_result=None, switch=neutron-c4d35789-004e-4d33-bf6b-fe14aa5050d5, conditions=[('direction', '=', 'from-lport'), ('priority', '=', 2002), ('match', '=', 'inport == "733789d7-c126-4419-bf22-a38b93b8ffd8"')], if_exists=True) {{(pid=89887) do_commit /opt/stack/data/venv/lib/python3.12/site-packages/ovsdbapp/backend/ovs_idl/transaction.py:89}}
Jun 08 15:41:11.588561 np0000002324 devstack@neutron-api.service[89888]: DEBUG neutron.plugins.ml2.drivers.ovn.mech_driver.ovsdb.ovsdb_monitor [None req-bb6034ac-c4ba-4eaa-b33e-b32d3f5dd7db None None] Hash Ring: Node f763e6677e6659e2b61ba35499b59e5e (host: np0000002324) handling event "create" for row 5dd2b8ee-6ef1-4339-a1a4-cf073dc0ddc6 (table: Logical_Switch_Port) {{(pid=89888) notify /opt/stack/neutron/neutron/plugins/ml2/drivers/ovn/mech_driver/ovsdb/ovsdb_monitor.py:1015}}
Jun 08 15:41:11.589564 np0000002324 devstack@neutron-api.service[89889]: DEBUG neutron.plugins.ml2.drivers.ovn.mech_driver.ovsdb.ovsdb_monitor [None req-fe903f6a-e5c0-423d-80cf-b73392c59b13 None None] Hash Ring: Node 0b724d5e46665a7a9eaf61d47536ee57 (host: np0000002324) handling event "update" for row c4d35789-004e-4d33-bf6b-fe14aa5050d5 (table: Logical_Switch) {{(pid=89889) notify /opt/stack/neutron/neutron/plugins/ml2/drivers/ovn/mech_driver/ovsdb/ovsdb_monitor.py:1015}}
Jun 08 15:41:11.589685 np0000002324 devstack@neutron-api.service[89888]: DEBUG ovsdbapp.backend.ovs_idl.event [None req-bb6034ac-c4ba-4eaa-b33e-b32d3f5dd7db None None] Matched CREATE: LogicalSwitchPortCreateEvent(events=('create',), table='Logical_Switch_Port', conditions=[], old_conditions=None), priority=20 to row=Logical_Switch_Port(uuid=5dd2b8ee-6ef1-4339-a1a4-cf073dc0ddc6, addresses=['fa:16:3e:c8:2c:c7'], dhcpv4_options=[], dhcpv6_options=[], dynamic_addresses=[], enabled=True, external_ids={'neutron:cidrs': '', 'neutron:device_id': 'ovnmeta-c4d35789-004e-4d33-bf6b-fe14aa5050d5', 'neutron:device_owner': 'network:distributed', 'neutron:mtu': '1372', 'neutron:network_name': 'neutron-c4d35789-004e-4d33-bf6b-fe14aa5050d5', 'neutron:port_capabilities': '', 'neutron:port_name': '', 'neutron:project_id': '2e7a19f3db8042a2b075fbcad5cb98c5', 'neutron:revision_number': '1', 'neutron:security_group_ids': '', 'neutron:subnet_pool_addr_scope4': '', 'neutron:subnet_pool_addr_scope6': '', 'neutron:vnic_type': 'normal'}, ha_chassis_group=[], mirror_rules=[], name='733789d7-c126-4419-bf22-a38b93b8ffd8', options={}, parent_name=[], port_security=[], tag=[], tag_request=[], type='localport', up=[]) old= {{(pid=89888) matches /opt/stack/data/venv/lib/python3.12/site-packages/ovsdbapp/backend/ovs_idl/event.py:55}}
Jun 08 15:41:11.590791 np0000002324 devstack@neutron-api.service[89888]: DEBUG neutron.plugins.ml2.drivers.ovn.mech_driver.ovsdb.ovsdb_monitor [None req-bb6034ac-c4ba-4eaa-b33e-b32d3f5dd7db None None] Hash Ring: Node f763e6677e6659e2b61ba35499b59e5e (host: np0000002324) handling event "update" for row 5dd2b8ee-6ef1-4339-a1a4-cf073dc0ddc6 (table: Logical_Switch_Port) {{(pid=89888) notify /opt/stack/neutron/neutron/plugins/ml2/drivers/ovn/mech_driver/ovsdb/ovsdb_monitor.py:1015}}
Jun 08 15:41:11.591898 np0000002324 devstack@neutron-api.service[89888]: INFO neutron.plugins.ml2.drivers.ovn.mech_driver.mech_driver [None req-001035fd-6529-4e37-8b06-9e11fefbfe89 None None] OVN reports status down for port: 733789d7-c126-4419-bf22-a38b93b8ffd8
Jun 08 15:41:11.593222 np0000002324 devstack@neutron-api.service[89888]: DEBUG neutron.plugins.ml2.drivers.ovn.mech_driver.ovsdb.ovsdb_monitor [None req-8eeb4efc-19a6-4653-9c6d-3f6811fb5dbb None None] Hash Ring: Node f763e6677e6659e2b61ba35499b59e5e (host: np0000002324) handling event "create" for row ebdf1878-b850-4bc8-aa86-d9bbb43d7a65 (table: Port_Binding) {{(pid=89888) notify /opt/stack/neutron/neutron/plugins/ml2/drivers/ovn/mech_driver/ovsdb/ovsdb_monitor.py:1015}}
Jun 08 15:41:11.610632 np0000002324 devstack@neutron-api.service[89888]: DEBUG neutron.db.provisioning_blocks [None req-001035fd-6529-4e37-8b06-9e11fefbfe89 None None] Transition to ACTIVE for port object 733789d7-c126-4419-bf22-a38b93b8ffd8 will not be triggered until provisioned by entity L2. {{(pid=89888) add_provisioning_component /opt/stack/neutron/neutron/db/provisioning_blocks.py:74}}
Jun 08 15:41:11.615335 np0000002324 devstack@neutron-api.service[89887]: INFO neutron.db.ovn_revision_numbers_db [None req-c67bee23-568e-44e1-be29-01f93f7aefa9 admin admin] Successfully bumped revision number for resource 733789d7-c126-4419-bf22-a38b93b8ffd8 (type: ports) to 1
Jun 08 15:41:11.624675 np0000002324 devstack@neutron-api.service[89887]: DEBUG neutron.pecan_wsgi.hooks.policy_enforcement [None req-c67bee23-568e-44e1-be29-01f93f7aefa9 admin admin] Attributes excluded by policy engine: ['standard_attr_id'] {{(pid=89887) _exclude_attributes_by_policy /opt/stack/neutron/neutron/pecan_wsgi/hooks/policy_enforcement.py:256}}
Jun 08 15:41:11.624897 np0000002324 devstack@neutron-api.service[89887]: DEBUG neutron_lib.callbacks.manager [None req-c67bee23-568e-44e1-be29-01f93f7aefa9 admin admin] Publish callbacks [] for network (None), before_response {{(pid=89887) _notify_loop /opt/stack/data/venv/lib/python3.12/site-packages/neutron_lib/callbacks/manager.py:184}}
Jun 08 15:41:11.626219 np0000002324 devstack@neutron-api.service[89888]: DEBUG neutron.plugins.ml2.plugin [None req-001035fd-6529-4e37-8b06-9e11fefbfe89 None None] Current status of the port 733789d7-c126-4419-bf22-a38b93b8ffd8 is: DOWN; New status is: DOWN {{(pid=89888) _update_individual_port_db_status /opt/stack/neutron/neutron/plugins/ml2/plugin.py:2470}}
Jun 08 15:41:11.627152 np0000002324 devstack@neutron-api.service[89888]: DEBUG ovsdbapp.backend.ovs_idl.transaction [None req-bb6034ac-c4ba-4eaa-b33e-b32d3f5dd7db None None] Running txn n=1 command(idx=0): DbRemoveCommand(_result=None, table=Logical_Switch_Port, record=733789d7-c126-4419-bf22-a38b93b8ffd8, column=external_ids, values=('neutron:host_id',), keyvalues={}, if_exists=True) {{(pid=89888) do_commit /opt/stack/data/venv/lib/python3.12/site-packages/ovsdbapp/backend/ovs_idl/transaction.py:89}}
Jun 08 15:41:11.633020 np0000002324 devstack@neutron-api.service[89887]: [pid: 89887|app: 0|req: 12/37] 10.4.3.201 () {68 vars in 1326 bytes} [Mon Jun 8 15:41:11 2026] POST /networking/v2.0/networks => generated 677 bytes in 327 msecs (HTTP/1.1 201) 4 headers in 162 bytes (1 switches on core 0)
Jun 08 15:41:11.831456 np0000002324 devstack@neutron-api.service[89888]: INFO neutron.pecan_wsgi.hooks.translation [None req-7703d741-e194-4235-a597-e41ac20ec029 admin admin] GET failed (client error): The resource could not be found.
Jun 08 15:41:11.832094 np0000002324 devstack@neutron-api.service[89888]: [pid: 89888|app: 0|req: 14/38] 10.4.3.201 () {64 vars in 1294 bytes} [Mon Jun 8 15:41:11 2026] GET /networking/v2.0/networks/shared => generated 108 bytes in 9 msecs (HTTP/1.1 404) 4 headers in 164 bytes (1 switches on core 0)
Jun 08 15:41:11.862425 np0000002324 devstack@neutron-api.service[89889]: DEBUG neutron.pecan_wsgi.hooks.policy_enforcement [None req-ff62b57c-3eb2-4aca-a805-5354b92f4869 admin admin] Attributes excluded by policy engine: ['standard_attr_id'] {{(pid=89889) _exclude_attributes_by_policy /opt/stack/neutron/neutron/pecan_wsgi/hooks/policy_enforcement.py:256}}
Jun 08 15:41:11.863026 np0000002324 devstack@neutron-api.service[89889]: [pid: 89889|app: 0|req: 13/39] 10.4.3.201 () {64 vars in 1309 bytes} [Mon Jun 8 15:41:11 2026] GET /networking/v2.0/networks?name=shared => generated 661 bytes in 25 msecs (HTTP/1.1 200) 4 headers in 157 bytes (1 switches on core 0)
Jun 08 15:41:11.875290 np0000002324 devstack@neutron-api.service[89887]: DEBUG neutron.api.v2.base [None req-e2d4a58e-062e-4d19-9267-5c8b3cf2770f admin admin] Request body: {'subnet': {'description': 'shared-subnet', 'network_id': 'c4d35789-004e-4d33-bf6b-fe14aa5050d5', 'name': 'shared-subnet', 'cidr': '192.168.233.0/24', 'ip_version': 4}} {{(pid=89887) prepare_request_body /opt/stack/neutron/neutron/api/v2/base.py:727}}
Jun 08 15:41:11.886219 np0000002324 devstack@neutron-api.service[89887]: DEBUG neutron.pecan_wsgi.hooks.quota_enforcement [None req-e2d4a58e-062e-4d19-9267-5c8b3cf2770f admin admin] Made reservation on behalf of 2e7a19f3db8042a2b075fbcad5cb98c5 for: {'subnet': 1} {{(pid=89887) before /opt/stack/neutron/neutron/pecan_wsgi/hooks/quota_enforcement.py:66}}
Jun 08 15:41:11.888409 np0000002324 devstack@neutron-api.service[89887]: DEBUG neutron_lib.callbacks.manager [None req-e2d4a58e-062e-4d19-9267-5c8b3cf2770f admin admin] Publish callbacks [] for subnet (None), before_create {{(pid=89887) _notify_loop /opt/stack/data/venv/lib/python3.12/site-packages/neutron_lib/callbacks/manager.py:184}}
Jun 08 15:41:11.936811 np0000002324 devstack@neutron-api.service[89887]: DEBUG neutron.db.ovn_revision_numbers_db [None req-e2d4a58e-062e-4d19-9267-5c8b3cf2770f admin admin] create_initial_revision uuid=611b23dc-ce3e-42ed-a015-7815f7e26b5d, type=subnets, rev=-1 {{(pid=89887) create_initial_revision /opt/stack/neutron/neutron/db/ovn_revision_numbers_db.py:98}}
Jun 08 15:41:11.940013 np0000002324 devstack@neutron-api.service[89887]: DEBUG neutron_lib.callbacks.manager [None req-e2d4a58e-062e-4d19-9267-5c8b3cf2770f admin admin] Publish callbacks ['neutron.plugins.ml2.ovo_rpc._ObjectChangeHandler.handle_event-7285210'] for subnet (611b23dc-ce3e-42ed-a015-7815f7e26b5d), after_create {{(pid=89887) _notify_loop /opt/stack/data/venv/lib/python3.12/site-packages/neutron_lib/callbacks/manager.py:184}}
Jun 08 15:41:11.951463 np0000002324 devstack@neutron-api.service[89887]: DEBUG neutron.api.rpc.handlers.resources_rpc [None req-e2d4a58e-062e-4d19-9267-5c8b3cf2770f admin admin] Pushing event updated for resources: {'Subnet': ['ID=611b23dc-ce3e-42ed-a015-7815f7e26b5d,revision_number=0']} {{(pid=89887) push /opt/stack/neutron/neutron/api/rpc/handlers/resources_rpc.py:237}}
Jun 08 15:41:11.990458 np0000002324 devstack@neutron-api.service[89887]: DEBUG neutron_lib.callbacks.manager [None req-e2d4a58e-062e-4d19-9267-5c8b3cf2770f admin admin] Publish callbacks ['neutron.plugins.ml2.plugin.SecurityGroupDbMixin._ensure_default_security_group_handler-46350', 'neutron.services.ovn_l3.plugin.OVNL3RouterPlugin._port_update-8733273335768', 'neutron.db.l3_db.L3_NAT_dbonly_mixin._prevent_internal_ip_change_for_fip-8733275196710'] for port (733789d7-c126-4419-bf22-a38b93b8ffd8), before_update {{(pid=89887) _notify_loop /opt/stack/data/venv/lib/python3.12/site-packages/neutron_lib/callbacks/manager.py:184}}
Jun 08 15:41:12.063076 np0000002324 devstack@neutron-api.service[89887]: DEBUG neutron.db.db_base_plugin_common [None req-e2d4a58e-062e-4d19-9267-5c8b3cf2770f admin admin] Allocated IP 192.168.233.2 (c4d35789-004e-4d33-bf6b-fe14aa5050d5/611b23dc-ce3e-42ed-a015-7815f7e26b5d/733789d7-c126-4419-bf22-a38b93b8ffd8) {{(pid=89887) _store_ip_allocation /opt/stack/neutron/neutron/db/db_base_plugin_common.py:131}}
Jun 08 15:41:12.117871 np0000002324 devstack@neutron-api.service[89887]: DEBUG neutron_lib.callbacks.manager [None req-e2d4a58e-062e-4d19-9267-5c8b3cf2770f admin admin] Publish callbacks [] for port (733789d7-c126-4419-bf22-a38b93b8ffd8), precommit_update {{(pid=89887) _notify_loop /opt/stack/data/venv/lib/python3.12/site-packages/neutron_lib/callbacks/manager.py:184}}
Jun 08 15:41:12.118028 np0000002324 devstack@neutron-api.service[89887]: DEBUG neutron.plugins.ml2.drivers.ovn.mech_driver.mech_driver [None req-e2d4a58e-062e-4d19-9267-5c8b3cf2770f admin admin] No provisioning block for port 733789d7-c126-4419-bf22-a38b93b8ffd8 since it does not have a host {{(pid=89887) _is_port_provisioning_required /opt/stack/neutron/neutron/plugins/ml2/drivers/ovn/mech_driver/mech_driver.py:896}}
Jun 08 15:41:12.126586 np0000002324 devstack@neutron-api.service[89887]: DEBUG neutron_lib.callbacks.manager [None req-e2d4a58e-062e-4d19-9267-5c8b3cf2770f admin admin] Publish callbacks ['neutron.plugins.ml2.ovo_rpc._ObjectChangeHandler.handle_event-7285205', 'neutron.services.ovn_l3.plugin.OVNL3RouterPlugin._port_update-8733273335768'] for port (733789d7-c126-4419-bf22-a38b93b8ffd8), after_update {{(pid=89887) _notify_loop /opt/stack/data/venv/lib/python3.12/site-packages/neutron_lib/callbacks/manager.py:184}}
Jun 08 15:41:12.152119 np0000002324 devstack@neutron-api.service[89887]: DEBUG neutron.api.rpc.handlers.resources_rpc [None req-e2d4a58e-062e-4d19-9267-5c8b3cf2770f admin admin] Pushing event updated for resources: {'Port': ['ID=733789d7-c126-4419-bf22-a38b93b8ffd8,revision_number=2']} {{(pid=89887) push /opt/stack/neutron/neutron/api/rpc/handlers/resources_rpc.py:237}}
Jun 08 15:41:12.229790 np0000002324 devstack@neutron-api.service[89887]: DEBUG ovsdbapp.backend.ovs_idl.transaction [None req-cd10273b-79a5-45f8-b55e-4ea951ff3ddd None None] Running txn n=1 command(idx=0): CheckRevisionNumberCommand(_result=None, name=733789d7-c126-4419-bf22-a38b93b8ffd8, resource={'id': '733789d7-c126-4419-bf22-a38b93b8ffd8', 'name': '', 'network_id': 'c4d35789-004e-4d33-bf6b-fe14aa5050d5', 'project_id': '2e7a19f3db8042a2b075fbcad5cb98c5', 'mac_address': 'fa:16:3e:c8:2c:c7', 'admin_state_up': True, 'status': 'DOWN', 'device_id': 'ovnmeta-c4d35789-004e-4d33-bf6b-fe14aa5050d5', 'device_owner': 'network:distributed', 'standard_attr_id': 28, 'fixed_ips': [{'subnet_id': '611b23dc-ce3e-42ed-a015-7815f7e26b5d', 'ip_address': '192.168.233.2'}], 'allowed_address_pairs': [], 'extra_dhcp_opts': [], 'security_groups': [], 'description': '', 'binding:vnic_type': 'normal', 'binding:profile': {}, 'binding:host_id': '', 'binding:vif_type': 'unbound', 'binding:vif_details': {}, 'port_security_enabled': False, 'tags': [], 'created_at': '2026-06-08T15:41:11Z', 'updated_at': '2026-06-08T15:41:12Z', 'revision_number': 2, 'tenant_id': '2e7a19f3db8042a2b075fbcad5cb98c5', 'network': {'id': 'c4d35789-004e-4d33-bf6b-fe14aa5050d5', 'name': 'shared', 'tenant_id': '2e7a19f3db8042a2b075fbcad5cb98c5', 'project_id': '2e7a19f3db8042a2b075fbcad5cb98c5', 'admin_state_up': True, 'mtu': 1372, 'status': 'ACTIVE', 'subnets': ['611b23dc-ce3e-42ed-a015-7815f7e26b5d'], 'standard_attr_id': 26, 'shared': True, 'availability_zone_hints': [], 'availability_zones': [], 'ipv4_address_scope': None, 'ipv6_address_scope': None, 'router:external': False, 'qinq': False, 'vlan_transparent': False, 'description': '', 'port_security_enabled': True, 'tags': [], 'created_at': '2026-06-08T15:41:11Z', 'updated_at': '2026-06-08T15:41:11Z', 'revision_number': 2, 'provider:network_type': 'geneve', 'provider:physical_network': None, 'provider:segmentation_id': 426}}, resource_type=ports, if_exists=True) {{(pid=89887) do_commit /opt/stack/data/venv/lib/python3.12/site-packages/ovsdbapp/backend/ovs_idl/transaction.py:89}}
Jun 08 15:41:12.230113 np0000002324 devstack@neutron-api.service[89887]: DEBUG ovsdbapp.backend.ovs_idl.transaction [None req-cd10273b-79a5-45f8-b55e-4ea951ff3ddd None None] Running txn n=1 command(idx=1): AddDHCPOptionsCommand(_result=None, columns={'cidr': '192.168.233.0/24', 'options': {'server_id': '192.168.233.1', 'lease_time': '43200', 'mtu': '1372', 'router': '192.168.233.1', 'server_mac': 'fa:16:3e:95:ea:34', 'dns_server': '{127.0.0.53}', 'classless_static_route': '{169.254.169.254/32,192.168.233.2, 0.0.0.0/0,192.168.233.1}'}, 'external_ids': {'subnet_id': '611b23dc-ce3e-42ed-a015-7815f7e26b5d', 'neutron:network_id': 'c4d35789-004e-4d33-bf6b-fe14aa5050d5', 'neutron:revision_number': '0'}}, may_exist=True, subnet_id=611b23dc-ce3e-42ed-a015-7815f7e26b5d, port_id=None, new_insert=False) {{(pid=89887) do_commit /opt/stack/data/venv/lib/python3.12/site-packages/ovsdbapp/backend/ovs_idl/transaction.py:89}}
Jun 08 15:41:12.230485 np0000002324 devstack@neutron-api.service[89887]: DEBUG ovsdbapp.backend.ovs_idl.transaction [None req-cd10273b-79a5-45f8-b55e-4ea951ff3ddd None None] Running txn n=1 command(idx=2): SetLSwitchPortCommand(_result=None, lport=733789d7-c126-4419-bf22-a38b93b8ffd8, external_ids_update=None, columns={'external_ids': {'neutron:port_name': '', 'neutron:device_id': 'ovnmeta-c4d35789-004e-4d33-bf6b-fe14aa5050d5', 'neutron:project_id': '2e7a19f3db8042a2b075fbcad5cb98c5', 'neutron:cidrs': '192.168.233.2/24', 'neutron:device_owner': 'network:distributed', 'neutron:subnet_pool_addr_scope4': '', 'neutron:subnet_pool_addr_scope6': '', 'neutron:network_name': 'neutron-c4d35789-004e-4d33-bf6b-fe14aa5050d5', 'neutron:security_group_ids': '', 'neutron:revision_number': '2', 'neutron:vnic_type': 'normal', 'neutron:port_capabilities': '', 'neutron:mtu': '1372'}, 'parent_name': [], 'tag': [], 'options': {}, 'enabled': True, 'port_security': [], 'dhcpv4_options': [], 'dhcpv6_options': [], 'type': 'localport', 'addresses': ['fa:16:3e:c8:2c:c7 192.168.233.2'], 'ha_chassis_group': []}, if_exists=False) {{(pid=89887) do_commit /opt/stack/data/venv/lib/python3.12/site-packages/ovsdbapp/backend/ovs_idl/transaction.py:89}}
Jun 08 15:41:12.231022 np0000002324 devstack@neutron-api.service[89887]: DEBUG ovsdbapp.backend.ovs_idl.transaction [None req-cd10273b-79a5-45f8-b55e-4ea951ff3ddd None None] Running txn n=1 command(idx=3): PgDelPortCommand(_result=None, port_group=neutron_pg_drop, lsp=['733789d7-c126-4419-bf22-a38b93b8ffd8'], if_exists=False) {{(pid=89887) do_commit /opt/stack/data/venv/lib/python3.12/site-packages/ovsdbapp/backend/ovs_idl/transaction.py:89}}
Jun 08 15:41:12.234525 np0000002324 devstack@neutron-api.service[89888]: DEBUG neutron.plugins.ml2.drivers.ovn.mech_driver.ovsdb.ovsdb_monitor [None req-bb6034ac-c4ba-4eaa-b33e-b32d3f5dd7db None None] Hash Ring: Node f763e6677e6659e2b61ba35499b59e5e (host: np0000002324) handling event "create" for row d79c66d2-17b7-4803-9f7d-0c20929bd597 (table: DHCP_Options) {{(pid=89888) notify /opt/stack/neutron/neutron/plugins/ml2/drivers/ovn/mech_driver/ovsdb/ovsdb_monitor.py:1015}}
Jun 08 15:41:12.234814 np0000002324 devstack@neutron-api.service[89888]: DEBUG neutron.plugins.ml2.drivers.ovn.mech_driver.ovsdb.ovsdb_monitor [None req-bb6034ac-c4ba-4eaa-b33e-b32d3f5dd7db None None] Hash Ring: Node f763e6677e6659e2b61ba35499b59e5e (host: np0000002324) handling event "update" for row 5dd2b8ee-6ef1-4339-a1a4-cf073dc0ddc6 (table: Logical_Switch_Port) {{(pid=89888) notify /opt/stack/neutron/neutron/plugins/ml2/drivers/ovn/mech_driver/ovsdb/ovsdb_monitor.py:1015}}
Jun 08 15:41:12.236282 np0000002324 devstack@neutron-api.service[89888]: DEBUG neutron.plugins.ml2.drivers.ovn.mech_driver.ovsdb.ovsdb_monitor [None req-8eeb4efc-19a6-4653-9c6d-3f6811fb5dbb None None] Hash Ring: Node f763e6677e6659e2b61ba35499b59e5e (host: np0000002324) handling event "update" for row ebdf1878-b850-4bc8-aa86-d9bbb43d7a65 (table: Port_Binding) {{(pid=89888) notify /opt/stack/neutron/neutron/plugins/ml2/drivers/ovn/mech_driver/ovsdb/ovsdb_monitor.py:1015}}
Jun 08 15:41:12.259893 np0000002324 devstack@neutron-api.service[89887]: INFO neutron.db.ovn_revision_numbers_db [None req-e2d4a58e-062e-4d19-9267-5c8b3cf2770f admin admin] Successfully bumped revision number for resource 733789d7-c126-4419-bf22-a38b93b8ffd8 (type: ports) to 2
Jun 08 15:41:12.268250 np0000002324 devstack@neutron-api.service[89887]: DEBUG neutron.plugins.ml2.plugin [None req-e2d4a58e-062e-4d19-9267-5c8b3cf2770f admin admin] In _notify_port_updated(), no bound segment for port 733789d7-c126-4419-bf22-a38b93b8ffd8 on network c4d35789-004e-4d33-bf6b-fe14aa5050d5 {{(pid=89887) _notify_port_updated /opt/stack/neutron/neutron/plugins/ml2/plugin.py:1038}}
