May 23 22:17:56.881730 np0000001346 devstack@g-api.service[101952]: DEBUG glance.api.middleware.version_negotiation [None req-0b800027-95cf-43da-8e57-0a652bf28713 tempest-VolumesActionsTest-331367888 tempest-VolumesActionsTest-331367888-project-member] Using url versioning {{(pid=101952) process_request /opt/stack/glance/glance/api/middleware/version_negotiation.py:57}}
May 23 22:17:56.882127 np0000001346 devstack@g-api.service[101952]: DEBUG glance.api.middleware.version_negotiation [None req-0b800027-95cf-43da-8e57-0a652bf28713 tempest-VolumesActionsTest-331367888 tempest-VolumesActionsTest-331367888-project-member] Matched version: v2 {{(pid=101952) process_request /opt/stack/glance/glance/api/middleware/version_negotiation.py:69}}
May 23 22:17:56.882127 np0000001346 devstack@g-api.service[101952]: DEBUG glance.api.middleware.version_negotiation [None req-0b800027-95cf-43da-8e57-0a652bf28713 tempest-VolumesActionsTest-331367888 tempest-VolumesActionsTest-331367888-project-member] new path /v2/images/ff9c1943-10c9-4e0a-ba3e-6e648bf85864 {{(pid=101952) process_request /opt/stack/glance/glance/api/middleware/version_negotiation.py:70}}
May 23 22:17:56.900283 np0000001346 devstack@g-api.service[101952]: [pid: 101952|app: 0|req: 55/170] 127.0.0.1 () {40 vars in 838 bytes} [Sat May 23 22:17:56 2026] GET /v2/images/ff9c1943-10c9-4e0a-ba3e-6e648bf85864 => generated 648 bytes in 19 msecs (HTTP/1.1 200) 4 headers in 157 bytes (1 switches on core 0)
May 23 22:17:57.916227 np0000001346 devstack@g-api.service[101951]: DEBUG glance.api.middleware.version_negotiation [None req-2176b355-cc97-45bf-9678-fbf2eb9f5ab2 tempest-VolumesActionsTest-331367888 tempest-VolumesActionsTest-331367888-project-member] Determining version of request: GET /v2/images/ff9c1943-10c9-4e0a-ba3e-6e648bf85864 Accept: application/json {{(pid=101951) process_request /opt/stack/glance/glance/api/middleware/version_negotiation.py:44}}
May 23 22:17:57.916677 np0000001346 devstack@g-api.service[101951]: DEBUG glance.api.middleware.version_negotiation [None req-2176b355-cc97-45bf-9678-fbf2eb9f5ab2 tempest-VolumesActionsTest-331367888 tempest-VolumesActionsTest-331367888-project-member] Using url versioning {{(pid=101951) process_request /opt/stack/glance/glance/api/middleware/version_negotiation.py:57}}
May 23 22:17:57.916677 np0000001346 devstack@g-api.service[101951]: DEBUG glance.api.middleware.version_negotiation [None req-2176b355-cc97-45bf-9678-fbf2eb9f5ab2 tempest-VolumesActionsTest-331367888 tempest-VolumesActionsTest-331367888-project-member] Matched version: v2 {{(pid=101951) process_request /opt/stack/glance/glance/api/middleware/version_negotiation.py:69}}
May 23 22:17:57.916677 np0000001346 devstack@g-api.service[101951]: DEBUG glance.api.middleware.version_negotiation [None req-2176b355-cc97-45bf-9678-fbf2eb9f5ab2 tempest-VolumesActionsTest-331367888 tempest-VolumesActionsTest-331367888-project-member] new path /v2/images/ff9c1943-10c9-4e0a-ba3e-6e648bf85864 {{(pid=101951) process_request /opt/stack/glance/glance/api/middleware/version_negotiation.py:70}}
May 23 22:17:57.933726 np0000001346 devstack@g-api.service[101951]: [pid: 101951|app: 0|req: 61/171] 127.0.0.1 () {40 vars in 838 bytes} [Sat May 23 22:17:57 2026] GET /v2/images/ff9c1943-10c9-4e0a-ba3e-6e648bf85864 => generated 648 bytes in 16 msecs (HTTP/1.1 200) 4 headers in 157 bytes (1 switches on core 0)
May 23 22:17:57.974920 np0000001346 devstack@g-api.service[101950]: DEBUG swiftclient [None req-c3c6ea27-860d-4b13-8cd8-9b1992fe37dc tempest-VolumesActionsTest-331367888 tempest-VolumesActionsTest-331367888-project-member] REQ: curl -i https://10.4.3.131:8080/v1/AUTH_ed2f70468da1468f93425e30a3e5c019/glance/ff9c1943-10c9-4e0a-ba3e-6e648bf85864-00003 -X PUT -H "X-Auth-Token: gAAAAABqEiePDfrz..." {{(pid=101950) http_log /opt/stack/data/venv/lib/python3.12/site-packages/swiftclient/client.py:160}}
May 23 22:17:57.975192 np0000001346 devstack@g-api.service[101950]: DEBUG swiftclient [None req-c3c6ea27-860d-4b13-8cd8-9b1992fe37dc tempest-VolumesActionsTest-331367888 tempest-VolumesActionsTest-331367888-project-member] RESP STATUS: 201 Created {{(pid=101950) http_log /opt/stack/data/venv/lib/python3.12/site-packages/swiftclient/client.py:161}}
May 23 22:17:57.975305 np0000001346 devstack@g-api.service[101950]: DEBUG swiftclient [None req-c3c6ea27-860d-4b13-8cd8-9b1992fe37dc tempest-VolumesActionsTest-331367888 tempest-VolumesActionsTest-331367888-project-member] RESP HEADERS: {'Date': 'Sat, 23 May 2026 22:17:57 GMT', 'Server': 'Apache/2.4.58 (Ubuntu)', 'Content-Type': 'text/html; charset=UTF-8', 'Content-Length': '0', 'Etag': 'eda9a9889837ac4bc81d6387d92c1bec', 'Last-Modified': 'Sat, 23 May 2026 22:17:56 GMT', 'X-Trans-Id': 'txacfc745d2ca5486cb9f73-006a122793', 'X-Openstack-Request-Id': 'txacfc745d2ca5486cb9f73-006a122793', 'Connection': 'close'} {{(pid=101950) http_log /opt/stack/data/venv/lib/python3.12/site-packages/swiftclient/client.py:162}}
May 23 22:17:57.975549 np0000001346 devstack@g-api.service[101950]: DEBUG glance_store._drivers.swift.store [None req-c3c6ea27-860d-4b13-8cd8-9b1992fe37dc tempest-VolumesActionsTest-331367888 tempest-VolumesActionsTest-331367888-project-member] Wrote chunk ff9c1943-10c9-4e0a-ba3e-6e648bf85864-00003 (3/?) of length 204800000 to Swift returning MD5 of content: eda9a9889837ac4bc81d6387d92c1bec {{(pid=101950) add /opt/stack/data/venv/lib/python3.12/site-packages/glance_store/_drivers/swift/store.py:1059}}
May 23 22:17:58.945047 np0000001346 devstack@g-api.service[101952]: DEBUG glance.api.middleware.version_negotiation [None req-454625ea-a909-40b2-a302-f3cceddb61f3 tempest-VolumesActionsTest-331367888 tempest-VolumesActionsTest-331367888-project-member] Determining version of request: GET /v2/images/ff9c1943-10c9-4e0a-ba3e-6e648bf85864 Accept: application/json {{(pid=101952) process_request /opt/stack/glance/glance/api/middleware/version_negotiation.py:44}}
May 23 22:17:58.945047 np0000001346 devstack@g-api.service[101952]: DEBUG glance.api.middleware.version_negotiation [None req-454625ea-a909-40b2-a302-f3cceddb61f3 tempest-VolumesActionsTest-331367888 tempest-VolumesActionsTest-331367888-project-member] Using url versioning {{(pid=101952) process_request /opt/stack/glance/glance/api/middleware/version_negotiation.py:57}}
May 23 22:17:58.945047 np0000001346 devstack@g-api.service[101952]: DEBUG glance.api.middleware.version_negotiation [None req-454625ea-a909-40b2-a302-f3cceddb61f3 tempest-VolumesActionsTest-331367888 tempest-VolumesActionsTest-331367888-project-member] Matched version: v2 {{(pid=101952) process_request /opt/stack/glance/glance/api/middleware/version_negotiation.py:69}}
May 23 22:17:58.945047 np0000001346 devstack@g-api.service[101952]: DEBUG glance.api.middleware.version_negotiation [None req-454625ea-a909-40b2-a302-f3cceddb61f3 tempest-VolumesActionsTest-331367888 tempest-VolumesActionsTest-331367888-project-member] new path /v2/images/ff9c1943-10c9-4e0a-ba3e-6e648bf85864 {{(pid=101952) process_request /opt/stack/glance/glance/api/middleware/version_negotiation.py:70}}
May 23 22:17:58.970804 np0000001346 devstack@g-api.service[101952]: [pid: 101952|app: 0|req: 56/172] 127.0.0.1 () {40 vars in 838 bytes} [Sat May 23 22:17:58 2026] GET /v2/images/ff9c1943-10c9-4e0a-ba3e-6e648bf85864 => generated 648 bytes in 26 msecs (HTTP/1.1 200) 4 headers in 157 bytes (1 switches on core 0)
May 23 22:17:59.979225 np0000001346 devstack@g-api.service[101951]: DEBUG glance.api.middleware.version_negotiation [None req-f1372823-953a-403b-87d3-44bd38e6a13d tempest-VolumesActionsTest-331367888 tempest-VolumesActionsTest-331367888-project-member] Determining version of request: GET /v2/images/ff9c1943-10c9-4e0a-ba3e-6e648bf85864 Accept: application/json {{(pid=101951) process_request /opt/stack/glance/glance/api/middleware/version_negotiation.py:44}}
May 23 22:17:59.979646 np0000001346 devstack@g-api.service[101951]: DEBUG glance.api.middleware.version_negotiation [None req-f1372823-953a-403b-87d3-44bd38e6a13d tempest-VolumesActionsTest-331367888 tempest-VolumesActionsTest-331367888-project-member] Using url versioning {{(pid=101951) process_request /opt/stack/glance/glance/api/middleware/version_negotiation.py:57}}
May 23 22:17:59.979646 np0000001346 devstack@g-api.service[101951]: DEBUG glance.api.middleware.version_negotiation [None req-f1372823-953a-403b-87d3-44bd38e6a13d tempest-VolumesActionsTest-331367888 tempest-VolumesActionsTest-331367888-project-member] Matched version: v2 {{(pid=101951) process_request /opt/stack/glance/glance/api/middleware/version_negotiation.py:69}}
May 23 22:17:59.979762 np0000001346 devstack@g-api.service[101951]: DEBUG glance.api.middleware.version_negotiation [None req-f1372823-953a-403b-87d3-44bd38e6a13d tempest-VolumesActionsTest-331367888 tempest-VolumesActionsTest-331367888-project-member] new path /v2/images/ff9c1943-10c9-4e0a-ba3e-6e648bf85864 {{(pid=101951) process_request /opt/stack/glance/glance/api/middleware/version_negotiation.py:70}}
May 23 22:17:59.991114 np0000001346 devstack@g-api.service[101951]: [pid: 101951|app: 0|req: 62/173] 127.0.0.1 () {40 vars in 838 bytes} [Sat May 23 22:17:59 2026] GET /v2/images/ff9c1943-10c9-4e0a-ba3e-6e648bf85864 => generated 648 bytes in 12 msecs (HTTP/1.1 200) 4 headers in 157 bytes (1 switches on core 0)
May 23 22:18:00.302093 np0000001346 devstack@g-api.service[101950]: DEBUG swiftclient [None req-c3c6ea27-860d-4b13-8cd8-9b1992fe37dc tempest-VolumesActionsTest-331367888 tempest-VolumesActionsTest-331367888-project-member] REQ: curl -i https://10.4.3.131:8080/v1/AUTH_ed2f70468da1468f93425e30a3e5c019/glance/ff9c1943-10c9-4e0a-ba3e-6e648bf85864-00004 -X PUT -H "X-Auth-Token: gAAAAABqEiePDfrz..." {{(pid=101950) http_log /opt/stack/data/venv/lib/python3.12/site-packages/swiftclient/client.py:160}}
May 23 22:18:00.302320 np0000001346 devstack@g-api.service[101950]: DEBUG swiftclient [None req-c3c6ea27-860d-4b13-8cd8-9b1992fe37dc tempest-VolumesActionsTest-331367888 tempest-VolumesActionsTest-331367888-project-member] RESP STATUS: 201 Created {{(pid=101950) http_log /opt/stack/data/venv/lib/python3.12/site-packages/swiftclient/client.py:161}}
May 23 22:18:00.302320 np0000001346 devstack@g-api.service[101950]: DEBUG swiftclient [None req-c3c6ea27-860d-4b13-8cd8-9b1992fe37dc tempest-VolumesActionsTest-331367888 tempest-VolumesActionsTest-331367888-project-member] RESP HEADERS: {'Date': 'Sat, 23 May 2026 22:18:00 GMT', 'Server': 'Apache/2.4.58 (Ubuntu)', 'Content-Type': 'text/html; charset=UTF-8', 'Content-Length': '0', 'Etag': 'eda9a9889837ac4bc81d6387d92c1bec', 'Last-Modified': 'Sat, 23 May 2026 22:17:58 GMT', 'X-Trans-Id': 'tx5f0cbc2f85aa4a9ea4683-006a122795', 'X-Openstack-Request-Id': 'tx5f0cbc2f85aa4a9ea4683-006a122795', 'Connection': 'close'} {{(pid=101950) http_log /opt/stack/data/venv/lib/python3.12/site-packages/swiftclient/client.py:162}}
May 23 22:18:00.302445 np0000001346 devstack@g-api.service[101950]: DEBUG glance_store._drivers.swift.store [None req-c3c6ea27-860d-4b13-8cd8-9b1992fe37dc tempest-VolumesActionsTest-331367888 tempest-VolumesActionsTest-331367888-project-member] Wrote chunk ff9c1943-10c9-4e0a-ba3e-6e648bf85864-00004 (4/?) of length 204800000 to Swift returning MD5 of content: eda9a9889837ac4bc81d6387d92c1bec {{(pid=101950) add /opt/stack/data/venv/lib/python3.12/site-packages/glance_store/_drivers/swift/store.py:1059}}
May 23 22:18:01.000964 np0000001346 devstack@g-api.service[101952]: DEBUG glance.api.middleware.version_negotiation [None req-07fe4e7a-63a7-499b-bd47-440e15dec0fb tempest-VolumesActionsTest-331367888 tempest-VolumesActionsTest-331367888-project-member] Determining version of request: GET /v2/images/ff9c1943-10c9-4e0a-ba3e-6e648bf85864 Accept: application/json {{(pid=101952) process_request /opt/stack/glance/glance/api/middleware/version_negotiation.py:44}}
May 23 22:18:01.001379 np0000001346 devstack@g-api.service[101952]: DEBUG glance.api.middleware.version_negotiation [None req-07fe4e7a-63a7-499b-bd47-440e15dec0fb tempest-VolumesActionsTest-331367888 tempest-VolumesActionsTest-331367888-project-member] Using url versioning {{(pid=101952) process_request /opt/stack/glance/glance/api/middleware/version_negotiation.py:57}}
May 23 22:18:01.001379 np0000001346 devstack@g-api.service[101952]: DEBUG glance.api.middleware.version_negotiation [None req-07fe4e7a-63a7-499b-bd47-440e15dec0fb tempest-VolumesActionsTest-331367888 tempest-VolumesActionsTest-331367888-project-member] Matched version: v2 {{(pid=101952) process_request /opt/stack/glance/glance/api/middleware/version_negotiation.py:69}}
May 23 22:18:01.001379 np0000001346 devstack@g-api.service[101952]: DEBUG glance.api.middleware.version_negotiation [None req-07fe4e7a-63a7-499b-bd47-440e15dec0fb tempest-VolumesActionsTest-331367888 tempest-VolumesActionsTest-331367888-project-member] new path /v2/images/ff9c1943-10c9-4e0a-ba3e-6e648bf85864 {{(pid=101952) process_request /opt/stack/glance/glance/api/middleware/version_negotiation.py:70}}
May 23 22:18:01.019127 np0000001346 devstack@g-api.service[101952]: [pid: 101952|app: 0|req: 57/174] 127.0.0.1 () {40 vars in 838 bytes} [Sat May 23 22:18:01 2026] GET /v2/images/ff9c1943-10c9-4e0a-ba3e-6e648bf85864 => generated 648 bytes in 18 msecs (HTTP/1.1 200) 4 headers in 157 bytes (1 switches on core 0)
May 23 22:18:01.315268 np0000001346 devstack@g-api.service[101950]: DEBUG dbcounter [-] [101950] Writing DB stats glance:SELECT=16,glance:INSERT=1,glance:UPDATE=1 {{(pid=101950) stat_writer /opt/stack/data/venv/lib/python3.12/site-packages/dbcounter.py:115}}
May 23 22:18:01.326621 np0000001346 devstack@g-api.service[101951]: DEBUG glance.api.middleware.version_negotiation [None req-46eb0ae8-98dd-4210-ace6-4e4087f9fb5e tempest-VolumesActionsTest-331367888 tempest-VolumesActionsTest-331367888-project-member] Determining version of request: GET /v2/images/4b3e2550-e974-46ac-adb1-76d1245293eb Accept: */* {{(pid=101951) process_request /opt/stack/glance/glance/api/middleware/version_negotiation.py:44}}
May 23 22:18:01.326621 np0000001346 devstack@g-api.service[101951]: DEBUG glance.api.middleware.version_negotiation [None req-46eb0ae8-98dd-4210-ace6-4e4087f9fb5e tempest-VolumesActionsTest-331367888 tempest-VolumesActionsTest-331367888-project-member] Using url versioning {{(pid=101951) process_request /opt/stack/glance/glance/api/middleware/version_negotiation.py:57}}
May 23 22:18:01.326621 np0000001346 devstack@g-api.service[101951]: DEBUG glance.api.middleware.version_negotiation [None req-46eb0ae8-98dd-4210-ace6-4e4087f9fb5e tempest-VolumesActionsTest-331367888 tempest-VolumesActionsTest-331367888-project-member] Matched version: v2 {{(pid=101951) process_request /opt/stack/glance/glance/api/middleware/version_negotiation.py:69}}
May 23 22:18:01.326621 np0000001346 devstack@g-api.service[101951]: DEBUG glance.api.middleware.version_negotiation [None req-46eb0ae8-98dd-4210-ace6-4e4087f9fb5e tempest-VolumesActionsTest-331367888 tempest-VolumesActionsTest-331367888-project-member] new path /v2/images/4b3e2550-e974-46ac-adb1-76d1245293eb {{(pid=101951) process_request /opt/stack/glance/glance/api/middleware/version_negotiation.py:70}}
May 23 22:18:01.349356 np0000001346 devstack@g-api.service[101951]: [pid: 101951|app: 0|req: 63/175] 127.0.0.1 () {44 vars in 1115 bytes} [Sat May 23 22:18:01 2026] GET /v2/images/4b3e2550-e974-46ac-adb1-76d1245293eb => generated 1044 bytes in 24 msecs (HTTP/1.1 200) 4 headers in 158 bytes (1 switches on core 0)
May 23 22:18:01.433053 np0000001346 devstack@g-api.service[101952]: DEBUG glance.api.middleware.version_negotiation [None req-bbdd68ed-4055-4e86-80f4-d7daf1d7c795 tempest-VolumesActionsTest-331367888 tempest-VolumesActionsTest-331367888-project-member] Determining version of request: GET /v2/schemas/image Accept: */* {{(pid=101952) process_request /opt/stack/glance/glance/api/middleware/version_negotiation.py:44}}
May 23 22:18:01.434198 np0000001346 devstack@g-api.service[101952]: DEBUG glance.api.middleware.version_negotiation [None req-bbdd68ed-4055-4e86-80f4-d7daf1d7c795 tempest-VolumesActionsTest-331367888 tempest-VolumesActionsTest-331367888-project-member] Using url versioning {{(pid=101952) process_request /opt/stack/glance/glance/api/middleware/version_negotiation.py:57}}
May 23 22:18:01.434198 np0000001346 devstack@g-api.service[101952]: DEBUG glance.api.middleware.version_negotiation [None req-bbdd68ed-4055-4e86-80f4-d7daf1d7c795 tempest-VolumesActionsTest-331367888 tempest-VolumesActionsTest-331367888-project-member] Matched version: v2 {{(pid=101952) process_request /opt/stack/glance/glance/api/middleware/version_negotiation.py:69}}
May 23 22:18:01.434198 np0000001346 devstack@g-api.service[101952]: DEBUG glance.api.middleware.version_negotiation [None req-bbdd68ed-4055-4e86-80f4-d7daf1d7c795 tempest-VolumesActionsTest-331367888 tempest-VolumesActionsTest-331367888-project-member] new path /v2/schemas/image {{(pid=101952) process_request /opt/stack/glance/glance/api/middleware/version_negotiation.py:70}}
May 23 22:18:01.437401 np0000001346 devstack@g-api.service[101952]: [pid: 101952|app: 0|req: 58/176] 127.0.0.1 () {44 vars in 1055 bytes} [Sat May 23 22:18:01 2026] GET /v2/schemas/image => generated 6083 bytes in 5 msecs (HTTP/1.1 200) 4 headers in 158 bytes (1 switches on core 0)
May 23 22:18:02.036316 np0000001346 devstack@g-api.service[101951]: DEBUG glance.api.middleware.version_negotiation [None req-739c51e1-0613-459f-81e3-835bb86a06d5 tempest-ServerStableDeviceRescueTest-565481395 tempest-ServerStableDeviceRescueTest-565481395-project-member] Determining version of request: GET /v2/images/ff9c1943-10c9-4e0a-ba3e-6e648bf85864 Accept: application/json {{(pid=101951) process_request /opt/stack/glance/glance/api/middleware/version_negotiation.py:44}}
May 23 22:18:02.036316 np0000001346 devstack@g-api.service[101951]: DEBUG glance.api.middleware.version_negotiation [None req-739c51e1-0613-459f-81e3-835bb86a06d5 tempest-ServerStableDeviceRescueTest-565481395 tempest-ServerStableDeviceRescueTest-565481395-project-member] Using url versioning {{(pid=101951) process_request /opt/stack/glance/glance/api/middleware/version_negotiation.py:57}}
May 23 22:18:02.036316 np0000001346 devstack@g-api.service[101951]: DEBUG glance.api.middleware.version_negotiation [None req-739c51e1-0613-459f-81e3-835bb86a06d5 tempest-ServerStableDeviceRescueTest-565481395 tempest-ServerStableDeviceRescueTest-565481395-project-member] Matched version: v2 {{(pid=101951) process_request /opt/stack/glance/glance/api/middleware/version_negotiation.py:69}}
May 23 22:18:02.036316 np0000001346 devstack@g-api.service[101951]: DEBUG glance.api.middleware.version_negotiation [None req-739c51e1-0613-459f-81e3-835bb86a06d5 tempest-ServerStableDeviceRescueTest-565481395 tempest-ServerStableDeviceRescueTest-565481395-project-member] new path /v2/images/ff9c1943-10c9-4e0a-ba3e-6e648bf85864 {{(pid=101951) process_request /opt/stack/glance/glance/api/middleware/version_negotiation.py:70}}
May 23 22:18:02.056860 np0000001346 devstack@g-api.service[101951]: [pid: 101951|app: 0|req: 64/177] 127.0.0.1 () {40 vars in 838 bytes} [Sat May 23 22:18:02 2026] GET /v2/images/ff9c1943-10c9-4e0a-ba3e-6e648bf85864 => generated 648 bytes in 21 msecs (HTTP/1.1 200) 4 headers in 157 bytes (1 switches on core 0)
May 23 22:18:02.293317 np0000001346 devstack@g-api.service[101952]: DEBUG glance.api.middleware.version_negotiation [None req-739c51e1-0613-459f-81e3-835bb86a06d5 tempest-ServerStableDeviceRescueTest-565481395 tempest-ServerStableDeviceRescueTest-565481395-project-member] Determining version of request: GET /v2/images/0a4939eb-ff73-4b3d-b943-c2e646e1fa20 Accept: */* {{(pid=101952) process_request /opt/stack/glance/glance/api/middleware/version_negotiation.py:44}}
May 23 22:18:02.293718 np0000001346 devstack@g-api.service[101952]: DEBUG glance.api.middleware.version_negotiation [None req-739c51e1-0613-459f-81e3-835bb86a06d5 tempest-ServerStableDeviceRescueTest-565481395 tempest-ServerStableDeviceRescueTest-565481395-project-member] Using url versioning {{(pid=101952) process_request /opt/stack/glance/glance/api/middleware/version_negotiation.py:57}}
May 23 22:18:02.293718 np0000001346 devstack@g-api.service[101952]: DEBUG glance.api.middleware.version_negotiation [None req-739c51e1-0613-459f-81e3-835bb86a06d5 tempest-ServerStableDeviceRescueTest-565481395 tempest-ServerStableDeviceRescueTest-565481395-project-member] Matched version: v2 {{(pid=101952) process_request /opt/stack/glance/glance/api/middleware/version_negotiation.py:69}}
May 23 22:18:02.295157 np0000001346 devstack@g-api.service[101952]: DEBUG glance.api.middleware.version_negotiation [None req-739c51e1-0613-459f-81e3-835bb86a06d5 tempest-ServerStableDeviceRescueTest-565481395 tempest-ServerStableDeviceRescueTest-565481395-project-member] new path /v2/images/0a4939eb-ff73-4b3d-b943-c2e646e1fa20 {{(pid=101952) process_request /opt/stack/glance/glance/api/middleware/version_negotiation.py:70}}
May 23 22:18:02.305481 np0000001346 devstack@g-api.service[101952]: [pid: 101952|app: 0|req: 59/178] 127.0.0.1 () {44 vars in 1115 bytes} [Sat May 23 22:18:02 2026] GET /v2/images/0a4939eb-ff73-4b3d-b943-c2e646e1fa20 => generated 1044 bytes in 12 msecs (HTTP/1.1 200) 4 headers in 158 bytes (1 switches on core 0)
May 23 22:18:02.342932 np0000001346 devstack@g-api.service[101951]: DEBUG glance.api.middleware.version_negotiation [None req-532a4e2c-8c60-4bd9-881f-d40645e3930d tempest-VolumesActionsTest-331367888 tempest-VolumesActionsTest-331367888-project-member] Determining version of request: GET /v2/schemas/image Accept: */* {{(pid=101951) process_request /opt/stack/glance/glance/api/middleware/version_negotiation.py:44}}
May 23 22:18:02.342932 np0000001346 devstack@g-api.service[101951]: DEBUG glance.api.middleware.version_negotiation [None req-532a4e2c-8c60-4bd9-881f-d40645e3930d tempest-VolumesActionsTest-331367888 tempest-VolumesActionsTest-331367888-project-member] Using url versioning {{(pid=101951) process_request /opt/stack/glance/glance/api/middleware/version_negotiation.py:57}}
May 23 22:18:02.342932 np0000001346 devstack@g-api.service[101951]: DEBUG glance.api.middleware.version_negotiation [None req-532a4e2c-8c60-4bd9-881f-d40645e3930d tempest-VolumesActionsTest-331367888 tempest-VolumesActionsTest-331367888-project-member] Matched version: v2 {{(pid=101951) process_request /opt/stack/glance/glance/api/middleware/version_negotiation.py:69}}
May 23 22:18:02.342932 np0000001346 devstack@g-api.service[101951]: DEBUG glance.api.middleware.version_negotiation [None req-532a4e2c-8c60-4bd9-881f-d40645e3930d tempest-VolumesActionsTest-331367888 tempest-VolumesActionsTest-331367888-project-member] new path /v2/schemas/image {{(pid=101951) process_request /opt/stack/glance/glance/api/middleware/version_negotiation.py:70}}
May 23 22:18:02.345994 np0000001346 devstack@g-api.service[101951]: [pid: 101951|app: 0|req: 65/179] 127.0.0.1 () {44 vars in 1055 bytes} [Sat May 23 22:18:02 2026] GET /v2/schemas/image => generated 6083 bytes in 4 msecs (HTTP/1.1 200) 4 headers in 158 bytes (1 switches on core 0)
May 23 22:18:02.474326 np0000001346 devstack@g-api.service[101950]: DEBUG swiftclient [None req-c3c6ea27-860d-4b13-8cd8-9b1992fe37dc tempest-VolumesActionsTest-331367888 tempest-VolumesActionsTest-331367888-project-member] REQ: curl -i https://10.4.3.131:8080/v1/AUTH_ed2f70468da1468f93425e30a3e5c019/glance/ff9c1943-10c9-4e0a-ba3e-6e648bf85864-00005 -X PUT -H "X-Auth-Token: gAAAAABqEiePDfrz..." {{(pid=101950) http_log /opt/stack/data/venv/lib/python3.12/site-packages/swiftclient/client.py:160}}
May 23 22:18:02.474730 np0000001346 devstack@g-api.service[101950]: DEBUG swiftclient [None req-c3c6ea27-860d-4b13-8cd8-9b1992fe37dc tempest-VolumesActionsTest-331367888 tempest-VolumesActionsTest-331367888-project-member] RESP STATUS: 201 Created {{(pid=101950) http_log /opt/stack/data/venv/lib/python3.12/site-packages/swiftclient/client.py:161}}
May 23 22:18:02.474730 np0000001346 devstack@g-api.service[101950]: DEBUG swiftclient [None req-c3c6ea27-860d-4b13-8cd8-9b1992fe37dc tempest-VolumesActionsTest-331367888 tempest-VolumesActionsTest-331367888-project-member] RESP HEADERS: {'Date': 'Sat, 23 May 2026 22:18:02 GMT', 'Server': 'Apache/2.4.58 (Ubuntu)', 'Content-Type': 'text/html; charset=UTF-8', 'Content-Length': '0', 'Etag': 'eda9a9889837ac4bc81d6387d92c1bec', 'Last-Modified': 'Sat, 23 May 2026 22:18:01 GMT', 'X-Trans-Id': 'txb0bf9a86524f4aa18d3e7-006a122798', 'X-Openstack-Request-Id': 'txb0bf9a86524f4aa18d3e7-006a122798', 'Connection': 'close'} {{(pid=101950) http_log /opt/stack/data/venv/lib/python3.12/site-packages/swiftclient/client.py:162}}
May 23 22:18:02.474969 np0000001346 devstack@g-api.service[101950]: DEBUG glance_store._drivers.swift.store [None req-c3c6ea27-860d-4b13-8cd8-9b1992fe37dc tempest-VolumesActionsTest-331367888 tempest-VolumesActionsTest-331367888-project-member] Wrote chunk ff9c1943-10c9-4e0a-ba3e-6e648bf85864-00005 (5/?) of length 204800000 to Swift returning MD5 of content: eda9a9889837ac4bc81d6387d92c1bec {{(pid=101950) add /opt/stack/data/venv/lib/python3.12/site-packages/glance_store/_drivers/swift/store.py:1059}}
May 23 22:18:02.844334 np0000001346 devstack@g-api.service[101952]: DEBUG glance.api.middleware.version_negotiation [None req-d265a769-51e3-4a3b-beee-8b532e510d9e tempest-ServerActionsV293TestJSON-436720785 tempest-ServerActionsV293TestJSON-436720785-project-member] Determining version of request: GET /v2/images/0a4939eb-ff73-4b3d-b943-c2e646e1fa20 Accept: */* {{(pid=101952) process_request /opt/stack/glance/glance/api/middleware/version_negotiation.py:44}}
May 23 22:18:02.844492 np0000001346 devstack@g-api.service[101952]: DEBUG glance.api.middleware.version_negotiation [None req-d265a769-51e3-4a3b-beee-8b532e510d9e tempest-ServerActionsV293TestJSON-436720785 tempest-ServerActionsV293TestJSON-436720785-project-member] Using url versioning {{(pid=101952) process_request /opt/stack/glance/glance/api/middleware/version_negotiation.py:57}}
May 23 22:18:02.844603 np0000001346 devstack@g-api.service[101952]: DEBUG glance.api.middleware.version_negotiation [None req-d265a769-51e3-4a3b-beee-8b532e510d9e tempest-ServerActionsV293TestJSON-436720785 tempest-ServerActionsV293TestJSON-436720785-project-member] Matched version: v2 {{(pid=101952) process_request /opt/stack/glance/glance/api/middleware/version_negotiation.py:69}}
May 23 22:18:02.844843 np0000001346 devstack@g-api.service[101952]: DEBUG glance.api.middleware.version_negotiation [None req-d265a769-51e3-4a3b-beee-8b532e510d9e tempest-ServerActionsV293TestJSON-436720785 tempest-ServerActionsV293TestJSON-436720785-project-member] new path /v2/images/0a4939eb-ff73-4b3d-b943-c2e646e1fa20 {{(pid=101952) process_request /opt/stack/glance/glance/api/middleware/version_negotiation.py:70}}
May 23 22:18:02.859975 np0000001346 devstack@g-api.service[101952]: [pid: 101952|app: 0|req: 60/180] 127.0.0.1 () {44 vars in 1115 bytes} [Sat May 23 22:18:02 2026] GET /v2/images/0a4939eb-ff73-4b3d-b943-c2e646e1fa20 => generated 1044 bytes in 15 msecs (HTTP/1.1 200) 4 headers in 158 bytes (1 switches on core 0)
May 23 22:18:02.906092 np0000001346 devstack@g-api.service[101951]: DEBUG glance.api.middleware.version_negotiation [None req-d265a769-51e3-4a3b-beee-8b532e510d9e tempest-ServerActionsV293TestJSON-436720785 tempest-ServerActionsV293TestJSON-436720785-project-member] Determining version of request: GET /v2/schemas/image Accept: */* {{(pid=101951) process_request /opt/stack/glance/glance/api/middleware/version_negotiation.py:44}}
May 23 22:18:02.907002 np0000001346 devstack@g-api.service[101951]: DEBUG glance.api.middleware.version_negotiation [None req-d265a769-51e3-4a3b-beee-8b532e510d9e tempest-ServerActionsV293TestJSON-436720785 tempest-ServerActionsV293TestJSON-436720785-project-member] Using url versioning {{(pid=101951) process_request /opt/stack/glance/glance/api/middleware/version_negotiation.py:57}}
May 23 22:18:02.907002 np0000001346 devstack@g-api.service[101951]: DEBUG glance.api.middleware.version_negotiation [None req-d265a769-51e3-4a3b-beee-8b532e510d9e tempest-ServerActionsV293TestJSON-436720785 tempest-ServerActionsV293TestJSON-436720785-project-member] Matched version: v2 {{(pid=101951) process_request /opt/stack/glance/glance/api/middleware/version_negotiation.py:69}}
May 23 22:18:02.907002 np0000001346 devstack@g-api.service[101951]: DEBUG glance.api.middleware.version_negotiation [None req-d265a769-51e3-4a3b-beee-8b532e510d9e tempest-ServerActionsV293TestJSON-436720785 tempest-ServerActionsV293TestJSON-436720785-project-member] new path /v2/schemas/image {{(pid=101951) process_request /opt/stack/glance/glance/api/middleware/version_negotiation.py:70}}
May 23 22:18:02.911221 np0000001346 devstack@g-api.service[101951]: [pid: 101951|app: 0|req: 66/181] 127.0.0.1 () {44 vars in 1055 bytes} [Sat May 23 22:18:02 2026] GET /v2/schemas/image => generated 6083 bytes in 6 msecs (HTTP/1.1 200) 4 headers in 158 bytes (1 switches on core 0)
May 23 22:18:03.074345 np0000001346 devstack@g-api.service[101950]: DEBUG swiftclient [None req-c3c6ea27-860d-4b13-8cd8-9b1992fe37dc tempest-VolumesActionsTest-331367888 tempest-VolumesActionsTest-331367888-project-member] REQ: curl -i https://10.4.3.131:8080/v1/AUTH_ed2f70468da1468f93425e30a3e5c019/glance/ff9c1943-10c9-4e0a-ba3e-6e648bf85864-00006 -X PUT -H "X-Auth-Token: gAAAAABqEiePDfrz..." {{(pid=101950) http_log /opt/stack/data/venv/lib/python3.12/site-packages/swiftclient/client.py:160}}
May 23 22:18:03.074345 np0000001346 devstack@g-api.service[101950]: DEBUG swiftclient [None req-c3c6ea27-860d-4b13-8cd8-9b1992fe37dc tempest-VolumesActionsTest-331367888 tempest-VolumesActionsTest-331367888-project-member] RESP STATUS: 201 Created {{(pid=101950) http_log /opt/stack/data/venv/lib/python3.12/site-packages/swiftclient/client.py:161}}
May 23 22:18:03.074345 np0000001346 devstack@g-api.service[101950]: DEBUG swiftclient [None req-c3c6ea27-860d-4b13-8cd8-9b1992fe37dc tempest-VolumesActionsTest-331367888 tempest-VolumesActionsTest-331367888-project-member] RESP HEADERS: {'Date': 'Sat, 23 May 2026 22:18:03 GMT', 'Server': 'Apache/2.4.58 (Ubuntu)', 'Content-Type': 'text/html; charset=UTF-8', 'Content-Length': '0', 'Etag': '708761f3b8777ec77058e63da08eeeb6', 'Last-Modified': 'Sat, 23 May 2026 22:18:03 GMT', 'X-Trans-Id': 'txdb8affef2d7c47e387f14-006a12279a', 'X-Openstack-Request-Id': 'txdb8affef2d7c47e387f14-006a12279a', 'Connection': 'close'} {{(pid=101950) http_log /opt/stack/data/venv/lib/python3.12/site-packages/swiftclient/client.py:162}}
May 23 22:18:03.074345 np0000001346 devstack@g-api.service[101950]: DEBUG glance_store._drivers.swift.store [None req-c3c6ea27-860d-4b13-8cd8-9b1992fe37dc tempest-VolumesActionsTest-331367888 tempest-VolumesActionsTest-331367888-project-member] Wrote chunk ff9c1943-10c9-4e0a-ba3e-6e648bf85864-00006 (6/?) of length 49741824 to Swift returning MD5 of content: 708761f3b8777ec77058e63da08eeeb6 {{(pid=101950) add /opt/stack/data/venv/lib/python3.12/site-packages/glance_store/_drivers/swift/store.py:1059}}
May 23 22:18:03.074345 np0000001346 devstack@g-api.service[101950]: DEBUG glance_store._drivers.swift.store [None req-c3c6ea27-860d-4b13-8cd8-9b1992fe37dc tempest-VolumesActionsTest-331367888 tempest-VolumesActionsTest-331367888-project-member] Not writing zero-length chunk. {{(pid=101950) add /opt/stack/data/venv/lib/python3.12/site-packages/glance_store/_drivers/swift/store.py:1028}}
May 23 22:18:03.075017 np0000001346 devstack@g-api.service[101952]: DEBUG glance.api.middleware.version_negotiation [None req-d265a769-51e3-4a3b-beee-8b532e510d9e tempest-ServerActionsV293TestJSON-436720785 tempest-ServerActionsV293TestJSON-436720785-project-member] Determining version of request: GET /v2/images/ff9c1943-10c9-4e0a-ba3e-6e648bf85864 Accept: application/json {{(pid=101952) process_request /opt/stack/glance/glance/api/middleware/version_negotiation.py:44}}
May 23 22:18:03.075017 np0000001346 devstack@g-api.service[101952]: DEBUG glance.api.middleware.version_negotiation [None req-d265a769-51e3-4a3b-beee-8b532e510d9e tempest-ServerActionsV293TestJSON-436720785 tempest-ServerActionsV293TestJSON-436720785-project-member] Using url versioning {{(pid=101952) process_request /opt/stack/glance/glance/api/middleware/version_negotiation.py:57}}
May 23 22:18:03.075017 np0000001346 devstack@g-api.service[101952]: DEBUG glance.api.middleware.version_negotiation [None req-d265a769-51e3-4a3b-beee-8b532e510d9e tempest-ServerActionsV293TestJSON-436720785 tempest-ServerActionsV293TestJSON-436720785-project-member] Matched version: v2 {{(pid=101952) process_request /opt/stack/glance/glance/api/middleware/version_negotiation.py:69}}
May 23 22:18:03.075017 np0000001346 devstack@g-api.service[101952]: DEBUG glance.api.middleware.version_negotiation [None req-d265a769-51e3-4a3b-beee-8b532e510d9e tempest-ServerActionsV293TestJSON-436720785 tempest-ServerActionsV293TestJSON-436720785-project-member] new path /v2/images/ff9c1943-10c9-4e0a-ba3e-6e648bf85864 {{(pid=101952) process_request /opt/stack/glance/glance/api/middleware/version_negotiation.py:70}}
May 23 22:18:03.084102 np0000001346 devstack@g-api.service[101952]: [pid: 101952|app: 0|req: 61/182] 127.0.0.1 () {40 vars in 838 bytes} [Sat May 23 22:18:03 2026] GET /v2/images/ff9c1943-10c9-4e0a-ba3e-6e648bf85864 => generated 648 bytes in 11 msecs (HTTP/1.1 200) 4 headers in 157 bytes (1 switches on core 0)
May 23 22:18:03.100380 np0000001346 devstack@g-api.service[101950]: DEBUG swiftclient [None req-c3c6ea27-860d-4b13-8cd8-9b1992fe37dc tempest-VolumesActionsTest-331367888 tempest-VolumesActionsTest-331367888-project-member] REQ: curl -i https://10.4.3.131:8080/v1/AUTH_ed2f70468da1468f93425e30a3e5c019/glance/ff9c1943-10c9-4e0a-ba3e-6e648bf85864 -X PUT -H "X-Object-Manifest: glance/ff9c1943-10c9-4e0a-ba3e-6e648bf85864-" -H "X-Auth-Token: gAAAAABqEiePDfrz..." -H "Content-Length: 0" {{(pid=101950) http_log /opt/stack/data/venv/lib/python3.12/site-packages/swiftclient/client.py:160}}
May 23 22:18:03.100505 np0000001346 devstack@g-api.service[101950]: DEBUG swiftclient [None req-c3c6ea27-860d-4b13-8cd8-9b1992fe37dc tempest-VolumesActionsTest-331367888 tempest-VolumesActionsTest-331367888-project-member] RESP STATUS: 201 Created {{(pid=101950) http_log /opt/stack/data/venv/lib/python3.12/site-packages/swiftclient/client.py:161}}
May 23 22:18:03.100622 np0000001346 devstack@g-api.service[101950]: DEBUG swiftclient [None req-c3c6ea27-860d-4b13-8cd8-9b1992fe37dc tempest-VolumesActionsTest-331367888 tempest-VolumesActionsTest-331367888-project-member] RESP HEADERS: {'Date': 'Sat, 23 May 2026 22:18:03 GMT', 'Server': 'Apache/2.4.58 (Ubuntu)', 'Content-Type': 'text/html; charset=UTF-8', 'Content-Length': '0', 'Etag': 'd41d8cd98f00b204e9800998ecf8427e', 'Last-Modified': 'Sat, 23 May 2026 22:18:04 GMT', 'X-Trans-Id': 'txdcd637283dc34b90adcbb-006a12279b', 'X-Openstack-Request-Id': 'txdcd637283dc34b90adcbb-006a12279b', 'Connection': 'close'} {{(pid=101950) http_log /opt/stack/data/venv/lib/python3.12/site-packages/swiftclient/client.py:162}}
May 23 22:18:03.101131 np0000001346 devstack@g-api.service[101950]: INFO glance.location [None req-c3c6ea27-860d-4b13-8cd8-9b1992fe37dc tempest-VolumesActionsTest-331367888 tempest-VolumesActionsTest-331367888-project-member] Image format matched and virtual size computed: 1073741824
May 23 22:18:03.132556 np0000001346 devstack@g-api.service[101950]: DEBUG glance_store.backend [None req-c3c6ea27-860d-4b13-8cd8-9b1992fe37dc tempest-VolumesActionsTest-331367888 tempest-VolumesActionsTest-331367888-project-member] Attempting to import store swift {{(pid=101950) _load_store /opt/stack/data/venv/lib/python3.12/site-packages/glance_store/backend.py:215}}
May 23 22:18:03.133939 np0000001346 devstack@g-api.service[101950]: DEBUG glance_store.capabilities [None req-c3c6ea27-860d-4b13-8cd8-9b1992fe37dc tempest-VolumesActionsTest-331367888 tempest-VolumesActionsTest-331367888-project-member] Store glance_store._drivers.swift.store.SingleTenantStore doesn't support updating dynamic storage capabilities. Please overwrite 'update_capabilities' method of the store to implement updating logics if needed. {{(pid=101950) update_capabilities /opt/stack/data/venv/lib/python3.12/site-packages/glance_store/capabilities.py:91}}
May 23 22:18:03.134048 np0000001346 devstack@g-api.service[101950]: DEBUG glance_store.driver [None req-c3c6ea27-860d-4b13-8cd8-9b1992fe37dc tempest-VolumesActionsTest-331367888 tempest-VolumesActionsTest-331367888-project-member] Late loading location class glance_store._drivers.swift.store.StoreLocation {{(pid=101950) get_store_location_class /opt/stack/data/venv/lib/python3.12/site-packages/glance_store/driver.py:134}}
May 23 22:18:03.134133 np0000001346 devstack@g-api.service[101950]: DEBUG glance_store.location [None req-c3c6ea27-860d-4b13-8cd8-9b1992fe37dc tempest-VolumesActionsTest-331367888 tempest-VolumesActionsTest-331367888-project-member] Registering scheme swift+https with {'store': , 'location_class': , 'store_entry': 'swift'} {{(pid=101950) register_scheme_map /opt/stack/data/venv/lib/python3.12/site-packages/glance_store/location.py:146}}
May 23 22:18:03.134244 np0000001346 devstack@g-api.service[101950]: DEBUG glance_store.location [None req-c3c6ea27-860d-4b13-8cd8-9b1992fe37dc tempest-VolumesActionsTest-331367888 tempest-VolumesActionsTest-331367888-project-member] Registering scheme swift+https with {'store': , 'location_class': , 'store_entry': 'swift'} {{(pid=101950) register_scheme_map /opt/stack/data/venv/lib/python3.12/site-packages/glance_store/location.py:146}}
May 23 22:18:03.134379 np0000001346 devstack@g-api.service[101950]: DEBUG glance_store.location [None req-c3c6ea27-860d-4b13-8cd8-9b1992fe37dc tempest-VolumesActionsTest-331367888 tempest-VolumesActionsTest-331367888-project-member] Registering scheme swift with {'store': , 'location_class': , 'store_entry': 'swift'} {{(pid=101950) register_scheme_map /opt/stack/data/venv/lib/python3.12/site-packages/glance_store/location.py:146}}
May 23 22:18:03.134478 np0000001346 devstack@g-api.service[101950]: DEBUG glance_store.location [None req-c3c6ea27-860d-4b13-8cd8-9b1992fe37dc tempest-VolumesActionsTest-331367888 tempest-VolumesActionsTest-331367888-project-member] Registering scheme swift+https with {'store': , 'location_class': , 'store_entry': 'swift'} {{(pid=101950) register_scheme_map /opt/stack/data/venv/lib/python3.12/site-packages/glance_store/location.py:146}}
May 23 22:18:03.134844 np0000001346 devstack@g-api.service[101950]: DEBUG glance_store.location [None req-c3c6ea27-860d-4b13-8cd8-9b1992fe37dc tempest-VolumesActionsTest-331367888 tempest-VolumesActionsTest-331367888-project-member] Registering scheme swift with {'store': , 'location_class': , 'store_entry': 'swift'} {{(pid=101950) register_scheme_map /opt/stack/data/venv/lib/python3.12/site-packages/glance_store/location.py:146}}
May 23 22:18:03.134844 np0000001346 devstack@g-api.service[101950]: DEBUG glance_store.location [None req-c3c6ea27-860d-4b13-8cd8-9b1992fe37dc tempest-VolumesActionsTest-331367888 tempest-VolumesActionsTest-331367888-project-member] Registering scheme swift+http with {'store': , 'location_class': , 'store_entry': 'swift'} {{(pid=101950) register_scheme_map /opt/stack/data/venv/lib/python3.12/site-packages/glance_store/location.py:146}}
May 23 22:18:03.134844 np0000001346 devstack@g-api.service[101950]: DEBUG glance_store.location [None req-c3c6ea27-860d-4b13-8cd8-9b1992fe37dc tempest-VolumesActionsTest-331367888 tempest-VolumesActionsTest-331367888-project-member] Registering scheme swift+https with {'store': , 'location_class': , 'store_entry': 'swift'} {{(pid=101950) register_scheme_map /opt/stack/data/venv/lib/python3.12/site-packages/glance_store/location.py:146}}
May 23 22:18:03.135209 np0000001346 devstack@g-api.service[101950]: DEBUG glance_store.location [None req-c3c6ea27-860d-4b13-8cd8-9b1992fe37dc tempest-VolumesActionsTest-331367888 tempest-VolumesActionsTest-331367888-project-member] Registering scheme swift with {'store': , 'location_class': , 'store_entry': 'swift'} {{(pid=101950) register_scheme_map /opt/stack/data/venv/lib/python3.12/site-packages/glance_store/location.py:146}}
May 23 22:18:03.135209 np0000001346 devstack@g-api.service[101950]: DEBUG glance_store.location [None req-c3c6ea27-860d-4b13-8cd8-9b1992fe37dc tempest-VolumesActionsTest-331367888 tempest-VolumesActionsTest-331367888-project-member] Registering scheme swift+http with {'store': , 'location_class': , 'store_entry': 'swift'} {{(pid=101950) register_scheme_map /opt/stack/data/venv/lib/python3.12/site-packages/glance_store/location.py:146}}
May 23 22:18:03.135209 np0000001346 devstack@g-api.service[101950]: DEBUG glance_store.location [None req-c3c6ea27-860d-4b13-8cd8-9b1992fe37dc tempest-VolumesActionsTest-331367888 tempest-VolumesActionsTest-331367888-project-member] Registering scheme swift+config with {'store': , 'location_class': , 'store_entry': 'swift'} {{(pid=101950) register_scheme_map /opt/stack/data/venv/lib/python3.12/site-packages/glance_store/location.py:146}}
May 23 22:18:03.135209 np0000001346 devstack@g-api.service[101950]: DEBUG glance_store.backend [None req-c3c6ea27-860d-4b13-8cd8-9b1992fe37dc tempest-VolumesActionsTest-331367888 tempest-VolumesActionsTest-331367888-project-member] Skipping store.set_acls... not implemented. {{(pid=101950) set_acls /opt/stack/data/venv/lib/python3.12/site-packages/glance_store/backend.py:507}}
May 23 22:18:03.138083 np0000001346 devstack@g-api.service[101950]: [pid: 101950|app: 0|req: 56/183] 127.0.0.1 () {46 vars in 1158 bytes} [Sat May 23 22:17:50 2026] PUT /v2/images/ff9c1943-10c9-4e0a-ba3e-6e648bf85864/file => generated 0 bytes in 12975 msecs (HTTP/1.1 204) 4 headers in 171 bytes (1 switches on core 0)
May 23 22:18:03.150737 np0000001346 devstack@g-api.service[101951]: DEBUG glance.api.middleware.version_negotiation [None req-d265a769-51e3-4a3b-beee-8b532e510d9e tempest-ServerActionsV293TestJSON-436720785 tempest-ServerActionsV293TestJSON-436720785-project-member] Determining version of request: GET /v2/images/ff9c1943-10c9-4e0a-ba3e-6e648bf85864 Accept: */* {{(pid=101951) process_request /opt/stack/glance/glance/api/middleware/version_negotiation.py:44}}
May 23 22:18:03.151643 np0000001346 devstack@g-api.service[101951]: DEBUG glance.api.middleware.version_negotiation [None req-d265a769-51e3-4a3b-beee-8b532e510d9e tempest-ServerActionsV293TestJSON-436720785 tempest-ServerActionsV293TestJSON-436720785-project-member] Using url versioning {{(pid=101951) process_request /opt/stack/glance/glance/api/middleware/version_negotiation.py:57}}
May 23 22:18:03.152103 np0000001346 devstack@g-api.service[101951]: DEBUG glance.api.middleware.version_negotiation [None req-d265a769-51e3-4a3b-beee-8b532e510d9e tempest-ServerActionsV293TestJSON-436720785 tempest-ServerActionsV293TestJSON-436720785-project-member] Matched version: v2 {{(pid=101951) process_request /opt/stack/glance/glance/api/middleware/version_negotiation.py:69}}
May 23 22:18:03.152439 np0000001346 devstack@g-api.service[101951]: DEBUG glance.api.middleware.version_negotiation [None req-d265a769-51e3-4a3b-beee-8b532e510d9e tempest-ServerActionsV293TestJSON-436720785 tempest-ServerActionsV293TestJSON-436720785-project-member] new path /v2/images/ff9c1943-10c9-4e0a-ba3e-6e648bf85864 {{(pid=101951) process_request /opt/stack/glance/glance/api/middleware/version_negotiation.py:70}}
May 23 22:18:03.167877 np0000001346 devstack@g-api.service[101951]: [pid: 101951|app: 0|req: 67/184] 127.0.0.1 () {44 vars in 1115 bytes} [Sat May 23 22:18:03 2026] GET /v2/images/ff9c1943-10c9-4e0a-ba3e-6e648bf85864 => generated 820 bytes in 17 msecs (HTTP/1.1 200) 4 headers in 157 bytes (1 switches on core 0)
May 23 22:18:03.175542 np0000001346 devstack@g-api.service[101952]: DEBUG glance.api.middleware.version_negotiation [None req-bd03bea6-da59-459c-86d2-e6e5360d7d6f tempest-VolumesActionsTest-331367888 tempest-VolumesActionsTest-331367888-project-member] Determining version of request: GET /v2/schemas/image Accept: */* {{(pid=101952) process_request /opt/stack/glance/glance/api/middleware/version_negotiation.py:44}}
May 23 22:18:03.176231 np0000001346 devstack@g-api.service[101952]: DEBUG glance.api.middleware.version_negotiation [None req-bd03bea6-da59-459c-86d2-e6e5360d7d6f tempest-VolumesActionsTest-331367888 tempest-VolumesActionsTest-331367888-project-member] Using url versioning {{(pid=101952) process_request /opt/stack/glance/glance/api/middleware/version_negotiation.py:57}}
May 23 22:18:03.176231 np0000001346 devstack@g-api.service[101952]: DEBUG glance.api.middleware.version_negotiation [None req-bd03bea6-da59-459c-86d2-e6e5360d7d6f tempest-VolumesActionsTest-331367888 tempest-VolumesActionsTest-331367888-project-member] Matched version: v2 {{(pid=101952) process_request /opt/stack/glance/glance/api/middleware/version_negotiation.py:69}}
May 23 22:18:03.176231 np0000001346 devstack@g-api.service[101952]: DEBUG glance.api.middleware.version_negotiation [None req-bd03bea6-da59-459c-86d2-e6e5360d7d6f tempest-VolumesActionsTest-331367888 tempest-VolumesActionsTest-331367888-project-member] new path /v2/schemas/image {{(pid=101952) process_request /opt/stack/glance/glance/api/middleware/version_negotiation.py:70}}
May 23 22:18:03.178428 np0000001346 devstack@g-api.service[101952]: [pid: 101952|app: 0|req: 62/185] 127.0.0.1 () {44 vars in 1055 bytes} [Sat May 23 22:18:03 2026] GET /v2/schemas/image => generated 6083 bytes in 3 msecs (HTTP/1.1 200) 4 headers in 158 bytes (1 switches on core 0)
May 23 22:18:03.188131 np0000001346 devstack@g-api.service[101950]: DEBUG glance.api.middleware.version_negotiation [None req-c3c6ea27-860d-4b13-8cd8-9b1992fe37dc tempest-VolumesActionsTest-331367888 tempest-VolumesActionsTest-331367888-project-member] Determining version of request: GET /v2/schemas/image Accept: */* {{(pid=101950) process_request /opt/stack/glance/glance/api/middleware/version_negotiation.py:44}}
May 23 22:18:03.188257 np0000001346 devstack@g-api.service[101950]: DEBUG glance.api.middleware.version_negotiation [None req-c3c6ea27-860d-4b13-8cd8-9b1992fe37dc tempest-VolumesActionsTest-331367888 tempest-VolumesActionsTest-331367888-project-member] Using url versioning {{(pid=101950) process_request /opt/stack/glance/glance/api/middleware/version_negotiation.py:57}}
May 23 22:18:03.188378 np0000001346 devstack@g-api.service[101950]: DEBUG glance.api.middleware.version_negotiation [None req-c3c6ea27-860d-4b13-8cd8-9b1992fe37dc tempest-VolumesActionsTest-331367888 tempest-VolumesActionsTest-331367888-project-member] Matched version: v2 {{(pid=101950) process_request /opt/stack/glance/glance/api/middleware/version_negotiation.py:69}}
May 23 22:18:03.188462 np0000001346 devstack@g-api.service[101950]: DEBUG glance.api.middleware.version_negotiation [None req-c3c6ea27-860d-4b13-8cd8-9b1992fe37dc tempest-VolumesActionsTest-331367888 tempest-VolumesActionsTest-331367888-project-member] new path /v2/schemas/image {{(pid=101950) process_request /opt/stack/glance/glance/api/middleware/version_negotiation.py:70}}
May 23 22:18:03.193856 np0000001346 devstack@g-api.service[101950]: [pid: 101950|app: 0|req: 57/186] 127.0.0.1 () {44 vars in 1055 bytes} [Sat May 23 22:18:03 2026] GET /v2/schemas/image => generated 6083 bytes in 6 msecs (HTTP/1.1 200) 4 headers in 158 bytes (1 switches on core 0)
May 23 22:18:04.028695 np0000001346 devstack@g-api.service[101951]: DEBUG glance.api.middleware.version_negotiation [None req-c3c6ea27-860d-4b13-8cd8-9b1992fe37dc tempest-VolumesActionsTest-331367888 tempest-VolumesActionsTest-331367888-project-member] Determining version of request: GET /v2/images/0a4939eb-ff73-4b3d-b943-c2e646e1fa20 Accept: */* {{(pid=101951) process_request /opt/stack/glance/glance/api/middleware/version_negotiation.py:44}}
May 23 22:18:04.028695 np0000001346 devstack@g-api.service[101951]: DEBUG glance.api.middleware.version_negotiation [None req-c3c6ea27-860d-4b13-8cd8-9b1992fe37dc tempest-VolumesActionsTest-331367888 tempest-VolumesActionsTest-331367888-project-member] Using url versioning {{(pid=101951) process_request /opt/stack/glance/glance/api/middleware/version_negotiation.py:57}}
May 23 22:18:04.028695 np0000001346 devstack@g-api.service[101951]: DEBUG glance.api.middleware.version_negotiation [None req-c3c6ea27-860d-4b13-8cd8-9b1992fe37dc tempest-VolumesActionsTest-331367888 tempest-VolumesActionsTest-331367888-project-member] Matched version: v2 {{(pid=101951) process_request /opt/stack/glance/glance/api/middleware/version_negotiation.py:69}}
May 23 22:18:04.028695 np0000001346 devstack@g-api.service[101951]: DEBUG glance.api.middleware.version_negotiation [None req-c3c6ea27-860d-4b13-8cd8-9b1992fe37dc tempest-VolumesActionsTest-331367888 tempest-VolumesActionsTest-331367888-project-member] new path /v2/images/0a4939eb-ff73-4b3d-b943-c2e646e1fa20 {{(pid=101951) process_request /opt/stack/glance/glance/api/middleware/version_negotiation.py:70}}
May 23 22:18:04.055767 np0000001346 devstack@g-api.service[101951]: [pid: 101951|app: 0|req: 68/187] 127.0.0.1 () {44 vars in 1115 bytes} [Sat May 23 22:18:04 2026] GET /v2/images/0a4939eb-ff73-4b3d-b943-c2e646e1fa20 => generated 1044 bytes in 28 msecs (HTTP/1.1 200) 4 headers in 158 bytes (1 switches on core 0)
May 23 22:18:04.095995 np0000001346 devstack@g-api.service[101952]: DEBUG glance.api.middleware.version_negotiation [None req-c3c6ea27-860d-4b13-8cd8-9b1992fe37dc tempest-VolumesActionsTest-331367888 tempest-VolumesActionsTest-331367888-project-member] Determining version of request: GET /v2/images/ff9c1943-10c9-4e0a-ba3e-6e648bf85864 Accept: application/json {{(pid=101952) process_request /opt/stack/glance/glance/api/middleware/version_negotiation.py:44}}
