Aug 24 20:08:08.933926 np0000008012 nova-scheduler[93665]: DEBUG cotyledon.oslo_config_glue [-] oslo_messaging_rabbit.rabbit_login_method = AMQPLAIN {{(pid=93665) log_opt_values /opt/stack/data/venv/lib/python3.12/site-packages/oslo_config/cfg.py:3560}}
Aug 24 20:08:08.933926 np0000008012 nova-scheduler[93665]: DEBUG cotyledon.oslo_config_glue [-] oslo_messaging_rabbit.rabbit_qos_prefetch_count = 0 {{(pid=93665) log_opt_values /opt/stack/data/venv/lib/python3.12/site-packages/oslo_config/cfg.py:3560}}
Aug 24 20:08:08.933926 np0000008012 nova-scheduler[93665]: DEBUG cotyledon.oslo_config_glue [-] oslo_messaging_rabbit.rabbit_quorum_delivery_limit = 0 {{(pid=93665) log_opt_values /opt/stack/data/venv/lib/python3.12/site-packages/oslo_config/cfg.py:3560}}
Aug 24 20:08:08.934198 np0000008012 nova-scheduler[93665]: DEBUG cotyledon.oslo_config_glue [-] oslo_messaging_rabbit.rabbit_quorum_max_memory_bytes = 0 {{(pid=93665) log_opt_values /opt/stack/data/venv/lib/python3.12/site-packages/oslo_config/cfg.py:3560}}
Aug 24 20:08:08.934198 np0000008012 nova-scheduler[93665]: DEBUG cotyledon.oslo_config_glue [-] oslo_messaging_rabbit.rabbit_quorum_max_memory_length = 0 {{(pid=93665) log_opt_values /opt/stack/data/venv/lib/python3.12/site-packages/oslo_config/cfg.py:3560}}
Aug 24 20:08:08.934198 np0000008012 nova-scheduler[93665]: DEBUG cotyledon.oslo_config_glue [-] oslo_messaging_rabbit.rabbit_quorum_queue = False {{(pid=93665) log_opt_values /opt/stack/data/venv/lib/python3.12/site-packages/oslo_config/cfg.py:3560}}
Aug 24 20:08:08.934198 np0000008012 nova-scheduler[93665]: DEBUG cotyledon.oslo_config_glue [-] oslo_messaging_rabbit.rabbit_retry_backoff = 2 {{(pid=93665) log_opt_values /opt/stack/data/venv/lib/python3.12/site-packages/oslo_config/cfg.py:3560}}
Aug 24 20:08:08.934198 np0000008012 nova-scheduler[93665]: DEBUG cotyledon.oslo_config_glue [-] oslo_messaging_rabbit.rabbit_retry_interval = 1 {{(pid=93665) log_opt_values /opt/stack/data/venv/lib/python3.12/site-packages/oslo_config/cfg.py:3560}}
Aug 24 20:08:08.934198 np0000008012 nova-scheduler[93665]: DEBUG cotyledon.oslo_config_glue [-] oslo_messaging_rabbit.rabbit_stream_fanout = False {{(pid=93665) log_opt_values /opt/stack/data/venv/lib/python3.12/site-packages/oslo_config/cfg.py:3560}}
Aug 24 20:08:08.934198 np0000008012 nova-scheduler[93665]: DEBUG cotyledon.oslo_config_glue [-] oslo_messaging_rabbit.rabbit_transient_queues_ttl = 1800 {{(pid=93665) log_opt_values /opt/stack/data/venv/lib/python3.12/site-packages/oslo_config/cfg.py:3560}}
Aug 24 20:08:08.934198 np0000008012 nova-scheduler[93665]: DEBUG cotyledon.oslo_config_glue [-] oslo_messaging_rabbit.rabbit_transient_quorum_queue = False {{(pid=93665) log_opt_values /opt/stack/data/venv/lib/python3.12/site-packages/oslo_config/cfg.py:3560}}
Aug 24 20:08:08.934416 np0000008012 nova-scheduler[93665]: DEBUG cotyledon.oslo_config_glue [-] oslo_messaging_rabbit.rpc_conn_pool_size = 30 {{(pid=93665) log_opt_values /opt/stack/data/venv/lib/python3.12/site-packages/oslo_config/cfg.py:3560}}
Aug 24 20:08:08.934416 np0000008012 nova-scheduler[93665]: DEBUG cotyledon.oslo_config_glue [-] oslo_messaging_rabbit.ssl = False {{(pid=93665) log_opt_values /opt/stack/data/venv/lib/python3.12/site-packages/oslo_config/cfg.py:3560}}
Aug 24 20:08:08.934416 np0000008012 nova-scheduler[93665]: DEBUG cotyledon.oslo_config_glue [-] oslo_messaging_rabbit.ssl_ca_file = {{(pid=93665) log_opt_values /opt/stack/data/venv/lib/python3.12/site-packages/oslo_config/cfg.py:3560}}
Aug 24 20:08:08.934416 np0000008012 nova-scheduler[93665]: DEBUG cotyledon.oslo_config_glue [-] oslo_messaging_rabbit.ssl_cert_file = {{(pid=93665) log_opt_values /opt/stack/data/venv/lib/python3.12/site-packages/oslo_config/cfg.py:3560}}
Aug 24 20:08:08.934416 np0000008012 nova-scheduler[93665]: DEBUG cotyledon.oslo_config_glue [-] oslo_messaging_rabbit.ssl_enforce_fips_mode = False {{(pid=93665) log_opt_values /opt/stack/data/venv/lib/python3.12/site-packages/oslo_config/cfg.py:3560}}
Aug 24 20:08:08.934416 np0000008012 nova-scheduler[93665]: DEBUG cotyledon.oslo_config_glue [-] oslo_messaging_rabbit.ssl_enforce_hostname_verification = True {{(pid=93665) log_opt_values /opt/stack/data/venv/lib/python3.12/site-packages/oslo_config/cfg.py:3560}}
Aug 24 20:08:08.934416 np0000008012 nova-scheduler[93665]: DEBUG cotyledon.oslo_config_glue [-] oslo_messaging_rabbit.ssl_key_file = {{(pid=93665) log_opt_values /opt/stack/data/venv/lib/python3.12/site-packages/oslo_config/cfg.py:3560}}
Aug 24 20:08:08.934416 np0000008012 nova-scheduler[93665]: DEBUG cotyledon.oslo_config_glue [-] oslo_messaging_rabbit.ssl_version = {{(pid=93665) log_opt_values /opt/stack/data/venv/lib/python3.12/site-packages/oslo_config/cfg.py:3560}}
Aug 24 20:08:08.934416 np0000008012 nova-scheduler[93665]: DEBUG cotyledon.oslo_config_glue [-] oslo_messaging_rabbit.use_queue_manager = False {{(pid=93665) log_opt_values /opt/stack/data/venv/lib/python3.12/site-packages/oslo_config/cfg.py:3560}}
Aug 24 20:08:08.934678 np0000008012 nova-scheduler[93665]: DEBUG cotyledon.oslo_config_glue [-] oslo_messaging_notifications.driver = ['messagingv2'] {{(pid=93665) log_opt_values /opt/stack/data/venv/lib/python3.12/site-packages/oslo_config/cfg.py:3560}}
Aug 24 20:08:08.934678 np0000008012 nova-scheduler[93665]: DEBUG cotyledon.oslo_config_glue [-] oslo_messaging_notifications.retry = -1 {{(pid=93665) log_opt_values /opt/stack/data/venv/lib/python3.12/site-packages/oslo_config/cfg.py:3560}}
Aug 24 20:08:08.934678 np0000008012 nova-scheduler[93665]: DEBUG cotyledon.oslo_config_glue [-] oslo_messaging_notifications.topics = ['notifications'] {{(pid=93665) log_opt_values /opt/stack/data/venv/lib/python3.12/site-packages/oslo_config/cfg.py:3560}}
Aug 24 20:08:08.934678 np0000008012 nova-scheduler[93665]: DEBUG cotyledon.oslo_config_glue [-] oslo_messaging_notifications.transport_url = **** {{(pid=93665) log_opt_values /opt/stack/data/venv/lib/python3.12/site-packages/oslo_config/cfg.py:3560}}
Aug 24 20:08:08.934678 np0000008012 nova-scheduler[93665]: DEBUG cotyledon.oslo_config_glue [-] oslo_limit.auth_section = None {{(pid=93665) log_opt_values /opt/stack/data/venv/lib/python3.12/site-packages/oslo_config/cfg.py:3560}}
Aug 24 20:08:08.934678 np0000008012 nova-scheduler[93665]: DEBUG cotyledon.oslo_config_glue [-] oslo_limit.auth_type = None {{(pid=93665) log_opt_values /opt/stack/data/venv/lib/python3.12/site-packages/oslo_config/cfg.py:3560}}
Aug 24 20:08:08.934678 np0000008012 nova-scheduler[93665]: DEBUG cotyledon.oslo_config_glue [-] oslo_limit.cafile = None {{(pid=93665) log_opt_values /opt/stack/data/venv/lib/python3.12/site-packages/oslo_config/cfg.py:3560}}
Aug 24 20:08:08.934678 np0000008012 nova-scheduler[93665]: DEBUG cotyledon.oslo_config_glue [-] oslo_limit.certfile = None {{(pid=93665) log_opt_values /opt/stack/data/venv/lib/python3.12/site-packages/oslo_config/cfg.py:3560}}
Aug 24 20:08:08.934678 np0000008012 nova-scheduler[93665]: DEBUG cotyledon.oslo_config_glue [-] oslo_limit.collect_timing = False {{(pid=93665) log_opt_values /opt/stack/data/venv/lib/python3.12/site-packages/oslo_config/cfg.py:3560}}
Aug 24 20:08:08.934975 np0000008012 nova-scheduler[93665]: DEBUG cotyledon.oslo_config_glue [-] oslo_limit.connect_retries = None {{(pid=93665) log_opt_values /opt/stack/data/venv/lib/python3.12/site-packages/oslo_config/cfg.py:3560}}
Aug 24 20:08:08.934975 np0000008012 nova-scheduler[93665]: DEBUG cotyledon.oslo_config_glue [-] oslo_limit.connect_retry_delay = None {{(pid=93665) log_opt_values /opt/stack/data/venv/lib/python3.12/site-packages/oslo_config/cfg.py:3560}}
Aug 24 20:08:08.934975 np0000008012 nova-scheduler[93665]: DEBUG cotyledon.oslo_config_glue [-] oslo_limit.endpoint_id = None {{(pid=93665) log_opt_values /opt/stack/data/venv/lib/python3.12/site-packages/oslo_config/cfg.py:3560}}
Aug 24 20:08:08.934975 np0000008012 nova-scheduler[93665]: DEBUG cotyledon.oslo_config_glue [-] oslo_limit.endpoint_interface = public {{(pid=93665) log_opt_values /opt/stack/data/venv/lib/python3.12/site-packages/oslo_config/cfg.py:3560}}
Aug 24 20:08:08.934975 np0000008012 nova-scheduler[93665]: DEBUG cotyledon.oslo_config_glue [-] oslo_limit.endpoint_override = None {{(pid=93665) log_opt_values /opt/stack/data/venv/lib/python3.12/site-packages/oslo_config/cfg.py:3560}}
Aug 24 20:08:08.934975 np0000008012 nova-scheduler[93665]: DEBUG cotyledon.oslo_config_glue [-] oslo_limit.endpoint_region_name = None {{(pid=93665) log_opt_values /opt/stack/data/venv/lib/python3.12/site-packages/oslo_config/cfg.py:3560}}
Aug 24 20:08:08.934975 np0000008012 nova-scheduler[93665]: DEBUG cotyledon.oslo_config_glue [-] oslo_limit.endpoint_service_name = None {{(pid=93665) log_opt_values /opt/stack/data/venv/lib/python3.12/site-packages/oslo_config/cfg.py:3560}}
Aug 24 20:08:08.934975 np0000008012 nova-scheduler[93665]: DEBUG cotyledon.oslo_config_glue [-] oslo_limit.endpoint_service_type = None {{(pid=93665) log_opt_values /opt/stack/data/venv/lib/python3.12/site-packages/oslo_config/cfg.py:3560}}
Aug 24 20:08:08.934975 np0000008012 nova-scheduler[93665]: DEBUG cotyledon.oslo_config_glue [-] oslo_limit.insecure = False {{(pid=93665) log_opt_values /opt/stack/data/venv/lib/python3.12/site-packages/oslo_config/cfg.py:3560}}
Aug 24 20:08:08.935272 np0000008012 nova-scheduler[93665]: DEBUG cotyledon.oslo_config_glue [-] oslo_limit.keyfile = None {{(pid=93665) log_opt_values /opt/stack/data/venv/lib/python3.12/site-packages/oslo_config/cfg.py:3560}}
Aug 24 20:08:08.935272 np0000008012 nova-scheduler[93665]: DEBUG cotyledon.oslo_config_glue [-] oslo_limit.max_version = None {{(pid=93665) log_opt_values /opt/stack/data/venv/lib/python3.12/site-packages/oslo_config/cfg.py:3560}}
Aug 24 20:08:08.935272 np0000008012 nova-scheduler[93665]: DEBUG cotyledon.oslo_config_glue [-] oslo_limit.min_version = None {{(pid=93665) log_opt_values /opt/stack/data/venv/lib/python3.12/site-packages/oslo_config/cfg.py:3560}}
Aug 24 20:08:08.935272 np0000008012 nova-scheduler[93665]: DEBUG cotyledon.oslo_config_glue [-] oslo_limit.region_name = None {{(pid=93665) log_opt_values /opt/stack/data/venv/lib/python3.12/site-packages/oslo_config/cfg.py:3560}}
Aug 24 20:08:08.935272 np0000008012 nova-scheduler[93665]: DEBUG cotyledon.oslo_config_glue [-] oslo_limit.retriable_status_codes = None {{(pid=93665) log_opt_values /opt/stack/data/venv/lib/python3.12/site-packages/oslo_config/cfg.py:3560}}
Aug 24 20:08:08.935272 np0000008012 nova-scheduler[93665]: DEBUG cotyledon.oslo_config_glue [-] oslo_limit.service_name = None {{(pid=93665) log_opt_values /opt/stack/data/venv/lib/python3.12/site-packages/oslo_config/cfg.py:3560}}
Aug 24 20:08:08.935272 np0000008012 nova-scheduler[93665]: DEBUG cotyledon.oslo_config_glue [-] oslo_limit.service_type = None {{(pid=93665) log_opt_values /opt/stack/data/venv/lib/python3.12/site-packages/oslo_config/cfg.py:3560}}
Aug 24 20:08:08.935272 np0000008012 nova-scheduler[93665]: DEBUG cotyledon.oslo_config_glue [-] oslo_limit.split_loggers = False {{(pid=93665) log_opt_values /opt/stack/data/venv/lib/python3.12/site-packages/oslo_config/cfg.py:3560}}
Aug 24 20:08:08.935272 np0000008012 nova-scheduler[93665]: DEBUG cotyledon.oslo_config_glue [-] oslo_limit.status_code_retries = None {{(pid=93665) log_opt_values /opt/stack/data/venv/lib/python3.12/site-packages/oslo_config/cfg.py:3560}}
Aug 24 20:08:08.935540 np0000008012 nova-scheduler[93665]: DEBUG cotyledon.oslo_config_glue [-] oslo_limit.status_code_retry_delay = None {{(pid=93665) log_opt_values /opt/stack/data/venv/lib/python3.12/site-packages/oslo_config/cfg.py:3560}}
Aug 24 20:08:08.935540 np0000008012 nova-scheduler[93665]: DEBUG cotyledon.oslo_config_glue [-] oslo_limit.timeout = None {{(pid=93665) log_opt_values /opt/stack/data/venv/lib/python3.12/site-packages/oslo_config/cfg.py:3560}}
Aug 24 20:08:08.935540 np0000008012 nova-scheduler[93665]: DEBUG cotyledon.oslo_config_glue [-] oslo_limit.valid_interfaces = None {{(pid=93665) log_opt_values /opt/stack/data/venv/lib/python3.12/site-packages/oslo_config/cfg.py:3560}}
Aug 24 20:08:08.935540 np0000008012 nova-scheduler[93665]: DEBUG cotyledon.oslo_config_glue [-] oslo_limit.version = None {{(pid=93665) log_opt_values /opt/stack/data/venv/lib/python3.12/site-packages/oslo_config/cfg.py:3560}}
Aug 24 20:08:08.935540 np0000008012 nova-scheduler[93665]: DEBUG cotyledon.oslo_config_glue [-] oslo_reports.file_event_handler = None {{(pid=93665) log_opt_values /opt/stack/data/venv/lib/python3.12/site-packages/oslo_config/cfg.py:3560}}
Aug 24 20:08:08.935540 np0000008012 nova-scheduler[93665]: DEBUG cotyledon.oslo_config_glue [-] oslo_reports.file_event_handler_interval = 1 {{(pid=93665) log_opt_values /opt/stack/data/venv/lib/python3.12/site-packages/oslo_config/cfg.py:3560}}
Aug 24 20:08:08.935540 np0000008012 nova-scheduler[93665]: DEBUG cotyledon.oslo_config_glue [-] oslo_reports.log_dir = None {{(pid=93665) log_opt_values /opt/stack/data/venv/lib/python3.12/site-packages/oslo_config/cfg.py:3560}}
Aug 24 20:08:08.935540 np0000008012 nova-scheduler[93665]: DEBUG cotyledon.oslo_config_glue [-] ******************************************************************************** {{(pid=93665) log_opt_values /opt/stack/data/venv/lib/python3.12/site-packages/oslo_config/cfg.py:3567}}
Aug 24 20:08:08.935540 np0000008012 nova-scheduler[93665]: DEBUG cotyledon._service_worker [-] Run service ServiceWrapper(2) [93665] {{(pid=93665) wait_forever /opt/stack/data/venv/lib/python3.12/site-packages/cotyledon/_service_worker.py:218}}
Aug 24 20:08:08.935792 np0000008012 nova-scheduler[93665]: INFO nova.service [-] Starting scheduler node (version 33.1.0)
Aug 24 20:08:08.935824 np0000008012 nova-scheduler[93661]: DEBUG oslo_db.sqlalchemy.engines [None req-1b0e1cdb-31dd-4b0b-87a8-925c31209287 None None] MySQL server mode set to STRICT_TRANS_TABLES,STRICT_ALL_TABLES,NO_ZERO_IN_DATE,NO_ZERO_DATE,ERROR_FOR_DIVISION_BY_ZERO,TRADITIONAL,NO_ENGINE_SUBSTITUTION {{(pid=93661) _check_effective_sql_mode /opt/stack/data/venv/lib/python3.12/site-packages/oslo_db/sqlalchemy/engines.py:325}}
Aug 24 20:08:08.935865 np0000008012 nova-scheduler[93665]: INFO dbcounter [None req-a7ac4dd3-247e-465d-9e66-152279917231 None None] Registered counter for database nova_cell0
Aug 24 20:08:08.936629 np0000008012 nova-scheduler[93661]: DEBUG dbcounter [-] [93661] Writer thread running {{(pid=93661) stat_writer /opt/stack/data/venv/lib/python3.12/site-packages/dbcounter.py:102}}
Aug 24 20:08:08.943212 np0000008012 nova-scheduler[93661]: DEBUG nova.service [None req-1b0e1cdb-31dd-4b0b-87a8-925c31209287 None None] Creating RPC server for service: nova-scheduler on topic: scheduler {{(pid=93661) start /opt/stack/nova/nova/service.py:262}}
Aug 24 20:08:08.947289 np0000008012 nova-scheduler[93663]: DEBUG oslo_db.sqlalchemy.engines [None req-7e6c3cdf-45ee-4b35-b0f5-8b61d2aa04ce None None] MySQL server mode set to STRICT_TRANS_TABLES,STRICT_ALL_TABLES,NO_ZERO_IN_DATE,NO_ZERO_DATE,ERROR_FOR_DIVISION_BY_ZERO,TRADITIONAL,NO_ENGINE_SUBSTITUTION {{(pid=93663) _check_effective_sql_mode /opt/stack/data/venv/lib/python3.12/site-packages/oslo_db/sqlalchemy/engines.py:325}}
Aug 24 20:08:08.964166 np0000008012 nova-scheduler[93663]: DEBUG dbcounter [-] [93663] Writer thread running {{(pid=93663) stat_writer /opt/stack/data/venv/lib/python3.12/site-packages/dbcounter.py:102}}
Aug 24 20:08:08.969658 np0000008012 nova-scheduler[93663]: DEBUG nova.service [None req-7e6c3cdf-45ee-4b35-b0f5-8b61d2aa04ce None None] Creating RPC server for service: nova-scheduler on topic: scheduler {{(pid=93663) start /opt/stack/nova/nova/service.py:262}}
Aug 24 20:08:08.972513 np0000008012 nova-scheduler[93665]: DEBUG oslo_db.sqlalchemy.engines [None req-a7ac4dd3-247e-465d-9e66-152279917231 None None] MySQL server mode set to STRICT_TRANS_TABLES,STRICT_ALL_TABLES,NO_ZERO_IN_DATE,NO_ZERO_DATE,ERROR_FOR_DIVISION_BY_ZERO,TRADITIONAL,NO_ENGINE_SUBSTITUTION {{(pid=93665) _check_effective_sql_mode /opt/stack/data/venv/lib/python3.12/site-packages/oslo_db/sqlalchemy/engines.py:325}}
Aug 24 20:08:08.978632 np0000008012 nova-scheduler[93661]: DEBUG nova.service [None req-1b0e1cdb-31dd-4b0b-87a8-925c31209287 None None] Join ServiceGroup membership for this service scheduler {{(pid=93661) start /opt/stack/nova/nova/service.py:288}}
Aug 24 20:08:08.978905 np0000008012 nova-scheduler[93661]: DEBUG nova.servicegroup.drivers.db [None req-1b0e1cdb-31dd-4b0b-87a8-925c31209287 None None] DB_Driver: join new ServiceGroup member np0000008012 to the scheduler group, service = {{(pid=93661) join /opt/stack/nova/nova/servicegroup/drivers/db.py:44}}
Aug 24 20:08:08.982655 np0000008012 nova-scheduler[93665]: DEBUG dbcounter [-] [93665] Writer thread running {{(pid=93665) stat_writer /opt/stack/data/venv/lib/python3.12/site-packages/dbcounter.py:102}}
Aug 24 20:08:08.985664 np0000008012 nova-scheduler[93665]: DEBUG nova.service [None req-a7ac4dd3-247e-465d-9e66-152279917231 None None] Creating RPC server for service: nova-scheduler on topic: scheduler {{(pid=93665) start /opt/stack/nova/nova/service.py:262}}
Aug 24 20:08:08.994711 np0000008012 nova-scheduler[93663]: DEBUG nova.service [None req-7e6c3cdf-45ee-4b35-b0f5-8b61d2aa04ce None None] Join ServiceGroup membership for this service scheduler {{(pid=93663) start /opt/stack/nova/nova/service.py:288}}
Aug 24 20:08:08.994993 np0000008012 nova-scheduler[93663]: DEBUG nova.servicegroup.drivers.db [None req-7e6c3cdf-45ee-4b35-b0f5-8b61d2aa04ce None None] DB_Driver: join new ServiceGroup member np0000008012 to the scheduler group, service = {{(pid=93663) join /opt/stack/nova/nova/servicegroup/drivers/db.py:44}}
Aug 24 20:08:09.011357 np0000008012 nova-scheduler[93665]: DEBUG nova.service [None req-a7ac4dd3-247e-465d-9e66-152279917231 None None] Join ServiceGroup membership for this service scheduler {{(pid=93665) start /opt/stack/nova/nova/service.py:288}}
Aug 24 20:08:09.011636 np0000008012 nova-scheduler[93665]: DEBUG nova.servicegroup.drivers.db [None req-a7ac4dd3-247e-465d-9e66-152279917231 None None] DB_Driver: join new ServiceGroup member np0000008012 to the scheduler group, service = {{(pid=93665) join /opt/stack/nova/nova/servicegroup/drivers/db.py:44}}
Aug 24 20:08:10.014261 np0000008012 nova-scheduler[93665]: DEBUG oslo.service.backend._threading.loopingcall [None req-00c73570-38ea-4662-9cb8-ec8f830d1220 None None] Dynamic interval looping call 'nova.service.Service.periodic_tasks' sleeping for 60.00 seconds {{(pid=93665) _run_loop /opt/stack/data/venv/lib/python3.12/site-packages/oslo_service/backend/_threading/loopingcall.py:125}}
Aug 24 20:08:13.994263 np0000008012 nova-scheduler[93661]: DEBUG oslo.service.backend._threading.loopingcall [-] Fixed interval looping call 'nova.servicegroup.drivers.db.DbDriver._report_state' sleeping for 119.99 seconds {{(pid=93661) _run_loop /opt/stack/data/venv/lib/python3.12/site-packages/oslo_service/backend/_threading/loopingcall.py:125}}
Aug 24 20:08:14.009250 np0000008012 nova-scheduler[93663]: DEBUG oslo.service.backend._threading.loopingcall [-] Fixed interval looping call 'nova.servicegroup.drivers.db.DbDriver._report_state' sleeping for 119.99 seconds {{(pid=93663) _run_loop /opt/stack/data/venv/lib/python3.12/site-packages/oslo_service/backend/_threading/loopingcall.py:125}}
Aug 24 20:08:14.022596 np0000008012 nova-scheduler[93665]: DEBUG oslo.service.backend._threading.loopingcall [-] Fixed interval looping call 'nova.servicegroup.drivers.db.DbDriver._report_state' sleeping for 119.99 seconds {{(pid=93665) _run_loop /opt/stack/data/venv/lib/python3.12/site-packages/oslo_service/backend/_threading/loopingcall.py:125}}
Aug 24 20:08:17.517796 np0000008012 nova-scheduler[92463]: DEBUG dbcounter [-] [92463] Writing DB stats nova_api:SELECT=3 {{(pid=92463) stat_writer /opt/stack/data/venv/lib/python3.12/site-packages/dbcounter.py:115}}
Aug 24 20:08:17.659201 np0000008012 nova-scheduler[92463]: DEBUG dbcounter [-] [92463] Writing DB stats nova_cell1:SELECT=1 {{(pid=92463) stat_writer /opt/stack/data/venv/lib/python3.12/site-packages/dbcounter.py:115}}
Aug 24 20:08:17.667906 np0000008012 nova-scheduler[92463]: DEBUG dbcounter [-] [92463] Writing DB stats nova_cell0:SELECT=1 {{(pid=92463) stat_writer /opt/stack/data/venv/lib/python3.12/site-packages/dbcounter.py:115}}
Aug 24 20:08:18.997447 np0000008012 nova-scheduler[93663]: DEBUG oslo.service.backend._threading.loopingcall [None req-03bc68b9-c0b8-4659-974e-8ce3fd73f4cd None None] Dynamic interval looping call 'nova.service.Service.periodic_tasks' sleeping for 60.00 seconds {{(pid=93663) _run_loop /opt/stack/data/venv/lib/python3.12/site-packages/oslo_service/backend/_threading/loopingcall.py:125}}
Aug 24 20:08:23.990020 np0000008012 nova-scheduler[93661]: DEBUG dbcounter [-] [93661] Writing DB stats nova_cell0:SELECT=4,nova_cell0:INSERT=1,nova_cell0:UPDATE=1 {{(pid=93661) stat_writer /opt/stack/data/venv/lib/python3.12/site-packages/dbcounter.py:115}}
Aug 24 20:08:24.004737 np0000008012 nova-scheduler[93663]: DEBUG dbcounter [-] [93663] Writing DB stats nova_cell0:SELECT=3 {{(pid=93663) stat_writer /opt/stack/data/venv/lib/python3.12/site-packages/dbcounter.py:115}}
Aug 24 20:08:24.020001 np0000008012 nova-scheduler[93665]: DEBUG dbcounter [-] [93665] Writing DB stats nova_cell0:SELECT=3 {{(pid=93665) stat_writer /opt/stack/data/venv/lib/python3.12/site-packages/dbcounter.py:115}}
Aug 24 20:09:08.983913 np0000008012 nova-scheduler[93661]: DEBUG oslo.service.backend._threading.loopingcall [None req-3bc0b12f-c6e4-4391-a396-c465fb5c373c None None] Dynamic interval looping call 'nova.service.Service.periodic_tasks' sleeping for 60.00 seconds {{(pid=93661) _run_loop /opt/stack/data/venv/lib/python3.12/site-packages/oslo_service/backend/_threading/loopingcall.py:125}}
Aug 24 20:09:10.014798 np0000008012 nova-scheduler[93665]: DEBUG oslo.service.backend._threading.loopingcall [None req-00c73570-38ea-4662-9cb8-ec8f830d1220 None None] Dynamic interval looping call 'nova.service.Service.periodic_tasks' sleeping for 60.00 seconds {{(pid=93665) _run_loop /opt/stack/data/venv/lib/python3.12/site-packages/oslo_service/backend/_threading/loopingcall.py:125}}
Aug 24 20:09:18.997907 np0000008012 nova-scheduler[93663]: DEBUG oslo.service.backend._threading.loopingcall [None req-03bc68b9-c0b8-4659-974e-8ce3fd73f4cd None None] Dynamic interval looping call 'nova.service.Service.periodic_tasks' sleeping for 60.00 seconds {{(pid=93663) _run_loop /opt/stack/data/venv/lib/python3.12/site-packages/oslo_service/backend/_threading/loopingcall.py:125}}
Aug 24 20:10:08.984394 np0000008012 nova-scheduler[93661]: DEBUG oslo.service.backend._threading.loopingcall [None req-3bc0b12f-c6e4-4391-a396-c465fb5c373c None None] Dynamic interval looping call 'nova.service.Service.periodic_tasks' sleeping for 60.00 seconds {{(pid=93661) _run_loop /opt/stack/data/venv/lib/python3.12/site-packages/oslo_service/backend/_threading/loopingcall.py:125}}
Aug 24 20:10:10.015348 np0000008012 nova-scheduler[93665]: DEBUG oslo.service.backend._threading.loopingcall [None req-00c73570-38ea-4662-9cb8-ec8f830d1220 None None] Dynamic interval looping call 'nova.service.Service.periodic_tasks' sleeping for 60.00 seconds {{(pid=93665) _run_loop /opt/stack/data/venv/lib/python3.12/site-packages/oslo_service/backend/_threading/loopingcall.py:125}}
Aug 24 20:10:13.997420 np0000008012 nova-scheduler[93661]: DEBUG oslo.service.backend._threading.loopingcall [-] Fixed interval looping call 'nova.servicegroup.drivers.db.DbDriver._report_state' sleeping for 119.99 seconds {{(pid=93661) _run_loop /opt/stack/data/venv/lib/python3.12/site-packages/oslo_service/backend/_threading/loopingcall.py:125}}
Aug 24 20:10:14.003665 np0000008012 nova-scheduler[93663]: DEBUG oslo.service.backend._threading.loopingcall [-] Fixed interval looping call 'nova.servicegroup.drivers.db.DbDriver._report_state' sleeping for 120.00 seconds {{(pid=93663) _run_loop /opt/stack/data/venv/lib/python3.12/site-packages/oslo_service/backend/_threading/loopingcall.py:125}}
Aug 24 20:10:14.019613 np0000008012 nova-scheduler[93665]: DEBUG oslo.service.backend._threading.loopingcall [-] Fixed interval looping call 'nova.servicegroup.drivers.db.DbDriver._report_state' sleeping for 119.99 seconds {{(pid=93665) _run_loop /opt/stack/data/venv/lib/python3.12/site-packages/oslo_service/backend/_threading/loopingcall.py:125}}
Aug 24 20:10:18.998488 np0000008012 nova-scheduler[93663]: DEBUG oslo.service.backend._threading.loopingcall [None req-03bc68b9-c0b8-4659-974e-8ce3fd73f4cd None None] Dynamic interval looping call 'nova.service.Service.periodic_tasks' sleeping for 60.00 seconds {{(pid=93663) _run_loop /opt/stack/data/venv/lib/python3.12/site-packages/oslo_service/backend/_threading/loopingcall.py:125}}
Aug 24 20:10:23.988455 np0000008012 nova-scheduler[93661]: DEBUG dbcounter [-] [93661] Writing DB stats nova_cell0:SELECT=1,nova_cell0:UPDATE=1 {{(pid=93661) stat_writer /opt/stack/data/venv/lib/python3.12/site-packages/dbcounter.py:115}}
Aug 24 20:10:24.001473 np0000008012 nova-scheduler[93663]: DEBUG dbcounter [-] [93663] Writing DB stats nova_cell0:SELECT=1 {{(pid=93663) stat_writer /opt/stack/data/venv/lib/python3.12/site-packages/dbcounter.py:115}}
Aug 24 20:10:24.015213 np0000008012 nova-scheduler[93665]: DEBUG dbcounter [-] [93665] Writing DB stats nova_cell0:SELECT=1 {{(pid=93665) stat_writer /opt/stack/data/venv/lib/python3.12/site-packages/dbcounter.py:115}}
Aug 24 20:11:08.560845 np0000008012 nova-scheduler[93661]: DEBUG nova.scheduler.manager [None req-5d417403-1365-4776-9fa3-629953aceaf1 tempest-AttachVolumeTestJSON-1129885621 tempest-AttachVolumeTestJSON-1129885621-project-member] Starting to schedule for instances: ['95651fd1-d184-4a9a-902b-18f33de9ecd4'] {{(pid=93661) select_destinations /opt/stack/nova/nova/scheduler/manager.py:197}}
Aug 24 20:11:08.562247 np0000008012 nova-scheduler[93661]: DEBUG nova.scheduler.request_filter [None req-5d417403-1365-4776-9fa3-629953aceaf1 tempest-AttachVolumeTestJSON-1129885621 tempest-AttachVolumeTestJSON-1129885621-project-member] compute_status_filter request filter added forbidden trait COMPUTE_STATUS_DISABLED {{(pid=93661) compute_status_filter /opt/stack/nova/nova/scheduler/request_filter.py:258}}
Aug 24 20:11:08.562801 np0000008012 nova-scheduler[93661]: DEBUG nova.scheduler.request_filter [None req-5d417403-1365-4776-9fa3-629953aceaf1 tempest-AttachVolumeTestJSON-1129885621 tempest-AttachVolumeTestJSON-1129885621-project-member] Request filter 'compute_status_filter' took 0.0 seconds {{(pid=93661) wrapper /opt/stack/nova/nova/scheduler/request_filter.py:51}}
Aug 24 20:11:08.563126 np0000008012 nova-scheduler[93661]: DEBUG nova.scheduler.request_filter [None req-5d417403-1365-4776-9fa3-629953aceaf1 tempest-AttachVolumeTestJSON-1129885621 tempest-AttachVolumeTestJSON-1129885621-project-member] Request filter 'accelerators_filter' took 0.0 seconds {{(pid=93661) wrapper /opt/stack/nova/nova/scheduler/request_filter.py:51}}
Aug 24 20:11:08.563631 np0000008012 nova-scheduler[93661]: DEBUG nova.scheduler.request_filter [None req-5d417403-1365-4776-9fa3-629953aceaf1 tempest-AttachVolumeTestJSON-1129885621 tempest-AttachVolumeTestJSON-1129885621-project-member] Request filter 'packed_virtqueue_filter' took 0.0 seconds {{(pid=93661) wrapper /opt/stack/nova/nova/scheduler/request_filter.py:51}}
Aug 24 20:11:08.564265 np0000008012 nova-scheduler[93661]: DEBUG nova.scheduler.request_filter [None req-5d417403-1365-4776-9fa3-629953aceaf1 tempest-AttachVolumeTestJSON-1129885621 tempest-AttachVolumeTestJSON-1129885621-project-member] Request filter 'remote_managed_ports_filter' took 0.0 seconds {{(pid=93661) wrapper /opt/stack/nova/nova/scheduler/request_filter.py:51}}
Aug 24 20:11:08.564650 np0000008012 nova-scheduler[93661]: DEBUG nova.scheduler.request_filter [None req-5d417403-1365-4776-9fa3-629953aceaf1 tempest-AttachVolumeTestJSON-1129885621 tempest-AttachVolumeTestJSON-1129885621-project-member] ephemeral_encryption_filter skipped {{(pid=93661) ephemeral_encryption_filter /opt/stack/nova/nova/scheduler/request_filter.py:431}}
Aug 24 20:11:08.564650 np0000008012 nova-scheduler[93661]: DEBUG nova.scheduler.request_filter [None req-5d417403-1365-4776-9fa3-629953aceaf1 tempest-AttachVolumeTestJSON-1129885621 tempest-AttachVolumeTestJSON-1129885621-project-member] virtio_sound_filter skipped {{(pid=93661) virtio_sound_filter /opt/stack/nova/nova/scheduler/request_filter.py:465}}
Aug 24 20:11:08.564787 np0000008012 nova-scheduler[93661]: DEBUG nova.scheduler.request_filter [None req-5d417403-1365-4776-9fa3-629953aceaf1 tempest-AttachVolumeTestJSON-1129885621 tempest-AttachVolumeTestJSON-1129885621-project-member] tpm_secret_security_filter skipped {{(pid=93661) tpm_secret_security_filter /opt/stack/nova/nova/scheduler/request_filter.py:482}}
Aug 24 20:11:08.565636 np0000008012 nova-scheduler[93661]: DEBUG oslo_concurrency.lockutils [None req-5d417403-1365-4776-9fa3-629953aceaf1 tempest-AttachVolumeTestJSON-1129885621 tempest-AttachVolumeTestJSON-1129885621-project-member] Acquiring lock "00000000-0000-0000-0000-000000000000" by "nova.context.set_target_cell..get_or_set_cached_cell_and_set_connections" {{(pid=93661) inner /opt/stack/data/venv/lib/python3.12/site-packages/oslo_concurrency/lockutils.py:512}}
Aug 24 20:11:08.565901 np0000008012 nova-scheduler[93661]: DEBUG oslo_concurrency.lockutils [None req-5d417403-1365-4776-9fa3-629953aceaf1 tempest-AttachVolumeTestJSON-1129885621 tempest-AttachVolumeTestJSON-1129885621-project-member] Lock "00000000-0000-0000-0000-000000000000" acquired by "nova.context.set_target_cell..get_or_set_cached_cell_and_set_connections" :: waited 0.000s {{(pid=93661) inner /opt/stack/data/venv/lib/python3.12/site-packages/oslo_concurrency/lockutils.py:525}}
Aug 24 20:11:08.566720 np0000008012 nova-scheduler[93661]: DEBUG oslo_concurrency.lockutils [None req-5d417403-1365-4776-9fa3-629953aceaf1 tempest-AttachVolumeTestJSON-1129885621 tempest-AttachVolumeTestJSON-1129885621-project-member] Lock "00000000-0000-0000-0000-000000000000" "released" by "nova.context.set_target_cell..get_or_set_cached_cell_and_set_connections" :: held 0.001s {{(pid=93661) inner /opt/stack/data/venv/lib/python3.12/site-packages/oslo_concurrency/lockutils.py:544}}
Aug 24 20:11:08.567070 np0000008012 nova-scheduler[93661]: INFO nova.thread_pool_factory [None req-5d417403-1365-4776-9fa3-629953aceaf1 tempest-AttachVolumeTestJSON-1129885621 tempest-AttachVolumeTestJSON-1129885621-project-member] The cell_worker thread pool ForkProcess-1.cell_worker is initialized
Aug 24 20:11:08.568578 np0000008012 nova-scheduler[93661]: DEBUG oslo_concurrency.lockutils [None req-5d417403-1365-4776-9fa3-629953aceaf1 tempest-AttachVolumeTestJSON-1129885621 tempest-AttachVolumeTestJSON-1129885621-project-member] Acquiring lock "5bf032cd-312a-491f-8fad-504e7ade8cb4" by "nova.context.set_target_cell..get_or_set_cached_cell_and_set_connections" {{(pid=93661) inner /opt/stack/data/venv/lib/python3.12/site-packages/oslo_concurrency/lockutils.py:512}}
Aug 24 20:11:08.568793 np0000008012 nova-scheduler[93661]: DEBUG oslo_concurrency.lockutils [None req-5d417403-1365-4776-9fa3-629953aceaf1 tempest-AttachVolumeTestJSON-1129885621 tempest-AttachVolumeTestJSON-1129885621-project-member] Lock "5bf032cd-312a-491f-8fad-504e7ade8cb4" acquired by "nova.context.set_target_cell..get_or_set_cached_cell_and_set_connections" :: waited 0.000s {{(pid=93661) inner /opt/stack/data/venv/lib/python3.12/site-packages/oslo_concurrency/lockutils.py:525}}
Aug 24 20:11:08.570253 np0000008012 nova-scheduler[93661]: DEBUG oslo_concurrency.lockutils [None req-5d417403-1365-4776-9fa3-629953aceaf1 tempest-AttachVolumeTestJSON-1129885621 tempest-AttachVolumeTestJSON-1129885621-project-member] Lock "5bf032cd-312a-491f-8fad-504e7ade8cb4" "released" by "nova.context.set_target_cell..get_or_set_cached_cell_and_set_connections" :: held 0.001s {{(pid=93661) inner /opt/stack/data/venv/lib/python3.12/site-packages/oslo_concurrency/lockutils.py:544}}
Aug 24 20:11:08.572735 np0000008012 nova-scheduler[93661]: INFO dbcounter [None req-5d417403-1365-4776-9fa3-629953aceaf1 tempest-AttachVolumeTestJSON-1129885621 tempest-AttachVolumeTestJSON-1129885621-project-member] Registered counter for database nova_cell0
Aug 24 20:11:08.576764 np0000008012 nova-scheduler[93661]: INFO dbcounter [None req-5d417403-1365-4776-9fa3-629953aceaf1 tempest-AttachVolumeTestJSON-1129885621 tempest-AttachVolumeTestJSON-1129885621-project-member] Registered counter for database nova_cell1
Aug 24 20:11:08.607595 np0000008012 nova-scheduler[93663]: DEBUG nova.scheduler.manager [None req-40a95a12-3854-45b3-b879-f5bd56f11d86 tempest-ServerActionsTestOtherA-1237112028 tempest-ServerActionsTestOtherA-1237112028-project-member] Starting to schedule for instances: ['a5333818-1b3e-4635-84f6-95262283d70d'] {{(pid=93663) select_destinations /opt/stack/nova/nova/scheduler/manager.py:197}}
Aug 24 20:11:08.608083 np0000008012 nova-scheduler[93663]: DEBUG nova.scheduler.request_filter [None req-40a95a12-3854-45b3-b879-f5bd56f11d86 tempest-ServerActionsTestOtherA-1237112028 tempest-ServerActionsTestOtherA-1237112028-project-member] compute_status_filter request filter added forbidden trait COMPUTE_STATUS_DISABLED {{(pid=93663) compute_status_filter /opt/stack/nova/nova/scheduler/request_filter.py:258}}
Aug 24 20:11:08.608165 np0000008012 nova-scheduler[93663]: DEBUG nova.scheduler.request_filter [None req-40a95a12-3854-45b3-b879-f5bd56f11d86 tempest-ServerActionsTestOtherA-1237112028 tempest-ServerActionsTestOtherA-1237112028-project-member] Request filter 'compute_status_filter' took 0.0 seconds {{(pid=93663) wrapper /opt/stack/nova/nova/scheduler/request_filter.py:51}}
Aug 24 20:11:08.608346 np0000008012 nova-scheduler[93663]: DEBUG nova.scheduler.request_filter [None req-40a95a12-3854-45b3-b879-f5bd56f11d86 tempest-ServerActionsTestOtherA-1237112028 tempest-ServerActionsTestOtherA-1237112028-project-member] Request filter 'accelerators_filter' took 0.0 seconds {{(pid=93663) wrapper /opt/stack/nova/nova/scheduler/request_filter.py:51}}
Aug 24 20:11:08.608520 np0000008012 nova-scheduler[93663]: DEBUG nova.scheduler.request_filter [None req-40a95a12-3854-45b3-b879-f5bd56f11d86 tempest-ServerActionsTestOtherA-1237112028 tempest-ServerActionsTestOtherA-1237112028-project-member] Request filter 'packed_virtqueue_filter' took 0.0 seconds {{(pid=93663) wrapper /opt/stack/nova/nova/scheduler/request_filter.py:51}}
Aug 24 20:11:08.608768 np0000008012 nova-scheduler[93663]: DEBUG nova.scheduler.request_filter [None req-40a95a12-3854-45b3-b879-f5bd56f11d86 tempest-ServerActionsTestOtherA-1237112028 tempest-ServerActionsTestOtherA-1237112028-project-member] Request filter 'remote_managed_ports_filter' took 0.0 seconds {{(pid=93663) wrapper /opt/stack/nova/nova/scheduler/request_filter.py:51}}
Aug 24 20:11:08.609313 np0000008012 nova-scheduler[93663]: DEBUG nova.scheduler.request_filter [None req-40a95a12-3854-45b3-b879-f5bd56f11d86 tempest-ServerActionsTestOtherA-1237112028 tempest-ServerActionsTestOtherA-1237112028-project-member] ephemeral_encryption_filter skipped {{(pid=93663) ephemeral_encryption_filter /opt/stack/nova/nova/scheduler/request_filter.py:431}}
Aug 24 20:11:08.609694 np0000008012 nova-scheduler[93663]: DEBUG nova.scheduler.request_filter [None req-40a95a12-3854-45b3-b879-f5bd56f11d86 tempest-ServerActionsTestOtherA-1237112028 tempest-ServerActionsTestOtherA-1237112028-project-member] virtio_sound_filter skipped {{(pid=93663) virtio_sound_filter /opt/stack/nova/nova/scheduler/request_filter.py:465}}
Aug 24 20:11:08.609824 np0000008012 nova-scheduler[93663]: DEBUG nova.scheduler.request_filter [None req-40a95a12-3854-45b3-b879-f5bd56f11d86 tempest-ServerActionsTestOtherA-1237112028 tempest-ServerActionsTestOtherA-1237112028-project-member] tpm_secret_security_filter skipped {{(pid=93663) tpm_secret_security_filter /opt/stack/nova/nova/scheduler/request_filter.py:482}}
Aug 24 20:11:08.610307 np0000008012 nova-scheduler[93663]: DEBUG oslo_concurrency.lockutils [None req-40a95a12-3854-45b3-b879-f5bd56f11d86 tempest-ServerActionsTestOtherA-1237112028 tempest-ServerActionsTestOtherA-1237112028-project-member] Acquiring lock "00000000-0000-0000-0000-000000000000" by "nova.context.set_target_cell..get_or_set_cached_cell_and_set_connections" {{(pid=93663) inner /opt/stack/data/venv/lib/python3.12/site-packages/oslo_concurrency/lockutils.py:512}}
Aug 24 20:11:08.610483 np0000008012 nova-scheduler[93663]: DEBUG oslo_concurrency.lockutils [None req-40a95a12-3854-45b3-b879-f5bd56f11d86 tempest-ServerActionsTestOtherA-1237112028 tempest-ServerActionsTestOtherA-1237112028-project-member] Lock "00000000-0000-0000-0000-000000000000" acquired by "nova.context.set_target_cell..get_or_set_cached_cell_and_set_connections" :: waited 0.000s {{(pid=93663) inner /opt/stack/data/venv/lib/python3.12/site-packages/oslo_concurrency/lockutils.py:525}}
Aug 24 20:11:08.611121 np0000008012 nova-scheduler[93663]: DEBUG oslo_concurrency.lockutils [None req-40a95a12-3854-45b3-b879-f5bd56f11d86 tempest-ServerActionsTestOtherA-1237112028 tempest-ServerActionsTestOtherA-1237112028-project-member] Lock "00000000-0000-0000-0000-000000000000" "released" by "nova.context.set_target_cell..get_or_set_cached_cell_and_set_connections" :: held 0.001s {{(pid=93663) inner /opt/stack/data/venv/lib/python3.12/site-packages/oslo_concurrency/lockutils.py:544}}
Aug 24 20:11:08.611385 np0000008012 nova-scheduler[93663]: INFO nova.thread_pool_factory [None req-40a95a12-3854-45b3-b879-f5bd56f11d86 tempest-ServerActionsTestOtherA-1237112028 tempest-ServerActionsTestOtherA-1237112028-project-member] The cell_worker thread pool ForkProcess-2.cell_worker is initialized
Aug 24 20:11:08.612248 np0000008012 nova-scheduler[93663]: DEBUG oslo_concurrency.lockutils [None req-40a95a12-3854-45b3-b879-f5bd56f11d86 tempest-ServerActionsTestOtherA-1237112028 tempest-ServerActionsTestOtherA-1237112028-project-member] Acquiring lock "5bf032cd-312a-491f-8fad-504e7ade8cb4" by "nova.context.set_target_cell..get_or_set_cached_cell_and_set_connections" {{(pid=93663) inner /opt/stack/data/venv/lib/python3.12/site-packages/oslo_concurrency/lockutils.py:512}}
Aug 24 20:11:08.612380 np0000008012 nova-scheduler[93663]: DEBUG oslo_concurrency.lockutils [None req-40a95a12-3854-45b3-b879-f5bd56f11d86 tempest-ServerActionsTestOtherA-1237112028 tempest-ServerActionsTestOtherA-1237112028-project-member] Lock "5bf032cd-312a-491f-8fad-504e7ade8cb4" acquired by "nova.context.set_target_cell..get_or_set_cached_cell_and_set_connections" :: waited 0.000s {{(pid=93663) inner /opt/stack/data/venv/lib/python3.12/site-packages/oslo_concurrency/lockutils.py:525}}
Aug 24 20:11:08.613490 np0000008012 nova-scheduler[93663]: DEBUG oslo_concurrency.lockutils [None req-40a95a12-3854-45b3-b879-f5bd56f11d86 tempest-ServerActionsTestOtherA-1237112028 tempest-ServerActionsTestOtherA-1237112028-project-member] Lock "5bf032cd-312a-491f-8fad-504e7ade8cb4" "released" by "nova.context.set_target_cell..get_or_set_cached_cell_and_set_connections" :: held 0.001s {{(pid=93663) inner /opt/stack/data/venv/lib/python3.12/site-packages/oslo_concurrency/lockutils.py:544}}
Aug 24 20:11:08.614646 np0000008012 nova-scheduler[93663]: INFO dbcounter [None req-40a95a12-3854-45b3-b879-f5bd56f11d86 tempest-ServerActionsTestOtherA-1237112028 tempest-ServerActionsTestOtherA-1237112028-project-member] Registered counter for database nova_cell0
Aug 24 20:11:08.617499 np0000008012 nova-scheduler[93663]: INFO dbcounter [None req-40a95a12-3854-45b3-b879-f5bd56f11d86 tempest-ServerActionsTestOtherA-1237112028 tempest-ServerActionsTestOtherA-1237112028-project-member] Registered counter for database nova_cell1
Aug 24 20:11:08.618242 np0000008012 nova-scheduler[93661]: DEBUG oslo_db.sqlalchemy.engines [None req-5d417403-1365-4776-9fa3-629953aceaf1 tempest-AttachVolumeTestJSON-1129885621 tempest-AttachVolumeTestJSON-1129885621-project-member] MySQL server mode set to STRICT_TRANS_TABLES,STRICT_ALL_TABLES,NO_ZERO_IN_DATE,NO_ZERO_DATE,ERROR_FOR_DIVISION_BY_ZERO,TRADITIONAL,NO_ENGINE_SUBSTITUTION {{(pid=93661) _check_effective_sql_mode /opt/stack/data/venv/lib/python3.12/site-packages/oslo_db/sqlalchemy/engines.py:325}}
Aug 24 20:11:08.621400 np0000008012 nova-scheduler[93661]: DEBUG oslo_db.sqlalchemy.engines [None req-5d417403-1365-4776-9fa3-629953aceaf1 tempest-AttachVolumeTestJSON-1129885621 tempest-AttachVolumeTestJSON-1129885621-project-member] MySQL server mode set to STRICT_TRANS_TABLES,STRICT_ALL_TABLES,NO_ZERO_IN_DATE,NO_ZERO_DATE,ERROR_FOR_DIVISION_BY_ZERO,TRADITIONAL,NO_ENGINE_SUBSTITUTION {{(pid=93661) _check_effective_sql_mode /opt/stack/data/venv/lib/python3.12/site-packages/oslo_db/sqlalchemy/engines.py:325}}
Aug 24 20:11:08.624895 np0000008012 nova-scheduler[93661]: DEBUG dbcounter [-] [93661] Writer thread running {{(pid=93661) stat_writer /opt/stack/data/venv/lib/python3.12/site-packages/dbcounter.py:102}}
Aug 24 20:11:08.633869 np0000008012 nova-scheduler[93661]: DEBUG dbcounter [-] [93661] Writer thread running {{(pid=93661) stat_writer /opt/stack/data/venv/lib/python3.12/site-packages/dbcounter.py:102}}
Aug 24 20:11:08.636445 np0000008012 nova-scheduler[93661]: DEBUG nova.scheduler.request_filter [None req-5d417403-1365-4776-9fa3-629953aceaf1 tempest-AttachVolumeTestJSON-1129885621 tempest-AttachVolumeTestJSON-1129885621-project-member] Added required trait OWNER_NOVA to root provider in request spec {{(pid=93661) owner_nova_filter /opt/stack/nova/nova/scheduler/request_filter.py:580}}
Aug 24 20:11:08.636445 np0000008012 nova-scheduler[93661]: DEBUG nova.scheduler.request_filter [None req-5d417403-1365-4776-9fa3-629953aceaf1 tempest-AttachVolumeTestJSON-1129885621 tempest-AttachVolumeTestJSON-1129885621-project-member] Request filter 'owner_nova_filter' took 0.1 seconds {{(pid=93661) wrapper /opt/stack/nova/nova/scheduler/request_filter.py:51}}
Aug 24 20:11:08.652751 np0000008012 nova-scheduler[93663]: DEBUG oslo_db.sqlalchemy.engines [None req-40a95a12-3854-45b3-b879-f5bd56f11d86 tempest-ServerActionsTestOtherA-1237112028 tempest-ServerActionsTestOtherA-1237112028-project-member] MySQL server mode set to STRICT_TRANS_TABLES,STRICT_ALL_TABLES,NO_ZERO_IN_DATE,NO_ZERO_DATE,ERROR_FOR_DIVISION_BY_ZERO,TRADITIONAL,NO_ENGINE_SUBSTITUTION {{(pid=93663) _check_effective_sql_mode /opt/stack/data/venv/lib/python3.12/site-packages/oslo_db/sqlalchemy/engines.py:325}}
Aug 24 20:11:08.661080 np0000008012 nova-scheduler[93663]: DEBUG dbcounter [-] [93663] Writer thread running {{(pid=93663) stat_writer /opt/stack/data/venv/lib/python3.12/site-packages/dbcounter.py:102}}
Aug 24 20:11:08.665071 np0000008012 nova-scheduler[93663]: DEBUG oslo_db.sqlalchemy.engines [None req-40a95a12-3854-45b3-b879-f5bd56f11d86 tempest-ServerActionsTestOtherA-1237112028 tempest-ServerActionsTestOtherA-1237112028-project-member] MySQL server mode set to STRICT_TRANS_TABLES,STRICT_ALL_TABLES,NO_ZERO_IN_DATE,NO_ZERO_DATE,ERROR_FOR_DIVISION_BY_ZERO,TRADITIONAL,NO_ENGINE_SUBSTITUTION {{(pid=93663) _check_effective_sql_mode /opt/stack/data/venv/lib/python3.12/site-packages/oslo_db/sqlalchemy/engines.py:325}}
Aug 24 20:11:08.670787 np0000008012 nova-scheduler[93663]: DEBUG dbcounter [-] [93663] Writer thread running {{(pid=93663) stat_writer /opt/stack/data/venv/lib/python3.12/site-packages/dbcounter.py:102}}
Aug 24 20:11:08.672648 np0000008012 nova-scheduler[93663]: DEBUG nova.scheduler.request_filter [None req-40a95a12-3854-45b3-b879-f5bd56f11d86 tempest-ServerActionsTestOtherA-1237112028 tempest-ServerActionsTestOtherA-1237112028-project-member] Added required trait OWNER_NOVA to root provider in request spec {{(pid=93663) owner_nova_filter /opt/stack/nova/nova/scheduler/request_filter.py:580}}
Aug 24 20:11:08.672816 np0000008012 nova-scheduler[93663]: DEBUG nova.scheduler.request_filter [None req-40a95a12-3854-45b3-b879-f5bd56f11d86 tempest-ServerActionsTestOtherA-1237112028 tempest-ServerActionsTestOtherA-1237112028-project-member] Request filter 'owner_nova_filter' took 0.1 seconds {{(pid=93663) wrapper /opt/stack/nova/nova/scheduler/request_filter.py:51}}
Aug 24 20:11:08.985017 np0000008012 nova-scheduler[93661]: DEBUG oslo.service.backend._threading.loopingcall [None req-3bc0b12f-c6e4-4391-a396-c465fb5c373c None None] Dynamic interval looping call 'nova.service.Service.periodic_tasks' sleeping for 60.00 seconds {{(pid=93661) _run_loop /opt/stack/data/venv/lib/python3.12/site-packages/oslo_service/backend/_threading/loopingcall.py:125}}
Aug 24 20:11:09.150594 np0000008012 nova-scheduler[93663]: DEBUG oslo_concurrency.lockutils [None req-40a95a12-3854-45b3-b879-f5bd56f11d86 tempest-ServerActionsTestOtherA-1237112028 tempest-ServerActionsTestOtherA-1237112028-project-member] Acquiring lock "5bf032cd-312a-491f-8fad-504e7ade8cb4" by "nova.context.set_target_cell..get_or_set_cached_cell_and_set_connections" {{(pid=93663) inner /opt/stack/data/venv/lib/python3.12/site-packages/oslo_concurrency/lockutils.py:512}}
Aug 24 20:11:09.150800 np0000008012 nova-scheduler[93663]: DEBUG oslo_concurrency.lockutils [None req-40a95a12-3854-45b3-b879-f5bd56f11d86 tempest-ServerActionsTestOtherA-1237112028 tempest-ServerActionsTestOtherA-1237112028-project-member] Lock "5bf032cd-312a-491f-8fad-504e7ade8cb4" acquired by "nova.context.set_target_cell..get_or_set_cached_cell_and_set_connections" :: waited 0.000s {{(pid=93663) inner /opt/stack/data/venv/lib/python3.12/site-packages/oslo_concurrency/lockutils.py:525}}
Aug 24 20:11:09.150935 np0000008012 nova-scheduler[93663]: DEBUG oslo_concurrency.lockutils [None req-40a95a12-3854-45b3-b879-f5bd56f11d86 tempest-ServerActionsTestOtherA-1237112028 tempest-ServerActionsTestOtherA-1237112028-project-member] Lock "5bf032cd-312a-491f-8fad-504e7ade8cb4" "released" by "nova.context.set_target_cell..get_or_set_cached_cell_and_set_connections" :: held 0.000s {{(pid=93663) inner /opt/stack/data/venv/lib/python3.12/site-packages/oslo_concurrency/lockutils.py:544}}
Aug 24 20:11:09.173114 np0000008012 nova-scheduler[93663]: DEBUG oslo_db.sqlalchemy.engines [None req-40a95a12-3854-45b3-b879-f5bd56f11d86 tempest-ServerActionsTestOtherA-1237112028 tempest-ServerActionsTestOtherA-1237112028-project-member] Parent process 92463 forked (93663) with an open database connection, which is being discarded and recreated. {{(pid=93663) checkout /opt/stack/data/venv/lib/python3.12/site-packages/oslo_db/sqlalchemy/engines.py:402}}
Aug 24 20:11:09.220707 np0000008012 nova-scheduler[93663]: DEBUG dbcounter [-] [93663] Writer thread running {{(pid=93663) stat_writer /opt/stack/data/venv/lib/python3.12/site-packages/dbcounter.py:102}}
Aug 24 20:11:09.225812 np0000008012 nova-scheduler[93663]: DEBUG oslo_concurrency.lockutils [None req-40a95a12-3854-45b3-b879-f5bd56f11d86 tempest-ServerActionsTestOtherA-1237112028 tempest-ServerActionsTestOtherA-1237112028-project-member] Acquiring lock "5bf032cd-312a-491f-8fad-504e7ade8cb4" by "nova.context.set_target_cell..get_or_set_cached_cell_and_set_connections" {{(pid=93663) inner /opt/stack/data/venv/lib/python3.12/site-packages/oslo_concurrency/lockutils.py:512}}
Aug 24 20:11:09.225963 np0000008012 nova-scheduler[93663]: DEBUG oslo_concurrency.lockutils [None req-40a95a12-3854-45b3-b879-f5bd56f11d86 tempest-ServerActionsTestOtherA-1237112028 tempest-ServerActionsTestOtherA-1237112028-project-member] Lock "5bf032cd-312a-491f-8fad-504e7ade8cb4" acquired by "nova.context.set_target_cell..get_or_set_cached_cell_and_set_connections" :: waited 0.000s {{(pid=93663) inner /opt/stack/data/venv/lib/python3.12/site-packages/oslo_concurrency/lockutils.py:525}}
Aug 24 20:11:09.226267 np0000008012 nova-scheduler[93663]: DEBUG oslo_concurrency.lockutils [None req-40a95a12-3854-45b3-b879-f5bd56f11d86 tempest-ServerActionsTestOtherA-1237112028 tempest-ServerActionsTestOtherA-1237112028-project-member] Lock "5bf032cd-312a-491f-8fad-504e7ade8cb4" "released" by "nova.context.set_target_cell..get_or_set_cached_cell_and_set_connections" :: held 0.000s {{(pid=93663) inner /opt/stack/data/venv/lib/python3.12/site-packages/oslo_concurrency/lockutils.py:544}}
Aug 24 20:11:09.232800 np0000008012 nova-scheduler[93663]: DEBUG oslo_concurrency.lockutils [None req-40a95a12-3854-45b3-b879-f5bd56f11d86 tempest-ServerActionsTestOtherA-1237112028 tempest-ServerActionsTestOtherA-1237112028-project-member] Acquiring lock "np0000008012-np0000008012" by "nova.scheduler.host_manager.HostState.update.._locked_update" {{(pid=93663) inner /opt/stack/data/venv/lib/python3.12/site-packages/oslo_concurrency/lockutils.py:512}}
Aug 24 20:11:09.233349 np0000008012 nova-scheduler[93663]: DEBUG oslo_concurrency.lockutils [None req-40a95a12-3854-45b3-b879-f5bd56f11d86 tempest-ServerActionsTestOtherA-1237112028 tempest-ServerActionsTestOtherA-1237112028-project-member] Lock "np0000008012-np0000008012" acquired by "nova.scheduler.host_manager.HostState.update.._locked_update" :: waited 0.000s {{(pid=93663) inner /opt/stack/data/venv/lib/python3.12/site-packages/oslo_concurrency/lockutils.py:525}}
