Aug 24 20:07:41.813932 np0000008012 devstack@neutron-api.service[87810]: INFO neutron.quota.resource_registry [None req-a11a6f1c-b95c-4c3c-8e19-5cfc60a575a6 None None] Creating instance of TrackedResource for resource:subnet
Aug 24 20:07:41.813932 np0000008012 devstack@neutron-api.service[87810]: INFO neutron.quota.resource_registry [None req-a11a6f1c-b95c-4c3c-8e19-5cfc60a575a6 None None] Creating instance of TrackedResource for resource:subnetpool
Aug 24 20:07:41.813932 np0000008012 devstack@neutron-api.service[87810]: INFO neutron.quota.resource_registry [None req-a11a6f1c-b95c-4c3c-8e19-5cfc60a575a6 None None] Creating instance of TrackedResource for resource:port
Aug 24 20:07:41.814164 np0000008012 devstack@neutron-api.service[87808]: DEBUG neutron.api.extensions [None req-9b993f00-9a6f-4bfd-a034-02336e947bb7 None None] Extended resource: security-groups {{(pid=87808) __init__ /opt/stack/neutron/neutron/api/extensions.py:156}}
Aug 24 20:07:41.814164 np0000008012 devstack@neutron-api.service[87808]: DEBUG neutron.api.extensions [None req-9b993f00-9a6f-4bfd-a034-02336e947bb7 None None] Extended resource: security-group-rules {{(pid=87808) __init__ /opt/stack/neutron/neutron/api/extensions.py:156}}
Aug 24 20:07:41.814164 np0000008012 devstack@neutron-api.service[87808]: DEBUG neutron.api.extensions [None req-9b993f00-9a6f-4bfd-a034-02336e947bb7 None None] Extended resource: service-providers {{(pid=87808) __init__ /opt/stack/neutron/neutron/api/extensions.py:156}}
Aug 24 20:07:41.814164 np0000008012 devstack@neutron-api.service[87808]: DEBUG neutron.api.extensions [None req-9b993f00-9a6f-4bfd-a034-02336e947bb7 None None] Extended resource: subnetpools {{(pid=87808) __init__ /opt/stack/neutron/neutron/api/extensions.py:156}}
Aug 24 20:07:41.814396 np0000008012 devstack@neutron-api.service[87810]: INFO neutron.quota.resource_registry [None req-a11a6f1c-b95c-4c3c-8e19-5cfc60a575a6 None None] Creating instance of CountableResource for resource:router_route
Aug 24 20:07:41.814396 np0000008012 devstack@neutron-api.service[87810]: DEBUG neutron.api.v2.resource_helper [None req-a11a6f1c-b95c-4c3c-8e19-5cfc60a575a6 None None] Service L3_ROUTER_NAT assigned prefix: {{(pid=87810) build_resource_info /opt/stack/neutron/neutron/api/v2/resource_helper.py:77}}
Aug 24 20:07:41.814581 np0000008012 devstack@neutron-api.service[87808]: DEBUG neutron.api.extensions [None req-9b993f00-9a6f-4bfd-a034-02336e947bb7 None None] Extended resource: subnetpools {{(pid=87808) __init__ /opt/stack/neutron/neutron/api/extensions.py:156}}
Aug 24 20:07:41.814581 np0000008012 devstack@neutron-api.service[87808]: DEBUG neutron.api.extensions [None req-9b993f00-9a6f-4bfd-a034-02336e947bb7 None None] Extended resource: tags {{(pid=87808) __init__ /opt/stack/neutron/neutron/api/extensions.py:156}}
Aug 24 20:07:41.814736 np0000008012 devstack@neutron-api.service[87810]: DEBUG neutron.api.v2.resource_helper [None req-a11a6f1c-b95c-4c3c-8e19-5cfc60a575a6 None None] Service FLAVORS assigned prefix: {{(pid=87810) build_resource_info /opt/stack/neutron/neutron/api/v2/resource_helper.py:77}}
Aug 24 20:07:41.815006 np0000008012 devstack@neutron-api.service[87808]: DEBUG neutron.api.extensions [None req-9b993f00-9a6f-4bfd-a034-02336e947bb7 None None] Extended resource: tags {{(pid=87808) __init__ /opt/stack/neutron/neutron/api/extensions.py:156}}
Aug 24 20:07:41.815006 np0000008012 devstack@neutron-api.service[87808]: DEBUG neutron.api.extensions [None req-9b993f00-9a6f-4bfd-a034-02336e947bb7 None None] Extended resource: tags {{(pid=87808) __init__ /opt/stack/neutron/neutron/api/extensions.py:156}}
Aug 24 20:07:41.815006 np0000008012 devstack@neutron-api.service[87808]: DEBUG neutron.api.extensions [None req-9b993f00-9a6f-4bfd-a034-02336e947bb7 None None] Extended resource: tags {{(pid=87808) __init__ /opt/stack/neutron/neutron/api/extensions.py:156}}
Aug 24 20:07:41.815006 np0000008012 devstack@neutron-api.service[87808]: DEBUG neutron.api.extensions [None req-9b993f00-9a6f-4bfd-a034-02336e947bb7 None None] Extended resource: tags {{(pid=87808) __init__ /opt/stack/neutron/neutron/api/extensions.py:156}}
Aug 24 20:07:41.815006 np0000008012 devstack@neutron-api.service[87808]: DEBUG neutron.api.extensions [None req-9b993f00-9a6f-4bfd-a034-02336e947bb7 None None] Extended resource: tags {{(pid=87808) __init__ /opt/stack/neutron/neutron/api/extensions.py:156}}
Aug 24 20:07:41.815262 np0000008012 devstack@neutron-api.service[87810]: DEBUG neutron.api.v2.resource_helper [None req-a11a6f1c-b95c-4c3c-8e19-5cfc60a575a6 None None] Service L3_ROUTER_NAT assigned prefix: {{(pid=87810) build_resource_info /opt/stack/neutron/neutron/api/v2/resource_helper.py:77}}
Aug 24 20:07:41.815415 np0000008012 devstack@neutron-api.service[87808]: DEBUG neutron.api.extensions [None req-9b993f00-9a6f-4bfd-a034-02336e947bb7 None None] Extended resource: tags {{(pid=87808) __init__ /opt/stack/neutron/neutron/api/extensions.py:156}}
Aug 24 20:07:41.815642 np0000008012 devstack@neutron-api.service[87810]: DEBUG neutron.api.v2.resource_helper [None req-a11a6f1c-b95c-4c3c-8e19-5cfc60a575a6 None None] Service L3_ROUTER_NAT assigned prefix: {{(pid=87810) build_resource_info /opt/stack/neutron/neutron/api/v2/resource_helper.py:77}}
Aug 24 20:07:41.815642 np0000008012 devstack@neutron-api.service[87810]: INFO neutron.quota.resource_registry [None req-a11a6f1c-b95c-4c3c-8e19-5cfc60a575a6 None None] Creating instance of TrackedResource for resource:router
Aug 24 20:07:41.815858 np0000008012 devstack@neutron-api.service[87808]: DEBUG neutron.api.extensions [None req-9b993f00-9a6f-4bfd-a034-02336e947bb7 None None] Extended resource: tags {{(pid=87808) __init__ /opt/stack/neutron/neutron/api/extensions.py:156}}
Aug 24 20:07:41.816003 np0000008012 devstack@neutron-api.service[87810]: INFO neutron.quota.resource_registry [None req-a11a6f1c-b95c-4c3c-8e19-5cfc60a575a6 None None] Creating instance of TrackedResource for resource:floatingip
Aug 24 20:07:41.816140 np0000008012 devstack@neutron-api.service[87808]: DEBUG neutron.api.extensions [None req-9b993f00-9a6f-4bfd-a034-02336e947bb7 None None] Extended resource: tags {{(pid=87808) __init__ /opt/stack/neutron/neutron/api/extensions.py:156}}
Aug 24 20:07:41.816140 np0000008012 devstack@neutron-api.service[87808]: DEBUG neutron.api.extensions [None req-9b993f00-9a6f-4bfd-a034-02336e947bb7 None None] Extended resource: tags {{(pid=87808) __init__ /opt/stack/neutron/neutron/api/extensions.py:156}}
Aug 24 20:07:41.816322 np0000008012 devstack@neutron-api.service[87810]: INFO neutron.quota.resource_registry [None req-a11a6f1c-b95c-4c3c-8e19-5cfc60a575a6 None None] Creating instance of CountableResource for resource:rbac_policy
Aug 24 20:07:41.816322 np0000008012 devstack@neutron-api.service[87810]: INFO neutron.quota.resource_registry [None req-a11a6f1c-b95c-4c3c-8e19-5cfc60a575a6 None None] Creating instance of TrackedResource for resource:security_group
Aug 24 20:07:41.816322 np0000008012 devstack@neutron-api.service[87810]: INFO neutron.quota.resource_registry [None req-a11a6f1c-b95c-4c3c-8e19-5cfc60a575a6 None None] Creating instance of TrackedResource for resource:security_group_rule
Aug 24 20:07:41.816322 np0000008012 devstack@neutron-api.service[87810]: DEBUG neutron.api.v2.resource_helper [None req-a11a6f1c-b95c-4c3c-8e19-5cfc60a575a6 None None] Service CORE assigned prefix: {{(pid=87810) build_resource_info /opt/stack/neutron/neutron/api/v2/resource_helper.py:77}}
Aug 24 20:07:41.816322 np0000008012 devstack@neutron-api.service[87810]: INFO neutron.quota.resource_registry [None req-a11a6f1c-b95c-4c3c-8e19-5cfc60a575a6 None None] Creating instance of TrackedResource for resource:subnetpool
Aug 24 20:07:41.816322 np0000008012 devstack@neutron-api.service[87810]: WARNING neutron.quota.resource_registry [None req-a11a6f1c-b95c-4c3c-8e19-5cfc60a575a6 None None] subnetpool is already registered
Aug 24 20:07:41.816322 np0000008012 devstack@neutron-api.service[87810]: DEBUG neutron.api.v2.resource_helper [None req-a11a6f1c-b95c-4c3c-8e19-5cfc60a575a6 None None] Service CORE assigned prefix: {{(pid=87810) build_resource_info /opt/stack/neutron/neutron/api/v2/resource_helper.py:77}}
Aug 24 20:07:41.816322 np0000008012 devstack@neutron-api.service[87810]: INFO neutron.quota.resource_registry [None req-a11a6f1c-b95c-4c3c-8e19-5cfc60a575a6 None None] Creating instance of TrackedResource for resource:subnetpool
Aug 24 20:07:41.816322 np0000008012 devstack@neutron-api.service[87810]: WARNING neutron.quota.resource_registry [None req-a11a6f1c-b95c-4c3c-8e19-5cfc60a575a6 None None] subnetpool is already registered
Aug 24 20:07:41.817146 np0000008012 devstack@neutron-api.service[87810]: INFO neutron.quota.resource_registry [None req-a11a6f1c-b95c-4c3c-8e19-5cfc60a575a6 None None] Creating instance of CountableResource for resource:router_route
Aug 24 20:07:41.817354 np0000008012 devstack@neutron-api.service[87810]: WARNING neutron.quota.resource_registry [None req-a11a6f1c-b95c-4c3c-8e19-5cfc60a575a6 None None] router_route is already registered
Aug 24 20:07:41.817495 np0000008012 devstack@neutron-api.service[87810]: DEBUG neutron.api.v2.resource_helper [None req-a11a6f1c-b95c-4c3c-8e19-5cfc60a575a6 None None] Service L3_ROUTER_NAT assigned prefix: {{(pid=87810) build_resource_info /opt/stack/neutron/neutron/api/v2/resource_helper.py:77}}
Aug 24 20:07:41.817987 np0000008012 devstack@neutron-api.service[87810]: DEBUG neutron.api.v2.resource_helper [None req-a11a6f1c-b95c-4c3c-8e19-5cfc60a575a6 None None] Service FLAVORS assigned prefix: {{(pid=87810) build_resource_info /opt/stack/neutron/neutron/api/v2/resource_helper.py:77}}
Aug 24 20:07:41.818958 np0000008012 devstack@neutron-api.service[87808]: DEBUG neutron_lib.callbacks.manager [None req-9b993f00-9a6f-4bfd-a034-02336e947bb7 None None] Publish callbacks ['neutron.plugins.ml2.drivers.ovn.mech_driver.mech_driver.OVNMechanismDriver.pre_fork_initialize-2060935'] for process (None), before_spawn {{(pid=87808) _notify_loop /opt/stack/data/venv/lib/python3.12/site-packages/neutron_lib/callbacks/manager.py:184}}
Aug 24 20:07:41.819234 np0000008012 devstack@neutron-api.service[87810]: DEBUG neutron.api.v2.resource_helper [None req-a11a6f1c-b95c-4c3c-8e19-5cfc60a575a6 None None] Service L3_ROUTER_NAT assigned prefix: {{(pid=87810) build_resource_info /opt/stack/neutron/neutron/api/v2/resource_helper.py:77}}
Aug 24 20:07:41.819471 np0000008012 devstack@neutron-api.service[87808]: DEBUG oslo_concurrency.processutils [None req-9b993f00-9a6f-4bfd-a034-02336e947bb7 None None] Running cmd (subprocess): ovsdb-client transact ssl:10.4.3.125:6641 --timeout 180 -p /opt/stack/data/CA/int-ca/private/devstack-cert.key -c /opt/stack/data/CA/int-ca/devstack-cert.crt -C /opt/stack/data/CA/int-ca/ca-chain.pem ["OVN_Northbound", {"op": "wait", "timeout": 0, "table": "Port_Group", "where": [["name", "==", "neutron_pg_drop"]], "until": "==", "rows": []}, {"op": "insert", "table": "ACL", "row": {"action": "drop", "direction": "to-lport", "match": "outport == @neutron_pg_drop && ip", "priority": 1000}, "uuid-name": "droptoport"}, {"op": "insert", "table": "ACL", "row": {"action": "drop", "direction": "from-lport", "match": "inport == @neutron_pg_drop && ip", "priority": 1000}, "uuid-name": "dropfromport"}, {"op": "insert", "table": "Port_Group", "row": {"name": "neutron_pg_drop", "acls": ["set", [["named-uuid", "droptoport"], ["named-uuid", "dropfromport"]]]}}] {{(pid=87808) execute /opt/stack/data/venv/lib/python3.12/site-packages/oslo_concurrency/processutils.py:440}}
Aug 24 20:07:41.819689 np0000008012 devstack@neutron-api.service[87810]: DEBUG neutron.api.v2.resource_helper [None req-a11a6f1c-b95c-4c3c-8e19-5cfc60a575a6 None None] Service L3_ROUTER_NAT assigned prefix: {{(pid=87810) build_resource_info /opt/stack/neutron/neutron/api/v2/resource_helper.py:77}}
Aug 24 20:07:41.819835 np0000008012 devstack@neutron-api.service[87810]: INFO neutron.quota.resource_registry [None req-a11a6f1c-b95c-4c3c-8e19-5cfc60a575a6 None None] Creating instance of TrackedResource for resource:router
Aug 24 20:07:41.819980 np0000008012 devstack@neutron-api.service[87810]: WARNING neutron.quota.resource_registry [None req-a11a6f1c-b95c-4c3c-8e19-5cfc60a575a6 None None] router is already registered
Aug 24 20:07:41.820294 np0000008012 devstack@neutron-api.service[87810]: INFO neutron.quota.resource_registry [None req-a11a6f1c-b95c-4c3c-8e19-5cfc60a575a6 None None] Creating instance of TrackedResource for resource:floatingip
Aug 24 20:07:41.820421 np0000008012 devstack@neutron-api.service[87810]: WARNING neutron.quota.resource_registry [None req-a11a6f1c-b95c-4c3c-8e19-5cfc60a575a6 None None] floatingip is already registered
Aug 24 20:07:41.821363 np0000008012 devstack@neutron-api.service[87810]: INFO neutron.quota.resource_registry [None req-a11a6f1c-b95c-4c3c-8e19-5cfc60a575a6 None None] Creating instance of CountableResource for resource:rbac_policy
Aug 24 20:07:41.821502 np0000008012 devstack@neutron-api.service[87810]: WARNING neutron.quota.resource_registry [None req-a11a6f1c-b95c-4c3c-8e19-5cfc60a575a6 None None] rbac_policy is already registered
Aug 24 20:07:41.822092 np0000008012 devstack@neutron-api.service[87810]: INFO neutron.quota.resource_registry [None req-a11a6f1c-b95c-4c3c-8e19-5cfc60a575a6 None None] Creating instance of TrackedResource for resource:security_group
Aug 24 20:07:41.822181 np0000008012 devstack@neutron-api.service[87810]: WARNING neutron.quota.resource_registry [None req-a11a6f1c-b95c-4c3c-8e19-5cfc60a575a6 None None] security_group is already registered
Aug 24 20:07:41.822487 np0000008012 devstack@neutron-api.service[87810]: INFO neutron.quota.resource_registry [None req-a11a6f1c-b95c-4c3c-8e19-5cfc60a575a6 None None] Creating instance of TrackedResource for resource:security_group_rule
Aug 24 20:07:41.822816 np0000008012 devstack@neutron-api.service[87810]: WARNING neutron.quota.resource_registry [None req-a11a6f1c-b95c-4c3c-8e19-5cfc60a575a6 None None] security_group_rule is already registered
Aug 24 20:07:41.823319 np0000008012 devstack@neutron-api.service[87810]: DEBUG neutron.api.v2.resource_helper [None req-a11a6f1c-b95c-4c3c-8e19-5cfc60a575a6 None None] Service CORE assigned prefix: {{(pid=87810) build_resource_info /opt/stack/neutron/neutron/api/v2/resource_helper.py:77}}
Aug 24 20:07:41.823319 np0000008012 devstack@neutron-api.service[87810]: INFO neutron.quota.resource_registry [None req-a11a6f1c-b95c-4c3c-8e19-5cfc60a575a6 None None] Creating instance of TrackedResource for resource:subnetpool
Aug 24 20:07:41.823560 np0000008012 devstack@neutron-api.service[87810]: WARNING neutron.quota.resource_registry [None req-a11a6f1c-b95c-4c3c-8e19-5cfc60a575a6 None None] subnetpool is already registered
Aug 24 20:07:41.823904 np0000008012 devstack@neutron-api.service[87810]: DEBUG neutron.api.v2.resource_helper [None req-a11a6f1c-b95c-4c3c-8e19-5cfc60a575a6 None None] Service CORE assigned prefix: {{(pid=87810) build_resource_info /opt/stack/neutron/neutron/api/v2/resource_helper.py:77}}
Aug 24 20:07:41.823904 np0000008012 devstack@neutron-api.service[87810]: INFO neutron.quota.resource_registry [None req-a11a6f1c-b95c-4c3c-8e19-5cfc60a575a6 None None] Creating instance of TrackedResource for resource:subnetpool
Aug 24 20:07:41.824128 np0000008012 devstack@neutron-api.service[87810]: WARNING neutron.quota.resource_registry [None req-a11a6f1c-b95c-4c3c-8e19-5cfc60a575a6 None None] subnetpool is already registered
Aug 24 20:07:41.824467 np0000008012 devstack@neutron-api.service[87810]: DEBUG neutron.api.extensions [None req-a11a6f1c-b95c-4c3c-8e19-5cfc60a575a6 None None] Extended resource: extensions {{(pid=87810) __init__ /opt/stack/neutron/neutron/api/extensions.py:156}}
Aug 24 20:07:41.825077 np0000008012 devstack@neutron-api.service[87810]: DEBUG neutron.api.extensions [None req-a11a6f1c-b95c-4c3c-8e19-5cfc60a575a6 None None] Extended resource: address-groups {{(pid=87810) __init__ /opt/stack/neutron/neutron/api/extensions.py:156}}
Aug 24 20:07:41.825620 np0000008012 devstack@neutron-api.service[87810]: DEBUG neutron.api.extensions [None req-a11a6f1c-b95c-4c3c-8e19-5cfc60a575a6 None None] Extended resource: address-scopes {{(pid=87810) __init__ /opt/stack/neutron/neutron/api/extensions.py:156}}
Aug 24 20:07:41.826129 np0000008012 devstack@neutron-api.service[87810]: DEBUG neutron.api.extensions [None req-a11a6f1c-b95c-4c3c-8e19-5cfc60a575a6 None None] Extended resource: agents {{(pid=87810) __init__ /opt/stack/neutron/neutron/api/extensions.py:156}}
Aug 24 20:07:41.826512 np0000008012 devstack@neutron-api.service[87810]: DEBUG neutron.api.extensions [None req-a11a6f1c-b95c-4c3c-8e19-5cfc60a575a6 None None] Extended resource: auto-allocated-topology {{(pid=87810) __init__ /opt/stack/neutron/neutron/api/extensions.py:156}}
Aug 24 20:07:41.826948 np0000008012 devstack@neutron-api.service[87810]: DEBUG neutron.api.extensions [None req-a11a6f1c-b95c-4c3c-8e19-5cfc60a575a6 None None] Extended resource: availability_zones {{(pid=87810) __init__ /opt/stack/neutron/neutron/api/extensions.py:156}}
Aug 24 20:07:41.827372 np0000008012 devstack@neutron-api.service[87810]: DEBUG neutron.api.extensions [None req-a11a6f1c-b95c-4c3c-8e19-5cfc60a575a6 None None] Extended resource: dhcp-networks {{(pid=87810) __init__ /opt/stack/neutron/neutron/api/extensions.py:156}}
Aug 24 20:07:41.827861 np0000008012 devstack@neutron-api.service[87810]: DEBUG neutron.api.extensions [None req-a11a6f1c-b95c-4c3c-8e19-5cfc60a575a6 None None] Extended resource: dhcp-agents {{(pid=87810) __init__ /opt/stack/neutron/neutron/api/extensions.py:156}}
Aug 24 20:07:41.828495 np0000008012 devstack@neutron-api.service[87810]: DEBUG neutron.api.extensions [None req-a11a6f1c-b95c-4c3c-8e19-5cfc60a575a6 None None] Extended resource: routers {{(pid=87810) __init__ /opt/stack/neutron/neutron/api/extensions.py:156}}
Aug 24 20:07:41.829151 np0000008012 devstack@neutron-api.service[87810]: DEBUG neutron.api.extensions [None req-a11a6f1c-b95c-4c3c-8e19-5cfc60a575a6 None None] Extended resource: flavors {{(pid=87810) __init__ /opt/stack/neutron/neutron/api/extensions.py:156}}
Aug 24 20:07:41.829506 np0000008012 devstack@neutron-api.service[87810]: DEBUG neutron.api.extensions [None req-a11a6f1c-b95c-4c3c-8e19-5cfc60a575a6 None None] Extended resource: service_profiles {{(pid=87810) __init__ /opt/stack/neutron/neutron/api/extensions.py:156}}
Aug 24 20:07:41.829967 np0000008012 devstack@neutron-api.service[87810]: DEBUG neutron.api.extensions [None req-a11a6f1c-b95c-4c3c-8e19-5cfc60a575a6 None None] Extended resource: next_providers {{(pid=87810) __init__ /opt/stack/neutron/neutron/api/extensions.py:156}}
Aug 24 20:07:41.830448 np0000008012 devstack@neutron-api.service[87810]: DEBUG neutron.api.extensions [None req-a11a6f1c-b95c-4c3c-8e19-5cfc60a575a6 None None] Extended resource: service_profiles {{(pid=87810) __init__ /opt/stack/neutron/neutron/api/extensions.py:156}}
Aug 24 20:07:41.831009 np0000008012 devstack@neutron-api.service[87810]: DEBUG neutron.api.extensions [None req-a11a6f1c-b95c-4c3c-8e19-5cfc60a575a6 None None] Extended resource: floatingip-pools {{(pid=87810) __init__ /opt/stack/neutron/neutron/api/extensions.py:156}}
Aug 24 20:07:41.831418 np0000008012 devstack@neutron-api.service[87810]: DEBUG neutron.api.extensions [None req-a11a6f1c-b95c-4c3c-8e19-5cfc60a575a6 None None] Extended resource: routers {{(pid=87810) __init__ /opt/stack/neutron/neutron/api/extensions.py:156}}
Aug 24 20:07:41.832147 np0000008012 devstack@neutron-api.service[87810]: DEBUG neutron.api.extensions [None req-a11a6f1c-b95c-4c3c-8e19-5cfc60a575a6 None None] Extended resource: floatingips {{(pid=87810) __init__ /opt/stack/neutron/neutron/api/extensions.py:156}}
Aug 24 20:07:41.832526 np0000008012 devstack@neutron-api.service[87810]: DEBUG neutron.api.extensions [None req-a11a6f1c-b95c-4c3c-8e19-5cfc60a575a6 None None] Extended resource: l3-routers {{(pid=87810) __init__ /opt/stack/neutron/neutron/api/extensions.py:156}}
Aug 24 20:07:41.833088 np0000008012 devstack@neutron-api.service[87810]: DEBUG neutron.api.extensions [None req-a11a6f1c-b95c-4c3c-8e19-5cfc60a575a6 None None] Extended resource: l3-agents {{(pid=87810) __init__ /opt/stack/neutron/neutron/api/extensions.py:156}}
Aug 24 20:07:41.833745 np0000008012 devstack@neutron-api.service[87810]: DEBUG neutron.api.extensions [None req-a11a6f1c-b95c-4c3c-8e19-5cfc60a575a6 None None] Extended resource: network-ip-availabilities {{(pid=87810) __init__ /opt/stack/neutron/neutron/api/extensions.py:156}}
Aug 24 20:07:41.834226 np0000008012 devstack@neutron-api.service[87810]: DEBUG neutron.api.extensions [None req-a11a6f1c-b95c-4c3c-8e19-5cfc60a575a6 None None] Extended resource: network-ip-availabilities {{(pid=87810) __init__ /opt/stack/neutron/neutron/api/extensions.py:156}}
Aug 24 20:07:41.834680 np0000008012 devstack@neutron-api.service[87810]: DEBUG neutron.api.extensions [None req-a11a6f1c-b95c-4c3c-8e19-5cfc60a575a6 None None] Extended resource: bindings {{(pid=87810) __init__ /opt/stack/neutron/neutron/api/extensions.py:156}}
Aug 24 20:07:41.835380 np0000008012 devstack@neutron-api.service[87810]: DEBUG neutron.api.extensions [None req-a11a6f1c-b95c-4c3c-8e19-5cfc60a575a6 None None] Extended resource: quotas {{(pid=87810) __init__ /opt/stack/neutron/neutron/api/extensions.py:156}}
Aug 24 20:07:41.836001 np0000008012 devstack@neutron-api.service[87810]: DEBUG neutron.api.extensions [None req-a11a6f1c-b95c-4c3c-8e19-5cfc60a575a6 None None] Extended resource: quotas {{(pid=87810) __init__ /opt/stack/neutron/neutron/api/extensions.py:156}}
Aug 24 20:07:41.836526 np0000008012 devstack@neutron-api.service[87810]: DEBUG neutron.api.extensions [None req-a11a6f1c-b95c-4c3c-8e19-5cfc60a575a6 None None] Extended resource: rbac-policies {{(pid=87810) __init__ /opt/stack/neutron/neutron/api/extensions.py:156}}
Aug 24 20:07:41.837031 np0000008012 devstack@neutron-api.service[87810]: DEBUG neutron.api.extensions [None req-a11a6f1c-b95c-4c3c-8e19-5cfc60a575a6 None None] Extended resource: default-security-group-rules {{(pid=87810) __init__ /opt/stack/neutron/neutron/api/extensions.py:156}}
Aug 24 20:07:41.837460 np0000008012 devstack@neutron-api.service[87810]: DEBUG neutron.api.extensions [None req-a11a6f1c-b95c-4c3c-8e19-5cfc60a575a6 None None] Extended resource: security-groups-default-statefulness {{(pid=87810) __init__ /opt/stack/neutron/neutron/api/extensions.py:156}}
Aug 24 20:07:41.837912 np0000008012 devstack@neutron-api.service[87810]: DEBUG neutron.api.extensions [None req-a11a6f1c-b95c-4c3c-8e19-5cfc60a575a6 None None] Extended resource: security-groups {{(pid=87810) __init__ /opt/stack/neutron/neutron/api/extensions.py:156}}
Aug 24 20:07:41.839224 np0000008012 devstack@neutron-api.service[87810]: DEBUG neutron.api.extensions [None req-a11a6f1c-b95c-4c3c-8e19-5cfc60a575a6 None None] Extended resource: security-group-rules {{(pid=87810) __init__ /opt/stack/neutron/neutron/api/extensions.py:156}}
Aug 24 20:07:41.839716 np0000008012 devstack@neutron-api.service[87810]: DEBUG neutron.api.extensions [None req-a11a6f1c-b95c-4c3c-8e19-5cfc60a575a6 None None] Extended resource: service-providers {{(pid=87810) __init__ /opt/stack/neutron/neutron/api/extensions.py:156}}
Aug 24 20:07:41.840192 np0000008012 devstack@neutron-api.service[87810]: DEBUG neutron.api.extensions [None req-a11a6f1c-b95c-4c3c-8e19-5cfc60a575a6 None None] Extended resource: subnetpools {{(pid=87810) __init__ /opt/stack/neutron/neutron/api/extensions.py:156}}
Aug 24 20:07:41.840694 np0000008012 devstack@neutron-api.service[87810]: DEBUG neutron.api.extensions [None req-a11a6f1c-b95c-4c3c-8e19-5cfc60a575a6 None None] Extended resource: subnetpools {{(pid=87810) __init__ /opt/stack/neutron/neutron/api/extensions.py:156}}
Aug 24 20:07:41.841297 np0000008012 devstack@neutron-api.service[87810]: DEBUG neutron.api.extensions [None req-a11a6f1c-b95c-4c3c-8e19-5cfc60a575a6 None None] Extended resource: tags {{(pid=87810) __init__ /opt/stack/neutron/neutron/api/extensions.py:156}}
Aug 24 20:07:41.841793 np0000008012 devstack@neutron-api.service[87810]: DEBUG neutron.api.extensions [None req-a11a6f1c-b95c-4c3c-8e19-5cfc60a575a6 None None] Extended resource: tags {{(pid=87810) __init__ /opt/stack/neutron/neutron/api/extensions.py:156}}
Aug 24 20:07:41.842824 np0000008012 devstack@neutron-api.service[87810]: DEBUG neutron.api.extensions [None req-a11a6f1c-b95c-4c3c-8e19-5cfc60a575a6 None None] Extended resource: tags {{(pid=87810) __init__ /opt/stack/neutron/neutron/api/extensions.py:156}}
Aug 24 20:07:41.843965 np0000008012 devstack@neutron-api.service[87810]: DEBUG neutron.api.extensions [None req-a11a6f1c-b95c-4c3c-8e19-5cfc60a575a6 None None] Extended resource: tags {{(pid=87810) __init__ /opt/stack/neutron/neutron/api/extensions.py:156}}
Aug 24 20:07:41.845001 np0000008012 devstack@neutron-api.service[87810]: DEBUG neutron.api.extensions [None req-a11a6f1c-b95c-4c3c-8e19-5cfc60a575a6 None None] Extended resource: tags {{(pid=87810) __init__ /opt/stack/neutron/neutron/api/extensions.py:156}}
Aug 24 20:07:41.846249 np0000008012 devstack@neutron-api.service[87810]: DEBUG neutron.api.extensions [None req-a11a6f1c-b95c-4c3c-8e19-5cfc60a575a6 None None] Extended resource: tags {{(pid=87810) __init__ /opt/stack/neutron/neutron/api/extensions.py:156}}
Aug 24 20:07:41.847114 np0000008012 devstack@neutron-api.service[87810]: DEBUG neutron.api.extensions [None req-a11a6f1c-b95c-4c3c-8e19-5cfc60a575a6 None None] Extended resource: tags {{(pid=87810) __init__ /opt/stack/neutron/neutron/api/extensions.py:156}}
Aug 24 20:07:41.848057 np0000008012 devstack@neutron-api.service[87810]: DEBUG neutron.api.extensions [None req-a11a6f1c-b95c-4c3c-8e19-5cfc60a575a6 None None] Extended resource: tags {{(pid=87810) __init__ /opt/stack/neutron/neutron/api/extensions.py:156}}
Aug 24 20:07:41.848857 np0000008012 devstack@neutron-api.service[87810]: DEBUG neutron.api.extensions [None req-a11a6f1c-b95c-4c3c-8e19-5cfc60a575a6 None None] Extended resource: tags {{(pid=87810) __init__ /opt/stack/neutron/neutron/api/extensions.py:156}}
Aug 24 20:07:41.849924 np0000008012 devstack@neutron-api.service[87810]: DEBUG neutron.api.extensions [None req-a11a6f1c-b95c-4c3c-8e19-5cfc60a575a6 None None] Extended resource: tags {{(pid=87810) __init__ /opt/stack/neutron/neutron/api/extensions.py:156}}
Aug 24 20:07:41.861179 np0000008012 devstack@neutron-api.service[87810]: DEBUG neutron_lib.callbacks.manager [None req-a11a6f1c-b95c-4c3c-8e19-5cfc60a575a6 None None] Publish callbacks ['neutron.plugins.ml2.drivers.ovn.mech_driver.mech_driver.OVNMechanismDriver.pre_fork_initialize-138570'] for process (None), before_spawn {{(pid=87810) _notify_loop /opt/stack/data/venv/lib/python3.12/site-packages/neutron_lib/callbacks/manager.py:184}}
Aug 24 20:07:41.861591 np0000008012 devstack@neutron-api.service[87810]: DEBUG oslo_concurrency.processutils [None req-a11a6f1c-b95c-4c3c-8e19-5cfc60a575a6 None None] Running cmd (subprocess): ovsdb-client transact ssl:10.4.3.125:6641 --timeout 180 -p /opt/stack/data/CA/int-ca/private/devstack-cert.key -c /opt/stack/data/CA/int-ca/devstack-cert.crt -C /opt/stack/data/CA/int-ca/ca-chain.pem ["OVN_Northbound", {"op": "wait", "timeout": 0, "table": "Port_Group", "where": [["name", "==", "neutron_pg_drop"]], "until": "==", "rows": []}, {"op": "insert", "table": "ACL", "row": {"action": "drop", "direction": "to-lport", "match": "outport == @neutron_pg_drop && ip", "priority": 1000}, "uuid-name": "droptoport"}, {"op": "insert", "table": "ACL", "row": {"action": "drop", "direction": "from-lport", "match": "inport == @neutron_pg_drop && ip", "priority": 1000}, "uuid-name": "dropfromport"}, {"op": "insert", "table": "Port_Group", "row": {"name": "neutron_pg_drop", "acls": ["set", [["named-uuid", "droptoport"], ["named-uuid", "dropfromport"]]]}}] {{(pid=87810) execute /opt/stack/data/venv/lib/python3.12/site-packages/oslo_concurrency/processutils.py:440}}
Aug 24 20:07:41.870108 np0000008012 devstack@neutron-api.service[87808]: DEBUG oslo_concurrency.processutils [None req-9b993f00-9a6f-4bfd-a034-02336e947bb7 None None] CMD "ovsdb-client transact ssl:10.4.3.125:6641 --timeout 180 -p /opt/stack/data/CA/int-ca/private/devstack-cert.key -c /opt/stack/data/CA/int-ca/devstack-cert.crt -C /opt/stack/data/CA/int-ca/ca-chain.pem ["OVN_Northbound", {"op": "wait", "timeout": 0, "table": "Port_Group", "where": [["name", "==", "neutron_pg_drop"]], "until": "==", "rows": []}, {"op": "insert", "table": "ACL", "row": {"action": "drop", "direction": "to-lport", "match": "outport == @neutron_pg_drop && ip", "priority": 1000}, "uuid-name": "droptoport"}, {"op": "insert", "table": "ACL", "row": {"action": "drop", "direction": "from-lport", "match": "inport == @neutron_pg_drop && ip", "priority": 1000}, "uuid-name": "dropfromport"}, {"op": "insert", "table": "Port_Group", "row": {"name": "neutron_pg_drop", "acls": ["set", [["named-uuid", "droptoport"], ["named-uuid", "dropfromport"]]]}}]" returned: 0 in 0.050s {{(pid=87808) execute /opt/stack/data/venv/lib/python3.12/site-packages/oslo_concurrency/processutils.py:468}}
Aug 24 20:07:41.870596 np0000008012 devstack@neutron-api.service[87808]: DEBUG neutron_lib.callbacks.manager [None req-9b993f00-9a6f-4bfd-a034-02336e947bb7 None None] Publish callbacks ['neutron.plugins.ml2.drivers.ovn.mech_driver.mech_driver.OVNMechanismDriver.post_fork_initialize-2060975', 'neutron.services.pvlan.drivers.ovn.driver._initialize_pvlan_pg_drop-8044197901506', 'neutron.services.ovn_l3.plugin.OVNL3RouterPlugin._post_fork_initialize-959479'] for process (None), after_init {{(pid=87808) _notify_loop /opt/stack/data/venv/lib/python3.12/site-packages/neutron_lib/callbacks/manager.py:184}}
Aug 24 20:07:41.871016 np0000008012 devstack@neutron-api.service[87808]: DEBUG oslo_concurrency.lockutils [None req-9b993f00-9a6f-4bfd-a034-02336e947bb7 None None] Acquiring lock "singleton_lock" {{(pid=87808) lock /opt/stack/data/venv/lib/python3.12/site-packages/oslo_concurrency/lockutils.py:396}}
Aug 24 20:07:41.871168 np0000008012 devstack@neutron-api.service[87808]: DEBUG oslo_concurrency.lockutils [None req-9b993f00-9a6f-4bfd-a034-02336e947bb7 None None] Acquired lock "singleton_lock" {{(pid=87808) lock /opt/stack/data/venv/lib/python3.12/site-packages/oslo_concurrency/lockutils.py:399}}
Aug 24 20:07:41.871479 np0000008012 devstack@neutron-api.service[87808]: DEBUG oslo_concurrency.lockutils [None req-9b993f00-9a6f-4bfd-a034-02336e947bb7 None None] Releasing lock "singleton_lock" {{(pid=87808) lock /opt/stack/data/venv/lib/python3.12/site-packages/oslo_concurrency/lockutils.py:419}}
Aug 24 20:07:41.876956 np0000008012 devstack@neutron-api.service[87808]: DEBUG neutron.plugins.ml2.drivers.ovn.mech_driver.mech_driver [None req-9b993f00-9a6f-4bfd-a034-02336e947bb7 None None] Hash Ring setup using WSGI start time 2026-08-24 20:07:40+00:00 {{(pid=87808) _init_hash_ring /opt/stack/neutron/neutron/plugins/ml2/drivers/ovn/mech_driver/mech_driver.py:382}}
Aug 24 20:07:41.885132 np0000008012 devstack@neutron-api.service[87808]: INFO neutron.db.ovn_hash_ring_db [None req-9b993f00-9a6f-4bfd-a034-02336e947bb7 None None] Nodes from host "np0000008012" and group "mechanism_driver" removed from the Hash Ring created at 2026-08-24 20:07:40+00:00
Aug 24 20:07:41.891100 np0000008012 devstack@neutron-api.service[87808]: INFO neutron.db.ovn_hash_ring_db [None req-9b993f00-9a6f-4bfd-a034-02336e947bb7 None None] Node c19d14c1142b53a7b88e9a68aef2d139 from host "np0000008012" and group "mechanism_driver" added to the Hash Ring
Aug 24 20:07:41.893356 np0000008012 devstack@neutron-api.service[87808]: DEBUG neutron.plugins.ml2.drivers.ovn.mech_driver.mech_driver [None req-9b993f00-9a6f-4bfd-a034-02336e947bb7 None None] Hash Ring setup, this worker has detected 2 OVN hash ring registers in the database {{(pid=87808) _init_hash_ring /opt/stack/neutron/neutron/plugins/ml2/drivers/ovn/mech_driver/mech_driver.py:392}}
Aug 24 20:07:41.900611 np0000008012 devstack@neutron-api.service[87808]: DEBUG neutron.plugins.ml2.drivers.ovn.mech_driver.ovsdb.maintenance [None req-9b993f00-9a6f-4bfd-a034-02336e947bb7 None None] Periodic task found: HashRingHealthCheckPeriodics.touch_hash_ring_node {{(pid=87808) add_periodics /opt/stack/neutron/neutron/plugins/ml2/drivers/ovn/mech_driver/ovsdb/maintenance.py:151}}
Aug 24 20:07:41.901674 np0000008012 devstack@neutron-api.service[87808]: INFO neutron.plugins.ml2.drivers.ovn.mech_driver.mech_driver [None req-9b993f00-9a6f-4bfd-a034-02336e947bb7 None None] Hash Ring probing thread for node c19d14c1142b53a7b88e9a68aef2d139 has started
Aug 24 20:07:41.902851 np0000008012 devstack@neutron-api.service[87808]: INFO neutron.plugins.ml2.drivers.ovn.mech_driver.ovsdb.impl_idl_ovn [None req-9b993f00-9a6f-4bfd-a034-02336e947bb7 None None] Getting OvsdbNbOvnIdl for WorkerService with retry
Aug 24 20:07:41.915297 np0000008012 devstack@neutron-api.service[87810]: DEBUG oslo_concurrency.processutils [None req-a11a6f1c-b95c-4c3c-8e19-5cfc60a575a6 None None] CMD "ovsdb-client transact ssl:10.4.3.125:6641 --timeout 180 -p /opt/stack/data/CA/int-ca/private/devstack-cert.key -c /opt/stack/data/CA/int-ca/devstack-cert.crt -C /opt/stack/data/CA/int-ca/ca-chain.pem ["OVN_Northbound", {"op": "wait", "timeout": 0, "table": "Port_Group", "where": [["name", "==", "neutron_pg_drop"]], "until": "==", "rows": []}, {"op": "insert", "table": "ACL", "row": {"action": "drop", "direction": "to-lport", "match": "outport == @neutron_pg_drop && ip", "priority": 1000}, "uuid-name": "droptoport"}, {"op": "insert", "table": "ACL", "row": {"action": "drop", "direction": "from-lport", "match": "inport == @neutron_pg_drop && ip", "priority": 1000}, "uuid-name": "dropfromport"}, {"op": "insert", "table": "Port_Group", "row": {"name": "neutron_pg_drop", "acls": ["set", [["named-uuid", "droptoport"], ["named-uuid", "dropfromport"]]]}}]" returned: 0 in 0.053s {{(pid=87810) execute /opt/stack/data/venv/lib/python3.12/site-packages/oslo_concurrency/processutils.py:468}}
Aug 24 20:07:41.915800 np0000008012 devstack@neutron-api.service[87810]: DEBUG neutron_lib.callbacks.manager [None req-a11a6f1c-b95c-4c3c-8e19-5cfc60a575a6 None None] Publish callbacks ['neutron.plugins.ml2.drivers.ovn.mech_driver.mech_driver.OVNMechanismDriver.post_fork_initialize-138610', 'neutron.services.pvlan.drivers.ovn.driver._initialize_pvlan_pg_drop-8044197909224', 'neutron.services.ovn_l3.plugin.OVNL3RouterPlugin._post_fork_initialize-15341087'] for process (None), after_init {{(pid=87810) _notify_loop /opt/stack/data/venv/lib/python3.12/site-packages/neutron_lib/callbacks/manager.py:184}}
Aug 24 20:07:41.916365 np0000008012 devstack@neutron-api.service[87810]: DEBUG oslo_concurrency.lockutils [None req-a11a6f1c-b95c-4c3c-8e19-5cfc60a575a6 None None] Acquiring lock "singleton_lock" {{(pid=87810) lock /opt/stack/data/venv/lib/python3.12/site-packages/oslo_concurrency/lockutils.py:396}}
Aug 24 20:07:41.916466 np0000008012 devstack@neutron-api.service[87810]: DEBUG oslo_concurrency.lockutils [None req-a11a6f1c-b95c-4c3c-8e19-5cfc60a575a6 None None] Acquired lock "singleton_lock" {{(pid=87810) lock /opt/stack/data/venv/lib/python3.12/site-packages/oslo_concurrency/lockutils.py:399}}
Aug 24 20:07:41.916807 np0000008012 devstack@neutron-api.service[87810]: DEBUG oslo_concurrency.lockutils [None req-a11a6f1c-b95c-4c3c-8e19-5cfc60a575a6 None None] Releasing lock "singleton_lock" {{(pid=87810) lock /opt/stack/data/venv/lib/python3.12/site-packages/oslo_concurrency/lockutils.py:419}}
Aug 24 20:07:41.920564 np0000008012 devstack@neutron-api.service[87810]: DEBUG neutron.plugins.ml2.drivers.ovn.mech_driver.mech_driver [None req-a11a6f1c-b95c-4c3c-8e19-5cfc60a575a6 None None] Hash Ring setup using WSGI start time 2026-08-24 20:07:40+00:00 {{(pid=87810) _init_hash_ring /opt/stack/neutron/neutron/plugins/ml2/drivers/ovn/mech_driver/mech_driver.py:382}}
Aug 24 20:07:41.926947 np0000008012 devstack@neutron-api.service[87810]: INFO neutron.db.ovn_hash_ring_db [None req-a11a6f1c-b95c-4c3c-8e19-5cfc60a575a6 None None] Nodes from host "np0000008012" and group "mechanism_driver" removed from the Hash Ring created at 2026-08-24 20:07:40+00:00
Aug 24 20:07:41.930557 np0000008012 devstack@neutron-api.service[87810]: INFO neutron.db.ovn_hash_ring_db [None req-a11a6f1c-b95c-4c3c-8e19-5cfc60a575a6 None None] Node 25ad14a1db335808a1bcf58fad8d0377 from host "np0000008012" and group "mechanism_driver" added to the Hash Ring
Aug 24 20:07:41.936419 np0000008012 devstack@neutron-api.service[87810]: DEBUG neutron.plugins.ml2.drivers.ovn.mech_driver.mech_driver [None req-a11a6f1c-b95c-4c3c-8e19-5cfc60a575a6 None None] Hash Ring setup, this worker has detected 3 OVN hash ring registers in the database {{(pid=87810) _init_hash_ring /opt/stack/neutron/neutron/plugins/ml2/drivers/ovn/mech_driver/mech_driver.py:392}}
Aug 24 20:07:41.944444 np0000008012 devstack@neutron-api.service[87810]: DEBUG neutron.plugins.ml2.drivers.ovn.mech_driver.ovsdb.maintenance [None req-a11a6f1c-b95c-4c3c-8e19-5cfc60a575a6 None None] Periodic task found: HashRingHealthCheckPeriodics.touch_hash_ring_node {{(pid=87810) add_periodics /opt/stack/neutron/neutron/plugins/ml2/drivers/ovn/mech_driver/ovsdb/maintenance.py:151}}
Aug 24 20:07:41.945667 np0000008012 devstack@neutron-api.service[87810]: INFO neutron.plugins.ml2.drivers.ovn.mech_driver.mech_driver [None req-a11a6f1c-b95c-4c3c-8e19-5cfc60a575a6 None None] Hash Ring probing thread for node 25ad14a1db335808a1bcf58fad8d0377 has started
Aug 24 20:07:41.946627 np0000008012 devstack@neutron-api.service[87808]: DEBUG ovsdbapp.backend.ovs_idl [None req-9b993f00-9a6f-4bfd-a034-02336e947bb7 None None] Created lookup_table index Logical_Switch.name {{(pid=87808) autocreate_indices /opt/stack/data/venv/lib/python3.12/site-packages/ovsdbapp/backend/ovs_idl/__init__.py:87}}
Aug 24 20:07:41.946690 np0000008012 devstack@neutron-api.service[87810]: INFO neutron.plugins.ml2.drivers.ovn.mech_driver.ovsdb.impl_idl_ovn [None req-a11a6f1c-b95c-4c3c-8e19-5cfc60a575a6 None None] Getting OvsdbNbOvnIdl for WorkerService with retry
Aug 24 20:07:41.946736 np0000008012 devstack@neutron-api.service[87808]: DEBUG ovsdbapp.backend.ovs_idl [None req-9b993f00-9a6f-4bfd-a034-02336e947bb7 None None] Created lookup_table index Logical_Router.name {{(pid=87808) autocreate_indices /opt/stack/data/venv/lib/python3.12/site-packages/ovsdbapp/backend/ovs_idl/__init__.py:87}}
Aug 24 20:07:41.947375 np0000008012 devstack@neutron-api.service[87808]: DEBUG ovsdbapp.backend.ovs_idl [None req-9b993f00-9a6f-4bfd-a034-02336e947bb7 None None] Created lookup_table index Load_Balancer.name {{(pid=87808) autocreate_indices /opt/stack/data/venv/lib/python3.12/site-packages/ovsdbapp/backend/ovs_idl/__init__.py:87}}
Aug 24 20:07:41.947375 np0000008012 devstack@neutron-api.service[87808]: DEBUG ovsdbapp.backend.ovs_idl [None req-9b993f00-9a6f-4bfd-a034-02336e947bb7 None None] Created schema index Copp.name {{(pid=87808) autocreate_indices /opt/stack/data/venv/lib/python3.12/site-packages/ovsdbapp/backend/ovs_idl/__init__.py:106}}
Aug 24 20:07:41.947375 np0000008012 devstack@neutron-api.service[87808]: DEBUG ovsdbapp.backend.ovs_idl [None req-9b993f00-9a6f-4bfd-a034-02336e947bb7 None None] Created schema index Meter.name {{(pid=87808) autocreate_indices /opt/stack/data/venv/lib/python3.12/site-packages/ovsdbapp/backend/ovs_idl/__init__.py:106}}
Aug 24 20:07:41.947596 np0000008012 devstack@neutron-api.service[87808]: DEBUG ovsdbapp.backend.ovs_idl [None req-9b993f00-9a6f-4bfd-a034-02336e947bb7 None None] Created schema index Load_Balancer_Group.name {{(pid=87808) autocreate_indices /opt/stack/data/venv/lib/python3.12/site-packages/ovsdbapp/backend/ovs_idl/__init__.py:106}}
Aug 24 20:07:41.947958 np0000008012 devstack@neutron-api.service[87808]: DEBUG ovsdbapp.backend.ovs_idl [None req-9b993f00-9a6f-4bfd-a034-02336e947bb7 None None] Created schema index HA_Chassis_Group.name {{(pid=87808) autocreate_indices /opt/stack/data/venv/lib/python3.12/site-packages/ovsdbapp/backend/ovs_idl/__init__.py:106}}
Aug 24 20:07:41.947958 np0000008012 devstack@neutron-api.service[87808]: DEBUG ovsdbapp.backend.ovs_idl [None req-9b993f00-9a6f-4bfd-a034-02336e947bb7 None None] Created schema index Address_Set.name {{(pid=87808) autocreate_indices /opt/stack/data/venv/lib/python3.12/site-packages/ovsdbapp/backend/ovs_idl/__init__.py:106}}
Aug 24 20:07:41.948072 np0000008012 devstack@neutron-api.service[87808]: DEBUG ovsdbapp.backend.ovs_idl [None req-9b993f00-9a6f-4bfd-a034-02336e947bb7 None None] Created schema index Connection.target {{(pid=87808) autocreate_indices /opt/stack/data/venv/lib/python3.12/site-packages/ovsdbapp/backend/ovs_idl/__init__.py:106}}
Aug 24 20:07:41.948171 np0000008012 devstack@neutron-api.service[87808]: DEBUG ovsdbapp.backend.ovs_idl [None req-9b993f00-9a6f-4bfd-a034-02336e947bb7 None None] Created schema index Gateway_Chassis.name {{(pid=87808) autocreate_indices /opt/stack/data/venv/lib/python3.12/site-packages/ovsdbapp/backend/ovs_idl/__init__.py:106}}
Aug 24 20:07:41.948316 np0000008012 devstack@neutron-api.service[87808]: DEBUG ovsdbapp.backend.ovs_idl [None req-9b993f00-9a6f-4bfd-a034-02336e947bb7 None None] Created schema index Mirror.name {{(pid=87808) autocreate_indices /opt/stack/data/venv/lib/python3.12/site-packages/ovsdbapp/backend/ovs_idl/__init__.py:106}}
Aug 24 20:07:41.948429 np0000008012 devstack@neutron-api.service[87808]: DEBUG ovsdbapp.backend.ovs_idl [None req-9b993f00-9a6f-4bfd-a034-02336e947bb7 None None] Created schema index Chassis_Template_Var.chassis {{(pid=87808) autocreate_indices /opt/stack/data/venv/lib/python3.12/site-packages/ovsdbapp/backend/ovs_idl/__init__.py:106}}
Aug 24 20:07:41.948490 np0000008012 devstack@neutron-api.service[87808]: DEBUG ovsdbapp.backend.ovs_idl [None req-9b993f00-9a6f-4bfd-a034-02336e947bb7 None None] Created schema index Logical_Router_Port.name {{(pid=87808) autocreate_indices /opt/stack/data/venv/lib/python3.12/site-packages/ovsdbapp/backend/ovs_idl/__init__.py:106}}
Aug 24 20:07:41.948535 np0000008012 devstack@neutron-api.service[87808]: DEBUG ovsdbapp.backend.ovs_idl [None req-9b993f00-9a6f-4bfd-a034-02336e947bb7 None None] Created schema index Port_Group.name {{(pid=87808) autocreate_indices /opt/stack/data/venv/lib/python3.12/site-packages/ovsdbapp/backend/ovs_idl/__init__.py:106}}
Aug 24 20:07:41.948596 np0000008012 devstack@neutron-api.service[87808]: DEBUG ovsdbapp.backend.ovs_idl [None req-9b993f00-9a6f-4bfd-a034-02336e947bb7 None None] Created schema index Logical_Switch_Port.name {{(pid=87808) autocreate_indices /opt/stack/data/venv/lib/python3.12/site-packages/ovsdbapp/backend/ovs_idl/__init__.py:106}}
Aug 24 20:07:41.953452 np0000008012 devstack@neutron-api.service[87808]: INFO ovsdbapp.backend.ovs_idl.vlog [None req-9b993f00-9a6f-4bfd-a034-02336e947bb7 None None] ssl:10.4.3.125:6641: connecting...
Aug 24 20:07:41.958836 np0000008012 devstack@neutron-api.service[87808]: INFO ovsdbapp.backend.ovs_idl.vlog [None req-9b993f00-9a6f-4bfd-a034-02336e947bb7 None None] ssl:10.4.3.125:6641: connected
Aug 24 20:07:41.998490 np0000008012 devstack@neutron-api.service[87810]: DEBUG ovsdbapp.backend.ovs_idl [None req-a11a6f1c-b95c-4c3c-8e19-5cfc60a575a6 None None] Created lookup_table index Logical_Switch.name {{(pid=87810) autocreate_indices /opt/stack/data/venv/lib/python3.12/site-packages/ovsdbapp/backend/ovs_idl/__init__.py:87}}
Aug 24 20:07:41.998573 np0000008012 devstack@neutron-api.service[87808]: DEBUG neutron.common.ovn.hash_ring_manager [None req-9b993f00-9a6f-4bfd-a034-02336e947bb7 None None] Allow caching, nodes 3>=3 {{(pid=87808) _wait_startup_before_caching /opt/stack/neutron/neutron/common/ovn/hash_ring_manager.py:71}}
Aug 24 20:07:41.998712 np0000008012 devstack@neutron-api.service[87810]: DEBUG ovsdbapp.backend.ovs_idl [None req-a11a6f1c-b95c-4c3c-8e19-5cfc60a575a6 None None] Created lookup_table index Logical_Router.name {{(pid=87810) autocreate_indices /opt/stack/data/venv/lib/python3.12/site-packages/ovsdbapp/backend/ovs_idl/__init__.py:87}}
Aug 24 20:07:41.998872 np0000008012 devstack@neutron-api.service[87810]: DEBUG ovsdbapp.backend.ovs_idl [None req-a11a6f1c-b95c-4c3c-8e19-5cfc60a575a6 None None] Created lookup_table index Load_Balancer.name {{(pid=87810) autocreate_indices /opt/stack/data/venv/lib/python3.12/site-packages/ovsdbapp/backend/ovs_idl/__init__.py:87}}
Aug 24 20:07:41.999066 np0000008012 devstack@neutron-api.service[87810]: DEBUG ovsdbapp.backend.ovs_idl [None req-a11a6f1c-b95c-4c3c-8e19-5cfc60a575a6 None None] Created schema index Copp.name {{(pid=87810) autocreate_indices /opt/stack/data/venv/lib/python3.12/site-packages/ovsdbapp/backend/ovs_idl/__init__.py:106}}
Aug 24 20:07:41.999235 np0000008012 devstack@neutron-api.service[87810]: DEBUG ovsdbapp.backend.ovs_idl [None req-a11a6f1c-b95c-4c3c-8e19-5cfc60a575a6 None None] Created schema index Meter.name {{(pid=87810) autocreate_indices /opt/stack/data/venv/lib/python3.12/site-packages/ovsdbapp/backend/ovs_idl/__init__.py:106}}
Aug 24 20:07:41.999378 np0000008012 devstack@neutron-api.service[87810]: DEBUG ovsdbapp.backend.ovs_idl [None req-a11a6f1c-b95c-4c3c-8e19-5cfc60a575a6 None None] Created schema index Load_Balancer_Group.name {{(pid=87810) autocreate_indices /opt/stack/data/venv/lib/python3.12/site-packages/ovsdbapp/backend/ovs_idl/__init__.py:106}}
Aug 24 20:07:41.999488 np0000008012 devstack@neutron-api.service[87810]: DEBUG ovsdbapp.backend.ovs_idl [None req-a11a6f1c-b95c-4c3c-8e19-5cfc60a575a6 None None] Created schema index HA_Chassis_Group.name {{(pid=87810) autocreate_indices /opt/stack/data/venv/lib/python3.12/site-packages/ovsdbapp/backend/ovs_idl/__init__.py:106}}
Aug 24 20:07:41.999621 np0000008012 devstack@neutron-api.service[87810]: DEBUG ovsdbapp.backend.ovs_idl [None req-a11a6f1c-b95c-4c3c-8e19-5cfc60a575a6 None None] Created schema index Address_Set.name {{(pid=87810) autocreate_indices /opt/stack/data/venv/lib/python3.12/site-packages/ovsdbapp/backend/ovs_idl/__init__.py:106}}
Aug 24 20:07:41.999783 np0000008012 devstack@neutron-api.service[87810]: DEBUG ovsdbapp.backend.ovs_idl [None req-a11a6f1c-b95c-4c3c-8e19-5cfc60a575a6 None None] Created schema index Connection.target {{(pid=87810) autocreate_indices /opt/stack/data/venv/lib/python3.12/site-packages/ovsdbapp/backend/ovs_idl/__init__.py:106}}
Aug 24 20:07:42.000280 np0000008012 devstack@neutron-api.service[87810]: DEBUG ovsdbapp.backend.ovs_idl [None req-a11a6f1c-b95c-4c3c-8e19-5cfc60a575a6 None None] Created schema index Gateway_Chassis.name {{(pid=87810) autocreate_indices /opt/stack/data/venv/lib/python3.12/site-packages/ovsdbapp/backend/ovs_idl/__init__.py:106}}
Aug 24 20:07:42.000423 np0000008012 devstack@neutron-api.service[87810]: DEBUG ovsdbapp.backend.ovs_idl [None req-a11a6f1c-b95c-4c3c-8e19-5cfc60a575a6 None None] Created schema index Mirror.name {{(pid=87810) autocreate_indices /opt/stack/data/venv/lib/python3.12/site-packages/ovsdbapp/backend/ovs_idl/__init__.py:106}}
Aug 24 20:07:42.000562 np0000008012 devstack@neutron-api.service[87810]: DEBUG ovsdbapp.backend.ovs_idl [None req-a11a6f1c-b95c-4c3c-8e19-5cfc60a575a6 None None] Created schema index Chassis_Template_Var.chassis {{(pid=87810) autocreate_indices /opt/stack/data/venv/lib/python3.12/site-packages/ovsdbapp/backend/ovs_idl/__init__.py:106}}
Aug 24 20:07:42.000688 np0000008012 devstack@neutron-api.service[87810]: DEBUG ovsdbapp.backend.ovs_idl [None req-a11a6f1c-b95c-4c3c-8e19-5cfc60a575a6 None None] Created schema index Logical_Router_Port.name {{(pid=87810) autocreate_indices /opt/stack/data/venv/lib/python3.12/site-packages/ovsdbapp/backend/ovs_idl/__init__.py:106}}
Aug 24 20:07:42.001341 np0000008012 devstack@neutron-api.service[87810]: DEBUG ovsdbapp.backend.ovs_idl [None req-a11a6f1c-b95c-4c3c-8e19-5cfc60a575a6 None None] Created schema index Port_Group.name {{(pid=87810) autocreate_indices /opt/stack/data/venv/lib/python3.12/site-packages/ovsdbapp/backend/ovs_idl/__init__.py:106}}
Aug 24 20:07:42.001341 np0000008012 devstack@neutron-api.service[87810]: DEBUG ovsdbapp.backend.ovs_idl [None req-a11a6f1c-b95c-4c3c-8e19-5cfc60a575a6 None None] Created schema index Logical_Switch_Port.name {{(pid=87810) autocreate_indices /opt/stack/data/venv/lib/python3.12/site-packages/ovsdbapp/backend/ovs_idl/__init__.py:106}}
Aug 24 20:07:42.004529 np0000008012 devstack@neutron-api.service[87810]: INFO ovsdbapp.backend.ovs_idl.vlog [None req-a11a6f1c-b95c-4c3c-8e19-5cfc60a575a6 None None] ssl:10.4.3.125:6641: connecting...
Aug 24 20:07:42.005584 np0000008012 devstack@neutron-api.service[87808]: DEBUG neutron.common.ovn.hash_ring_manager [None req-9b993f00-9a6f-4bfd-a034-02336e947bb7 None None] Hash Ring loaded. 3 active nodes. 0 offline nodes {{(pid=87808) _load_hash_ring /opt/stack/neutron/neutron/common/ovn/hash_ring_manager.py:110}}
Aug 24 20:07:42.005584 np0000008012 devstack@neutron-api.service[87808]: DEBUG neutron.plugins.ml2.drivers.ovn.mech_driver.ovsdb.ovsdb_monitor [None req-9b993f00-9a6f-4bfd-a034-02336e947bb7 None None] Hash Ring: Node c19d14c1142b53a7b88e9a68aef2d139 (host: np0000008012) handling event "create" for row a98feaa1-6b64-42ac-af80-f1dd1f054c39 (table: ACL) {{(pid=87808) notify /opt/stack/neutron/neutron/plugins/ml2/drivers/ovn/mech_driver/ovsdb/ovsdb_monitor.py:1099}}
Aug 24 20:07:42.006668 np0000008012 devstack@neutron-api.service[87808]: INFO neutron.plugins.ml2.drivers.ovn.mech_driver.ovsdb.impl_idl_ovn [None req-9b993f00-9a6f-4bfd-a034-02336e947bb7 None None] Getting OvsdbSbOvnIdl for WorkerService with retry
Aug 24 20:07:42.009910 np0000008012 devstack@neutron-api.service[87810]: INFO ovsdbapp.backend.ovs_idl.vlog [None req-a11a6f1c-b95c-4c3c-8e19-5cfc60a575a6 None None] ssl:10.4.3.125:6641: connected
