Jul 03 08:14:00.404783 np0000004391 devstack@g-api.service[99510]: DEBUG glance_store.backend [-] Registering store swift with schemes ('swift+https', 'swift', 'swift+http', 'swift+config') {{(pid=99510) create_stores /opt/stack/data/venv/lib/python3.12/site-packages/glance_store/backend.py:261}}
Jul 03 08:14:00.404819 np0000004391 devstack@g-api.service[99510]: DEBUG glance_store.driver [-] Late loading location class glance_store._drivers.swift.store.StoreLocation {{(pid=99510) get_store_location_class /opt/stack/data/venv/lib/python3.12/site-packages/glance_store/driver.py:134}}
Jul 03 08:14:00.404850 np0000004391 devstack@g-api.service[99510]: DEBUG glance_store.location [-] Registering scheme swift+https with {'store': , 'location_class': , 'store_entry': 'swift'} {{(pid=99510) register_scheme_map /opt/stack/data/venv/lib/python3.12/site-packages/glance_store/location.py:146}}
Jul 03 08:14:00.404916 np0000004391 devstack@g-api.service[99510]: DEBUG glance_store.location [-] Registering scheme swift with {'store': , 'location_class': , 'store_entry': 'swift'} {{(pid=99510) register_scheme_map /opt/stack/data/venv/lib/python3.12/site-packages/glance_store/location.py:146}}
Jul 03 08:14:00.404973 np0000004391 devstack@g-api.service[99510]: DEBUG glance_store.location [-] Registering scheme swift+http with {'store': , 'location_class': , 'store_entry': 'swift'} {{(pid=99510) register_scheme_map /opt/stack/data/venv/lib/python3.12/site-packages/glance_store/location.py:146}}
Jul 03 08:14:00.405023 np0000004391 devstack@g-api.service[99510]: DEBUG glance_store.location [-] Registering scheme swift+config with {'store': , 'location_class': , 'store_entry': 'swift'} {{(pid=99510) register_scheme_map /opt/stack/data/venv/lib/python3.12/site-packages/glance_store/location.py:146}}
Jul 03 08:14:00.405081 np0000004391 devstack@g-api.service[99510]: DEBUG glance_store.backend [-] Attempting to import store file {{(pid=99510) _load_store /opt/stack/data/venv/lib/python3.12/site-packages/glance_store/backend.py:215}}
Jul 03 08:14:00.405507 np0000004391 devstack@g-api.service[99510]: DEBUG glance_store.capabilities [-] Store glance_store._drivers.filesystem.Store doesn't support updating dynamic storage capabilities. Please overwrite 'update_capabilities' method of the store to implement updating logics if needed. {{(pid=99510) update_capabilities /opt/stack/data/venv/lib/python3.12/site-packages/glance_store/capabilities.py:91}}
Jul 03 08:14:00.405578 np0000004391 devstack@g-api.service[99510]: DEBUG glance_store.backend [-] Registering store file with schemes ('file', 'filesystem') {{(pid=99510) create_stores /opt/stack/data/venv/lib/python3.12/site-packages/glance_store/backend.py:261}}
Jul 03 08:14:00.405624 np0000004391 devstack@g-api.service[99510]: DEBUG glance_store.driver [-] Late loading location class glance_store._drivers.filesystem.StoreLocation {{(pid=99510) get_store_location_class /opt/stack/data/venv/lib/python3.12/site-packages/glance_store/driver.py:134}}
Jul 03 08:14:00.405673 np0000004391 devstack@g-api.service[99510]: DEBUG glance_store.location [-] Registering scheme file with {'store': , 'location_class': , 'store_entry': 'file'} {{(pid=99510) register_scheme_map /opt/stack/data/venv/lib/python3.12/site-packages/glance_store/location.py:146}}
Jul 03 08:14:00.405717 np0000004391 devstack@g-api.service[99510]: DEBUG glance_store.location [-] Registering scheme filesystem with {'store': , 'location_class': , 'store_entry': 'file'} {{(pid=99510) register_scheme_map /opt/stack/data/venv/lib/python3.12/site-packages/glance_store/location.py:146}}
Jul 03 08:14:00.405833 np0000004391 devstack@g-api.service[99510]: DEBUG glance_store.backend [-] Attempting to import store swift {{(pid=99510) _load_store /opt/stack/data/venv/lib/python3.12/site-packages/glance_store/backend.py:215}}
Jul 03 08:14:00.406825 np0000004391 devstack@g-api.service[99510]: DEBUG glance_store.capabilities [-] Store glance_store._drivers.swift.store.SingleTenantStore doesn't support updating dynamic storage capabilities. Please overwrite 'update_capabilities' method of the store to implement updating logics if needed. {{(pid=99510) update_capabilities /opt/stack/data/venv/lib/python3.12/site-packages/glance_store/capabilities.py:91}}
Jul 03 08:14:00.406896 np0000004391 devstack@g-api.service[99510]: DEBUG glance_store.driver [-] Late loading location class glance_store._drivers.swift.store.StoreLocation {{(pid=99510) get_store_location_class /opt/stack/data/venv/lib/python3.12/site-packages/glance_store/driver.py:134}}
Jul 03 08:14:00.406954 np0000004391 devstack@g-api.service[99510]: DEBUG glance_store.location [-] Registering scheme swift+https with {'store': , 'location_class': , 'store_entry': 'swift'} {{(pid=99510) register_scheme_map /opt/stack/data/venv/lib/python3.12/site-packages/glance_store/location.py:146}}
Jul 03 08:14:00.406954 np0000004391 devstack@g-api.service[99510]: DEBUG glance_store.location [-] Registering scheme swift+https with {'store': , 'location_class': , 'store_entry': 'swift'} {{(pid=99510) register_scheme_map /opt/stack/data/venv/lib/python3.12/site-packages/glance_store/location.py:146}}
Jul 03 08:14:00.407066 np0000004391 devstack@g-api.service[99510]: DEBUG glance_store.location [-] Registering scheme swift with {'store': , 'location_class': , 'store_entry': 'swift'} {{(pid=99510) register_scheme_map /opt/stack/data/venv/lib/python3.12/site-packages/glance_store/location.py:146}}
Jul 03 08:14:00.407066 np0000004391 devstack@g-api.service[99510]: DEBUG glance_store.location [-] Registering scheme swift+https with {'store': , 'location_class': , 'store_entry': 'swift'} {{(pid=99510) register_scheme_map /opt/stack/data/venv/lib/python3.12/site-packages/glance_store/location.py:146}}
Jul 03 08:14:00.407156 np0000004391 devstack@g-api.service[99510]: DEBUG glance_store.location [-] Registering scheme swift with {'store': , 'location_class': , 'store_entry': 'swift'} {{(pid=99510) register_scheme_map /opt/stack/data/venv/lib/python3.12/site-packages/glance_store/location.py:146}}
Jul 03 08:14:00.407156 np0000004391 devstack@g-api.service[99510]: DEBUG glance_store.location [-] Registering scheme swift+http with {'store': , 'location_class': , 'store_entry': 'swift'} {{(pid=99510) register_scheme_map /opt/stack/data/venv/lib/python3.12/site-packages/glance_store/location.py:146}}
Jul 03 08:14:00.407156 np0000004391 devstack@g-api.service[99510]: DEBUG glance_store.location [-] Registering scheme swift+https with {'store': , 'location_class': , 'store_entry': 'swift'} {{(pid=99510) register_scheme_map /opt/stack/data/venv/lib/python3.12/site-packages/glance_store/location.py:146}}
Jul 03 08:14:00.407302 np0000004391 devstack@g-api.service[99510]: DEBUG glance_store.location [-] Registering scheme swift with {'store': , 'location_class': , 'store_entry': 'swift'} {{(pid=99510) register_scheme_map /opt/stack/data/venv/lib/python3.12/site-packages/glance_store/location.py:146}}
Jul 03 08:14:00.407302 np0000004391 devstack@g-api.service[99510]: DEBUG glance_store.location [-] Registering scheme swift+http with {'store': , 'location_class': , 'store_entry': 'swift'} {{(pid=99510) register_scheme_map /opt/stack/data/venv/lib/python3.12/site-packages/glance_store/location.py:146}}
Jul 03 08:14:00.407302 np0000004391 devstack@g-api.service[99510]: DEBUG glance_store.location [-] Registering scheme swift+config with {'store': , 'location_class': , 'store_entry': 'swift'} {{(pid=99510) register_scheme_map /opt/stack/data/venv/lib/python3.12/site-packages/glance_store/location.py:146}}
Jul 03 08:14:00.407622 np0000004391 devstack@g-api.service[99510]: DEBUG glance.sqlite_migration [-] SQLite caching database not located, skipping migration {{(pid=99510) get_db_path /opt/stack/glance/glance/sqlite_migration.py:68}}
Jul 03 08:14:00.407836 np0000004391 devstack@g-api.service[99510]: WARNING glance.common.wsgi_app [-] Import methods are enabled but staging directory /tmp/staging/ does not exist; Imports will fail!
Jul 03 08:14:00.531893 np0000004391 devstack@g-api.service[99511]: DEBUG glance.common.config [None req-ac109e99-f896-4067-97c1-58dabcb935ff None None] Loading glance-api-keystone+cachemanagement from /etc/glance/glance-api-paste.ini {{(pid=99511) load_paste_app /opt/stack/glance/glance/common/config.py:765}}
Jul 03 08:14:00.535113 np0000004391 devstack@g-api.service[99509]: DEBUG glance.common.config [None req-9ea2a93e-b854-4f42-ba27-012c8c67fbe9 None None] Loading glance-api-keystone+cachemanagement from /etc/glance/glance-api-paste.ini {{(pid=99509) load_paste_app /opt/stack/glance/glance/common/config.py:765}}
Jul 03 08:14:00.535549 np0000004391 devstack@g-api.service[99510]: DEBUG glance.common.config [None req-3e9a4ac4-3203-4244-89f1-e43e6fbe1f7e None None] Loading glance-api-keystone+cachemanagement from /etc/glance/glance-api-paste.ini {{(pid=99510) load_paste_app /opt/stack/glance/glance/common/config.py:765}}
Jul 03 08:14:01.146060 np0000004391 devstack@g-api.service[99511]: INFO glance.image_cache [None req-ac109e99-f896-4067-97c1-58dabcb935ff None None] Image cache loaded driver 'centralized_db'.
Jul 03 08:14:01.146448 np0000004391 devstack@g-api.service[99509]: INFO glance.image_cache [None req-9ea2a93e-b854-4f42-ba27-012c8c67fbe9 None None] Image cache loaded driver 'centralized_db'.
Jul 03 08:14:01.146624 np0000004391 devstack@g-api.service[99510]: INFO glance.image_cache [None req-3e9a4ac4-3203-4244-89f1-e43e6fbe1f7e None None] Image cache loaded driver 'centralized_db'.
Jul 03 08:14:01.188650 np0000004391 devstack@g-api.service[99509]: INFO dbcounter [None req-9ea2a93e-b854-4f42-ba27-012c8c67fbe9 None None] Registered counter for database glance
Jul 03 08:14:01.189267 np0000004391 devstack@g-api.service[99511]: INFO dbcounter [None req-ac109e99-f896-4067-97c1-58dabcb935ff None None] Registered counter for database glance
Jul 03 08:14:01.190437 np0000004391 devstack@g-api.service[99510]: INFO dbcounter [None req-3e9a4ac4-3203-4244-89f1-e43e6fbe1f7e None None] Registered counter for database glance
Jul 03 08:14:01.224554 np0000004391 devstack@g-api.service[99509]: DEBUG oslo_db.sqlalchemy.engines [None req-9ea2a93e-b854-4f42-ba27-012c8c67fbe9 None None] MySQL server mode set to STRICT_TRANS_TABLES,STRICT_ALL_TABLES,NO_ZERO_IN_DATE,NO_ZERO_DATE,ERROR_FOR_DIVISION_BY_ZERO,TRADITIONAL,NO_ENGINE_SUBSTITUTION {{(pid=99509) _check_effective_sql_mode /opt/stack/data/venv/lib/python3.12/site-packages/oslo_db/sqlalchemy/engines.py:325}}
Jul 03 08:14:01.225499 np0000004391 devstack@g-api.service[99511]: DEBUG oslo_db.sqlalchemy.engines [None req-ac109e99-f896-4067-97c1-58dabcb935ff None None] MySQL server mode set to STRICT_TRANS_TABLES,STRICT_ALL_TABLES,NO_ZERO_IN_DATE,NO_ZERO_DATE,ERROR_FOR_DIVISION_BY_ZERO,TRADITIONAL,NO_ENGINE_SUBSTITUTION {{(pid=99511) _check_effective_sql_mode /opt/stack/data/venv/lib/python3.12/site-packages/oslo_db/sqlalchemy/engines.py:325}}
Jul 03 08:14:01.228444 np0000004391 devstack@g-api.service[99510]: DEBUG oslo_db.sqlalchemy.engines [None req-3e9a4ac4-3203-4244-89f1-e43e6fbe1f7e None None] MySQL server mode set to STRICT_TRANS_TABLES,STRICT_ALL_TABLES,NO_ZERO_IN_DATE,NO_ZERO_DATE,ERROR_FOR_DIVISION_BY_ZERO,TRADITIONAL,NO_ENGINE_SUBSTITUTION {{(pid=99510) _check_effective_sql_mode /opt/stack/data/venv/lib/python3.12/site-packages/oslo_db/sqlalchemy/engines.py:325}}
Jul 03 08:14:01.244138 np0000004391 devstack@g-api.service[99509]: DEBUG dbcounter [-] [99509] Writer thread running {{(pid=99509) stat_writer /opt/stack/data/venv/lib/python3.12/site-packages/dbcounter.py:102}}
Jul 03 08:14:01.244564 np0000004391 devstack@g-api.service[99511]: DEBUG dbcounter [-] [99511] Writer thread running {{(pid=99511) stat_writer /opt/stack/data/venv/lib/python3.12/site-packages/dbcounter.py:102}}
Jul 03 08:14:01.250178 np0000004391 devstack@g-api.service[99511]: DEBUG glance.image_cache.drivers.centralized_db [None req-ac109e99-f896-4067-97c1-58dabcb935ff None None] Node reference is already recorded, ignoring it {{(pid=99511) configure /opt/stack/glance/glance/image_cache/drivers/centralized_db.py:71}}
Jul 03 08:14:01.251096 np0000004391 devstack@g-api.service[99510]: DEBUG dbcounter [-] [99510] Writer thread running {{(pid=99510) stat_writer /opt/stack/data/venv/lib/python3.12/site-packages/dbcounter.py:102}}
Jul 03 08:14:01.253405 np0000004391 devstack@g-api.service[99510]: DEBUG glance.image_cache.drivers.centralized_db [None req-3e9a4ac4-3203-4244-89f1-e43e6fbe1f7e None None] Node reference is already recorded, ignoring it {{(pid=99510) configure /opt/stack/glance/glance/image_cache/drivers/centralized_db.py:71}}
Jul 03 08:14:01.255212 np0000004391 devstack@g-api.service[99509]: INFO glance.image_cache [None req-9ea2a93e-b854-4f42-ba27-012c8c67fbe9 None None] Image cache loaded driver 'centralized_db'.
Jul 03 08:14:01.256374 np0000004391 devstack@g-api.service[99511]: INFO glance.image_cache [None req-ac109e99-f896-4067-97c1-58dabcb935ff None None] Image cache loaded driver 'centralized_db'.
Jul 03 08:14:01.259186 np0000004391 devstack@g-api.service[99510]: INFO glance.image_cache [None req-3e9a4ac4-3203-4244-89f1-e43e6fbe1f7e None None] Image cache loaded driver 'centralized_db'.
Jul 03 08:14:01.269571 np0000004391 devstack@g-api.service[99509]: DEBUG glance.image_cache.drivers.centralized_db [None req-9ea2a93e-b854-4f42-ba27-012c8c67fbe9 None None] Node reference is already recorded, ignoring it {{(pid=99509) configure /opt/stack/glance/glance/image_cache/drivers/centralized_db.py:71}}
Jul 03 08:14:01.355378 np0000004391 devstack@g-api.service[99510]: DEBUG glance.image_cache.drivers.centralized_db [None req-3e9a4ac4-3203-4244-89f1-e43e6fbe1f7e None None] Node reference is already recorded, ignoring it {{(pid=99510) configure /opt/stack/glance/glance/image_cache/drivers/centralized_db.py:71}}
Jul 03 08:14:01.361165 np0000004391 devstack@g-api.service[99510]: DEBUG glance.api.v2.cached_images [None req-3e9a4ac4-3203-4244-89f1-e43e6fbe1f7e None None] Started cache worker thread {{(pid=99510) __init__ /opt/stack/glance/glance/api/v2/cached_images.py:69}}
Jul 03 08:14:01.361165 np0000004391 devstack@g-api.service[99510]: INFO glance.image_cache [None req-3e9a4ac4-3203-4244-89f1-e43e6fbe1f7e None None] Image cache loaded driver 'centralized_db'.
Jul 03 08:14:01.368141 np0000004391 devstack@g-api.service[99510]: DEBUG glance.image_cache.drivers.centralized_db [None req-3e9a4ac4-3203-4244-89f1-e43e6fbe1f7e None None] Node reference is already recorded, ignoring it {{(pid=99510) configure /opt/stack/glance/glance/image_cache/drivers/centralized_db.py:71}}
Jul 03 08:14:01.373087 np0000004391 devstack@g-api.service[99510]: INFO glance.api.middleware.cache_manage [None req-3e9a4ac4-3203-4244-89f1-e43e6fbe1f7e None None] Initialized image cache management middleware
Jul 03 08:14:01.373087 np0000004391 devstack@g-api.service[99510]: INFO glance.image_cache [None req-3e9a4ac4-3203-4244-89f1-e43e6fbe1f7e None None] Image cache loaded driver 'centralized_db'.
Jul 03 08:14:01.378430 np0000004391 devstack@g-api.service[99511]: DEBUG glance.image_cache.drivers.centralized_db [None req-ac109e99-f896-4067-97c1-58dabcb935ff None None] Node reference is already recorded, ignoring it {{(pid=99511) configure /opt/stack/glance/glance/image_cache/drivers/centralized_db.py:71}}
Jul 03 08:14:01.379662 np0000004391 devstack@g-api.service[99510]: DEBUG glance.image_cache.drivers.centralized_db [None req-3e9a4ac4-3203-4244-89f1-e43e6fbe1f7e None None] Node reference is already recorded, ignoring it {{(pid=99510) configure /opt/stack/glance/glance/image_cache/drivers/centralized_db.py:71}}
Jul 03 08:14:01.382019 np0000004391 devstack@g-api.service[99511]: DEBUG glance.api.v2.cached_images [None req-ac109e99-f896-4067-97c1-58dabcb935ff None None] Started cache worker thread {{(pid=99511) __init__ /opt/stack/glance/glance/api/v2/cached_images.py:69}}
Jul 03 08:14:01.382019 np0000004391 devstack@g-api.service[99511]: INFO glance.image_cache [None req-ac109e99-f896-4067-97c1-58dabcb935ff None None] Image cache loaded driver 'centralized_db'.
Jul 03 08:14:01.383846 np0000004391 devstack@g-api.service[99510]: INFO glance.api.middleware.cache [None req-3e9a4ac4-3203-4244-89f1-e43e6fbe1f7e None None] Initialized image cache middleware
Jul 03 08:14:01.386615 np0000004391 devstack@g-api.service[99509]: DEBUG glance.api.v2.cached_images [None req-9ea2a93e-b854-4f42-ba27-012c8c67fbe9 None None] Started cache worker thread {{(pid=99509) __init__ /opt/stack/glance/glance/api/v2/cached_images.py:69}}
Jul 03 08:14:01.386615 np0000004391 devstack@g-api.service[99509]: INFO glance.image_cache [None req-9ea2a93e-b854-4f42-ba27-012c8c67fbe9 None None] Image cache loaded driver 'centralized_db'.
Jul 03 08:14:01.388945 np0000004391 devstack@g-api.service[99511]: DEBUG glance.image_cache.drivers.centralized_db [None req-ac109e99-f896-4067-97c1-58dabcb935ff None None] Node reference is already recorded, ignoring it {{(pid=99511) configure /opt/stack/glance/glance/image_cache/drivers/centralized_db.py:71}}
Jul 03 08:14:01.393522 np0000004391 devstack@g-api.service[99511]: INFO glance.api.middleware.cache_manage [None req-ac109e99-f896-4067-97c1-58dabcb935ff None None] Initialized image cache management middleware
Jul 03 08:14:01.393522 np0000004391 devstack@g-api.service[99511]: INFO glance.image_cache [None req-ac109e99-f896-4067-97c1-58dabcb935ff None None] Image cache loaded driver 'centralized_db'.
Jul 03 08:14:01.394495 np0000004391 devstack@g-api.service[99509]: DEBUG glance.image_cache.drivers.centralized_db [None req-9ea2a93e-b854-4f42-ba27-012c8c67fbe9 None None] Node reference is already recorded, ignoring it {{(pid=99509) configure /opt/stack/glance/glance/image_cache/drivers/centralized_db.py:71}}
Jul 03 08:14:01.395342 np0000004391 devstack@g-api.service[99510]: DEBUG glance.common.config [None req-3e9a4ac4-3203-4244-89f1-e43e6fbe1f7e None None] ******************************************************************************** {{(pid=99510) log_opt_values /opt/stack/data/venv/lib/python3.12/site-packages/oslo_config/cfg.py:3226}}
Jul 03 08:14:01.395342 np0000004391 devstack@g-api.service[99510]: DEBUG glance.common.config [None req-3e9a4ac4-3203-4244-89f1-e43e6fbe1f7e None None] Configuration options gathered from: {{(pid=99510) log_opt_values /opt/stack/data/venv/lib/python3.12/site-packages/oslo_config/cfg.py:3227}}
Jul 03 08:14:01.395342 np0000004391 devstack@g-api.service[99510]: DEBUG glance.common.config [None req-3e9a4ac4-3203-4244-89f1-e43e6fbe1f7e None None] command line args: [] {{(pid=99510) log_opt_values /opt/stack/data/venv/lib/python3.12/site-packages/oslo_config/cfg.py:3228}}
Jul 03 08:14:01.395342 np0000004391 devstack@g-api.service[99510]: DEBUG glance.common.config [None req-3e9a4ac4-3203-4244-89f1-e43e6fbe1f7e None None] config files: ['/etc/glance/glance-image-import.conf', '/etc/glance/glance-api.conf'] {{(pid=99510) log_opt_values /opt/stack/data/venv/lib/python3.12/site-packages/oslo_config/cfg.py:3229}}
Jul 03 08:14:01.395342 np0000004391 devstack@g-api.service[99510]: DEBUG glance.common.config [None req-3e9a4ac4-3203-4244-89f1-e43e6fbe1f7e None None] ================================================================================ {{(pid=99510) log_opt_values /opt/stack/data/venv/lib/python3.12/site-packages/oslo_config/cfg.py:3234}}
Jul 03 08:14:01.395342 np0000004391 devstack@g-api.service[99510]: DEBUG glance.common.config [None req-3e9a4ac4-3203-4244-89f1-e43e6fbe1f7e None None] allow_anonymous_access = False {{(pid=99510) log_opt_values /opt/stack/data/venv/lib/python3.12/site-packages/oslo_config/cfg.py:3242}}
Jul 03 08:14:01.395342 np0000004391 devstack@g-api.service[99510]: DEBUG glance.common.config [None req-3e9a4ac4-3203-4244-89f1-e43e6fbe1f7e None None] api_limit_max = 1000 {{(pid=99510) log_opt_values /opt/stack/data/venv/lib/python3.12/site-packages/oslo_config/cfg.py:3242}}
Jul 03 08:14:01.396319 np0000004391 devstack@g-api.service[99510]: DEBUG glance.common.config [None req-3e9a4ac4-3203-4244-89f1-e43e6fbe1f7e None None] backlog = 4096 {{(pid=99510) log_opt_values /opt/stack/data/venv/lib/python3.12/site-packages/oslo_config/cfg.py:3242}}
Jul 03 08:14:01.396319 np0000004391 devstack@g-api.service[99510]: DEBUG glance.common.config [None req-3e9a4ac4-3203-4244-89f1-e43e6fbe1f7e None None] bind_host = 0.0.0.0 {{(pid=99510) log_opt_values /opt/stack/data/venv/lib/python3.12/site-packages/oslo_config/cfg.py:3242}}
Jul 03 08:14:01.396319 np0000004391 devstack@g-api.service[99510]: DEBUG glance.common.config [None req-3e9a4ac4-3203-4244-89f1-e43e6fbe1f7e None None] bind_port = 19292 {{(pid=99510) log_opt_values /opt/stack/data/venv/lib/python3.12/site-packages/oslo_config/cfg.py:3242}}
Jul 03 08:14:01.396319 np0000004391 devstack@g-api.service[99510]: DEBUG glance.common.config [None req-3e9a4ac4-3203-4244-89f1-e43e6fbe1f7e None None] client_socket_timeout = 900 {{(pid=99510) log_opt_values /opt/stack/data/venv/lib/python3.12/site-packages/oslo_config/cfg.py:3242}}
Jul 03 08:14:01.396319 np0000004391 devstack@g-api.service[99510]: DEBUG glance.common.config [None req-3e9a4ac4-3203-4244-89f1-e43e6fbe1f7e None None] config_dir = [] {{(pid=99510) log_opt_values /opt/stack/data/venv/lib/python3.12/site-packages/oslo_config/cfg.py:3242}}
Jul 03 08:14:01.396319 np0000004391 devstack@g-api.service[99510]: DEBUG glance.common.config [None req-3e9a4ac4-3203-4244-89f1-e43e6fbe1f7e None None] config_file = ['/etc/glance/glance-image-import.conf', '/etc/glance/glance-api.conf'] {{(pid=99510) log_opt_values /opt/stack/data/venv/lib/python3.12/site-packages/oslo_config/cfg.py:3242}}
Jul 03 08:14:01.396319 np0000004391 devstack@g-api.service[99510]: DEBUG glance.common.config [None req-3e9a4ac4-3203-4244-89f1-e43e6fbe1f7e None None] config_source = [] {{(pid=99510) log_opt_values /opt/stack/data/venv/lib/python3.12/site-packages/oslo_config/cfg.py:3242}}
Jul 03 08:14:01.397590 np0000004391 devstack@g-api.service[99510]: DEBUG glance.common.config [None req-3e9a4ac4-3203-4244-89f1-e43e6fbe1f7e None None] control_exchange = glance {{(pid=99510) log_opt_values /opt/stack/data/venv/lib/python3.12/site-packages/oslo_config/cfg.py:3242}}
Jul 03 08:14:01.397590 np0000004391 devstack@g-api.service[99510]: DEBUG glance.common.config [None req-3e9a4ac4-3203-4244-89f1-e43e6fbe1f7e None None] debug = True {{(pid=99510) log_opt_values /opt/stack/data/venv/lib/python3.12/site-packages/oslo_config/cfg.py:3242}}
Jul 03 08:14:01.397590 np0000004391 devstack@g-api.service[99510]: DEBUG glance.common.config [None req-3e9a4ac4-3203-4244-89f1-e43e6fbe1f7e None None] default_log_levels = ['amqp=WARN', 'boto=WARN', 'sqlalchemy=WARN', 'suds=INFO', 'oslo.messaging=INFO', 'oslo_messaging=INFO', 'iso8601=WARN', 'requests.packages.urllib3.connectionpool=WARN', 'urllib3.connectionpool=WARN', 'websocket=WARN', 'requests.packages.urllib3.util.retry=WARN', 'urllib3.util.retry=WARN', 'keystonemiddleware=WARN', 'routes.middleware=WARN', 'stevedore=WARN', 'taskflow=WARN', 'keystoneauth=WARN', 'oslo.cache=INFO', 'oslo_policy=INFO', 'dogpile.core.dogpile=INFO'] {{(pid=99510) log_opt_values /opt/stack/data/venv/lib/python3.12/site-packages/oslo_config/cfg.py:3242}}
Jul 03 08:14:01.397590 np0000004391 devstack@g-api.service[99510]: DEBUG glance.common.config [None req-3e9a4ac4-3203-4244-89f1-e43e6fbe1f7e None None] default_publisher_id = image.localhost {{(pid=99510) log_opt_values /opt/stack/data/venv/lib/python3.12/site-packages/oslo_config/cfg.py:3242}}
Jul 03 08:14:01.397590 np0000004391 devstack@g-api.service[99510]: DEBUG glance.common.config [None req-3e9a4ac4-3203-4244-89f1-e43e6fbe1f7e None None] delayed_delete = False {{(pid=99510) log_opt_values /opt/stack/data/venv/lib/python3.12/site-packages/oslo_config/cfg.py:3242}}
Jul 03 08:14:01.398820 np0000004391 devstack@g-api.service[99510]: DEBUG glance.common.config [None req-3e9a4ac4-3203-4244-89f1-e43e6fbe1f7e None None] digest_algorithm = sha256 {{(pid=99510) log_opt_values /opt/stack/data/venv/lib/python3.12/site-packages/oslo_config/cfg.py:3242}}
Jul 03 08:14:01.398820 np0000004391 devstack@g-api.service[99510]: DEBUG glance.common.config [None req-3e9a4ac4-3203-4244-89f1-e43e6fbe1f7e None None] disabled_notifications = [] {{(pid=99510) log_opt_values /opt/stack/data/venv/lib/python3.12/site-packages/oslo_config/cfg.py:3242}}
Jul 03 08:14:01.398820 np0000004391 devstack@g-api.service[99510]: DEBUG glance.common.config [None req-3e9a4ac4-3203-4244-89f1-e43e6fbe1f7e None None] do_secure_hash = True {{(pid=99510) log_opt_values /opt/stack/data/venv/lib/python3.12/site-packages/oslo_config/cfg.py:3242}}
Jul 03 08:14:01.398820 np0000004391 devstack@g-api.service[99510]: DEBUG glance.common.config [None req-3e9a4ac4-3203-4244-89f1-e43e6fbe1f7e None None] enabled_backends = None {{(pid=99510) log_opt_values /opt/stack/data/venv/lib/python3.12/site-packages/oslo_config/cfg.py:3242}}
Jul 03 08:14:01.398820 np0000004391 devstack@g-api.service[99510]: DEBUG glance.common.config [None req-3e9a4ac4-3203-4244-89f1-e43e6fbe1f7e None None] enabled_import_methods = ['glance-direct', 'web-download', 'copy-image'] {{(pid=99510) log_opt_values /opt/stack/data/venv/lib/python3.12/site-packages/oslo_config/cfg.py:3242}}
Jul 03 08:14:01.398820 np0000004391 devstack@g-api.service[99510]: DEBUG glance.common.config [None req-3e9a4ac4-3203-4244-89f1-e43e6fbe1f7e None None] fatal_deprecations = False {{(pid=99510) log_opt_values /opt/stack/data/venv/lib/python3.12/site-packages/oslo_config/cfg.py:3242}}
Jul 03 08:14:01.398820 np0000004391 devstack@g-api.service[99510]: DEBUG glance.common.config [None req-3e9a4ac4-3203-4244-89f1-e43e6fbe1f7e None None] hashing_algorithm = sha512 {{(pid=99510) log_opt_values /opt/stack/data/venv/lib/python3.12/site-packages/oslo_config/cfg.py:3242}}
Jul 03 08:14:01.399919 np0000004391 devstack@g-api.service[99510]: DEBUG glance.common.config [None req-3e9a4ac4-3203-4244-89f1-e43e6fbe1f7e None None] http_keepalive = True {{(pid=99510) log_opt_values /opt/stack/data/venv/lib/python3.12/site-packages/oslo_config/cfg.py:3242}}
Jul 03 08:14:01.399919 np0000004391 devstack@g-api.service[99510]: DEBUG glance.common.config [None req-3e9a4ac4-3203-4244-89f1-e43e6fbe1f7e None None] http_retries = 3 {{(pid=99510) log_opt_values /opt/stack/data/venv/lib/python3.12/site-packages/oslo_config/cfg.py:3242}}
Jul 03 08:14:01.399919 np0000004391 devstack@g-api.service[99510]: DEBUG glance.common.config [None req-3e9a4ac4-3203-4244-89f1-e43e6fbe1f7e None None] image_cache_dir = /opt/stack/data/glance/cache/ {{(pid=99510) log_opt_values /opt/stack/data/venv/lib/python3.12/site-packages/oslo_config/cfg.py:3242}}
Jul 03 08:14:01.399919 np0000004391 devstack@g-api.service[99510]: DEBUG glance.common.config [None req-3e9a4ac4-3203-4244-89f1-e43e6fbe1f7e None None] image_cache_driver = centralized_db {{(pid=99510) log_opt_values /opt/stack/data/venv/lib/python3.12/site-packages/oslo_config/cfg.py:3242}}
Jul 03 08:14:01.399919 np0000004391 devstack@g-api.service[99510]: DEBUG glance.common.config [None req-3e9a4ac4-3203-4244-89f1-e43e6fbe1f7e None None] image_cache_max_size = 10737418240 {{(pid=99510) log_opt_values /opt/stack/data/venv/lib/python3.12/site-packages/oslo_config/cfg.py:3242}}
Jul 03 08:14:01.399919 np0000004391 devstack@g-api.service[99510]: DEBUG glance.common.config [None req-3e9a4ac4-3203-4244-89f1-e43e6fbe1f7e None None] image_cache_sqlite_db = cache.db {{(pid=99510) log_opt_values /opt/stack/data/venv/lib/python3.12/site-packages/oslo_config/cfg.py:3242}}
Jul 03 08:14:01.399919 np0000004391 devstack@g-api.service[99510]: DEBUG glance.common.config [None req-3e9a4ac4-3203-4244-89f1-e43e6fbe1f7e None None] image_cache_stall_time = 86400 {{(pid=99510) log_opt_values /opt/stack/data/venv/lib/python3.12/site-packages/oslo_config/cfg.py:3242}}
Jul 03 08:14:01.401719 np0000004391 devstack@g-api.service[99510]: DEBUG glance.common.config [None req-3e9a4ac4-3203-4244-89f1-e43e6fbe1f7e None None] image_location_quota = 10 {{(pid=99510) log_opt_values /opt/stack/data/venv/lib/python3.12/site-packages/oslo_config/cfg.py:3242}}
Jul 03 08:14:01.401719 np0000004391 devstack@g-api.service[99510]: DEBUG glance.common.config [None req-3e9a4ac4-3203-4244-89f1-e43e6fbe1f7e None None] image_member_quota = 128 {{(pid=99510) log_opt_values /opt/stack/data/venv/lib/python3.12/site-packages/oslo_config/cfg.py:3242}}
Jul 03 08:14:01.401719 np0000004391 devstack@g-api.service[99510]: DEBUG glance.common.config [None req-3e9a4ac4-3203-4244-89f1-e43e6fbe1f7e None None] image_property_quota = 128 {{(pid=99510) log_opt_values /opt/stack/data/venv/lib/python3.12/site-packages/oslo_config/cfg.py:3242}}
Jul 03 08:14:01.401719 np0000004391 devstack@g-api.service[99510]: DEBUG glance.common.config [None req-3e9a4ac4-3203-4244-89f1-e43e6fbe1f7e None None] image_size_cap = 1099511627776 {{(pid=99510) log_opt_values /opt/stack/data/venv/lib/python3.12/site-packages/oslo_config/cfg.py:3242}}
Jul 03 08:14:01.401719 np0000004391 devstack@g-api.service[99510]: DEBUG glance.common.config [None req-3e9a4ac4-3203-4244-89f1-e43e6fbe1f7e None None] image_tag_quota = 128 {{(pid=99510) log_opt_values /opt/stack/data/venv/lib/python3.12/site-packages/oslo_config/cfg.py:3242}}
Jul 03 08:14:01.401719 np0000004391 devstack@g-api.service[99510]: DEBUG glance.common.config [None req-3e9a4ac4-3203-4244-89f1-e43e6fbe1f7e None None] instance_format = [instance: %(uuid)s] {{(pid=99510) log_opt_values /opt/stack/data/venv/lib/python3.12/site-packages/oslo_config/cfg.py:3242}}
Jul 03 08:14:01.401719 np0000004391 devstack@g-api.service[99510]: DEBUG glance.common.config [None req-3e9a4ac4-3203-4244-89f1-e43e6fbe1f7e None None] instance_uuid_format = [instance: %(uuid)s] {{(pid=99510) log_opt_values /opt/stack/data/venv/lib/python3.12/site-packages/oslo_config/cfg.py:3242}}
Jul 03 08:14:01.402955 np0000004391 devstack@g-api.service[99510]: DEBUG glance.common.config [None req-3e9a4ac4-3203-4244-89f1-e43e6fbe1f7e None None] limit_param_default = 25 {{(pid=99510) log_opt_values /opt/stack/data/venv/lib/python3.12/site-packages/oslo_config/cfg.py:3242}}
Jul 03 08:14:01.404230 np0000004391 devstack@g-api.service[99509]: INFO glance.api.middleware.cache_manage [None req-9ea2a93e-b854-4f42-ba27-012c8c67fbe9 None None] Initialized image cache management middleware
Jul 03 08:14:01.405358 np0000004391 devstack@g-api.service[99510]: DEBUG glance.common.config [None req-3e9a4ac4-3203-4244-89f1-e43e6fbe1f7e None None] log_color = False {{(pid=99510) log_opt_values /opt/stack/data/venv/lib/python3.12/site-packages/oslo_config/cfg.py:3242}}
Jul 03 08:14:01.406674 np0000004391 devstack@g-api.service[99509]: INFO glance.image_cache [None req-9ea2a93e-b854-4f42-ba27-012c8c67fbe9 None None] Image cache loaded driver 'centralized_db'.
Jul 03 08:14:01.407770 np0000004391 devstack@g-api.service[99510]: DEBUG glance.common.config [None req-3e9a4ac4-3203-4244-89f1-e43e6fbe1f7e None None] log_config_append = None {{(pid=99510) log_opt_values /opt/stack/data/venv/lib/python3.12/site-packages/oslo_config/cfg.py:3242}}
Jul 03 08:14:01.407770 np0000004391 devstack@g-api.service[99510]: DEBUG glance.common.config [None req-3e9a4ac4-3203-4244-89f1-e43e6fbe1f7e None None] log_date_format = %Y-%m-%d %H:%M:%S {{(pid=99510) log_opt_values /opt/stack/data/venv/lib/python3.12/site-packages/oslo_config/cfg.py:3242}}
Jul 03 08:14:01.407770 np0000004391 devstack@g-api.service[99510]: DEBUG glance.common.config [None req-3e9a4ac4-3203-4244-89f1-e43e6fbe1f7e None None] log_dir = None {{(pid=99510) log_opt_values /opt/stack/data/venv/lib/python3.12/site-packages/oslo_config/cfg.py:3242}}
Jul 03 08:14:01.407770 np0000004391 devstack@g-api.service[99510]: DEBUG glance.common.config [None req-3e9a4ac4-3203-4244-89f1-e43e6fbe1f7e None None] log_file = None {{(pid=99510) log_opt_values /opt/stack/data/venv/lib/python3.12/site-packages/oslo_config/cfg.py:3242}}
Jul 03 08:14:01.407770 np0000004391 devstack@g-api.service[99510]: DEBUG glance.common.config [None req-3e9a4ac4-3203-4244-89f1-e43e6fbe1f7e None None] log_rotate_interval = 1 {{(pid=99510) log_opt_values /opt/stack/data/venv/lib/python3.12/site-packages/oslo_config/cfg.py:3242}}
Jul 03 08:14:01.407770 np0000004391 devstack@g-api.service[99510]: DEBUG glance.common.config [None req-3e9a4ac4-3203-4244-89f1-e43e6fbe1f7e None None] log_rotate_interval_type = days {{(pid=99510) log_opt_values /opt/stack/data/venv/lib/python3.12/site-packages/oslo_config/cfg.py:3242}}
Jul 03 08:14:01.407770 np0000004391 devstack@g-api.service[99510]: DEBUG glance.common.config [None req-3e9a4ac4-3203-4244-89f1-e43e6fbe1f7e None None] log_rotation_type = none {{(pid=99510) log_opt_values /opt/stack/data/venv/lib/python3.12/site-packages/oslo_config/cfg.py:3242}}
Jul 03 08:14:01.409180 np0000004391 devstack@g-api.service[99510]: DEBUG glance.common.config [None req-3e9a4ac4-3203-4244-89f1-e43e6fbe1f7e None None] logging_context_format_string = %(color)s%(levelname)s %(name)s [%(global_request_id)s %(request_id)s %(project_name)s %(user_name)s%(color)s] %(instance)s%(color)s%(message)s {{(pid=99510) log_opt_values /opt/stack/data/venv/lib/python3.12/site-packages/oslo_config/cfg.py:3242}}
Jul 03 08:14:01.409180 np0000004391 devstack@g-api.service[99510]: DEBUG glance.common.config [None req-3e9a4ac4-3203-4244-89f1-e43e6fbe1f7e None None] logging_debug_format_suffix = {{(pid=%(process)d) %(funcName)s %(pathname)s:%(lineno)d}} {{(pid=99510) log_opt_values /opt/stack/data/venv/lib/python3.12/site-packages/oslo_config/cfg.py:3242}}
Jul 03 08:14:01.409180 np0000004391 devstack@g-api.service[99510]: DEBUG glance.common.config [None req-3e9a4ac4-3203-4244-89f1-e43e6fbe1f7e None None] logging_default_format_string = %(color)s%(levelname)s %(name)s [-%(color)s] %(instance)s%(color)s%(message)s {{(pid=99510) log_opt_values /opt/stack/data/venv/lib/python3.12/site-packages/oslo_config/cfg.py:3242}}
Jul 03 08:14:01.409180 np0000004391 devstack@g-api.service[99510]: DEBUG glance.common.config [None req-3e9a4ac4-3203-4244-89f1-e43e6fbe1f7e None None] logging_exception_prefix = ERROR %(name)s %(instance)s {{(pid=99510) log_opt_values /opt/stack/data/venv/lib/python3.12/site-packages/oslo_config/cfg.py:3242}}
Jul 03 08:14:01.409180 np0000004391 devstack@g-api.service[99510]: DEBUG glance.common.config [None req-3e9a4ac4-3203-4244-89f1-e43e6fbe1f7e None None] logging_user_identity_format = %(user)s %(project)s %(domain)s %(system_scope)s %(user_domain)s %(project_domain)s {{(pid=99510) log_opt_values /opt/stack/data/venv/lib/python3.12/site-packages/oslo_config/cfg.py:3242}}
Jul 03 08:14:01.410253 np0000004391 devstack@g-api.service[99510]: DEBUG glance.common.config [None req-3e9a4ac4-3203-4244-89f1-e43e6fbe1f7e None None] max_header_line = 16384 {{(pid=99510) log_opt_values /opt/stack/data/venv/lib/python3.12/site-packages/oslo_config/cfg.py:3242}}
Jul 03 08:14:01.410253 np0000004391 devstack@g-api.service[99510]: DEBUG glance.common.config [None req-3e9a4ac4-3203-4244-89f1-e43e6fbe1f7e None None] max_logfile_count = 30 {{(pid=99510) log_opt_values /opt/stack/data/venv/lib/python3.12/site-packages/oslo_config/cfg.py:3242}}
Jul 03 08:14:01.410253 np0000004391 devstack@g-api.service[99510]: DEBUG glance.common.config [None req-3e9a4ac4-3203-4244-89f1-e43e6fbe1f7e None None] max_logfile_size_mb = 200 {{(pid=99510) log_opt_values /opt/stack/data/venv/lib/python3.12/site-packages/oslo_config/cfg.py:3242}}
Jul 03 08:14:01.410253 np0000004391 devstack@g-api.service[99510]: DEBUG glance.common.config [None req-3e9a4ac4-3203-4244-89f1-e43e6fbe1f7e None None] max_request_id_length = 64 {{(pid=99510) log_opt_values /opt/stack/data/venv/lib/python3.12/site-packages/oslo_config/cfg.py:3242}}
Jul 03 08:14:01.410253 np0000004391 devstack@g-api.service[99510]: DEBUG glance.common.config [None req-3e9a4ac4-3203-4244-89f1-e43e6fbe1f7e None None] metadata_encryption_key = **** {{(pid=99510) log_opt_values /opt/stack/data/venv/lib/python3.12/site-packages/oslo_config/cfg.py:3242}}
Jul 03 08:14:01.410253 np0000004391 devstack@g-api.service[99510]: DEBUG glance.common.config [None req-3e9a4ac4-3203-4244-89f1-e43e6fbe1f7e None None] node_staging_uri = file:///tmp/staging/ {{(pid=99510) log_opt_values /opt/stack/data/venv/lib/python3.12/site-packages/oslo_config/cfg.py:3242}}
Jul 03 08:14:01.410253 np0000004391 devstack@g-api.service[99510]: DEBUG glance.common.config [None req-3e9a4ac4-3203-4244-89f1-e43e6fbe1f7e None None] property_protection_file = None {{(pid=99510) log_opt_values /opt/stack/data/venv/lib/python3.12/site-packages/oslo_config/cfg.py:3242}}
Jul 03 08:14:01.411254 np0000004391 devstack@g-api.service[99510]: DEBUG glance.common.config [None req-3e9a4ac4-3203-4244-89f1-e43e6fbe1f7e None None] property_protection_rule_format = roles {{(pid=99510) log_opt_values /opt/stack/data/venv/lib/python3.12/site-packages/oslo_config/cfg.py:3242}}
Jul 03 08:14:01.411849 np0000004391 devstack@g-api.service[99511]: DEBUG glance.image_cache.drivers.centralized_db [None req-ac109e99-f896-4067-97c1-58dabcb935ff None None] Node reference is already recorded, ignoring it {{(pid=99511) configure /opt/stack/glance/glance/image_cache/drivers/centralized_db.py:71}}
Jul 03 08:14:01.412631 np0000004391 devstack@g-api.service[99510]: DEBUG glance.common.config [None req-3e9a4ac4-3203-4244-89f1-e43e6fbe1f7e None None] public_endpoint = https://10.4.3.119/image {{(pid=99510) log_opt_values /opt/stack/data/venv/lib/python3.12/site-packages/oslo_config/cfg.py:3242}}
Jul 03 08:14:01.412631 np0000004391 devstack@g-api.service[99510]: DEBUG glance.common.config [None req-3e9a4ac4-3203-4244-89f1-e43e6fbe1f7e None None] publish_errors = False {{(pid=99510) log_opt_values /opt/stack/data/venv/lib/python3.12/site-packages/oslo_config/cfg.py:3242}}
Jul 03 08:14:01.412631 np0000004391 devstack@g-api.service[99510]: DEBUG glance.common.config [None req-3e9a4ac4-3203-4244-89f1-e43e6fbe1f7e None None] pydev_worker_debug_host = None {{(pid=99510) log_opt_values /opt/stack/data/venv/lib/python3.12/site-packages/oslo_config/cfg.py:3242}}
Jul 03 08:14:01.412631 np0000004391 devstack@g-api.service[99510]: DEBUG glance.common.config [None req-3e9a4ac4-3203-4244-89f1-e43e6fbe1f7e None None] pydev_worker_debug_port = 5678 {{(pid=99510) log_opt_values /opt/stack/data/venv/lib/python3.12/site-packages/oslo_config/cfg.py:3242}}
Jul 03 08:14:01.412631 np0000004391 devstack@g-api.service[99510]: DEBUG glance.common.config [None req-3e9a4ac4-3203-4244-89f1-e43e6fbe1f7e None None] rate_limit_burst = 0 {{(pid=99510) log_opt_values /opt/stack/data/venv/lib/python3.12/site-packages/oslo_config/cfg.py:3242}}
Jul 03 08:14:01.412631 np0000004391 devstack@g-api.service[99510]: DEBUG glance.common.config [None req-3e9a4ac4-3203-4244-89f1-e43e6fbe1f7e None None] rate_limit_except_level = CRITICAL {{(pid=99510) log_opt_values /opt/stack/data/venv/lib/python3.12/site-packages/oslo_config/cfg.py:3242}}
Jul 03 08:14:01.412631 np0000004391 devstack@g-api.service[99510]: DEBUG glance.common.config [None req-3e9a4ac4-3203-4244-89f1-e43e6fbe1f7e None None] rate_limit_interval = 0 {{(pid=99510) log_opt_values /opt/stack/data/venv/lib/python3.12/site-packages/oslo_config/cfg.py:3242}}
Jul 03 08:14:01.413958 np0000004391 devstack@g-api.service[99510]: DEBUG glance.common.config [None req-3e9a4ac4-3203-4244-89f1-e43e6fbe1f7e None None] scrub_pool_size = 1 {{(pid=99510) log_opt_values /opt/stack/data/venv/lib/python3.12/site-packages/oslo_config/cfg.py:3242}}
Jul 03 08:14:01.413958 np0000004391 devstack@g-api.service[99510]: DEBUG glance.common.config [None req-3e9a4ac4-3203-4244-89f1-e43e6fbe1f7e None None] scrub_time = 0 {{(pid=99510) log_opt_values /opt/stack/data/venv/lib/python3.12/site-packages/oslo_config/cfg.py:3242}}
Jul 03 08:14:01.413958 np0000004391 devstack@g-api.service[99510]: DEBUG glance.common.config [None req-3e9a4ac4-3203-4244-89f1-e43e6fbe1f7e None None] shell_completion = None {{(pid=99510) log_opt_values /opt/stack/data/venv/lib/python3.12/site-packages/oslo_config/cfg.py:3242}}
Jul 03 08:14:01.413958 np0000004391 devstack@g-api.service[99510]: DEBUG glance.common.config [None req-3e9a4ac4-3203-4244-89f1-e43e6fbe1f7e None None] show_image_direct_url = False {{(pid=99510) log_opt_values /opt/stack/data/venv/lib/python3.12/site-packages/oslo_config/cfg.py:3242}}
Jul 03 08:14:01.413958 np0000004391 devstack@g-api.service[99510]: WARNING oslo_config.cfg [None req-3e9a4ac4-3203-4244-89f1-e43e6fbe1f7e None None] Deprecated: Option "show_multiple_locations" from group "DEFAULT" is deprecated for removal (Use of this option, deprecated since Newton, is a security risk and will be removed once we figure out a way to satisfy those use cases that currently require it. An earlier announcement that the same functionality can be achieved with greater granularity by using policies is incorrect. You cannot work around this option via policy configuration at the present time, though that is the direction we believe the fix will take. Please keep an eye on the Glance release notes to stay up to date on progress in addressing this issue.). Its value may be silently ignored in the future.
Jul 03 08:14:01.415213 np0000004391 devstack@g-api.service[99510]: DEBUG glance.common.config [None req-3e9a4ac4-3203-4244-89f1-e43e6fbe1f7e None None] show_multiple_locations = False {{(pid=99510) log_opt_values /opt/stack/data/venv/lib/python3.12/site-packages/oslo_config/cfg.py:3242}}
Jul 03 08:14:01.415213 np0000004391 devstack@g-api.service[99510]: DEBUG glance.common.config [None req-3e9a4ac4-3203-4244-89f1-e43e6fbe1f7e None None] syslog_log_facility = LOG_USER {{(pid=99510) log_opt_values /opt/stack/data/venv/lib/python3.12/site-packages/oslo_config/cfg.py:3242}}
Jul 03 08:14:01.415213 np0000004391 devstack@g-api.service[99510]: DEBUG glance.common.config [None req-3e9a4ac4-3203-4244-89f1-e43e6fbe1f7e None None] tcp_keepidle = 600 {{(pid=99510) log_opt_values /opt/stack/data/venv/lib/python3.12/site-packages/oslo_config/cfg.py:3242}}
Jul 03 08:14:01.415213 np0000004391 devstack@g-api.service[99510]: DEBUG glance.common.config [None req-3e9a4ac4-3203-4244-89f1-e43e6fbe1f7e None None] transport_url = **** {{(pid=99510) log_opt_values /opt/stack/data/venv/lib/python3.12/site-packages/oslo_config/cfg.py:3242}}
Jul 03 08:14:01.415213 np0000004391 devstack@g-api.service[99510]: DEBUG glance.common.config [None req-3e9a4ac4-3203-4244-89f1-e43e6fbe1f7e None None] use_journal = False {{(pid=99510) log_opt_values /opt/stack/data/venv/lib/python3.12/site-packages/oslo_config/cfg.py:3242}}
Jul 03 08:14:01.415213 np0000004391 devstack@g-api.service[99510]: DEBUG glance.common.config [None req-3e9a4ac4-3203-4244-89f1-e43e6fbe1f7e None None] use_json = False {{(pid=99510) log_opt_values /opt/stack/data/venv/lib/python3.12/site-packages/oslo_config/cfg.py:3242}}
Jul 03 08:14:01.415213 np0000004391 devstack@g-api.service[99510]: DEBUG glance.common.config [None req-3e9a4ac4-3203-4244-89f1-e43e6fbe1f7e None None] use_keystone_limits = True {{(pid=99510) log_opt_values /opt/stack/data/venv/lib/python3.12/site-packages/oslo_config/cfg.py:3242}}
Jul 03 08:14:01.416287 np0000004391 devstack@g-api.service[99510]: DEBUG glance.common.config [None req-3e9a4ac4-3203-4244-89f1-e43e6fbe1f7e None None] use_stderr = False {{(pid=99510) log_opt_values /opt/stack/data/venv/lib/python3.12/site-packages/oslo_config/cfg.py:3242}}
Jul 03 08:14:01.416287 np0000004391 devstack@g-api.service[99510]: DEBUG glance.common.config [None req-3e9a4ac4-3203-4244-89f1-e43e6fbe1f7e None None] use_syslog = False {{(pid=99510) log_opt_values /opt/stack/data/venv/lib/python3.12/site-packages/oslo_config/cfg.py:3242}}
Jul 03 08:14:01.416287 np0000004391 devstack@g-api.service[99510]: DEBUG glance.common.config [None req-3e9a4ac4-3203-4244-89f1-e43e6fbe1f7e None None] user_storage_quota = 0 {{(pid=99510) log_opt_values /opt/stack/data/venv/lib/python3.12/site-packages/oslo_config/cfg.py:3242}}
Jul 03 08:14:01.416287 np0000004391 devstack@g-api.service[99510]: DEBUG glance.common.config [None req-3e9a4ac4-3203-4244-89f1-e43e6fbe1f7e None None] worker_self_reference_url = http://127.0.0.1:60999 {{(pid=99510) log_opt_values /opt/stack/data/venv/lib/python3.12/site-packages/oslo_config/cfg.py:3242}}
Jul 03 08:14:01.416287 np0000004391 devstack@g-api.service[99510]: DEBUG glance.common.config [None req-3e9a4ac4-3203-4244-89f1-e43e6fbe1f7e None None] workers = None {{(pid=99510) log_opt_values /opt/stack/data/venv/lib/python3.12/site-packages/oslo_config/cfg.py:3242}}
Jul 03 08:14:01.416287 np0000004391 devstack@g-api.service[99510]: DEBUG glance.common.config [None req-3e9a4ac4-3203-4244-89f1-e43e6fbe1f7e None None] oslo_concurrency.disable_process_locking = False {{(pid=99510) log_opt_values /opt/stack/data/venv/lib/python3.12/site-packages/oslo_config/cfg.py:3253}}
Jul 03 08:14:01.416287 np0000004391 devstack@g-api.service[99510]: DEBUG glance.common.config [None req-3e9a4ac4-3203-4244-89f1-e43e6fbe1f7e None None] oslo_concurrency.lock_path = /opt/stack/data/glance/locks {{(pid=99510) log_opt_values /opt/stack/data/venv/lib/python3.12/site-packages/oslo_config/cfg.py:3253}}
Jul 03 08:14:01.416983 np0000004391 devstack@g-api.service[99510]: DEBUG glance.common.config [None req-3e9a4ac4-3203-4244-89f1-e43e6fbe1f7e None None] oslo_middleware.enable_proxy_headers_parsing = False {{(pid=99510) log_opt_values /opt/stack/data/venv/lib/python3.12/site-packages/oslo_config/cfg.py:3253}}
Jul 03 08:14:01.416983 np0000004391 devstack@g-api.service[99510]: DEBUG glance.common.config [None req-3e9a4ac4-3203-4244-89f1-e43e6fbe1f7e None None] oslo_middleware.http_basic_auth_user_file = /etc/htpasswd {{(pid=99510) log_opt_values /opt/stack/data/venv/lib/python3.12/site-packages/oslo_config/cfg.py:3253}}
Jul 03 08:14:01.416983 np0000004391 devstack@g-api.service[99510]: DEBUG glance.common.config [None req-3e9a4ac4-3203-4244-89f1-e43e6fbe1f7e None None] paste_deploy.config_file = None {{(pid=99510) log_opt_values /opt/stack/data/venv/lib/python3.12/site-packages/oslo_config/cfg.py:3253}}
Jul 03 08:14:01.417779 np0000004391 devstack@g-api.service[99511]: INFO glance.api.middleware.cache [None req-ac109e99-f896-4067-97c1-58dabcb935ff None None] Initialized image cache middleware
Jul 03 08:14:01.418953 np0000004391 devstack@g-api.service[99510]: DEBUG glance.common.config [None req-3e9a4ac4-3203-4244-89f1-e43e6fbe1f7e None None] paste_deploy.flavor = keystone+cachemanagement {{(pid=99510) log_opt_values /opt/stack/data/venv/lib/python3.12/site-packages/oslo_config/cfg.py:3253}}
Jul 03 08:14:01.418953 np0000004391 devstack@g-api.service[99510]: DEBUG glance.common.config [None req-3e9a4ac4-3203-4244-89f1-e43e6fbe1f7e None None] image_format.container_formats = ['ami', 'ari', 'aki', 'bare', 'ovf', 'ova', 'docker', 'compressed'] {{(pid=99510) log_opt_values /opt/stack/data/venv/lib/python3.12/site-packages/oslo_config/cfg.py:3253}}
Jul 03 08:14:01.418953 np0000004391 devstack@g-api.service[99510]: DEBUG glance.common.config [None req-3e9a4ac4-3203-4244-89f1-e43e6fbe1f7e None None] image_format.disk_formats = ['ami', 'ari', 'aki', 'vhd', 'vhdx', 'vmdk', 'raw', 'qcow2', 'vdi', 'iso', 'ploop'] {{(pid=99510) log_opt_values /opt/stack/data/venv/lib/python3.12/site-packages/oslo_config/cfg.py:3253}}
Jul 03 08:14:01.418953 np0000004391 devstack@g-api.service[99510]: DEBUG glance.common.config [None req-3e9a4ac4-3203-4244-89f1-e43e6fbe1f7e None None] image_format.gpt_safety_checks_nonfatal = [] {{(pid=99510) log_opt_values /opt/stack/data/venv/lib/python3.12/site-packages/oslo_config/cfg.py:3253}}
Jul 03 08:14:01.418953 np0000004391 devstack@g-api.service[99510]: DEBUG glance.common.config [None req-3e9a4ac4-3203-4244-89f1-e43e6fbe1f7e None None] image_format.require_image_format_match = True {{(pid=99510) log_opt_values /opt/stack/data/venv/lib/python3.12/site-packages/oslo_config/cfg.py:3253}}
Jul 03 08:14:01.418953 np0000004391 devstack@g-api.service[99510]: DEBUG glance.common.config [None req-3e9a4ac4-3203-4244-89f1-e43e6fbe1f7e None None] image_format.vmdk_allowed_types = ['streamOptimized', 'monolithicSparse'] {{(pid=99510) log_opt_values /opt/stack/data/venv/lib/python3.12/site-packages/oslo_config/cfg.py:3253}}
Jul 03 08:14:01.420123 np0000004391 devstack@g-api.service[99510]: DEBUG glance.common.config [None req-3e9a4ac4-3203-4244-89f1-e43e6fbe1f7e None None] task.task_executor = taskflow {{(pid=99510) log_opt_values /opt/stack/data/venv/lib/python3.12/site-packages/oslo_config/cfg.py:3253}}
Jul 03 08:14:01.420123 np0000004391 devstack@g-api.service[99510]: DEBUG glance.common.config [None req-3e9a4ac4-3203-4244-89f1-e43e6fbe1f7e None None] task.task_time_to_live = 48 {{(pid=99510) log_opt_values /opt/stack/data/venv/lib/python3.12/site-packages/oslo_config/cfg.py:3253}}
Jul 03 08:14:01.420123 np0000004391 devstack@g-api.service[99510]: DEBUG glance.common.config [None req-3e9a4ac4-3203-4244-89f1-e43e6fbe1f7e None None] task.work_dir = None {{(pid=99510) log_opt_values /opt/stack/data/venv/lib/python3.12/site-packages/oslo_config/cfg.py:3253}}
Jul 03 08:14:01.421094 np0000004391 devstack@g-api.service[99509]: DEBUG glance.image_cache.drivers.centralized_db [None req-9ea2a93e-b854-4f42-ba27-012c8c67fbe9 None None] Node reference is already recorded, ignoring it {{(pid=99509) configure /opt/stack/glance/glance/image_cache/drivers/centralized_db.py:71}}
Jul 03 08:14:01.421997 np0000004391 devstack@g-api.service[99510]: DEBUG glance.common.config [None req-3e9a4ac4-3203-4244-89f1-e43e6fbe1f7e None None] wsgi.python_interpreter = /opt/stack/data/venv/bin/python3 {{(pid=99510) log_opt_values /opt/stack/data/venv/lib/python3.12/site-packages/oslo_config/cfg.py:3253}}
