Aug 24 07:32:32.805598 np0000007946 devstack@g-api.service[99738]: DEBUG glance.api.middleware.version_negotiation [None req-22ba5184-3e10-404c-93a4-59aec73b7c50 tempest-TestMinimumBasicScenario-2013385398 tempest-TestMinimumBasicScenario-2013385398-project-member] new path /v2/schemas/image {{(pid=99738) process_request /opt/stack/glance/glance/api/middleware/version_negotiation.py:70}}
Aug 24 07:32:32.812086 np0000007946 devstack@g-api.service[99738]: [pid: 99738|app: 0|req: 133/446] 127.0.0.1 () {44 vars in 1055 bytes} [Mon Aug 24 07:32:32 2026] GET /v2/schemas/image => generated 6083 bytes in 7 msecs (HTTP/1.1 200) 4 headers in 158 bytes (1 switches on core 0)
Aug 24 07:32:39.876168 np0000007946 devstack@g-api.service[99737]: DEBUG glance.api.middleware.version_negotiation [None req-22ba5184-3e10-404c-93a4-59aec73b7c50 tempest-TestMinimumBasicScenario-2013385398 tempest-TestMinimumBasicScenario-2013385398-project-member] Determining version of request: GET / Accept: application/json {{(pid=99737) process_request /opt/stack/glance/glance/api/middleware/version_negotiation.py:44}}
Aug 24 07:32:39.876593 np0000007946 devstack@g-api.service[99737]: DEBUG glance.api.middleware.version_negotiation [None req-22ba5184-3e10-404c-93a4-59aec73b7c50 tempest-TestMinimumBasicScenario-2013385398 tempest-TestMinimumBasicScenario-2013385398-project-member] Using url versioning {{(pid=99737) process_request /opt/stack/glance/glance/api/middleware/version_negotiation.py:57}}
Aug 24 07:32:39.876593 np0000007946 devstack@g-api.service[99737]: DEBUG glance.api.middleware.version_negotiation [None req-22ba5184-3e10-404c-93a4-59aec73b7c50 tempest-TestMinimumBasicScenario-2013385398 tempest-TestMinimumBasicScenario-2013385398-project-member] Unknown version. Returning version choices. {{(pid=99737) process_request /opt/stack/glance/glance/api/middleware/version_negotiation.py:64}}
Aug 24 07:32:39.877815 np0000007946 devstack@g-api.service[99737]: [pid: 99737|app: 0|req: 154/447] 127.0.0.1 () {38 vars in 542 bytes} [Mon Aug 24 07:32:39 2026] GET / => generated 1515 bytes in 2 msecs (HTTP/1.1 300) 3 headers in 106 bytes (1 switches on core 0)
Aug 24 07:32:41.620535 np0000007946 devstack@g-api.service[99736]: DEBUG glance.api.middleware.version_negotiation [None req-22ba5184-3e10-404c-93a4-59aec73b7c50 tempest-TestMinimumBasicScenario-2013385398 tempest-TestMinimumBasicScenario-2013385398-project-member] Determining version of request: GET /v2/schemas/image Accept: */* {{(pid=99736) process_request /opt/stack/glance/glance/api/middleware/version_negotiation.py:44}}
Aug 24 07:32:41.621418 np0000007946 devstack@g-api.service[99736]: DEBUG glance.api.middleware.version_negotiation [None req-22ba5184-3e10-404c-93a4-59aec73b7c50 tempest-TestMinimumBasicScenario-2013385398 tempest-TestMinimumBasicScenario-2013385398-project-member] Using url versioning {{(pid=99736) process_request /opt/stack/glance/glance/api/middleware/version_negotiation.py:57}}
Aug 24 07:32:41.621418 np0000007946 devstack@g-api.service[99736]: DEBUG glance.api.middleware.version_negotiation [None req-22ba5184-3e10-404c-93a4-59aec73b7c50 tempest-TestMinimumBasicScenario-2013385398 tempest-TestMinimumBasicScenario-2013385398-project-member] Matched version: v2 {{(pid=99736) process_request /opt/stack/glance/glance/api/middleware/version_negotiation.py:69}}
Aug 24 07:32:41.621418 np0000007946 devstack@g-api.service[99736]: DEBUG glance.api.middleware.version_negotiation [None req-22ba5184-3e10-404c-93a4-59aec73b7c50 tempest-TestMinimumBasicScenario-2013385398 tempest-TestMinimumBasicScenario-2013385398-project-member] new path /v2/schemas/image {{(pid=99736) process_request /opt/stack/glance/glance/api/middleware/version_negotiation.py:70}}
Aug 24 07:32:41.624285 np0000007946 devstack@g-api.service[99736]: [pid: 99736|app: 0|req: 161/448] 127.0.0.1 () {44 vars in 1055 bytes} [Mon Aug 24 07:32:41 2026] GET /v2/schemas/image => generated 6083 bytes in 4 msecs (HTTP/1.1 200) 4 headers in 158 bytes (1 switches on core 0)
Aug 24 07:32:41.634953 np0000007946 devstack@g-api.service[99738]: DEBUG glance.api.middleware.version_negotiation [None req-22ba5184-3e10-404c-93a4-59aec73b7c50 tempest-TestMinimumBasicScenario-2013385398 tempest-TestMinimumBasicScenario-2013385398-project-member] Determining version of request: POST /v2/images Accept: */* {{(pid=99738) process_request /opt/stack/glance/glance/api/middleware/version_negotiation.py:44}}
Aug 24 07:32:41.635443 np0000007946 devstack@g-api.service[99738]: DEBUG glance.api.middleware.version_negotiation [None req-22ba5184-3e10-404c-93a4-59aec73b7c50 tempest-TestMinimumBasicScenario-2013385398 tempest-TestMinimumBasicScenario-2013385398-project-member] Using url versioning {{(pid=99738) process_request /opt/stack/glance/glance/api/middleware/version_negotiation.py:57}}
Aug 24 07:32:41.635443 np0000007946 devstack@g-api.service[99738]: DEBUG glance.api.middleware.version_negotiation [None req-22ba5184-3e10-404c-93a4-59aec73b7c50 tempest-TestMinimumBasicScenario-2013385398 tempest-TestMinimumBasicScenario-2013385398-project-member] Matched version: v2 {{(pid=99738) process_request /opt/stack/glance/glance/api/middleware/version_negotiation.py:69}}
Aug 24 07:32:41.635592 np0000007946 devstack@g-api.service[99738]: DEBUG glance.api.middleware.version_negotiation [None req-22ba5184-3e10-404c-93a4-59aec73b7c50 tempest-TestMinimumBasicScenario-2013385398 tempest-TestMinimumBasicScenario-2013385398-project-member] new path /v2/images {{(pid=99738) process_request /opt/stack/glance/glance/api/middleware/version_negotiation.py:70}}
Aug 24 07:32:42.005580 np0000007946 devstack@g-api.service[99738]: DEBUG dbcounter [-] [99738] Writing DB stats glance:SELECT=34,glance:UPDATE=27,glance:DELETE=1 {{(pid=99738) stat_writer /opt/stack/data/venv/lib/python3.12/site-packages/dbcounter.py:115}}
Aug 24 07:32:42.235280 np0000007946 devstack@g-api.service[99738]: [pid: 99738|app: 0|req: 134/449] 127.0.0.1 () {46 vars in 1055 bytes} [Mon Aug 24 07:32:41 2026] POST /v2/images => generated 649 bytes in 600 msecs (HTTP/1.1 201) 6 headers in 315 bytes (1 switches on core 0)
Aug 24 07:32:42.249336 np0000007946 devstack@g-api.service[99737]: DEBUG glance.api.middleware.version_negotiation [None req-22ba5184-3e10-404c-93a4-59aec73b7c50 tempest-TestMinimumBasicScenario-2013385398 tempest-TestMinimumBasicScenario-2013385398-project-member] Determining version of request: GET /v2/schemas/image Accept: */* {{(pid=99737) process_request /opt/stack/glance/glance/api/middleware/version_negotiation.py:44}}
Aug 24 07:32:42.249906 np0000007946 devstack@g-api.service[99737]: DEBUG glance.api.middleware.version_negotiation [None req-22ba5184-3e10-404c-93a4-59aec73b7c50 tempest-TestMinimumBasicScenario-2013385398 tempest-TestMinimumBasicScenario-2013385398-project-member] Using url versioning {{(pid=99737) process_request /opt/stack/glance/glance/api/middleware/version_negotiation.py:57}}
Aug 24 07:32:42.249906 np0000007946 devstack@g-api.service[99737]: DEBUG glance.api.middleware.version_negotiation [None req-22ba5184-3e10-404c-93a4-59aec73b7c50 tempest-TestMinimumBasicScenario-2013385398 tempest-TestMinimumBasicScenario-2013385398-project-member] Matched version: v2 {{(pid=99737) process_request /opt/stack/glance/glance/api/middleware/version_negotiation.py:69}}
Aug 24 07:32:42.249906 np0000007946 devstack@g-api.service[99737]: DEBUG glance.api.middleware.version_negotiation [None req-22ba5184-3e10-404c-93a4-59aec73b7c50 tempest-TestMinimumBasicScenario-2013385398 tempest-TestMinimumBasicScenario-2013385398-project-member] new path /v2/schemas/image {{(pid=99737) process_request /opt/stack/glance/glance/api/middleware/version_negotiation.py:70}}
Aug 24 07:32:42.401938 np0000007946 devstack@g-api.service[99737]: [pid: 99737|app: 0|req: 155/450] 127.0.0.1 () {44 vars in 1055 bytes} [Mon Aug 24 07:32:42 2026] GET /v2/schemas/image => generated 6083 bytes in 151 msecs (HTTP/1.1 200) 4 headers in 158 bytes (1 switches on core 0)
Aug 24 07:32:42.421664 np0000007946 devstack@g-api.service[99736]: DEBUG glance.api.middleware.version_negotiation [None req-0d8b5674-5e53-4297-9dfe-c9e4c04a7d3e tempest-TestImageHashVerification-1556719905 tempest-TestImageHashVerification-1556719905-project-member] Determining version of request: GET /v2/images/35d7d64a-ad66-4fb6-bb18-6882fbff1021 Accept: application/json {{(pid=99736) process_request /opt/stack/glance/glance/api/middleware/version_negotiation.py:44}}
Aug 24 07:32:42.422484 np0000007946 devstack@g-api.service[99736]: DEBUG glance.api.middleware.version_negotiation [None req-0d8b5674-5e53-4297-9dfe-c9e4c04a7d3e tempest-TestImageHashVerification-1556719905 tempest-TestImageHashVerification-1556719905-project-member] Using url versioning {{(pid=99736) process_request /opt/stack/glance/glance/api/middleware/version_negotiation.py:57}}
Aug 24 07:32:42.422806 np0000007946 devstack@g-api.service[99736]: DEBUG glance.api.middleware.version_negotiation [None req-0d8b5674-5e53-4297-9dfe-c9e4c04a7d3e tempest-TestImageHashVerification-1556719905 tempest-TestImageHashVerification-1556719905-project-member] Matched version: v2 {{(pid=99736) process_request /opt/stack/glance/glance/api/middleware/version_negotiation.py:69}}
Aug 24 07:32:42.422916 np0000007946 devstack@g-api.service[99736]: DEBUG glance.api.middleware.version_negotiation [None req-0d8b5674-5e53-4297-9dfe-c9e4c04a7d3e tempest-TestImageHashVerification-1556719905 tempest-TestImageHashVerification-1556719905-project-member] new path /v2/images/35d7d64a-ad66-4fb6-bb18-6882fbff1021 {{(pid=99736) process_request /opt/stack/glance/glance/api/middleware/version_negotiation.py:70}}
Aug 24 07:32:42.434528 np0000007946 devstack@g-api.service[99736]: [pid: 99736|app: 0|req: 162/451] 127.0.0.1 () {40 vars in 838 bytes} [Mon Aug 24 07:32:42 2026] GET /v2/images/35d7d64a-ad66-4fb6-bb18-6882fbff1021 => generated 649 bytes in 14 msecs (HTTP/1.1 200) 4 headers in 157 bytes (1 switches on core 0)
Aug 24 07:32:42.443727 np0000007946 devstack@g-api.service[99737]: DEBUG dbcounter [-] [99737] Writing DB stats glance:SELECT=9,glance:INSERT=2 {{(pid=99737) stat_writer /opt/stack/data/venv/lib/python3.12/site-packages/dbcounter.py:115}}
Aug 24 07:32:42.795502 np0000007946 devstack@g-api.service[99738]: DEBUG glance.api.middleware.version_negotiation [None req-0d8b5674-5e53-4297-9dfe-c9e4c04a7d3e tempest-TestImageHashVerification-1556719905 tempest-TestImageHashVerification-1556719905-project-member] Determining version of request: PUT /v2/images/35d7d64a-ad66-4fb6-bb18-6882fbff1021/file Accept: */* {{(pid=99738) process_request /opt/stack/glance/glance/api/middleware/version_negotiation.py:44}}
Aug 24 07:32:42.796214 np0000007946 devstack@g-api.service[99738]: DEBUG glance.api.middleware.version_negotiation [None req-0d8b5674-5e53-4297-9dfe-c9e4c04a7d3e tempest-TestImageHashVerification-1556719905 tempest-TestImageHashVerification-1556719905-project-member] Using url versioning {{(pid=99738) process_request /opt/stack/glance/glance/api/middleware/version_negotiation.py:57}}
Aug 24 07:32:42.796214 np0000007946 devstack@g-api.service[99738]: DEBUG glance.api.middleware.version_negotiation [None req-0d8b5674-5e53-4297-9dfe-c9e4c04a7d3e tempest-TestImageHashVerification-1556719905 tempest-TestImageHashVerification-1556719905-project-member] Matched version: v2 {{(pid=99738) process_request /opt/stack/glance/glance/api/middleware/version_negotiation.py:69}}
Aug 24 07:32:42.796214 np0000007946 devstack@g-api.service[99738]: DEBUG glance.api.middleware.version_negotiation [None req-0d8b5674-5e53-4297-9dfe-c9e4c04a7d3e tempest-TestImageHashVerification-1556719905 tempest-TestImageHashVerification-1556719905-project-member] new path /v2/images/35d7d64a-ad66-4fb6-bb18-6882fbff1021/file {{(pid=99738) process_request /opt/stack/glance/glance/api/middleware/version_negotiation.py:70}}
Aug 24 07:32:43.448227 np0000007946 devstack@g-api.service[99737]: DEBUG glance.api.middleware.version_negotiation [None req-0d8b5674-5e53-4297-9dfe-c9e4c04a7d3e tempest-TestImageHashVerification-1556719905 tempest-TestImageHashVerification-1556719905-project-member] Determining version of request: GET /v2/images/35d7d64a-ad66-4fb6-bb18-6882fbff1021 Accept: application/json {{(pid=99737) process_request /opt/stack/glance/glance/api/middleware/version_negotiation.py:44}}
Aug 24 07:32:43.448227 np0000007946 devstack@g-api.service[99737]: DEBUG glance.api.middleware.version_negotiation [None req-0d8b5674-5e53-4297-9dfe-c9e4c04a7d3e tempest-TestImageHashVerification-1556719905 tempest-TestImageHashVerification-1556719905-project-member] Using url versioning {{(pid=99737) process_request /opt/stack/glance/glance/api/middleware/version_negotiation.py:57}}
Aug 24 07:32:43.448227 np0000007946 devstack@g-api.service[99737]: DEBUG glance.api.middleware.version_negotiation [None req-0d8b5674-5e53-4297-9dfe-c9e4c04a7d3e tempest-TestImageHashVerification-1556719905 tempest-TestImageHashVerification-1556719905-project-member] Matched version: v2 {{(pid=99737) process_request /opt/stack/glance/glance/api/middleware/version_negotiation.py:69}}
Aug 24 07:32:43.448227 np0000007946 devstack@g-api.service[99737]: DEBUG glance.api.middleware.version_negotiation [None req-0d8b5674-5e53-4297-9dfe-c9e4c04a7d3e tempest-TestImageHashVerification-1556719905 tempest-TestImageHashVerification-1556719905-project-member] new path /v2/images/35d7d64a-ad66-4fb6-bb18-6882fbff1021 {{(pid=99737) process_request /opt/stack/glance/glance/api/middleware/version_negotiation.py:70}}
Aug 24 07:32:43.466224 np0000007946 devstack@g-api.service[99738]: INFO glance.api.v2.image_data [None req-0d8b5674-5e53-4297-9dfe-c9e4c04a7d3e tempest-TestImageHashVerification-1556719905 tempest-TestImageHashVerification-1556719905-project-member] Unable to create trust: no such option collect_timing in group [keystone_authtoken] Use the existing user token.
Aug 24 07:32:43.470039 np0000007946 devstack@g-api.service[99737]: [pid: 99737|app: 0|req: 156/452] 127.0.0.1 () {40 vars in 838 bytes} [Mon Aug 24 07:32:43 2026] GET /v2/images/35d7d64a-ad66-4fb6-bb18-6882fbff1021 => generated 649 bytes in 23 msecs (HTTP/1.1 200) 4 headers in 157 bytes (1 switches on core 0)
Aug 24 07:32:44.160141 np0000007946 devstack@g-api.service[99738]: DEBUG glance.location [None req-0d8b5674-5e53-4297-9dfe-c9e4c04a7d3e tempest-TestImageHashVerification-1556719905 tempest-TestImageHashVerification-1556719905-project-member] Enabling in-flight format inspection for raw {{(pid=99738) set_data /opt/stack/glance/glance/location.py:596}}
Aug 24 07:32:44.160772 np0000007946 devstack@g-api.service[99738]: DEBUG glance_store.backend [None req-0d8b5674-5e53-4297-9dfe-c9e4c04a7d3e tempest-TestImageHashVerification-1556719905 tempest-TestImageHashVerification-1556719905-project-member] Attempting to import store swift {{(pid=99738) _load_store /opt/stack/data/venv/lib/python3.12/site-packages/glance_store/backend.py:215}}
Aug 24 07:32:44.164602 np0000007946 devstack@g-api.service[99738]: DEBUG glance_store.capabilities [None req-0d8b5674-5e53-4297-9dfe-c9e4c04a7d3e tempest-TestImageHashVerification-1556719905 tempest-TestImageHashVerification-1556719905-project-member] Store glance_store._drivers.swift.store.SingleTenantStore doesn't support updating dynamic storage capabilities. Please overwrite 'update_capabilities' method of the store to implement updating logics if needed. {{(pid=99738) update_capabilities /opt/stack/data/venv/lib/python3.12/site-packages/glance_store/capabilities.py:91}}
Aug 24 07:32:44.164768 np0000007946 devstack@g-api.service[99738]: DEBUG glance_store.driver [None req-0d8b5674-5e53-4297-9dfe-c9e4c04a7d3e tempest-TestImageHashVerification-1556719905 tempest-TestImageHashVerification-1556719905-project-member] Late loading location class glance_store._drivers.swift.store.StoreLocation {{(pid=99738) get_store_location_class /opt/stack/data/venv/lib/python3.12/site-packages/glance_store/driver.py:134}}
Aug 24 07:32:44.164883 np0000007946 devstack@g-api.service[99738]: DEBUG glance_store.location [None req-0d8b5674-5e53-4297-9dfe-c9e4c04a7d3e tempest-TestImageHashVerification-1556719905 tempest-TestImageHashVerification-1556719905-project-member] Registering scheme swift+https with {'store': , 'location_class': , 'store_entry': 'swift'} {{(pid=99738) register_scheme_map /opt/stack/data/venv/lib/python3.12/site-packages/glance_store/location.py:146}}
Aug 24 07:32:44.164987 np0000007946 devstack@g-api.service[99738]: DEBUG glance_store.location [None req-0d8b5674-5e53-4297-9dfe-c9e4c04a7d3e tempest-TestImageHashVerification-1556719905 tempest-TestImageHashVerification-1556719905-project-member] Registering scheme swift+https with {'store': , 'location_class': , 'store_entry': 'swift'} {{(pid=99738) register_scheme_map /opt/stack/data/venv/lib/python3.12/site-packages/glance_store/location.py:146}}
Aug 24 07:32:44.165956 np0000007946 devstack@g-api.service[99738]: DEBUG glance_store.location [None req-0d8b5674-5e53-4297-9dfe-c9e4c04a7d3e tempest-TestImageHashVerification-1556719905 tempest-TestImageHashVerification-1556719905-project-member] Registering scheme swift with {'store': , 'location_class': , 'store_entry': 'swift'} {{(pid=99738) register_scheme_map /opt/stack/data/venv/lib/python3.12/site-packages/glance_store/location.py:146}}
Aug 24 07:32:44.168285 np0000007946 devstack@g-api.service[99738]: DEBUG glance_store.location [None req-0d8b5674-5e53-4297-9dfe-c9e4c04a7d3e tempest-TestImageHashVerification-1556719905 tempest-TestImageHashVerification-1556719905-project-member] Registering scheme swift+https with {'store': , 'location_class': , 'store_entry': 'swift'} {{(pid=99738) register_scheme_map /opt/stack/data/venv/lib/python3.12/site-packages/glance_store/location.py:146}}
Aug 24 07:32:44.169170 np0000007946 devstack@g-api.service[99738]: DEBUG glance_store.location [None req-0d8b5674-5e53-4297-9dfe-c9e4c04a7d3e tempest-TestImageHashVerification-1556719905 tempest-TestImageHashVerification-1556719905-project-member] Registering scheme swift with {'store': , 'location_class': , 'store_entry': 'swift'} {{(pid=99738) register_scheme_map /opt/stack/data/venv/lib/python3.12/site-packages/glance_store/location.py:146}}
Aug 24 07:32:44.169308 np0000007946 devstack@g-api.service[99738]: DEBUG glance_store.location [None req-0d8b5674-5e53-4297-9dfe-c9e4c04a7d3e tempest-TestImageHashVerification-1556719905 tempest-TestImageHashVerification-1556719905-project-member] Registering scheme swift+http with {'store': , 'location_class': , 'store_entry': 'swift'} {{(pid=99738) register_scheme_map /opt/stack/data/venv/lib/python3.12/site-packages/glance_store/location.py:146}}
Aug 24 07:32:44.169436 np0000007946 devstack@g-api.service[99738]: DEBUG glance_store.location [None req-0d8b5674-5e53-4297-9dfe-c9e4c04a7d3e tempest-TestImageHashVerification-1556719905 tempest-TestImageHashVerification-1556719905-project-member] Registering scheme swift+https with {'store': , 'location_class': , 'store_entry': 'swift'} {{(pid=99738) register_scheme_map /opt/stack/data/venv/lib/python3.12/site-packages/glance_store/location.py:146}}
Aug 24 07:32:44.169628 np0000007946 devstack@g-api.service[99738]: DEBUG glance_store.location [None req-0d8b5674-5e53-4297-9dfe-c9e4c04a7d3e tempest-TestImageHashVerification-1556719905 tempest-TestImageHashVerification-1556719905-project-member] Registering scheme swift with {'store': , 'location_class': , 'store_entry': 'swift'} {{(pid=99738) register_scheme_map /opt/stack/data/venv/lib/python3.12/site-packages/glance_store/location.py:146}}
Aug 24 07:32:44.169754 np0000007946 devstack@g-api.service[99738]: DEBUG glance_store.location [None req-0d8b5674-5e53-4297-9dfe-c9e4c04a7d3e tempest-TestImageHashVerification-1556719905 tempest-TestImageHashVerification-1556719905-project-member] Registering scheme swift+http with {'store': , 'location_class': , 'store_entry': 'swift'} {{(pid=99738) register_scheme_map /opt/stack/data/venv/lib/python3.12/site-packages/glance_store/location.py:146}}
Aug 24 07:32:44.169850 np0000007946 devstack@g-api.service[99738]: DEBUG glance_store.location [None req-0d8b5674-5e53-4297-9dfe-c9e4c04a7d3e tempest-TestImageHashVerification-1556719905 tempest-TestImageHashVerification-1556719905-project-member] Registering scheme swift+config with {'store': , 'location_class': , 'store_entry': 'swift'} {{(pid=99738) register_scheme_map /opt/stack/data/venv/lib/python3.12/site-packages/glance_store/location.py:146}}
Aug 24 07:32:44.487688 np0000007946 devstack@g-api.service[99736]: DEBUG glance.api.middleware.version_negotiation [None req-d44f2d8d-210a-44ed-ac71-9bb1e2093b7d tempest-TestImageHashVerification-1556719905 tempest-TestImageHashVerification-1556719905-project-member] Determining version of request: GET /v2/images/35d7d64a-ad66-4fb6-bb18-6882fbff1021 Accept: application/json {{(pid=99736) process_request /opt/stack/glance/glance/api/middleware/version_negotiation.py:44}}
Aug 24 07:32:44.487688 np0000007946 devstack@g-api.service[99736]: DEBUG glance.api.middleware.version_negotiation [None req-d44f2d8d-210a-44ed-ac71-9bb1e2093b7d tempest-TestImageHashVerification-1556719905 tempest-TestImageHashVerification-1556719905-project-member] Using url versioning {{(pid=99736) process_request /opt/stack/glance/glance/api/middleware/version_negotiation.py:57}}
Aug 24 07:32:44.488242 np0000007946 devstack@g-api.service[99738]: DEBUG swiftclient [None req-0d8b5674-5e53-4297-9dfe-c9e4c04a7d3e tempest-TestImageHashVerification-1556719905 tempest-TestImageHashVerification-1556719905-project-member] REQ: curl -i https://10.4.3.214:8080/v1/AUTH_2098758cb6bb4b85b70acd6e62adb931/glance -I -H "X-Auth-Token: gAAAAABqi_OcIj7b..." {{(pid=99738) http_log /opt/stack/data/venv/lib/python3.12/site-packages/swiftclient/client.py:160}}
Aug 24 07:32:44.488278 np0000007946 devstack@g-api.service[99736]: DEBUG glance.api.middleware.version_negotiation [None req-d44f2d8d-210a-44ed-ac71-9bb1e2093b7d tempest-TestImageHashVerification-1556719905 tempest-TestImageHashVerification-1556719905-project-member] Matched version: v2 {{(pid=99736) process_request /opt/stack/glance/glance/api/middleware/version_negotiation.py:69}}
Aug 24 07:32:44.488316 np0000007946 devstack@g-api.service[99738]: DEBUG swiftclient [None req-0d8b5674-5e53-4297-9dfe-c9e4c04a7d3e tempest-TestImageHashVerification-1556719905 tempest-TestImageHashVerification-1556719905-project-member] RESP STATUS: 204 No Content {{(pid=99738) http_log /opt/stack/data/venv/lib/python3.12/site-packages/swiftclient/client.py:161}}
Aug 24 07:32:44.488398 np0000007946 devstack@g-api.service[99736]: DEBUG glance.api.middleware.version_negotiation [None req-d44f2d8d-210a-44ed-ac71-9bb1e2093b7d tempest-TestImageHashVerification-1556719905 tempest-TestImageHashVerification-1556719905-project-member] new path /v2/images/35d7d64a-ad66-4fb6-bb18-6882fbff1021 {{(pid=99736) process_request /opt/stack/glance/glance/api/middleware/version_negotiation.py:70}}
Aug 24 07:32:44.488444 np0000007946 devstack@g-api.service[99738]: DEBUG swiftclient [None req-0d8b5674-5e53-4297-9dfe-c9e4c04a7d3e tempest-TestImageHashVerification-1556719905 tempest-TestImageHashVerification-1556719905-project-member] RESP HEADERS: {'Date': 'Mon, 24 Aug 2026 07:32:44 GMT', 'Server': 'Apache/2.4.58 (Ubuntu)', 'Content-Type': 'text/plain; charset=utf-8', 'X-Container-Object-Count': '5', 'X-Container-Bytes-Used': '86048768', 'X-Timestamp': '1787556342.72893', 'Last-Modified': 'Mon, 24 Aug 2026 07:25:43 GMT', 'Accept-Ranges': 'bytes', 'X-Storage-Policy': 'Policy-0', 'X-Container-Sharding': 'False', 'Vary': 'Accept', 'X-Trans-Id': 'txaf0ac1e27b3b4f6ba6665-006a8bf39c', 'X-Openstack-Request-Id': 'txaf0ac1e27b3b4f6ba6665-006a8bf39c', 'Connection': 'close'} {{(pid=99738) http_log /opt/stack/data/venv/lib/python3.12/site-packages/swiftclient/client.py:162}}
Aug 24 07:32:44.488444 np0000007946 devstack@g-api.service[99738]: DEBUG glance_store._drivers.swift.store [None req-0d8b5674-5e53-4297-9dfe-c9e4c04a7d3e tempest-TestImageHashVerification-1556719905 tempest-TestImageHashVerification-1556719905-project-member] Adding image object '35d7d64a-ad66-4fb6-bb18-6882fbff1021' to Swift {{(pid=99738) add /opt/stack/data/venv/lib/python3.12/site-packages/glance_store/_drivers/swift/store.py:970}}
Aug 24 07:32:44.488444 np0000007946 devstack@g-api.service[99738]: DEBUG glance_store._drivers.swift.store [None req-0d8b5674-5e53-4297-9dfe-c9e4c04a7d3e tempest-TestImageHashVerification-1556719905 tempest-TestImageHashVerification-1556719905-project-member] Cannot determine image size because it is either not provided in the request or chunked-transfer encoding is used. Adding image as a segmented object to Swift. {{(pid=99738) add /opt/stack/data/venv/lib/python3.12/site-packages/glance_store/_drivers/swift/store.py:994}}
Aug 24 07:32:44.494293 np0000007946 devstack@g-api.service[99738]: DEBUG oslo_utils.imageutils.format_inspector [None req-0d8b5674-5e53-4297-9dfe-c9e4c04a7d3e tempest-TestImageHashVerification-1556719905 tempest-TestImageHashVerification-1556719905-project-member] Format inspector for vmdk does not match, excluding from consideration (Signature KDMV not found: b'\x00\x00\x00\x00') {{(pid=99738) _process_chunk /opt/stack/data/venv/lib/python3.12/site-packages/oslo_utils/imageutils/format_inspector.py:1758}}
Aug 24 07:32:44.496134 np0000007946 devstack@g-api.service[99738]: DEBUG oslo_utils.imageutils.format_inspector [None req-0d8b5674-5e53-4297-9dfe-c9e4c04a7d3e tempest-TestImageHashVerification-1556719905 tempest-TestImageHashVerification-1556719905-project-member] Format inspector for vhdx does not match, excluding from consideration (Region signature not found at 30000) {{(pid=99738) _process_chunk /opt/stack/data/venv/lib/python3.12/site-packages/oslo_utils/imageutils/format_inspector.py:1758}}
Aug 24 07:32:44.508103 np0000007946 devstack@g-api.service[99736]: [pid: 99736|app: 0|req: 163/453] 127.0.0.1 () {40 vars in 838 bytes} [Mon Aug 24 07:32:44 2026] GET /v2/images/35d7d64a-ad66-4fb6-bb18-6882fbff1021 => generated 649 bytes in 22 msecs (HTTP/1.1 200) 4 headers in 157 bytes (1 switches on core 0)
Aug 24 07:32:45.519280 np0000007946 devstack@g-api.service[99737]: DEBUG glance.api.middleware.version_negotiation [None req-e951039d-9c55-4b16-8681-d84922110507 tempest-TestImageHashVerification-1556719905 tempest-TestImageHashVerification-1556719905-project-member] Determining version of request: GET /v2/images/35d7d64a-ad66-4fb6-bb18-6882fbff1021 Accept: application/json {{(pid=99737) process_request /opt/stack/glance/glance/api/middleware/version_negotiation.py:44}}
Aug 24 07:32:45.520029 np0000007946 devstack@g-api.service[99737]: DEBUG glance.api.middleware.version_negotiation [None req-e951039d-9c55-4b16-8681-d84922110507 tempest-TestImageHashVerification-1556719905 tempest-TestImageHashVerification-1556719905-project-member] Using url versioning {{(pid=99737) process_request /opt/stack/glance/glance/api/middleware/version_negotiation.py:57}}
Aug 24 07:32:45.520531 np0000007946 devstack@g-api.service[99737]: DEBUG glance.api.middleware.version_negotiation [None req-e951039d-9c55-4b16-8681-d84922110507 tempest-TestImageHashVerification-1556719905 tempest-TestImageHashVerification-1556719905-project-member] Matched version: v2 {{(pid=99737) process_request /opt/stack/glance/glance/api/middleware/version_negotiation.py:69}}
Aug 24 07:32:45.520721 np0000007946 devstack@g-api.service[99737]: DEBUG glance.api.middleware.version_negotiation [None req-e951039d-9c55-4b16-8681-d84922110507 tempest-TestImageHashVerification-1556719905 tempest-TestImageHashVerification-1556719905-project-member] new path /v2/images/35d7d64a-ad66-4fb6-bb18-6882fbff1021 {{(pid=99737) process_request /opt/stack/glance/glance/api/middleware/version_negotiation.py:70}}
Aug 24 07:32:45.550042 np0000007946 devstack@g-api.service[99737]: [pid: 99737|app: 0|req: 157/454] 127.0.0.1 () {40 vars in 838 bytes} [Mon Aug 24 07:32:45 2026] GET /v2/images/35d7d64a-ad66-4fb6-bb18-6882fbff1021 => generated 649 bytes in 31 msecs (HTTP/1.1 200) 4 headers in 157 bytes (1 switches on core 0)
Aug 24 07:32:46.563360 np0000007946 devstack@g-api.service[99736]: DEBUG glance.api.middleware.version_negotiation [None req-8e5d9fa4-856a-4278-96e5-94d02a1da87a tempest-TestImageHashVerification-1556719905 tempest-TestImageHashVerification-1556719905-project-member] Determining version of request: GET /v2/images/35d7d64a-ad66-4fb6-bb18-6882fbff1021 Accept: application/json {{(pid=99736) process_request /opt/stack/glance/glance/api/middleware/version_negotiation.py:44}}
Aug 24 07:32:46.563360 np0000007946 devstack@g-api.service[99736]: DEBUG glance.api.middleware.version_negotiation [None req-8e5d9fa4-856a-4278-96e5-94d02a1da87a tempest-TestImageHashVerification-1556719905 tempest-TestImageHashVerification-1556719905-project-member] Using url versioning {{(pid=99736) process_request /opt/stack/glance/glance/api/middleware/version_negotiation.py:57}}
Aug 24 07:32:46.563360 np0000007946 devstack@g-api.service[99736]: DEBUG glance.api.middleware.version_negotiation [None req-8e5d9fa4-856a-4278-96e5-94d02a1da87a tempest-TestImageHashVerification-1556719905 tempest-TestImageHashVerification-1556719905-project-member] Matched version: v2 {{(pid=99736) process_request /opt/stack/glance/glance/api/middleware/version_negotiation.py:69}}
Aug 24 07:32:46.563360 np0000007946 devstack@g-api.service[99736]: DEBUG glance.api.middleware.version_negotiation [None req-8e5d9fa4-856a-4278-96e5-94d02a1da87a tempest-TestImageHashVerification-1556719905 tempest-TestImageHashVerification-1556719905-project-member] new path /v2/images/35d7d64a-ad66-4fb6-bb18-6882fbff1021 {{(pid=99736) process_request /opt/stack/glance/glance/api/middleware/version_negotiation.py:70}}
Aug 24 07:32:46.592322 np0000007946 devstack@g-api.service[99736]: [pid: 99736|app: 0|req: 164/455] 127.0.0.1 () {40 vars in 838 bytes} [Mon Aug 24 07:32:46 2026] GET /v2/images/35d7d64a-ad66-4fb6-bb18-6882fbff1021 => generated 649 bytes in 30 msecs (HTTP/1.1 200) 4 headers in 157 bytes (1 switches on core 0)
Aug 24 07:32:47.378365 np0000007946 devstack@g-api.service[99738]: DEBUG swiftclient [None req-0d8b5674-5e53-4297-9dfe-c9e4c04a7d3e tempest-TestImageHashVerification-1556719905 tempest-TestImageHashVerification-1556719905-project-member] REQ: curl -i https://10.4.3.214:8080/v1/AUTH_2098758cb6bb4b85b70acd6e62adb931/glance/35d7d64a-ad66-4fb6-bb18-6882fbff1021-00001 -X PUT -H "X-Auth-Token: gAAAAABqi_OcIj7b..." {{(pid=99738) http_log /opt/stack/data/venv/lib/python3.12/site-packages/swiftclient/client.py:160}}
Aug 24 07:32:47.378905 np0000007946 devstack@g-api.service[99738]: DEBUG swiftclient [None req-0d8b5674-5e53-4297-9dfe-c9e4c04a7d3e tempest-TestImageHashVerification-1556719905 tempest-TestImageHashVerification-1556719905-project-member] RESP STATUS: 201 Created {{(pid=99738) http_log /opt/stack/data/venv/lib/python3.12/site-packages/swiftclient/client.py:161}}
Aug 24 07:32:47.379968 np0000007946 devstack@g-api.service[99738]: DEBUG swiftclient [None req-0d8b5674-5e53-4297-9dfe-c9e4c04a7d3e tempest-TestImageHashVerification-1556719905 tempest-TestImageHashVerification-1556719905-project-member] RESP HEADERS: {'Date': 'Mon, 24 Aug 2026 07:32:47 GMT', 'Server': 'Apache/2.4.58 (Ubuntu)', 'Content-Type': 'text/html; charset=UTF-8', 'Content-Length': '0', 'Etag': 'eda9a9889837ac4bc81d6387d92c1bec', 'Last-Modified': 'Mon, 24 Aug 2026 07:32:45 GMT', 'X-Trans-Id': 'tx328305e6d7db4936ae0d2-006a8bf39c', 'X-Openstack-Request-Id': 'tx328305e6d7db4936ae0d2-006a8bf39c', 'Connection': 'close'} {{(pid=99738) http_log /opt/stack/data/venv/lib/python3.12/site-packages/swiftclient/client.py:162}}
Aug 24 07:32:47.382533 np0000007946 devstack@g-api.service[99738]: DEBUG glance_store._drivers.swift.store [None req-0d8b5674-5e53-4297-9dfe-c9e4c04a7d3e tempest-TestImageHashVerification-1556719905 tempest-TestImageHashVerification-1556719905-project-member] Wrote chunk 35d7d64a-ad66-4fb6-bb18-6882fbff1021-00001 (1/?) of length 204800000 to Swift returning MD5 of content: eda9a9889837ac4bc81d6387d92c1bec {{(pid=99738) add /opt/stack/data/venv/lib/python3.12/site-packages/glance_store/_drivers/swift/store.py:1059}}
Aug 24 07:32:47.606931 np0000007946 devstack@g-api.service[99737]: DEBUG glance.api.middleware.version_negotiation [None req-6af2168c-6919-4ddf-9f50-d35b1c1e057c tempest-TestImageHashVerification-1556719905 tempest-TestImageHashVerification-1556719905-project-member] Determining version of request: GET /v2/images/35d7d64a-ad66-4fb6-bb18-6882fbff1021 Accept: application/json {{(pid=99737) process_request /opt/stack/glance/glance/api/middleware/version_negotiation.py:44}}
Aug 24 07:32:47.607413 np0000007946 devstack@g-api.service[99737]: DEBUG glance.api.middleware.version_negotiation [None req-6af2168c-6919-4ddf-9f50-d35b1c1e057c tempest-TestImageHashVerification-1556719905 tempest-TestImageHashVerification-1556719905-project-member] Using url versioning {{(pid=99737) process_request /opt/stack/glance/glance/api/middleware/version_negotiation.py:57}}
Aug 24 07:32:47.607459 np0000007946 devstack@g-api.service[99737]: DEBUG glance.api.middleware.version_negotiation [None req-6af2168c-6919-4ddf-9f50-d35b1c1e057c tempest-TestImageHashVerification-1556719905 tempest-TestImageHashVerification-1556719905-project-member] Matched version: v2 {{(pid=99737) process_request /opt/stack/glance/glance/api/middleware/version_negotiation.py:69}}
Aug 24 07:32:47.608443 np0000007946 devstack@g-api.service[99737]: DEBUG glance.api.middleware.version_negotiation [None req-6af2168c-6919-4ddf-9f50-d35b1c1e057c tempest-TestImageHashVerification-1556719905 tempest-TestImageHashVerification-1556719905-project-member] new path /v2/images/35d7d64a-ad66-4fb6-bb18-6882fbff1021 {{(pid=99737) process_request /opt/stack/glance/glance/api/middleware/version_negotiation.py:70}}
Aug 24 07:32:47.637009 np0000007946 devstack@g-api.service[99737]: [pid: 99737|app: 0|req: 158/456] 127.0.0.1 () {40 vars in 838 bytes} [Mon Aug 24 07:32:47 2026] GET /v2/images/35d7d64a-ad66-4fb6-bb18-6882fbff1021 => generated 649 bytes in 30 msecs (HTTP/1.1 200) 4 headers in 157 bytes (1 switches on core 0)
Aug 24 07:32:48.649196 np0000007946 devstack@g-api.service[99736]: DEBUG glance.api.middleware.version_negotiation [None req-aa390be8-8b53-45f3-a3b3-3c4f4f614fd2 tempest-TestImageHashVerification-1556719905 tempest-TestImageHashVerification-1556719905-project-member] Determining version of request: GET /v2/images/35d7d64a-ad66-4fb6-bb18-6882fbff1021 Accept: application/json {{(pid=99736) process_request /opt/stack/glance/glance/api/middleware/version_negotiation.py:44}}
Aug 24 07:32:48.649685 np0000007946 devstack@g-api.service[99736]: DEBUG glance.api.middleware.version_negotiation [None req-aa390be8-8b53-45f3-a3b3-3c4f4f614fd2 tempest-TestImageHashVerification-1556719905 tempest-TestImageHashVerification-1556719905-project-member] Using url versioning {{(pid=99736) process_request /opt/stack/glance/glance/api/middleware/version_negotiation.py:57}}
Aug 24 07:32:48.649685 np0000007946 devstack@g-api.service[99736]: DEBUG glance.api.middleware.version_negotiation [None req-aa390be8-8b53-45f3-a3b3-3c4f4f614fd2 tempest-TestImageHashVerification-1556719905 tempest-TestImageHashVerification-1556719905-project-member] Matched version: v2 {{(pid=99736) process_request /opt/stack/glance/glance/api/middleware/version_negotiation.py:69}}
Aug 24 07:32:48.651228 np0000007946 devstack@g-api.service[99736]: DEBUG glance.api.middleware.version_negotiation [None req-aa390be8-8b53-45f3-a3b3-3c4f4f614fd2 tempest-TestImageHashVerification-1556719905 tempest-TestImageHashVerification-1556719905-project-member] new path /v2/images/35d7d64a-ad66-4fb6-bb18-6882fbff1021 {{(pid=99736) process_request /opt/stack/glance/glance/api/middleware/version_negotiation.py:70}}
Aug 24 07:32:48.661967 np0000007946 devstack@g-api.service[99736]: [pid: 99736|app: 0|req: 165/457] 127.0.0.1 () {40 vars in 838 bytes} [Mon Aug 24 07:32:48 2026] GET /v2/images/35d7d64a-ad66-4fb6-bb18-6882fbff1021 => generated 649 bytes in 13 msecs (HTTP/1.1 200) 4 headers in 157 bytes (1 switches on core 0)
Aug 24 07:32:48.727385 np0000007946 devstack@g-api.service[99737]: DEBUG glance.api.middleware.version_negotiation [None req-47173418-8905-4ad5-9c0b-c3283e8d5424 tempest-TestImageHashVerification-1556719905 tempest-TestImageHashVerification-1556719905-project-member] Determining version of request: GET /v2/images/a07802a0-6212-4880-b36d-244f158aed64 Accept: */* {{(pid=99737) process_request /opt/stack/glance/glance/api/middleware/version_negotiation.py:44}}
Aug 24 07:32:48.727912 np0000007946 devstack@g-api.service[99737]: DEBUG glance.api.middleware.version_negotiation [None req-47173418-8905-4ad5-9c0b-c3283e8d5424 tempest-TestImageHashVerification-1556719905 tempest-TestImageHashVerification-1556719905-project-member] Using url versioning {{(pid=99737) process_request /opt/stack/glance/glance/api/middleware/version_negotiation.py:57}}
Aug 24 07:32:48.727987 np0000007946 devstack@g-api.service[99737]: DEBUG glance.api.middleware.version_negotiation [None req-47173418-8905-4ad5-9c0b-c3283e8d5424 tempest-TestImageHashVerification-1556719905 tempest-TestImageHashVerification-1556719905-project-member] Matched version: v2 {{(pid=99737) process_request /opt/stack/glance/glance/api/middleware/version_negotiation.py:69}}
Aug 24 07:32:48.728308 np0000007946 devstack@g-api.service[99737]: DEBUG glance.api.middleware.version_negotiation [None req-47173418-8905-4ad5-9c0b-c3283e8d5424 tempest-TestImageHashVerification-1556719905 tempest-TestImageHashVerification-1556719905-project-member] new path /v2/images/a07802a0-6212-4880-b36d-244f158aed64 {{(pid=99737) process_request /opt/stack/glance/glance/api/middleware/version_negotiation.py:70}}
Aug 24 07:32:48.755960 np0000007946 devstack@g-api.service[99737]: [pid: 99737|app: 0|req: 159/458] 127.0.0.1 () {44 vars in 1115 bytes} [Mon Aug 24 07:32:48 2026] GET /v2/images/a07802a0-6212-4880-b36d-244f158aed64 => generated 1044 bytes in 29 msecs (HTTP/1.1 200) 4 headers in 158 bytes (1 switches on core 0)
Aug 24 07:32:48.822601 np0000007946 devstack@g-api.service[99736]: DEBUG glance.api.middleware.version_negotiation [None req-d17b30a5-4d8d-40cc-a230-b714bf2335f4 tempest-TestImageHashVerification-1556719905 tempest-TestImageHashVerification-1556719905-project-member] Determining version of request: GET /v2/schemas/image Accept: */* {{(pid=99736) process_request /opt/stack/glance/glance/api/middleware/version_negotiation.py:44}}
Aug 24 07:32:48.822601 np0000007946 devstack@g-api.service[99736]: DEBUG glance.api.middleware.version_negotiation [None req-d17b30a5-4d8d-40cc-a230-b714bf2335f4 tempest-TestImageHashVerification-1556719905 tempest-TestImageHashVerification-1556719905-project-member] Using url versioning {{(pid=99736) process_request /opt/stack/glance/glance/api/middleware/version_negotiation.py:57}}
Aug 24 07:32:48.822870 np0000007946 devstack@g-api.service[99736]: DEBUG glance.api.middleware.version_negotiation [None req-d17b30a5-4d8d-40cc-a230-b714bf2335f4 tempest-TestImageHashVerification-1556719905 tempest-TestImageHashVerification-1556719905-project-member] Matched version: v2 {{(pid=99736) process_request /opt/stack/glance/glance/api/middleware/version_negotiation.py:69}}
Aug 24 07:32:48.822870 np0000007946 devstack@g-api.service[99736]: DEBUG glance.api.middleware.version_negotiation [None req-d17b30a5-4d8d-40cc-a230-b714bf2335f4 tempest-TestImageHashVerification-1556719905 tempest-TestImageHashVerification-1556719905-project-member] new path /v2/schemas/image {{(pid=99736) process_request /opt/stack/glance/glance/api/middleware/version_negotiation.py:70}}
Aug 24 07:32:48.830315 np0000007946 devstack@g-api.service[99736]: [pid: 99736|app: 0|req: 166/459] 127.0.0.1 () {44 vars in 1055 bytes} [Mon Aug 24 07:32:48 2026] GET /v2/schemas/image => generated 6083 bytes in 11 msecs (HTTP/1.1 200) 4 headers in 158 bytes (1 switches on core 0)
Aug 24 07:32:49.529272 np0000007946 devstack@g-api.service[99737]: DEBUG glance.api.middleware.version_negotiation [None req-fc007d8f-1526-4a88-af5b-d0a9cfd92f1d tempest-ServersNegativeTestJSON-227273234 tempest-ServersNegativeTestJSON-227273234-project-member] Determining version of request: GET /v2/images/a07802a0-6212-4880-b36d-244f158aed64 Accept: */* {{(pid=99737) process_request /opt/stack/glance/glance/api/middleware/version_negotiation.py:44}}
Aug 24 07:32:49.529645 np0000007946 devstack@g-api.service[99737]: DEBUG glance.api.middleware.version_negotiation [None req-fc007d8f-1526-4a88-af5b-d0a9cfd92f1d tempest-ServersNegativeTestJSON-227273234 tempest-ServersNegativeTestJSON-227273234-project-member] Using url versioning {{(pid=99737) process_request /opt/stack/glance/glance/api/middleware/version_negotiation.py:57}}
Aug 24 07:32:49.529865 np0000007946 devstack@g-api.service[99737]: DEBUG glance.api.middleware.version_negotiation [None req-fc007d8f-1526-4a88-af5b-d0a9cfd92f1d tempest-ServersNegativeTestJSON-227273234 tempest-ServersNegativeTestJSON-227273234-project-member] Matched version: v2 {{(pid=99737) process_request /opt/stack/glance/glance/api/middleware/version_negotiation.py:69}}
Aug 24 07:32:49.530271 np0000007946 devstack@g-api.service[99737]: DEBUG glance.api.middleware.version_negotiation [None req-fc007d8f-1526-4a88-af5b-d0a9cfd92f1d tempest-ServersNegativeTestJSON-227273234 tempest-ServersNegativeTestJSON-227273234-project-member] new path /v2/images/a07802a0-6212-4880-b36d-244f158aed64 {{(pid=99737) process_request /opt/stack/glance/glance/api/middleware/version_negotiation.py:70}}
Aug 24 07:32:49.554372 np0000007946 devstack@g-api.service[99737]: [pid: 99737|app: 0|req: 160/460] 127.0.0.1 () {44 vars in 1115 bytes} [Mon Aug 24 07:32:49 2026] GET /v2/images/a07802a0-6212-4880-b36d-244f158aed64 => generated 1044 bytes in 25 msecs (HTTP/1.1 200) 4 headers in 158 bytes (1 switches on core 0)
Aug 24 07:32:49.600219 np0000007946 devstack@g-api.service[99736]: DEBUG glance.api.middleware.version_negotiation [None req-fc007d8f-1526-4a88-af5b-d0a9cfd92f1d tempest-ServersNegativeTestJSON-227273234 tempest-ServersNegativeTestJSON-227273234-project-member] Determining version of request: GET /v2/schemas/image Accept: */* {{(pid=99736) process_request /opt/stack/glance/glance/api/middleware/version_negotiation.py:44}}
Aug 24 07:32:49.600379 np0000007946 devstack@g-api.service[99736]: DEBUG glance.api.middleware.version_negotiation [None req-fc007d8f-1526-4a88-af5b-d0a9cfd92f1d tempest-ServersNegativeTestJSON-227273234 tempest-ServersNegativeTestJSON-227273234-project-member] Using url versioning {{(pid=99736) process_request /opt/stack/glance/glance/api/middleware/version_negotiation.py:57}}
Aug 24 07:32:49.600805 np0000007946 devstack@g-api.service[99736]: DEBUG glance.api.middleware.version_negotiation [None req-fc007d8f-1526-4a88-af5b-d0a9cfd92f1d tempest-ServersNegativeTestJSON-227273234 tempest-ServersNegativeTestJSON-227273234-project-member] Matched version: v2 {{(pid=99736) process_request /opt/stack/glance/glance/api/middleware/version_negotiation.py:69}}
Aug 24 07:32:49.601054 np0000007946 devstack@g-api.service[99736]: DEBUG glance.api.middleware.version_negotiation [None req-fc007d8f-1526-4a88-af5b-d0a9cfd92f1d tempest-ServersNegativeTestJSON-227273234 tempest-ServersNegativeTestJSON-227273234-project-member] new path /v2/schemas/image {{(pid=99736) process_request /opt/stack/glance/glance/api/middleware/version_negotiation.py:70}}
Aug 24 07:32:49.606633 np0000007946 devstack@g-api.service[99736]: [pid: 99736|app: 0|req: 167/461] 127.0.0.1 () {44 vars in 1055 bytes} [Mon Aug 24 07:32:49 2026] GET /v2/schemas/image => generated 6083 bytes in 6 msecs (HTTP/1.1 200) 4 headers in 158 bytes (1 switches on core 0)
Aug 24 07:32:49.675973 np0000007946 devstack@g-api.service[99737]: DEBUG glance.api.middleware.version_negotiation [None req-515d418c-0ce6-4989-90a5-12fa1a66662d tempest-AttachVolumeNegativeTest-1745649484 tempest-AttachVolumeNegativeTest-1745649484-project-member] Determining version of request: GET /v2/images/35d7d64a-ad66-4fb6-bb18-6882fbff1021 Accept: application/json {{(pid=99737) process_request /opt/stack/glance/glance/api/middleware/version_negotiation.py:44}}
Aug 24 07:32:49.675973 np0000007946 devstack@g-api.service[99737]: DEBUG glance.api.middleware.version_negotiation [None req-515d418c-0ce6-4989-90a5-12fa1a66662d tempest-AttachVolumeNegativeTest-1745649484 tempest-AttachVolumeNegativeTest-1745649484-project-member] Using url versioning {{(pid=99737) process_request /opt/stack/glance/glance/api/middleware/version_negotiation.py:57}}
Aug 24 07:32:49.675973 np0000007946 devstack@g-api.service[99737]: DEBUG glance.api.middleware.version_negotiation [None req-515d418c-0ce6-4989-90a5-12fa1a66662d tempest-AttachVolumeNegativeTest-1745649484 tempest-AttachVolumeNegativeTest-1745649484-project-member] Matched version: v2 {{(pid=99737) process_request /opt/stack/glance/glance/api/middleware/version_negotiation.py:69}}
Aug 24 07:32:49.677997 np0000007946 devstack@g-api.service[99737]: DEBUG glance.api.middleware.version_negotiation [None req-515d418c-0ce6-4989-90a5-12fa1a66662d tempest-AttachVolumeNegativeTest-1745649484 tempest-AttachVolumeNegativeTest-1745649484-project-member] new path /v2/images/35d7d64a-ad66-4fb6-bb18-6882fbff1021 {{(pid=99737) process_request /opt/stack/glance/glance/api/middleware/version_negotiation.py:70}}
Aug 24 07:32:49.703036 np0000007946 devstack@g-api.service[99737]: [pid: 99737|app: 0|req: 161/462] 127.0.0.1 () {40 vars in 838 bytes} [Mon Aug 24 07:32:49 2026] GET /v2/images/35d7d64a-ad66-4fb6-bb18-6882fbff1021 => generated 649 bytes in 28 msecs (HTTP/1.1 200) 4 headers in 157 bytes (1 switches on core 0)
Aug 24 07:32:50.422302 np0000007946 devstack@g-api.service[99738]: DEBUG swiftclient [None req-0d8b5674-5e53-4297-9dfe-c9e4c04a7d3e tempest-TestImageHashVerification-1556719905 tempest-TestImageHashVerification-1556719905-project-member] REQ: curl -i https://10.4.3.214:8080/v1/AUTH_2098758cb6bb4b85b70acd6e62adb931/glance/35d7d64a-ad66-4fb6-bb18-6882fbff1021-00002 -X PUT -H "X-Auth-Token: gAAAAABqi_OcIj7b..." {{(pid=99738) http_log /opt/stack/data/venv/lib/python3.12/site-packages/swiftclient/client.py:160}}
Aug 24 07:32:50.422664 np0000007946 devstack@g-api.service[99738]: DEBUG swiftclient [None req-0d8b5674-5e53-4297-9dfe-c9e4c04a7d3e tempest-TestImageHashVerification-1556719905 tempest-TestImageHashVerification-1556719905-project-member] RESP STATUS: 201 Created {{(pid=99738) http_log /opt/stack/data/venv/lib/python3.12/site-packages/swiftclient/client.py:161}}
Aug 24 07:32:50.422664 np0000007946 devstack@g-api.service[99738]: DEBUG swiftclient [None req-0d8b5674-5e53-4297-9dfe-c9e4c04a7d3e tempest-TestImageHashVerification-1556719905 tempest-TestImageHashVerification-1556719905-project-member] RESP HEADERS: {'Date': 'Mon, 24 Aug 2026 07:32:50 GMT', 'Server': 'Apache/2.4.58 (Ubuntu)', 'Content-Type': 'text/html; charset=UTF-8', 'Content-Length': '0', 'Etag': 'eda9a9889837ac4bc81d6387d92c1bec', 'Last-Modified': 'Mon, 24 Aug 2026 07:32:48 GMT', 'X-Trans-Id': 'txacff6746ed17419e87d3f-006a8bf39f', 'X-Openstack-Request-Id': 'txacff6746ed17419e87d3f-006a8bf39f', 'Connection': 'close'} {{(pid=99738) http_log /opt/stack/data/venv/lib/python3.12/site-packages/swiftclient/client.py:162}}
Aug 24 07:32:50.422827 np0000007946 devstack@g-api.service[99738]: DEBUG glance_store._drivers.swift.store [None req-0d8b5674-5e53-4297-9dfe-c9e4c04a7d3e tempest-TestImageHashVerification-1556719905 tempest-TestImageHashVerification-1556719905-project-member] Wrote chunk 35d7d64a-ad66-4fb6-bb18-6882fbff1021-00002 (2/?) of length 204800000 to Swift returning MD5 of content: eda9a9889837ac4bc81d6387d92c1bec {{(pid=99738) add /opt/stack/data/venv/lib/python3.12/site-packages/glance_store/_drivers/swift/store.py:1059}}
Aug 24 07:32:50.722011 np0000007946 devstack@g-api.service[99736]: DEBUG glance.api.middleware.version_negotiation [None req-515d418c-0ce6-4989-90a5-12fa1a66662d tempest-AttachVolumeNegativeTest-1745649484 tempest-AttachVolumeNegativeTest-1745649484-project-member] Determining version of request: GET /v2/images/35d7d64a-ad66-4fb6-bb18-6882fbff1021 Accept: application/json {{(pid=99736) process_request /opt/stack/glance/glance/api/middleware/version_negotiation.py:44}}
Aug 24 07:32:50.722011 np0000007946 devstack@g-api.service[99736]: DEBUG glance.api.middleware.version_negotiation [None req-515d418c-0ce6-4989-90a5-12fa1a66662d tempest-AttachVolumeNegativeTest-1745649484 tempest-AttachVolumeNegativeTest-1745649484-project-member] Using url versioning {{(pid=99736) process_request /opt/stack/glance/glance/api/middleware/version_negotiation.py:57}}
Aug 24 07:32:50.722011 np0000007946 devstack@g-api.service[99736]: DEBUG glance.api.middleware.version_negotiation [None req-515d418c-0ce6-4989-90a5-12fa1a66662d tempest-AttachVolumeNegativeTest-1745649484 tempest-AttachVolumeNegativeTest-1745649484-project-member] Matched version: v2 {{(pid=99736) process_request /opt/stack/glance/glance/api/middleware/version_negotiation.py:69}}
Aug 24 07:32:50.722011 np0000007946 devstack@g-api.service[99736]: DEBUG glance.api.middleware.version_negotiation [None req-515d418c-0ce6-4989-90a5-12fa1a66662d tempest-AttachVolumeNegativeTest-1745649484 tempest-AttachVolumeNegativeTest-1745649484-project-member] new path /v2/images/35d7d64a-ad66-4fb6-bb18-6882fbff1021 {{(pid=99736) process_request /opt/stack/glance/glance/api/middleware/version_negotiation.py:70}}
