Aug 24 07:25:11.897305 np0000007946 nova-scheduler[93396]: DEBUG cotyledon.oslo_config_glue [-] oslo_messaging_rabbit.rabbit_quorum_max_memory_bytes = 0 {{(pid=93396) log_opt_values /opt/stack/data/venv/lib/python3.12/site-packages/oslo_config/cfg.py:3560}}
Aug 24 07:25:11.897358 np0000007946 nova-scheduler[93396]: DEBUG cotyledon.oslo_config_glue [-] oslo_messaging_rabbit.rabbit_quorum_max_memory_length = 0 {{(pid=93396) log_opt_values /opt/stack/data/venv/lib/python3.12/site-packages/oslo_config/cfg.py:3560}}
Aug 24 07:25:11.897416 np0000007946 nova-scheduler[93396]: DEBUG cotyledon.oslo_config_glue [-] oslo_messaging_rabbit.rabbit_quorum_queue = False {{(pid=93396) log_opt_values /opt/stack/data/venv/lib/python3.12/site-packages/oslo_config/cfg.py:3560}}
Aug 24 07:25:11.897470 np0000007946 nova-scheduler[93396]: DEBUG cotyledon.oslo_config_glue [-] oslo_messaging_rabbit.rabbit_retry_backoff = 2 {{(pid=93396) log_opt_values /opt/stack/data/venv/lib/python3.12/site-packages/oslo_config/cfg.py:3560}}
Aug 24 07:25:11.897505 np0000007946 nova-scheduler[93396]: DEBUG cotyledon.oslo_config_glue [-] oslo_messaging_rabbit.rabbit_retry_interval = 1 {{(pid=93396) log_opt_values /opt/stack/data/venv/lib/python3.12/site-packages/oslo_config/cfg.py:3560}}
Aug 24 07:25:11.897564 np0000007946 nova-scheduler[93396]: DEBUG cotyledon.oslo_config_glue [-] oslo_messaging_rabbit.rabbit_stream_fanout = False {{(pid=93396) log_opt_values /opt/stack/data/venv/lib/python3.12/site-packages/oslo_config/cfg.py:3560}}
Aug 24 07:25:11.897625 np0000007946 nova-scheduler[93396]: DEBUG cotyledon.oslo_config_glue [-] oslo_messaging_rabbit.rabbit_transient_queues_ttl = 1800 {{(pid=93396) log_opt_values /opt/stack/data/venv/lib/python3.12/site-packages/oslo_config/cfg.py:3560}}
Aug 24 07:25:11.897656 np0000007946 nova-scheduler[93396]: DEBUG cotyledon.oslo_config_glue [-] oslo_messaging_rabbit.rabbit_transient_quorum_queue = False {{(pid=93396) log_opt_values /opt/stack/data/venv/lib/python3.12/site-packages/oslo_config/cfg.py:3560}}
Aug 24 07:25:11.897722 np0000007946 nova-scheduler[93396]: DEBUG cotyledon.oslo_config_glue [-] oslo_messaging_rabbit.rpc_conn_pool_size = 30 {{(pid=93396) log_opt_values /opt/stack/data/venv/lib/python3.12/site-packages/oslo_config/cfg.py:3560}}
Aug 24 07:25:11.897766 np0000007946 nova-scheduler[93396]: DEBUG cotyledon.oslo_config_glue [-] oslo_messaging_rabbit.ssl = False {{(pid=93396) log_opt_values /opt/stack/data/venv/lib/python3.12/site-packages/oslo_config/cfg.py:3560}}
Aug 24 07:25:11.897818 np0000007946 nova-scheduler[93396]: DEBUG cotyledon.oslo_config_glue [-] oslo_messaging_rabbit.ssl_ca_file = {{(pid=93396) log_opt_values /opt/stack/data/venv/lib/python3.12/site-packages/oslo_config/cfg.py:3560}}
Aug 24 07:25:11.897881 np0000007946 nova-scheduler[93396]: DEBUG cotyledon.oslo_config_glue [-] oslo_messaging_rabbit.ssl_cert_file = {{(pid=93396) log_opt_values /opt/stack/data/venv/lib/python3.12/site-packages/oslo_config/cfg.py:3560}}
Aug 24 07:25:11.897946 np0000007946 nova-scheduler[93396]: DEBUG cotyledon.oslo_config_glue [-] oslo_messaging_rabbit.ssl_enforce_fips_mode = False {{(pid=93396) log_opt_values /opt/stack/data/venv/lib/python3.12/site-packages/oslo_config/cfg.py:3560}}
Aug 24 07:25:11.898005 np0000007946 nova-scheduler[93396]: DEBUG cotyledon.oslo_config_glue [-] oslo_messaging_rabbit.ssl_enforce_hostname_verification = True {{(pid=93396) log_opt_values /opt/stack/data/venv/lib/python3.12/site-packages/oslo_config/cfg.py:3560}}
Aug 24 07:25:11.898045 np0000007946 nova-scheduler[93396]: DEBUG cotyledon.oslo_config_glue [-] oslo_messaging_rabbit.ssl_key_file = {{(pid=93396) log_opt_values /opt/stack/data/venv/lib/python3.12/site-packages/oslo_config/cfg.py:3560}}
Aug 24 07:25:11.898099 np0000007946 nova-scheduler[93396]: DEBUG cotyledon.oslo_config_glue [-] oslo_messaging_rabbit.ssl_version = {{(pid=93396) log_opt_values /opt/stack/data/venv/lib/python3.12/site-packages/oslo_config/cfg.py:3560}}
Aug 24 07:25:11.898155 np0000007946 nova-scheduler[93396]: DEBUG cotyledon.oslo_config_glue [-] oslo_messaging_rabbit.use_queue_manager = False {{(pid=93396) log_opt_values /opt/stack/data/venv/lib/python3.12/site-packages/oslo_config/cfg.py:3560}}
Aug 24 07:25:11.898280 np0000007946 nova-scheduler[93396]: DEBUG cotyledon.oslo_config_glue [-] oslo_messaging_notifications.driver = ['messagingv2'] {{(pid=93396) log_opt_values /opt/stack/data/venv/lib/python3.12/site-packages/oslo_config/cfg.py:3560}}
Aug 24 07:25:11.898314 np0000007946 nova-scheduler[93396]: DEBUG cotyledon.oslo_config_glue [-] oslo_messaging_notifications.retry = -1 {{(pid=93396) log_opt_values /opt/stack/data/venv/lib/python3.12/site-packages/oslo_config/cfg.py:3560}}
Aug 24 07:25:11.898381 np0000007946 nova-scheduler[93396]: DEBUG cotyledon.oslo_config_glue [-] oslo_messaging_notifications.topics = ['notifications'] {{(pid=93396) log_opt_values /opt/stack/data/venv/lib/python3.12/site-packages/oslo_config/cfg.py:3560}}
Aug 24 07:25:11.898442 np0000007946 nova-scheduler[93396]: DEBUG cotyledon.oslo_config_glue [-] oslo_messaging_notifications.transport_url = **** {{(pid=93396) log_opt_values /opt/stack/data/venv/lib/python3.12/site-packages/oslo_config/cfg.py:3560}}
Aug 24 07:25:11.898537 np0000007946 nova-scheduler[93396]: DEBUG cotyledon.oslo_config_glue [-] oslo_limit.auth_section = None {{(pid=93396) log_opt_values /opt/stack/data/venv/lib/python3.12/site-packages/oslo_config/cfg.py:3560}}
Aug 24 07:25:11.898591 np0000007946 nova-scheduler[93396]: DEBUG cotyledon.oslo_config_glue [-] oslo_limit.auth_type = None {{(pid=93396) log_opt_values /opt/stack/data/venv/lib/python3.12/site-packages/oslo_config/cfg.py:3560}}
Aug 24 07:25:11.898679 np0000007946 nova-scheduler[93392]: DEBUG oslo_db.sqlalchemy.engines [None req-809d41d5-5ab5-4f8c-bfd0-a3d6a4df3678 None None] MySQL server mode set to STRICT_TRANS_TABLES,STRICT_ALL_TABLES,NO_ZERO_IN_DATE,NO_ZERO_DATE,ERROR_FOR_DIVISION_BY_ZERO,TRADITIONAL,NO_ENGINE_SUBSTITUTION {{(pid=93392) _check_effective_sql_mode /opt/stack/data/venv/lib/python3.12/site-packages/oslo_db/sqlalchemy/engines.py:325}}
Aug 24 07:25:11.898728 np0000007946 nova-scheduler[93396]: DEBUG cotyledon.oslo_config_glue [-] oslo_limit.cafile = None {{(pid=93396) log_opt_values /opt/stack/data/venv/lib/python3.12/site-packages/oslo_config/cfg.py:3560}}
Aug 24 07:25:11.898728 np0000007946 nova-scheduler[93396]: DEBUG cotyledon.oslo_config_glue [-] oslo_limit.certfile = None {{(pid=93396) log_opt_values /opt/stack/data/venv/lib/python3.12/site-packages/oslo_config/cfg.py:3560}}
Aug 24 07:25:11.898790 np0000007946 nova-scheduler[93396]: DEBUG cotyledon.oslo_config_glue [-] oslo_limit.collect_timing = False {{(pid=93396) log_opt_values /opt/stack/data/venv/lib/python3.12/site-packages/oslo_config/cfg.py:3560}}
Aug 24 07:25:11.898852 np0000007946 nova-scheduler[93396]: DEBUG cotyledon.oslo_config_glue [-] oslo_limit.connect_retries = None {{(pid=93396) log_opt_values /opt/stack/data/venv/lib/python3.12/site-packages/oslo_config/cfg.py:3560}}
Aug 24 07:25:11.898895 np0000007946 nova-scheduler[93396]: DEBUG cotyledon.oslo_config_glue [-] oslo_limit.connect_retry_delay = None {{(pid=93396) log_opt_values /opt/stack/data/venv/lib/python3.12/site-packages/oslo_config/cfg.py:3560}}
Aug 24 07:25:11.898953 np0000007946 nova-scheduler[93396]: DEBUG cotyledon.oslo_config_glue [-] oslo_limit.endpoint_id = None {{(pid=93396) log_opt_values /opt/stack/data/venv/lib/python3.12/site-packages/oslo_config/cfg.py:3560}}
Aug 24 07:25:11.899007 np0000007946 nova-scheduler[93396]: DEBUG cotyledon.oslo_config_glue [-] oslo_limit.endpoint_interface = public {{(pid=93396) log_opt_values /opt/stack/data/venv/lib/python3.12/site-packages/oslo_config/cfg.py:3560}}
Aug 24 07:25:11.899055 np0000007946 nova-scheduler[93396]: DEBUG cotyledon.oslo_config_glue [-] oslo_limit.endpoint_override = None {{(pid=93396) log_opt_values /opt/stack/data/venv/lib/python3.12/site-packages/oslo_config/cfg.py:3560}}
Aug 24 07:25:11.899124 np0000007946 nova-scheduler[93396]: DEBUG cotyledon.oslo_config_glue [-] oslo_limit.endpoint_region_name = None {{(pid=93396) log_opt_values /opt/stack/data/venv/lib/python3.12/site-packages/oslo_config/cfg.py:3560}}
Aug 24 07:25:11.899269 np0000007946 nova-scheduler[93396]: DEBUG cotyledon.oslo_config_glue [-] oslo_limit.endpoint_service_name = None {{(pid=93396) log_opt_values /opt/stack/data/venv/lib/python3.12/site-packages/oslo_config/cfg.py:3560}}
Aug 24 07:25:11.899319 np0000007946 nova-scheduler[93396]: DEBUG cotyledon.oslo_config_glue [-] oslo_limit.endpoint_service_type = None {{(pid=93396) log_opt_values /opt/stack/data/venv/lib/python3.12/site-packages/oslo_config/cfg.py:3560}}
Aug 24 07:25:11.899319 np0000007946 nova-scheduler[93396]: DEBUG cotyledon.oslo_config_glue [-] oslo_limit.insecure = False {{(pid=93396) log_opt_values /opt/stack/data/venv/lib/python3.12/site-packages/oslo_config/cfg.py:3560}}
Aug 24 07:25:11.899410 np0000007946 nova-scheduler[93396]: DEBUG cotyledon.oslo_config_glue [-] oslo_limit.keyfile = None {{(pid=93396) log_opt_values /opt/stack/data/venv/lib/python3.12/site-packages/oslo_config/cfg.py:3560}}
Aug 24 07:25:11.899436 np0000007946 nova-scheduler[93396]: DEBUG cotyledon.oslo_config_glue [-] oslo_limit.max_version = None {{(pid=93396) log_opt_values /opt/stack/data/venv/lib/python3.12/site-packages/oslo_config/cfg.py:3560}}
Aug 24 07:25:11.899497 np0000007946 nova-scheduler[93396]: DEBUG cotyledon.oslo_config_glue [-] oslo_limit.min_version = None {{(pid=93396) log_opt_values /opt/stack/data/venv/lib/python3.12/site-packages/oslo_config/cfg.py:3560}}
Aug 24 07:25:11.899549 np0000007946 nova-scheduler[93396]: DEBUG cotyledon.oslo_config_glue [-] oslo_limit.region_name = None {{(pid=93396) log_opt_values /opt/stack/data/venv/lib/python3.12/site-packages/oslo_config/cfg.py:3560}}
Aug 24 07:25:11.899599 np0000007946 nova-scheduler[93396]: DEBUG cotyledon.oslo_config_glue [-] oslo_limit.retriable_status_codes = None {{(pid=93396) log_opt_values /opt/stack/data/venv/lib/python3.12/site-packages/oslo_config/cfg.py:3560}}
Aug 24 07:25:11.899667 np0000007946 nova-scheduler[93396]: DEBUG cotyledon.oslo_config_glue [-] oslo_limit.service_name = None {{(pid=93396) log_opt_values /opt/stack/data/venv/lib/python3.12/site-packages/oslo_config/cfg.py:3560}}
Aug 24 07:25:11.899715 np0000007946 nova-scheduler[93396]: DEBUG cotyledon.oslo_config_glue [-] oslo_limit.service_type = None {{(pid=93396) log_opt_values /opt/stack/data/venv/lib/python3.12/site-packages/oslo_config/cfg.py:3560}}
Aug 24 07:25:11.899757 np0000007946 nova-scheduler[93396]: DEBUG cotyledon.oslo_config_glue [-] oslo_limit.split_loggers = False {{(pid=93396) log_opt_values /opt/stack/data/venv/lib/python3.12/site-packages/oslo_config/cfg.py:3560}}
Aug 24 07:25:11.899810 np0000007946 nova-scheduler[93396]: DEBUG cotyledon.oslo_config_glue [-] oslo_limit.status_code_retries = None {{(pid=93396) log_opt_values /opt/stack/data/venv/lib/python3.12/site-packages/oslo_config/cfg.py:3560}}
Aug 24 07:25:11.899851 np0000007946 nova-scheduler[93396]: DEBUG cotyledon.oslo_config_glue [-] oslo_limit.status_code_retry_delay = None {{(pid=93396) log_opt_values /opt/stack/data/venv/lib/python3.12/site-packages/oslo_config/cfg.py:3560}}
Aug 24 07:25:11.899959 np0000007946 nova-scheduler[93396]: DEBUG cotyledon.oslo_config_glue [-] oslo_limit.timeout = None {{(pid=93396) log_opt_values /opt/stack/data/venv/lib/python3.12/site-packages/oslo_config/cfg.py:3560}}
Aug 24 07:25:11.899959 np0000007946 nova-scheduler[93396]: DEBUG cotyledon.oslo_config_glue [-] oslo_limit.valid_interfaces = None {{(pid=93396) log_opt_values /opt/stack/data/venv/lib/python3.12/site-packages/oslo_config/cfg.py:3560}}
Aug 24 07:25:11.900041 np0000007946 nova-scheduler[93396]: DEBUG cotyledon.oslo_config_glue [-] oslo_limit.version = None {{(pid=93396) log_opt_values /opt/stack/data/venv/lib/python3.12/site-packages/oslo_config/cfg.py:3560}}
Aug 24 07:25:11.900079 np0000007946 nova-scheduler[93396]: DEBUG cotyledon.oslo_config_glue [-] oslo_reports.file_event_handler = None {{(pid=93396) log_opt_values /opt/stack/data/venv/lib/python3.12/site-packages/oslo_config/cfg.py:3560}}
Aug 24 07:25:11.900138 np0000007946 nova-scheduler[93396]: DEBUG cotyledon.oslo_config_glue [-] oslo_reports.file_event_handler_interval = 1 {{(pid=93396) log_opt_values /opt/stack/data/venv/lib/python3.12/site-packages/oslo_config/cfg.py:3560}}
Aug 24 07:25:11.900236 np0000007946 nova-scheduler[93396]: DEBUG cotyledon.oslo_config_glue [-] oslo_reports.log_dir = None {{(pid=93396) log_opt_values /opt/stack/data/venv/lib/python3.12/site-packages/oslo_config/cfg.py:3560}}
Aug 24 07:25:11.900290 np0000007946 nova-scheduler[93396]: DEBUG cotyledon.oslo_config_glue [-] ******************************************************************************** {{(pid=93396) log_opt_values /opt/stack/data/venv/lib/python3.12/site-packages/oslo_config/cfg.py:3567}}
Aug 24 07:25:11.900442 np0000007946 nova-scheduler[93396]: DEBUG cotyledon._service_worker [-] Run service ServiceWrapper(2) [93396] {{(pid=93396) wait_forever /opt/stack/data/venv/lib/python3.12/site-packages/cotyledon/_service_worker.py:218}}
Aug 24 07:25:11.901782 np0000007946 nova-scheduler[93396]: INFO nova.service [-] Starting scheduler node (version 33.1.0)
Aug 24 07:25:11.906528 np0000007946 nova-scheduler[93396]: INFO dbcounter [None req-5979fffa-171f-498e-bf53-dabde52f77bc None None] Registered counter for database nova_cell0
Aug 24 07:25:11.912598 np0000007946 nova-scheduler[93392]: DEBUG dbcounter [-] [93392] Writer thread running {{(pid=93392) stat_writer /opt/stack/data/venv/lib/python3.12/site-packages/dbcounter.py:102}}
Aug 24 07:25:11.925048 np0000007946 nova-scheduler[93394]: DEBUG oslo_db.sqlalchemy.engines [None req-d56e233f-22a1-456f-9864-9f901cc1cd17 None None] MySQL server mode set to STRICT_TRANS_TABLES,STRICT_ALL_TABLES,NO_ZERO_IN_DATE,NO_ZERO_DATE,ERROR_FOR_DIVISION_BY_ZERO,TRADITIONAL,NO_ENGINE_SUBSTITUTION {{(pid=93394) _check_effective_sql_mode /opt/stack/data/venv/lib/python3.12/site-packages/oslo_db/sqlalchemy/engines.py:325}}
Aug 24 07:25:11.942187 np0000007946 nova-scheduler[93394]: DEBUG dbcounter [-] [93394] Writer thread running {{(pid=93394) stat_writer /opt/stack/data/venv/lib/python3.12/site-packages/dbcounter.py:102}}
Aug 24 07:25:11.944784 np0000007946 nova-scheduler[93392]: DEBUG nova.service [None req-809d41d5-5ab5-4f8c-bfd0-a3d6a4df3678 None None] Creating RPC server for service: nova-scheduler on topic: scheduler {{(pid=93392) start /opt/stack/nova/nova/service.py:262}}
Aug 24 07:25:11.953494 np0000007946 nova-scheduler[93396]: DEBUG oslo_db.sqlalchemy.engines [None req-5979fffa-171f-498e-bf53-dabde52f77bc None None] MySQL server mode set to STRICT_TRANS_TABLES,STRICT_ALL_TABLES,NO_ZERO_IN_DATE,NO_ZERO_DATE,ERROR_FOR_DIVISION_BY_ZERO,TRADITIONAL,NO_ENGINE_SUBSTITUTION {{(pid=93396) _check_effective_sql_mode /opt/stack/data/venv/lib/python3.12/site-packages/oslo_db/sqlalchemy/engines.py:325}}
Aug 24 07:25:11.958612 np0000007946 nova-scheduler[93394]: DEBUG nova.service [None req-d56e233f-22a1-456f-9864-9f901cc1cd17 None None] Creating RPC server for service: nova-scheduler on topic: scheduler {{(pid=93394) start /opt/stack/nova/nova/service.py:262}}
Aug 24 07:25:11.966858 np0000007946 nova-scheduler[93396]: DEBUG dbcounter [-] [93396] Writer thread running {{(pid=93396) stat_writer /opt/stack/data/venv/lib/python3.12/site-packages/dbcounter.py:102}}
Aug 24 07:25:11.970629 np0000007946 nova-scheduler[93396]: DEBUG nova.service [None req-5979fffa-171f-498e-bf53-dabde52f77bc None None] Creating RPC server for service: nova-scheduler on topic: scheduler {{(pid=93396) start /opt/stack/nova/nova/service.py:262}}
Aug 24 07:25:11.972092 np0000007946 nova-scheduler[93392]: DEBUG nova.service [None req-809d41d5-5ab5-4f8c-bfd0-a3d6a4df3678 None None] Join ServiceGroup membership for this service scheduler {{(pid=93392) start /opt/stack/nova/nova/service.py:288}}
Aug 24 07:25:11.972680 np0000007946 nova-scheduler[93392]: DEBUG nova.servicegroup.drivers.db [None req-809d41d5-5ab5-4f8c-bfd0-a3d6a4df3678 None None] DB_Driver: join new ServiceGroup member np0000007946 to the scheduler group, service = {{(pid=93392) join /opt/stack/nova/nova/servicegroup/drivers/db.py:44}}
Aug 24 07:25:11.980119 np0000007946 nova-scheduler[93394]: DEBUG nova.service [None req-d56e233f-22a1-456f-9864-9f901cc1cd17 None None] Join ServiceGroup membership for this service scheduler {{(pid=93394) start /opt/stack/nova/nova/service.py:288}}
Aug 24 07:25:11.980781 np0000007946 nova-scheduler[93394]: DEBUG nova.servicegroup.drivers.db [None req-d56e233f-22a1-456f-9864-9f901cc1cd17 None None] DB_Driver: join new ServiceGroup member np0000007946 to the scheduler group, service = {{(pid=93394) join /opt/stack/nova/nova/servicegroup/drivers/db.py:44}}
Aug 24 07:25:11.992803 np0000007946 nova-scheduler[93396]: DEBUG nova.service [None req-5979fffa-171f-498e-bf53-dabde52f77bc None None] Join ServiceGroup membership for this service scheduler {{(pid=93396) start /opt/stack/nova/nova/service.py:288}}
Aug 24 07:25:11.993073 np0000007946 nova-scheduler[93396]: DEBUG nova.servicegroup.drivers.db [None req-5979fffa-171f-498e-bf53-dabde52f77bc None None] DB_Driver: join new ServiceGroup member np0000007946 to the scheduler group, service = {{(pid=93396) join /opt/stack/nova/nova/servicegroup/drivers/db.py:44}}
Aug 24 07:25:16.991093 np0000007946 nova-scheduler[93392]: DEBUG oslo.service.backend._threading.loopingcall [-] Fixed interval looping call 'nova.servicegroup.drivers.db.DbDriver._report_state' sleeping for 119.99 seconds {{(pid=93392) _run_loop /opt/stack/data/venv/lib/python3.12/site-packages/oslo_service/backend/_threading/loopingcall.py:125}}
Aug 24 07:25:16.992283 np0000007946 nova-scheduler[93394]: DEBUG oslo.service.backend._threading.loopingcall [-] Fixed interval looping call 'nova.servicegroup.drivers.db.DbDriver._report_state' sleeping for 119.99 seconds {{(pid=93394) _run_loop /opt/stack/data/venv/lib/python3.12/site-packages/oslo_service/backend/_threading/loopingcall.py:125}}
Aug 24 07:25:17.005545 np0000007946 nova-scheduler[93396]: DEBUG oslo.service.backend._threading.loopingcall [-] Fixed interval looping call 'nova.servicegroup.drivers.db.DbDriver._report_state' sleeping for 119.99 seconds {{(pid=93396) _run_loop /opt/stack/data/venv/lib/python3.12/site-packages/oslo_service/backend/_threading/loopingcall.py:125}}
Aug 24 07:25:20.520329 np0000007946 nova-scheduler[92134]: DEBUG dbcounter [-] [92134] Writing DB stats nova_api:SELECT=3 {{(pid=92134) stat_writer /opt/stack/data/venv/lib/python3.12/site-packages/dbcounter.py:115}}
Aug 24 07:25:20.648799 np0000007946 nova-scheduler[92134]: DEBUG dbcounter [-] [92134] Writing DB stats nova_cell0:SELECT=1 {{(pid=92134) stat_writer /opt/stack/data/venv/lib/python3.12/site-packages/dbcounter.py:115}}
Aug 24 07:25:20.655185 np0000007946 nova-scheduler[92134]: DEBUG dbcounter [-] [92134] Writing DB stats nova_cell1:SELECT=1 {{(pid=92134) stat_writer /opt/stack/data/venv/lib/python3.12/site-packages/dbcounter.py:115}}
Aug 24 07:25:26.978457 np0000007946 nova-scheduler[93392]: DEBUG oslo.service.backend._threading.loopingcall [None req-9d8006b2-7fdb-45b6-92a9-c06728295cc4 None None] Dynamic interval looping call 'nova.service.Service.periodic_tasks' sleeping for 60.00 seconds {{(pid=93392) _run_loop /opt/stack/data/venv/lib/python3.12/site-packages/oslo_service/backend/_threading/loopingcall.py:125}}
Aug 24 07:25:26.986851 np0000007946 nova-scheduler[93392]: DEBUG dbcounter [-] [93392] Writing DB stats nova_cell0:SELECT=4,nova_cell0:INSERT=1,nova_cell0:UPDATE=1 {{(pid=93392) stat_writer /opt/stack/data/venv/lib/python3.12/site-packages/dbcounter.py:115}}
Aug 24 07:25:26.990257 np0000007946 nova-scheduler[93394]: DEBUG dbcounter [-] [93394] Writing DB stats nova_cell0:SELECT=4,nova_cell0:INSERT=1,nova_cell0:UPDATE=1 {{(pid=93394) stat_writer /opt/stack/data/venv/lib/python3.12/site-packages/dbcounter.py:115}}
Aug 24 07:25:27.008184 np0000007946 nova-scheduler[93396]: DEBUG dbcounter [-] [93396] Writing DB stats nova_cell0:SELECT=3 {{(pid=93396) stat_writer /opt/stack/data/venv/lib/python3.12/site-packages/dbcounter.py:115}}
Aug 24 07:25:27.995779 np0000007946 nova-scheduler[93396]: DEBUG oslo.service.backend._threading.loopingcall [None req-417e176f-b05c-4681-823f-b3a0260ca3e5 None None] Dynamic interval looping call 'nova.service.Service.periodic_tasks' sleeping for 60.00 seconds {{(pid=93396) _run_loop /opt/stack/data/venv/lib/python3.12/site-packages/oslo_service/backend/_threading/loopingcall.py:125}}
Aug 24 07:25:30.983411 np0000007946 nova-scheduler[93394]: DEBUG oslo.service.backend._threading.loopingcall [None req-6eb75160-68e2-4c64-9a79-482fc8a018c6 None None] Dynamic interval looping call 'nova.service.Service.periodic_tasks' sleeping for 60.00 seconds {{(pid=93394) _run_loop /opt/stack/data/venv/lib/python3.12/site-packages/oslo_service/backend/_threading/loopingcall.py:125}}
Aug 24 07:26:26.978972 np0000007946 nova-scheduler[93392]: DEBUG oslo.service.backend._threading.loopingcall [None req-9d8006b2-7fdb-45b6-92a9-c06728295cc4 None None] Dynamic interval looping call 'nova.service.Service.periodic_tasks' sleeping for 60.00 seconds {{(pid=93392) _run_loop /opt/stack/data/venv/lib/python3.12/site-packages/oslo_service/backend/_threading/loopingcall.py:125}}
Aug 24 07:26:27.996568 np0000007946 nova-scheduler[93396]: DEBUG oslo.service.backend._threading.loopingcall [None req-417e176f-b05c-4681-823f-b3a0260ca3e5 None None] Dynamic interval looping call 'nova.service.Service.periodic_tasks' sleeping for 60.00 seconds {{(pid=93396) _run_loop /opt/stack/data/venv/lib/python3.12/site-packages/oslo_service/backend/_threading/loopingcall.py:125}}
Aug 24 07:26:30.983473 np0000007946 nova-scheduler[93394]: DEBUG oslo.service.backend._threading.loopingcall [None req-6eb75160-68e2-4c64-9a79-482fc8a018c6 None None] Dynamic interval looping call 'nova.service.Service.periodic_tasks' sleeping for 60.00 seconds {{(pid=93394) _run_loop /opt/stack/data/venv/lib/python3.12/site-packages/oslo_service/backend/_threading/loopingcall.py:125}}
Aug 24 07:27:16.990318 np0000007946 nova-scheduler[93394]: DEBUG oslo.service.backend._threading.loopingcall [-] Fixed interval looping call 'nova.servicegroup.drivers.db.DbDriver._report_state' sleeping for 119.99 seconds {{(pid=93394) _run_loop /opt/stack/data/venv/lib/python3.12/site-packages/oslo_service/backend/_threading/loopingcall.py:125}}
Aug 24 07:27:16.990816 np0000007946 nova-scheduler[93392]: DEBUG oslo.service.backend._threading.loopingcall [-] Fixed interval looping call 'nova.servicegroup.drivers.db.DbDriver._report_state' sleeping for 119.99 seconds {{(pid=93392) _run_loop /opt/stack/data/venv/lib/python3.12/site-packages/oslo_service/backend/_threading/loopingcall.py:125}}
Aug 24 07:27:16.999398 np0000007946 nova-scheduler[93396]: DEBUG oslo.service.backend._threading.loopingcall [-] Fixed interval looping call 'nova.servicegroup.drivers.db.DbDriver._report_state' sleeping for 120.00 seconds {{(pid=93396) _run_loop /opt/stack/data/venv/lib/python3.12/site-packages/oslo_service/backend/_threading/loopingcall.py:125}}
Aug 24 07:27:26.980589 np0000007946 nova-scheduler[93392]: DEBUG oslo.service.backend._threading.loopingcall [None req-9d8006b2-7fdb-45b6-92a9-c06728295cc4 None None] Dynamic interval looping call 'nova.service.Service.periodic_tasks' sleeping for 60.00 seconds {{(pid=93392) _run_loop /opt/stack/data/venv/lib/python3.12/site-packages/oslo_service/backend/_threading/loopingcall.py:125}}
Aug 24 07:27:26.984995 np0000007946 nova-scheduler[93392]: DEBUG dbcounter [-] [93392] Writing DB stats nova_cell0:SELECT=1,nova_cell0:UPDATE=1 {{(pid=93392) stat_writer /opt/stack/data/venv/lib/python3.12/site-packages/dbcounter.py:115}}
Aug 24 07:27:26.986079 np0000007946 nova-scheduler[93394]: DEBUG dbcounter [-] [93394] Writing DB stats nova_cell0:SELECT=1,nova_cell0:UPDATE=1 {{(pid=93394) stat_writer /opt/stack/data/venv/lib/python3.12/site-packages/dbcounter.py:115}}
Aug 24 07:27:26.997636 np0000007946 nova-scheduler[93396]: DEBUG dbcounter [-] [93396] Writing DB stats nova_cell0:SELECT=1 {{(pid=93396) stat_writer /opt/stack/data/venv/lib/python3.12/site-packages/dbcounter.py:115}}
Aug 24 07:27:27.996965 np0000007946 nova-scheduler[93396]: DEBUG oslo.service.backend._threading.loopingcall [None req-417e176f-b05c-4681-823f-b3a0260ca3e5 None None] Dynamic interval looping call 'nova.service.Service.periodic_tasks' sleeping for 60.00 seconds {{(pid=93396) _run_loop /opt/stack/data/venv/lib/python3.12/site-packages/oslo_service/backend/_threading/loopingcall.py:125}}
Aug 24 07:27:30.984334 np0000007946 nova-scheduler[93394]: DEBUG oslo.service.backend._threading.loopingcall [None req-6eb75160-68e2-4c64-9a79-482fc8a018c6 None None] Dynamic interval looping call 'nova.service.Service.periodic_tasks' sleeping for 60.00 seconds {{(pid=93394) _run_loop /opt/stack/data/venv/lib/python3.12/site-packages/oslo_service/backend/_threading/loopingcall.py:125}}
Aug 24 07:27:50.384776 np0000007946 nova-scheduler[93392]: DEBUG nova.scheduler.manager [None req-cd1bfe6d-218f-461b-ad7b-d7c10ccea539 tempest-ServerActionsTestOtherB-2041625754 tempest-ServerActionsTestOtherB-2041625754-project-member] Starting to schedule for instances: ['a9d97e6d-8395-4a65-b1cd-6346fd5e44d5'] {{(pid=93392) select_destinations /opt/stack/nova/nova/scheduler/manager.py:197}}
Aug 24 07:27:50.385836 np0000007946 nova-scheduler[93392]: DEBUG nova.scheduler.request_filter [None req-cd1bfe6d-218f-461b-ad7b-d7c10ccea539 tempest-ServerActionsTestOtherB-2041625754 tempest-ServerActionsTestOtherB-2041625754-project-member] compute_status_filter request filter added forbidden trait COMPUTE_STATUS_DISABLED {{(pid=93392) compute_status_filter /opt/stack/nova/nova/scheduler/request_filter.py:258}}
Aug 24 07:27:50.385971 np0000007946 nova-scheduler[93392]: DEBUG nova.scheduler.request_filter [None req-cd1bfe6d-218f-461b-ad7b-d7c10ccea539 tempest-ServerActionsTestOtherB-2041625754 tempest-ServerActionsTestOtherB-2041625754-project-member] Request filter 'compute_status_filter' took 0.0 seconds {{(pid=93392) wrapper /opt/stack/nova/nova/scheduler/request_filter.py:51}}
Aug 24 07:27:50.387005 np0000007946 nova-scheduler[93392]: DEBUG nova.scheduler.request_filter [None req-cd1bfe6d-218f-461b-ad7b-d7c10ccea539 tempest-ServerActionsTestOtherB-2041625754 tempest-ServerActionsTestOtherB-2041625754-project-member] Request filter 'accelerators_filter' took 0.0 seconds {{(pid=93392) wrapper /opt/stack/nova/nova/scheduler/request_filter.py:51}}
Aug 24 07:27:50.387005 np0000007946 nova-scheduler[93392]: DEBUG nova.scheduler.request_filter [None req-cd1bfe6d-218f-461b-ad7b-d7c10ccea539 tempest-ServerActionsTestOtherB-2041625754 tempest-ServerActionsTestOtherB-2041625754-project-member] Request filter 'packed_virtqueue_filter' took 0.0 seconds {{(pid=93392) wrapper /opt/stack/nova/nova/scheduler/request_filter.py:51}}
Aug 24 07:27:50.387171 np0000007946 nova-scheduler[93392]: DEBUG nova.scheduler.request_filter [None req-cd1bfe6d-218f-461b-ad7b-d7c10ccea539 tempest-ServerActionsTestOtherB-2041625754 tempest-ServerActionsTestOtherB-2041625754-project-member] Request filter 'remote_managed_ports_filter' took 0.0 seconds {{(pid=93392) wrapper /opt/stack/nova/nova/scheduler/request_filter.py:51}}
Aug 24 07:27:50.387339 np0000007946 nova-scheduler[93392]: DEBUG nova.scheduler.request_filter [None req-cd1bfe6d-218f-461b-ad7b-d7c10ccea539 tempest-ServerActionsTestOtherB-2041625754 tempest-ServerActionsTestOtherB-2041625754-project-member] ephemeral_encryption_filter skipped {{(pid=93392) ephemeral_encryption_filter /opt/stack/nova/nova/scheduler/request_filter.py:431}}
Aug 24 07:27:50.387451 np0000007946 nova-scheduler[93392]: DEBUG nova.scheduler.request_filter [None req-cd1bfe6d-218f-461b-ad7b-d7c10ccea539 tempest-ServerActionsTestOtherB-2041625754 tempest-ServerActionsTestOtherB-2041625754-project-member] virtio_sound_filter skipped {{(pid=93392) virtio_sound_filter /opt/stack/nova/nova/scheduler/request_filter.py:465}}
Aug 24 07:27:50.387625 np0000007946 nova-scheduler[93392]: DEBUG nova.scheduler.request_filter [None req-cd1bfe6d-218f-461b-ad7b-d7c10ccea539 tempest-ServerActionsTestOtherB-2041625754 tempest-ServerActionsTestOtherB-2041625754-project-member] tpm_secret_security_filter skipped {{(pid=93392) tpm_secret_security_filter /opt/stack/nova/nova/scheduler/request_filter.py:482}}
Aug 24 07:27:50.388190 np0000007946 nova-scheduler[93392]: DEBUG oslo_concurrency.lockutils [None req-cd1bfe6d-218f-461b-ad7b-d7c10ccea539 tempest-ServerActionsTestOtherB-2041625754 tempest-ServerActionsTestOtherB-2041625754-project-member] Acquiring lock "00000000-0000-0000-0000-000000000000" by "nova.context.set_target_cell..get_or_set_cached_cell_and_set_connections" {{(pid=93392) inner /opt/stack/data/venv/lib/python3.12/site-packages/oslo_concurrency/lockutils.py:512}}
Aug 24 07:27:50.389192 np0000007946 nova-scheduler[93392]: DEBUG oslo_concurrency.lockutils [None req-cd1bfe6d-218f-461b-ad7b-d7c10ccea539 tempest-ServerActionsTestOtherB-2041625754 tempest-ServerActionsTestOtherB-2041625754-project-member] Lock "00000000-0000-0000-0000-000000000000" acquired by "nova.context.set_target_cell..get_or_set_cached_cell_and_set_connections" :: waited 0.001s {{(pid=93392) inner /opt/stack/data/venv/lib/python3.12/site-packages/oslo_concurrency/lockutils.py:525}}
Aug 24 07:27:50.389737 np0000007946 nova-scheduler[93392]: DEBUG oslo_concurrency.lockutils [None req-cd1bfe6d-218f-461b-ad7b-d7c10ccea539 tempest-ServerActionsTestOtherB-2041625754 tempest-ServerActionsTestOtherB-2041625754-project-member] Lock "00000000-0000-0000-0000-000000000000" "released" by "nova.context.set_target_cell..get_or_set_cached_cell_and_set_connections" :: held 0.001s {{(pid=93392) inner /opt/stack/data/venv/lib/python3.12/site-packages/oslo_concurrency/lockutils.py:544}}
Aug 24 07:27:50.390533 np0000007946 nova-scheduler[93392]: INFO nova.thread_pool_factory [None req-cd1bfe6d-218f-461b-ad7b-d7c10ccea539 tempest-ServerActionsTestOtherB-2041625754 tempest-ServerActionsTestOtherB-2041625754-project-member] The cell_worker thread pool ForkProcess-1.cell_worker is initialized
Aug 24 07:27:50.390838 np0000007946 nova-scheduler[93392]: DEBUG oslo_concurrency.lockutils [None req-cd1bfe6d-218f-461b-ad7b-d7c10ccea539 tempest-ServerActionsTestOtherB-2041625754 tempest-ServerActionsTestOtherB-2041625754-project-member] Acquiring lock "c6b0a211-8ac8-4ded-b1e2-3a842a7fa5e5" by "nova.context.set_target_cell..get_or_set_cached_cell_and_set_connections" {{(pid=93392) inner /opt/stack/data/venv/lib/python3.12/site-packages/oslo_concurrency/lockutils.py:512}}
Aug 24 07:27:50.391016 np0000007946 nova-scheduler[93392]: DEBUG oslo_concurrency.lockutils [None req-cd1bfe6d-218f-461b-ad7b-d7c10ccea539 tempest-ServerActionsTestOtherB-2041625754 tempest-ServerActionsTestOtherB-2041625754-project-member] Lock "c6b0a211-8ac8-4ded-b1e2-3a842a7fa5e5" acquired by "nova.context.set_target_cell..get_or_set_cached_cell_and_set_connections" :: waited 0.000s {{(pid=93392) inner /opt/stack/data/venv/lib/python3.12/site-packages/oslo_concurrency/lockutils.py:525}}
Aug 24 07:27:50.392130 np0000007946 nova-scheduler[93392]: DEBUG oslo_concurrency.lockutils [None req-cd1bfe6d-218f-461b-ad7b-d7c10ccea539 tempest-ServerActionsTestOtherB-2041625754 tempest-ServerActionsTestOtherB-2041625754-project-member] Lock "c6b0a211-8ac8-4ded-b1e2-3a842a7fa5e5" "released" by "nova.context.set_target_cell..get_or_set_cached_cell_and_set_connections" :: held 0.001s {{(pid=93392) inner /opt/stack/data/venv/lib/python3.12/site-packages/oslo_concurrency/lockutils.py:544}}
Aug 24 07:27:50.394075 np0000007946 nova-scheduler[93392]: INFO dbcounter [None req-cd1bfe6d-218f-461b-ad7b-d7c10ccea539 tempest-ServerActionsTestOtherB-2041625754 tempest-ServerActionsTestOtherB-2041625754-project-member] Registered counter for database nova_cell0
Aug 24 07:27:50.397560 np0000007946 nova-scheduler[93392]: INFO dbcounter [None req-cd1bfe6d-218f-461b-ad7b-d7c10ccea539 tempest-ServerActionsTestOtherB-2041625754 tempest-ServerActionsTestOtherB-2041625754-project-member] Registered counter for database nova_cell1
Aug 24 07:27:50.445504 np0000007946 nova-scheduler[93392]: DEBUG oslo_db.sqlalchemy.engines [None req-cd1bfe6d-218f-461b-ad7b-d7c10ccea539 tempest-ServerActionsTestOtherB-2041625754 tempest-ServerActionsTestOtherB-2041625754-project-member] MySQL server mode set to STRICT_TRANS_TABLES,STRICT_ALL_TABLES,NO_ZERO_IN_DATE,NO_ZERO_DATE,ERROR_FOR_DIVISION_BY_ZERO,TRADITIONAL,NO_ENGINE_SUBSTITUTION {{(pid=93392) _check_effective_sql_mode /opt/stack/data/venv/lib/python3.12/site-packages/oslo_db/sqlalchemy/engines.py:325}}
Aug 24 07:27:50.450936 np0000007946 nova-scheduler[93392]: DEBUG dbcounter [-] [93392] Writer thread running {{(pid=93392) stat_writer /opt/stack/data/venv/lib/python3.12/site-packages/dbcounter.py:102}}
Aug 24 07:27:50.452742 np0000007946 nova-scheduler[93392]: DEBUG oslo_db.sqlalchemy.engines [None req-cd1bfe6d-218f-461b-ad7b-d7c10ccea539 tempest-ServerActionsTestOtherB-2041625754 tempest-ServerActionsTestOtherB-2041625754-project-member] MySQL server mode set to STRICT_TRANS_TABLES,STRICT_ALL_TABLES,NO_ZERO_IN_DATE,NO_ZERO_DATE,ERROR_FOR_DIVISION_BY_ZERO,TRADITIONAL,NO_ENGINE_SUBSTITUTION {{(pid=93392) _check_effective_sql_mode /opt/stack/data/venv/lib/python3.12/site-packages/oslo_db/sqlalchemy/engines.py:325}}
Aug 24 07:27:50.458264 np0000007946 nova-scheduler[93392]: DEBUG dbcounter [-] [93392] Writer thread running {{(pid=93392) stat_writer /opt/stack/data/venv/lib/python3.12/site-packages/dbcounter.py:102}}
Aug 24 07:27:50.460551 np0000007946 nova-scheduler[93392]: DEBUG nova.scheduler.request_filter [None req-cd1bfe6d-218f-461b-ad7b-d7c10ccea539 tempest-ServerActionsTestOtherB-2041625754 tempest-ServerActionsTestOtherB-2041625754-project-member] Added required trait OWNER_NOVA to root provider in request spec {{(pid=93392) owner_nova_filter /opt/stack/nova/nova/scheduler/request_filter.py:580}}
Aug 24 07:27:50.460708 np0000007946 nova-scheduler[93392]: DEBUG nova.scheduler.request_filter [None req-cd1bfe6d-218f-461b-ad7b-d7c10ccea539 tempest-ServerActionsTestOtherB-2041625754 tempest-ServerActionsTestOtherB-2041625754-project-member] Request filter 'owner_nova_filter' took 0.1 seconds {{(pid=93392) wrapper /opt/stack/nova/nova/scheduler/request_filter.py:51}}
Aug 24 07:27:51.030985 np0000007946 nova-scheduler[93392]: DEBUG oslo_concurrency.lockutils [None req-cd1bfe6d-218f-461b-ad7b-d7c10ccea539 tempest-ServerActionsTestOtherB-2041625754 tempest-ServerActionsTestOtherB-2041625754-project-member] Acquiring lock "c6b0a211-8ac8-4ded-b1e2-3a842a7fa5e5" by "nova.context.set_target_cell..get_or_set_cached_cell_and_set_connections" {{(pid=93392) inner /opt/stack/data/venv/lib/python3.12/site-packages/oslo_concurrency/lockutils.py:512}}
Aug 24 07:27:51.030985 np0000007946 nova-scheduler[93392]: DEBUG oslo_concurrency.lockutils [None req-cd1bfe6d-218f-461b-ad7b-d7c10ccea539 tempest-ServerActionsTestOtherB-2041625754 tempest-ServerActionsTestOtherB-2041625754-project-member] Lock "c6b0a211-8ac8-4ded-b1e2-3a842a7fa5e5" acquired by "nova.context.set_target_cell..get_or_set_cached_cell_and_set_connections" :: waited 0.000s {{(pid=93392) inner /opt/stack/data/venv/lib/python3.12/site-packages/oslo_concurrency/lockutils.py:525}}
Aug 24 07:27:51.031247 np0000007946 nova-scheduler[93392]: DEBUG oslo_concurrency.lockutils [None req-cd1bfe6d-218f-461b-ad7b-d7c10ccea539 tempest-ServerActionsTestOtherB-2041625754 tempest-ServerActionsTestOtherB-2041625754-project-member] Lock "c6b0a211-8ac8-4ded-b1e2-3a842a7fa5e5" "released" by "nova.context.set_target_cell..get_or_set_cached_cell_and_set_connections" :: held 0.000s {{(pid=93392) inner /opt/stack/data/venv/lib/python3.12/site-packages/oslo_concurrency/lockutils.py:544}}
Aug 24 07:27:51.046617 np0000007946 nova-scheduler[93392]: DEBUG oslo_db.sqlalchemy.engines [None req-cd1bfe6d-218f-461b-ad7b-d7c10ccea539 tempest-ServerActionsTestOtherB-2041625754 tempest-ServerActionsTestOtherB-2041625754-project-member] Parent process 92134 forked (93392) with an open database connection, which is being discarded and recreated. {{(pid=93392) checkout /opt/stack/data/venv/lib/python3.12/site-packages/oslo_db/sqlalchemy/engines.py:402}}
Aug 24 07:27:51.083539 np0000007946 nova-scheduler[93392]: DEBUG dbcounter [-] [93392] Writer thread running {{(pid=93392) stat_writer /opt/stack/data/venv/lib/python3.12/site-packages/dbcounter.py:102}}
Aug 24 07:27:51.086339 np0000007946 nova-scheduler[93392]: DEBUG oslo_concurrency.lockutils [None req-cd1bfe6d-218f-461b-ad7b-d7c10ccea539 tempest-ServerActionsTestOtherB-2041625754 tempest-ServerActionsTestOtherB-2041625754-project-member] Acquiring lock "c6b0a211-8ac8-4ded-b1e2-3a842a7fa5e5" by "nova.context.set_target_cell..get_or_set_cached_cell_and_set_connections" {{(pid=93392) inner /opt/stack/data/venv/lib/python3.12/site-packages/oslo_concurrency/lockutils.py:512}}
Aug 24 07:27:51.086473 np0000007946 nova-scheduler[93392]: DEBUG oslo_concurrency.lockutils [None req-cd1bfe6d-218f-461b-ad7b-d7c10ccea539 tempest-ServerActionsTestOtherB-2041625754 tempest-ServerActionsTestOtherB-2041625754-project-member] Lock "c6b0a211-8ac8-4ded-b1e2-3a842a7fa5e5" acquired by "nova.context.set_target_cell..get_or_set_cached_cell_and_set_connections" :: waited 0.000s {{(pid=93392) inner /opt/stack/data/venv/lib/python3.12/site-packages/oslo_concurrency/lockutils.py:525}}
Aug 24 07:27:51.086577 np0000007946 nova-scheduler[93392]: DEBUG oslo_concurrency.lockutils [None req-cd1bfe6d-218f-461b-ad7b-d7c10ccea539 tempest-ServerActionsTestOtherB-2041625754 tempest-ServerActionsTestOtherB-2041625754-project-member] Lock "c6b0a211-8ac8-4ded-b1e2-3a842a7fa5e5" "released" by "nova.context.set_target_cell..get_or_set_cached_cell_and_set_connections" :: held 0.000s {{(pid=93392) inner /opt/stack/data/venv/lib/python3.12/site-packages/oslo_concurrency/lockutils.py:544}}
Aug 24 07:27:51.092005 np0000007946 nova-scheduler[93392]: DEBUG oslo_concurrency.lockutils [None req-cd1bfe6d-218f-461b-ad7b-d7c10ccea539 tempest-ServerActionsTestOtherB-2041625754 tempest-ServerActionsTestOtherB-2041625754-project-member] Acquiring lock "np0000007946-np0000007946" by "nova.scheduler.host_manager.HostState.update.._locked_update" {{(pid=93392) inner /opt/stack/data/venv/lib/python3.12/site-packages/oslo_concurrency/lockutils.py:512}}
Aug 24 07:27:51.092212 np0000007946 nova-scheduler[93392]: DEBUG oslo_concurrency.lockutils [None req-cd1bfe6d-218f-461b-ad7b-d7c10ccea539 tempest-ServerActionsTestOtherB-2041625754 tempest-ServerActionsTestOtherB-2041625754-project-member] Lock "np0000007946-np0000007946" acquired by "nova.scheduler.host_manager.HostState.update.._locked_update" :: waited 0.000s {{(pid=93392) inner /opt/stack/data/venv/lib/python3.12/site-packages/oslo_concurrency/lockutils.py:525}}
Aug 24 07:27:51.093814 np0000007946 nova-scheduler[93392]: DEBUG nova.scheduler.host_manager [None req-cd1bfe6d-218f-461b-ad7b-d7c10ccea539 tempest-ServerActionsTestOtherB-2041625754 tempest-ServerActionsTestOtherB-2041625754-project-member] Update host state from compute node: ComputeNode(cpu_allocation_ratio=4.0,cpu_info='{"arch": "x86_64", "model": "EPYC-Milan", "vendor": "AMD", "topology": {"cells": 1, "sockets": 16, "cores": 1, "threads": 1}, "maxphysaddr": {"mode": "emulate", "bits": 40}, "features": ["stibp", "rdrand", "tsc-deadline", "cr8legacy", "bmi2", "nrip-save", "movbe", "cmov", "flushbyasid", "cx8", "mce", "sse4a", "ibrs", "mtrr", "pfthreshold", "invpcid", "pcid", "amd-stibp", "null-sel-clr-base", "sep", "syscall", "xgetbv1", "vgif", "misalignsse", "rdctl-no", "pae", "sse2", "x2apic", "vpclmulqdq", "no-nested-data-bp", "spec-ctrl", "adx", "mmxext", "wbnoinvd", "mca", "sse4.2", "smep", "apic", "xsave", "pku", "arch-capabilities", "clflush", "gds-no", "fpu", "lbrv", "3dnowprefetch", "sha-ni", "tsc", "pse36", "svme-addr-chk", "de", "pschange-mc-no", "cx16", "pni", "aes", "popcnt", "fsrm", "clflushopt", "stibp-always-on", "pat", "bmi1", "xsaves", "smap", "skip-l1dfl-vmentry", "msr", "hypervisor", "umip", "xsaveopt", "perfctr_core", "mds-no", "arat", "pge", "pse", "ssse3", "clzero", "v-vmsave-vmload", "rdpid", "sse", "mmx", "amd-psfd", "ssbd", "sse4.1", "pdpe1gb", "ibpb", "rdseed", "vme", "erms", "f16c", "cmp_legacy", "vmcb-clean", "svm", "xsaveerptr", "avx", "fxsr_opt", "fsgsbase", "lm", "tsc_adjust", "tsc-scale", "virt-ssbd", "amd-ssbd", "lahf_lm", "clwb", "pclmuldq", "abm", "topoext", "osvw", "avx2", "lfence-always-serializing", "xsavec", "fxsr", "npt", "pause-filter", "vaes", "nx", "rdtscp", "fma"]}',created_at=2026-08-24T07:25:34Z,current_workload=0,deleted=False,deleted_at=None,disk_allocation_ratio=1.0,disk_available_least=73,free_disk_gb=95,free_ram_mb=62765,host='np0000007946',host_ip=10.4.3.214,hypervisor_hostname='np0000007946',hypervisor_type='QEMU',hypervisor_version=8002002,id=1,local_gb=95,local_gb_used=0,mapped=1,memory_mb=63277,memory_mb_used=512,metrics='[]',numa_topology='{"nova_object.name": "NUMATopology", "nova_object.namespace": "nova", "nova_object.version": "1.2", "nova_object.data": {"cells": [{"nova_object.name": "NUMACell", "nova_object.namespace": "nova", "nova_object.version": "1.5", "nova_object.data": {"id": 0, "cpuset": [0, 1, 2, 3, 4, 5, 6, 7, 8, 9, 10, 11, 12, 13, 14, 15], "pcpuset": [0, 1, 2, 3, 4, 5, 6, 7, 8, 9, 10, 11, 12, 13, 14, 15], "memory": 63277, "cpu_usage": 0, "memory_usage": 0, "pinned_cpus": [], "siblings": [[6], [12], [2], [15], [5], [11], [8], [14], [4], [1], [7], [10], [0], [13], [3], [9]], "mempages": [{"nova_object.name": "NUMAPagesTopology", "nova_object.namespace": "nova", "nova_object.version": "1.1", "nova_object.data": {"size_kb": 4, "total": 16177930, "used": 0, "reserved": 0}, "nova_object.changes": ["size_kb", "reserved", "used", "total"]}, {"nova_object.name": "NUMAPagesTopology", "nova_object.namespace": "nova", "nova_object.version": "1.1", "nova_object.data": {"size_kb": 2048, "total": 41, "used": 0, "reserved": 0}, "nova_object.changes": ["size_kb", "reserved", "used", "total"]}, {"nova_object.name": "NUMAPagesTopology", "nova_object.namespace": "nova", "nova_object.version": "1.1", "nova_object.data": {"size_kb": 1048576, "total": 0, "used": 0, "reserved": 0}, "nova_object.changes": ["size_kb", "reserved", "used", "total"]}], "network_metadata": {"nova_object.name": "NetworkMetadata", "nova_object.namespace": "nova", "nova_object.version": "1.0", "nova_object.data": {"physnets": [], "tunneled": false}, "nova_object.changes": ["physnets", "tunneled"]}, "socket": null}, "nova_object.changes": ["mempages", "pcpuset", "id", "network_metadata", "pinned_cpus", "socket", "memory_usage", "memory", "cpu_usage", "siblings", "cpuset"]}]}, "nova_object.changes": ["cells"]}',pci_device_pools=PciDevicePoolList,ram_allocation_ratio=1.0,running_vms=0,service_id=3,stats={failed_builds='0',uptime=' 07:27:20 up 13 min, 2 users, load average: 1.31, 1.47, 0.83
Aug 24 07:27:51.093814 np0000007946 nova-scheduler[93392]: '},supported_hv_specs=[HVSpec,HVSpec,HVSpec,HVSpec,HVSpec,HVSpec,HVSpec,HVSpec,HVSpec,HVSpec,HVSpec,HVSpec,HVSpec,HVSpec,HVSpec,HVSpec,HVSpec,HVSpec,HVSpec,HVSpec,HVSpec,HVSpec,HVSpec,HVSpec,HVSpec],updated_at=2026-08-24T07:27:21Z,uuid=f51c9cbe-368e-4da9-9ba6-4fa5fb18d656,vcpus=16,vcpus_used=0) {{(pid=93392) _locked_update /opt/stack/nova/nova/scheduler/host_manager.py:169}}
Aug 24 07:27:51.094055 np0000007946 nova-scheduler[93392]: DEBUG nova.scheduler.host_manager [None req-cd1bfe6d-218f-461b-ad7b-d7c10ccea539 tempest-ServerActionsTestOtherB-2041625754 tempest-ServerActionsTestOtherB-2041625754-project-member] Update host state with aggregates: [] {{(pid=93392) _locked_update /opt/stack/nova/nova/scheduler/host_manager.py:172}}
Aug 24 07:27:51.094131 np0000007946 nova-scheduler[93392]: DEBUG nova.scheduler.host_manager [None req-cd1bfe6d-218f-461b-ad7b-d7c10ccea539 tempest-ServerActionsTestOtherB-2041625754 tempest-ServerActionsTestOtherB-2041625754-project-member] Update host state with service dict: {'id': 3, 'uuid': '58548a1b-46f9-43fe-bdae-bed18c8b4555', 'host': 'np0000007946', 'binary': 'nova-compute', 'topic': 'compute', 'report_count': 2, 'disabled': False, 'disabled_reason': None, 'last_seen_up': datetime.datetime(2026, 8, 24, 7, 27, 40, tzinfo=datetime.timezone.utc), 'forced_down': False, 'version': 73, 'created_at': datetime.datetime(2026, 8, 24, 7, 25, 33, tzinfo=datetime.timezone.utc), 'updated_at': datetime.datetime(2026, 8, 24, 7, 27, 40, tzinfo=datetime.timezone.utc), 'deleted_at': None, 'deleted': False} {{(pid=93392) _locked_update /opt/stack/nova/nova/scheduler/host_manager.py:175}}
Aug 24 07:27:51.094443 np0000007946 nova-scheduler[93392]: DEBUG nova.scheduler.host_manager [None req-cd1bfe6d-218f-461b-ad7b-d7c10ccea539 tempest-ServerActionsTestOtherB-2041625754 tempest-ServerActionsTestOtherB-2041625754-project-member] Update host state with instances: [] {{(pid=93392) _locked_update /opt/stack/nova/nova/scheduler/host_manager.py:178}}
Aug 24 07:27:51.094502 np0000007946 nova-scheduler[93392]: DEBUG oslo_concurrency.lockutils [None req-cd1bfe6d-218f-461b-ad7b-d7c10ccea539 tempest-ServerActionsTestOtherB-2041625754 tempest-ServerActionsTestOtherB-2041625754-project-member] Lock "np0000007946-np0000007946" "released" by "nova.scheduler.host_manager.HostState.update.._locked_update" :: held 0.002s {{(pid=93392) inner /opt/stack/data/venv/lib/python3.12/site-packages/oslo_concurrency/lockutils.py:544}}
Aug 24 07:27:51.095000 np0000007946 nova-scheduler[93392]: DEBUG nova.filters [None req-cd1bfe6d-218f-461b-ad7b-d7c10ccea539 tempest-ServerActionsTestOtherB-2041625754 tempest-ServerActionsTestOtherB-2041625754-project-member] Starting with 1 host(s) {{(pid=93392) get_filtered_objects /opt/stack/nova/nova/filters.py:70}}
Aug 24 07:27:51.095200 np0000007946 nova-scheduler[93392]: DEBUG nova.filters [None req-cd1bfe6d-218f-461b-ad7b-d7c10ccea539 tempest-ServerActionsTestOtherB-2041625754 tempest-ServerActionsTestOtherB-2041625754-project-member] Filter ComputeFilter returned 1 host(s) {{(pid=93392) get_filtered_objects /opt/stack/nova/nova/filters.py:102}}
Aug 24 07:27:51.095332 np0000007946 nova-scheduler[93392]: DEBUG nova.filters [None req-cd1bfe6d-218f-461b-ad7b-d7c10ccea539 tempest-ServerActionsTestOtherB-2041625754 tempest-ServerActionsTestOtherB-2041625754-project-member] Filter ComputeCapabilitiesFilter returned 1 host(s) {{(pid=93392) get_filtered_objects /opt/stack/nova/nova/filters.py:102}}
Aug 24 07:27:51.095595 np0000007946 nova-scheduler[93392]: DEBUG nova.filters [None req-cd1bfe6d-218f-461b-ad7b-d7c10ccea539 tempest-ServerActionsTestOtherB-2041625754 tempest-ServerActionsTestOtherB-2041625754-project-member] Filter ImagePropertiesFilter returned 1 host(s) {{(pid=93392) get_filtered_objects /opt/stack/nova/nova/filters.py:102}}
Aug 24 07:27:51.095667 np0000007946 nova-scheduler[93392]: DEBUG nova.filters [None req-cd1bfe6d-218f-461b-ad7b-d7c10ccea539 tempest-ServerActionsTestOtherB-2041625754 tempest-ServerActionsTestOtherB-2041625754-project-member] Filter ServerGroupAntiAffinityFilter returned 1 host(s) {{(pid=93392) get_filtered_objects /opt/stack/nova/nova/filters.py:102}}
Aug 24 07:27:51.095817 np0000007946 nova-scheduler[93392]: DEBUG nova.filters [None req-cd1bfe6d-218f-461b-ad7b-d7c10ccea539 tempest-ServerActionsTestOtherB-2041625754 tempest-ServerActionsTestOtherB-2041625754-project-member] Filter ServerGroupAffinityFilter returned 1 host(s) {{(pid=93392) get_filtered_objects /opt/stack/nova/nova/filters.py:102}}
Aug 24 07:27:51.095955 np0000007946 nova-scheduler[93392]: DEBUG nova.filters [None req-cd1bfe6d-218f-461b-ad7b-d7c10ccea539 tempest-ServerActionsTestOtherB-2041625754 tempest-ServerActionsTestOtherB-2041625754-project-member] Filter SameHostFilter returned 1 host(s) {{(pid=93392) get_filtered_objects /opt/stack/nova/nova/filters.py:102}}
Aug 24 07:27:51.096052 np0000007946 nova-scheduler[93392]: DEBUG nova.filters [None req-cd1bfe6d-218f-461b-ad7b-d7c10ccea539 tempest-ServerActionsTestOtherB-2041625754 tempest-ServerActionsTestOtherB-2041625754-project-member] Filter DifferentHostFilter returned 1 host(s) {{(pid=93392) get_filtered_objects /opt/stack/nova/nova/filters.py:102}}
Aug 24 07:27:51.096479 np0000007946 nova-scheduler[93392]: DEBUG nova.scheduler.manager [None req-cd1bfe6d-218f-461b-ad7b-d7c10ccea539 tempest-ServerActionsTestOtherB-2041625754 tempest-ServerActionsTestOtherB-2041625754-project-member] Filtered [(np0000007946, np0000007946) ram: 62765MB disk: 74752MB io_ops: 0 instances: 0, allocation_candidates: 1] {{(pid=93392) _get_sorted_hosts /opt/stack/nova/nova/scheduler/manager.py:730}}
Aug 24 07:27:51.096633 np0000007946 nova-scheduler[93392]: DEBUG nova.scheduler.manager [None req-cd1bfe6d-218f-461b-ad7b-d7c10ccea539 tempest-ServerActionsTestOtherB-2041625754 tempest-ServerActionsTestOtherB-2041625754-project-member] Weighed [WeighedHost [host: (np0000007946, np0000007946) ram: 62765MB disk: 74752MB io_ops: 0 instances: 0, allocation_candidates: 1, weight: 0.0]] {{(pid=93392) _get_sorted_hosts /opt/stack/nova/nova/scheduler/manager.py:752}}
Aug 24 07:27:51.097226 np0000007946 nova-scheduler[93392]: DEBUG nova.scheduler.utils [None req-cd1bfe6d-218f-461b-ad7b-d7c10ccea539 tempest-ServerActionsTestOtherB-2041625754 tempest-ServerActionsTestOtherB-2041625754-project-member] Attempting to claim resources in the placement API for instance a9d97e6d-8395-4a65-b1cd-6346fd5e44d5 {{(pid=93392) claim_resources /opt/stack/nova/nova/scheduler/utils.py:1345}}
