Aug 24 07:25:31.533460 np0000007946 devstack@neutron-api.service[87549]: DEBUG futurist.periodics [-] Submitting periodic callback 'neutron.plugins.ml2.drivers.ovn.mech_driver.ovsdb.maintenance.HashRingHealthCheckPeriodics.touch_hash_ring_node' {{(pid=87549) _process_scheduled /opt/stack/data/venv/lib/python3.12/site-packages/futurist/periodics.py:784}}
Aug 24 07:25:31.535298 np0000007946 devstack@neutron-api.service[87549]: DEBUG neutron.plugins.ml2.drivers.ovn.mech_driver.ovsdb.maintenance [-] Touching Hash Ring node "1893ee1367ca52bdbee8bfc861eaacce" from periodic health check thread {{(pid=87549) touch_hash_ring_node /opt/stack/neutron/neutron/plugins/ml2/drivers/ovn/mech_driver/ovsdb/maintenance.py:1532}}
Aug 24 07:25:40.441229 np0000007946 devstack@neutron-api.service[87551]: DEBUG dbcounter [-] [87551] Writing DB stats neutron:UPDATE=1,neutron:SELECT=1 {{(pid=87551) stat_writer /opt/stack/data/venv/lib/python3.12/site-packages/dbcounter.py:115}}
Aug 24 07:25:41.322601 np0000007946 devstack@neutron-api.service[87550]: DEBUG dbcounter [-] [87550] Writing DB stats neutron:UPDATE=1,neutron:SELECT=1 {{(pid=87550) stat_writer /opt/stack/data/venv/lib/python3.12/site-packages/dbcounter.py:115}}
Aug 24 07:25:41.543594 np0000007946 devstack@neutron-api.service[87549]: DEBUG dbcounter [-] [87549] Writing DB stats neutron:UPDATE=1,neutron:SELECT=1 {{(pid=87549) stat_writer /opt/stack/data/venv/lib/python3.12/site-packages/dbcounter.py:115}}
Aug 24 07:25:45.434933 np0000007946 devstack@neutron-api.service[87551]: DEBUG futurist.periodics [-] Submitting periodic callback 'neutron.plugins.ml2.drivers.ovn.mech_driver.ovsdb.maintenance.HashRingHealthCheckPeriodics.touch_hash_ring_node' {{(pid=87551) _process_scheduled /opt/stack/data/venv/lib/python3.12/site-packages/futurist/periodics.py:784}}
Aug 24 07:25:45.435495 np0000007946 devstack@neutron-api.service[87551]: DEBUG neutron.plugins.ml2.drivers.ovn.mech_driver.ovsdb.maintenance [-] Touching Hash Ring node "732444827e3a56cb9b4094957d3d4694" from periodic health check thread {{(pid=87551) touch_hash_ring_node /opt/stack/neutron/neutron/plugins/ml2/drivers/ovn/mech_driver/ovsdb/maintenance.py:1532}}
Aug 24 07:25:46.313542 np0000007946 devstack@neutron-api.service[87550]: DEBUG futurist.periodics [-] Submitting periodic callback 'neutron.plugins.ml2.drivers.ovn.mech_driver.ovsdb.maintenance.HashRingHealthCheckPeriodics.touch_hash_ring_node' {{(pid=87550) _process_scheduled /opt/stack/data/venv/lib/python3.12/site-packages/futurist/periodics.py:784}}
Aug 24 07:25:46.314485 np0000007946 devstack@neutron-api.service[87550]: DEBUG neutron.plugins.ml2.drivers.ovn.mech_driver.ovsdb.maintenance [-] Touching Hash Ring node "d59fe4d227dc5443902983b19233b00e" from periodic health check thread {{(pid=87550) touch_hash_ring_node /opt/stack/neutron/neutron/plugins/ml2/drivers/ovn/mech_driver/ovsdb/maintenance.py:1532}}
Aug 24 07:25:46.535562 np0000007946 devstack@neutron-api.service[87549]: DEBUG futurist.periodics [-] Submitting periodic callback 'neutron.plugins.ml2.drivers.ovn.mech_driver.ovsdb.maintenance.HashRingHealthCheckPeriodics.touch_hash_ring_node' {{(pid=87549) _process_scheduled /opt/stack/data/venv/lib/python3.12/site-packages/futurist/periodics.py:784}}
Aug 24 07:25:46.536069 np0000007946 devstack@neutron-api.service[87549]: DEBUG neutron.plugins.ml2.drivers.ovn.mech_driver.ovsdb.maintenance [-] Touching Hash Ring node "1893ee1367ca52bdbee8bfc861eaacce" from periodic health check thread {{(pid=87549) touch_hash_ring_node /opt/stack/neutron/neutron/plugins/ml2/drivers/ovn/mech_driver/ovsdb/maintenance.py:1532}}
Aug 24 07:25:55.442546 np0000007946 devstack@neutron-api.service[87551]: DEBUG dbcounter [-] [87551] Writing DB stats neutron:UPDATE=1,neutron:SELECT=1 {{(pid=87551) stat_writer /opt/stack/data/venv/lib/python3.12/site-packages/dbcounter.py:115}}
Aug 24 07:25:56.321400 np0000007946 devstack@neutron-api.service[87550]: DEBUG dbcounter [-] [87550] Writing DB stats neutron:UPDATE=1,neutron:SELECT=1 {{(pid=87550) stat_writer /opt/stack/data/venv/lib/python3.12/site-packages/dbcounter.py:115}}
Aug 24 07:25:56.542017 np0000007946 devstack@neutron-api.service[87549]: DEBUG dbcounter [-] [87549] Writing DB stats neutron:UPDATE=1,neutron:SELECT=1 {{(pid=87549) stat_writer /opt/stack/data/venv/lib/python3.12/site-packages/dbcounter.py:115}}
Aug 24 07:26:00.435484 np0000007946 devstack@neutron-api.service[87551]: DEBUG futurist.periodics [-] Submitting periodic callback 'neutron.plugins.ml2.drivers.ovn.mech_driver.ovsdb.maintenance.HashRingHealthCheckPeriodics.touch_hash_ring_node' {{(pid=87551) _process_scheduled /opt/stack/data/venv/lib/python3.12/site-packages/futurist/periodics.py:784}}
Aug 24 07:26:00.436533 np0000007946 devstack@neutron-api.service[87551]: DEBUG neutron.plugins.ml2.drivers.ovn.mech_driver.ovsdb.maintenance [-] Touching Hash Ring node "732444827e3a56cb9b4094957d3d4694" from periodic health check thread {{(pid=87551) touch_hash_ring_node /opt/stack/neutron/neutron/plugins/ml2/drivers/ovn/mech_driver/ovsdb/maintenance.py:1532}}
Aug 24 07:26:01.314680 np0000007946 devstack@neutron-api.service[87550]: DEBUG futurist.periodics [-] Submitting periodic callback 'neutron.plugins.ml2.drivers.ovn.mech_driver.ovsdb.maintenance.HashRingHealthCheckPeriodics.touch_hash_ring_node' {{(pid=87550) _process_scheduled /opt/stack/data/venv/lib/python3.12/site-packages/futurist/periodics.py:784}}
Aug 24 07:26:01.315303 np0000007946 devstack@neutron-api.service[87550]: DEBUG neutron.plugins.ml2.drivers.ovn.mech_driver.ovsdb.maintenance [-] Touching Hash Ring node "d59fe4d227dc5443902983b19233b00e" from periodic health check thread {{(pid=87550) touch_hash_ring_node /opt/stack/neutron/neutron/plugins/ml2/drivers/ovn/mech_driver/ovsdb/maintenance.py:1532}}
Aug 24 07:26:01.536036 np0000007946 devstack@neutron-api.service[87549]: DEBUG futurist.periodics [-] Submitting periodic callback 'neutron.plugins.ml2.drivers.ovn.mech_driver.ovsdb.maintenance.HashRingHealthCheckPeriodics.touch_hash_ring_node' {{(pid=87549) _process_scheduled /opt/stack/data/venv/lib/python3.12/site-packages/futurist/periodics.py:784}}
Aug 24 07:26:01.536512 np0000007946 devstack@neutron-api.service[87549]: DEBUG neutron.plugins.ml2.drivers.ovn.mech_driver.ovsdb.maintenance [-] Touching Hash Ring node "1893ee1367ca52bdbee8bfc861eaacce" from periodic health check thread {{(pid=87549) touch_hash_ring_node /opt/stack/neutron/neutron/plugins/ml2/drivers/ovn/mech_driver/ovsdb/maintenance.py:1532}}
Aug 24 07:26:09.357840 np0000007946 devstack@neutron-api.service[87549]: DEBUG neutron.api.wsgi [None req-4a89de84-14b4-4892-b2d2-4c281dcbe7d4 admin admin] Missing Content-Type {{(pid=87549) get_content_type /opt/stack/neutron/neutron/api/wsgi.py:80}}
Aug 24 07:26:09.358367 np0000007946 devstack@neutron-api.service[87549]: DEBUG neutron.api.wsgi [None req-4a89de84-14b4-4892-b2d2-4c281dcbe7d4 admin admin] https://10.4.3.214/networking/v2.0/extensions returned with HTTP 200 {{(pid=87549) __call__ /opt/stack/neutron/neutron/api/wsgi.py:540}}
Aug 24 07:26:09.358531 np0000007946 devstack@neutron-api.service[87549]: [pid: 87549|app: 0|req: 11/34] 10.4.3.214 () {64 vars in 1292 bytes} [Mon Aug 24 07:26:09 2026] GET /networking/v2.0/extensions => generated 16171 bytes in 3 msecs (HTTP/1.1 200) 4 headers in 159 bytes (1 switches on core 0)
Aug 24 07:26:09.623412 np0000007946 devstack@neutron-api.service[87551]: INFO neutron.pecan_wsgi.hooks.translation [None req-1cb852f2-d617-4da5-b1aa-2d66279d409e admin admin] GET failed (client error): The resource could not be found.
Aug 24 07:26:09.624341 np0000007946 devstack@neutron-api.service[87551]: [pid: 87551|app: 0|req: 13/35] 10.4.3.214 () {64 vars in 1294 bytes} [Mon Aug 24 07:26:09 2026] GET /networking/v2.0/networks/public => generated 108 bytes in 11 msecs (HTTP/1.1 404) 4 headers in 164 bytes (1 switches on core 0)
Aug 24 07:26:09.668813 np0000007946 devstack@neutron-api.service[87550]: DEBUG neutron.pecan_wsgi.hooks.policy_enforcement [None req-e1ee8a54-a111-49a7-868a-cbfd45fc5b7c admin admin] Attributes excluded by policy engine: ['standard_attr_id'] {{(pid=87550) _exclude_attributes_by_policy /opt/stack/neutron/neutron/pecan_wsgi/hooks/policy_enforcement.py:259}}
Aug 24 07:26:09.669979 np0000007946 devstack@neutron-api.service[87550]: [pid: 87550|app: 0|req: 12/36] 10.4.3.214 () {64 vars in 1309 bytes} [Mon Aug 24 07:26:09 2026] GET /networking/v2.0/networks?name=public => generated 759 bytes in 39 msecs (HTTP/1.1 200) 4 headers in 157 bytes (1 switches on core 0)
Aug 24 07:26:09.875292 np0000007946 devstack@neutron-api.service[87549]: DEBUG neutron.api.v2.base [None req-3e0f91f3-d300-46da-a432-d84706d33c78 admin admin] Request body: {'network': {'admin_state_up': True, 'name': 'shared', 'shared': True}} {{(pid=87549) prepare_request_body /opt/stack/neutron/neutron/api/v2/base.py:727}}
Aug 24 07:26:09.887055 np0000007946 devstack@neutron-api.service[87549]: DEBUG neutron.pecan_wsgi.hooks.quota_enforcement [None req-3e0f91f3-d300-46da-a432-d84706d33c78 admin admin] Made reservation on behalf of 5e0502d8982b409ea79c394a260c8037 for: {'network': 1} {{(pid=87549) before /opt/stack/neutron/neutron/pecan_wsgi/hooks/quota_enforcement.py:66}}
Aug 24 07:26:09.889497 np0000007946 devstack@neutron-api.service[87549]: DEBUG neutron_lib.callbacks.manager [None req-3e0f91f3-d300-46da-a432-d84706d33c78 admin admin] Publish callbacks ['neutron.plugins.ml2.plugin.SecurityGroupDbMixin._ensure_default_security_group_handler-483209'] for network (None), before_create {{(pid=87549) _notify_loop /opt/stack/data/venv/lib/python3.12/site-packages/neutron_lib/callbacks/manager.py:184}}
Aug 24 07:26:09.914887 np0000007946 devstack@neutron-api.service[87549]: WARNING neutron.services.revisions.revision_plugin [None req-3e0f91f3-d300-46da-a432-d84706d33c78 admin admin] Could not find related network for resource to bump revision.
Aug 24 07:26:09.940815 np0000007946 devstack@neutron-api.service[87549]: DEBUG neutron.plugins.ml2.drivers.helpers [None req-3e0f91f3-d300-46da-a432-d84706d33c78 admin admin] geneve segment allocate from pool success with {'geneve_vni': 46410} {{(pid=87549) allocate_partially_specified_segment /opt/stack/neutron/neutron/plugins/ml2/drivers/helpers.py:142}}
Aug 24 07:26:09.947383 np0000007946 devstack@neutron-api.service[87549]: DEBUG neutron_lib.callbacks.manager [None req-3e0f91f3-d300-46da-a432-d84706d33c78 admin admin] Publish callbacks ['neutron.plugins.ml2.plugin.Ml2Plugin._handle_segment_change-216177'] for segment (d8b86d1d-3fc2-4514-ad9d-017eb9b43e38), precommit_create {{(pid=87549) _notify_loop /opt/stack/data/venv/lib/python3.12/site-packages/neutron_lib/callbacks/manager.py:184}}
Aug 24 07:26:09.947589 np0000007946 devstack@neutron-api.service[87549]: INFO neutron.db.segments_db [None req-3e0f91f3-d300-46da-a432-d84706d33c78 admin admin] Added segment d8b86d1d-3fc2-4514-ad9d-017eb9b43e38 of type geneve for network 5386cc8a-2abf-42c2-bb68-4ed9cc994b6a
Aug 24 07:26:09.958798 np0000007946 devstack@neutron-api.service[87549]: DEBUG neutron_lib.callbacks.manager [None req-3e0f91f3-d300-46da-a432-d84706d33c78 admin admin] Publish callbacks ['neutron.services.auto_allocate.db._ensure_external_network_default_value_callback-8099150794622'] for network (5386cc8a-2abf-42c2-bb68-4ed9cc994b6a), precommit_create {{(pid=87549) _notify_loop /opt/stack/data/venv/lib/python3.12/site-packages/neutron_lib/callbacks/manager.py:184}}
Aug 24 07:26:09.967912 np0000007946 devstack@neutron-api.service[87549]: DEBUG neutron.plugins.ml2.drivers.ovn.mech_driver.mech_driver [None req-3e0f91f3-d300-46da-a432-d84706d33c78 admin admin] Validating network segment with type geneve, segmentation ID 46410, physical network None {{(pid=87549) _validate_network_segments /opt/stack/neutron/neutron/plugins/ml2/drivers/ovn/mech_driver/mech_driver.py:624}}
Aug 24 07:26:09.968087 np0000007946 devstack@neutron-api.service[87549]: DEBUG neutron.db.ovn_revision_numbers_db [None req-3e0f91f3-d300-46da-a432-d84706d33c78 admin admin] create_initial_revision uuid=5386cc8a-2abf-42c2-bb68-4ed9cc994b6a, type=networks, rev=-1 {{(pid=87549) create_initial_revision /opt/stack/neutron/neutron/db/ovn_revision_numbers_db.py:98}}
Aug 24 07:26:09.973707 np0000007946 devstack@neutron-api.service[87549]: DEBUG neutron_lib.callbacks.manager [None req-3e0f91f3-d300-46da-a432-d84706d33c78 admin admin] Publish callbacks ['neutron.plugins.ml2.ovo_rpc._ObjectChangeHandler.handle_event-1484838'] for network (5386cc8a-2abf-42c2-bb68-4ed9cc994b6a), after_create {{(pid=87549) _notify_loop /opt/stack/data/venv/lib/python3.12/site-packages/neutron_lib/callbacks/manager.py:184}}
Aug 24 07:26:09.988676 np0000007946 devstack@neutron-api.service[87549]: DEBUG neutron.api.rpc.handlers.resources_rpc [None req-3e0f91f3-d300-46da-a432-d84706d33c78 admin admin] Pushing event updated for resources: {'Network': ['ID=5386cc8a-2abf-42c2-bb68-4ed9cc994b6a,revision_number=1']} {{(pid=87549) push /opt/stack/neutron/neutron/api/rpc/handlers/resources_rpc.py:237}}
Aug 24 07:26:09.992016 np0000007946 devstack@neutron-api.service[87549]: DEBUG ovsdbapp.backend.ovs_idl.transaction [None req-fff8fa07-bddb-4beb-b880-44f602857dff None None] Running txn 88b102d0 n=1 command(idx=0): CheckLivenessCommand(_result=None) {{(pid=87549) do_commit /opt/stack/data/venv/lib/python3.12/site-packages/ovsdbapp/backend/ovs_idl/transaction.py:91}}
Aug 24 07:26:10.000814 np0000007946 devstack@neutron-api.service[87550]: DEBUG neutron.common.ovn.hash_ring_manager [None req-94e2946e-9e38-49ef-bfb5-a5b3d585876c None None] Hash Ring loaded. 3 active nodes. 0 offline nodes {{(pid=87550) _load_hash_ring /opt/stack/neutron/neutron/common/ovn/hash_ring_manager.py:110}}
Aug 24 07:26:10.001380 np0000007946 devstack@neutron-api.service[87551]: DEBUG ovsdbapp.backend.ovs_idl.event [None req-98fd222f-2d72-465f-ac6c-b4db4afaad8b None None] Matched UPDATE: ChassisAgentWriteEvent(events=('create', 'update'), table='Chassis_Private', conditions=None, old_conditions=None), priority=20 to row=Chassis_Private(uuid=123dc9be-b1ed-479b-9ed2-d8c852a5b68a, chassis=7a2d34d4-00a2-44ea-8b03-1f201dc382e7, external_ids={'neutron:ovn-bridge': 'br-int', 'neutron:ovn-neutron-agent-id': 'e551f873-38f9-5aa5-b0a3-ec97b0760fb6', 'neutron:ovn-neutron-agent-sb-cfg': '1'}, name='03a0c64a-8896-4395-83fc-6a025c6e5749', nb_cfg=2, nb_cfg_timestamp=1787556369996) old=Chassis_Private(uuid=123dc9be-b1ed-479b-9ed2-d8c852a5b68a, nb_cfg=1, nb_cfg_timestamp=1787556292341) {{(pid=87551) matches /opt/stack/data/venv/lib/python3.12/site-packages/ovsdbapp/backend/ovs_idl/event.py:55}}
Aug 24 07:26:10.001562 np0000007946 devstack@neutron-api.service[87549]: DEBUG neutron.common.ovn.hash_ring_manager [None req-fff8fa07-bddb-4beb-b880-44f602857dff None None] Hash Ring loaded. 3 active nodes. 0 offline nodes {{(pid=87549) _load_hash_ring /opt/stack/neutron/neutron/common/ovn/hash_ring_manager.py:110}}
Aug 24 07:26:10.001718 np0000007946 devstack@neutron-api.service[87550]: DEBUG ovsdbapp.backend.ovs_idl.event [None req-8446db39-de5c-4279-854a-5993bb08c3da None None] Matched UPDATE: ChassisAgentWriteEvent(events=('create', 'update'), table='Chassis_Private', conditions=None, old_conditions=None), priority=20 to row=Chassis_Private(uuid=123dc9be-b1ed-479b-9ed2-d8c852a5b68a, chassis=7a2d34d4-00a2-44ea-8b03-1f201dc382e7, external_ids={'neutron:ovn-bridge': 'br-int', 'neutron:ovn-neutron-agent-id': 'e551f873-38f9-5aa5-b0a3-ec97b0760fb6', 'neutron:ovn-neutron-agent-sb-cfg': '1'}, name='03a0c64a-8896-4395-83fc-6a025c6e5749', nb_cfg=2, nb_cfg_timestamp=1787556369996) old=Chassis_Private(uuid=123dc9be-b1ed-479b-9ed2-d8c852a5b68a, nb_cfg=1, nb_cfg_timestamp=1787556292341) {{(pid=87550) matches /opt/stack/data/venv/lib/python3.12/site-packages/ovsdbapp/backend/ovs_idl/event.py:55}}
Aug 24 07:26:10.002390 np0000007946 devstack@neutron-api.service[87549]: DEBUG ovsdbapp.backend.ovs_idl.event [None req-aaf2e2a4-9c44-4292-8796-bfc0f1e23184 None None] Matched UPDATE: ChassisAgentWriteEvent(events=('create', 'update'), table='Chassis_Private', conditions=None, old_conditions=None), priority=20 to row=Chassis_Private(uuid=123dc9be-b1ed-479b-9ed2-d8c852a5b68a, chassis=7a2d34d4-00a2-44ea-8b03-1f201dc382e7, external_ids={'neutron:ovn-bridge': 'br-int', 'neutron:ovn-neutron-agent-id': 'e551f873-38f9-5aa5-b0a3-ec97b0760fb6', 'neutron:ovn-neutron-agent-sb-cfg': '1'}, name='03a0c64a-8896-4395-83fc-6a025c6e5749', nb_cfg=2, nb_cfg_timestamp=1787556369996) old=Chassis_Private(uuid=123dc9be-b1ed-479b-9ed2-d8c852a5b68a, nb_cfg=1, nb_cfg_timestamp=1787556292341) {{(pid=87549) matches /opt/stack/data/venv/lib/python3.12/site-packages/ovsdbapp/backend/ovs_idl/event.py:55}}
Aug 24 07:26:10.003438 np0000007946 devstack@neutron-api.service[87551]: DEBUG neutron.common.ovn.hash_ring_manager [None req-da8589a8-93fc-4b6b-9052-b37cf3482faf None None] Hash Ring loaded. 3 active nodes. 0 offline nodes {{(pid=87551) _load_hash_ring /opt/stack/neutron/neutron/common/ovn/hash_ring_manager.py:110}}
Aug 24 07:26:10.003611 np0000007946 devstack@neutron-api.service[87551]: DEBUG neutron.plugins.ml2.drivers.ovn.mech_driver.ovsdb.ovsdb_monitor [None req-da8589a8-93fc-4b6b-9052-b37cf3482faf None None] Hash Ring: Node 732444827e3a56cb9b4094957d3d4694 (host: np0000007946) handling event "update" for row 06db52f6-fc60-4fa3-9e1e-4191ac19fe02 (table: NB_Global) {{(pid=87551) notify /opt/stack/neutron/neutron/plugins/ml2/drivers/ovn/mech_driver/ovsdb/ovsdb_monitor.py:1099}}
Aug 24 07:26:10.004580 np0000007946 devstack@neutron-api.service[87551]: DEBUG neutron.plugins.ml2.drivers.ovn.mech_driver.ovsdb.ovsdb_monitor [None req-da8589a8-93fc-4b6b-9052-b37cf3482faf None None] Hash Ring: Node 732444827e3a56cb9b4094957d3d4694 (host: np0000007946) handling event "update" for row 06db52f6-fc60-4fa3-9e1e-4191ac19fe02 (table: NB_Global) {{(pid=87551) notify /opt/stack/neutron/neutron/plugins/ml2/drivers/ovn/mech_driver/ovsdb/ovsdb_monitor.py:1099}}
Aug 24 07:26:10.004844 np0000007946 devstack@neutron-api.service[87549]: DEBUG ovsdbapp.backend.ovs_idl.transaction [None req-fff8fa07-bddb-4beb-b880-44f602857dff None None] txn 88b102d0 succeeded {{(pid=87549) do_commit /opt/stack/data/venv/lib/python3.12/site-packages/ovsdbapp/backend/ovs_idl/transaction.py:137}}
Aug 24 07:26:10.005006 np0000007946 devstack@neutron-api.service[87551]: DEBUG neutron.plugins.ml2.drivers.ovn.mech_driver.ovsdb.ovsdb_monitor [None req-da8589a8-93fc-4b6b-9052-b37cf3482faf None None] Hash Ring: Node 732444827e3a56cb9b4094957d3d4694 (host: np0000007946) handling event "update" for row 06db52f6-fc60-4fa3-9e1e-4191ac19fe02 (table: NB_Global) {{(pid=87551) notify /opt/stack/neutron/neutron/plugins/ml2/drivers/ovn/mech_driver/ovsdb/ovsdb_monitor.py:1099}}
Aug 24 07:26:10.006861 np0000007946 devstack@neutron-api.service[87551]: DEBUG neutron.plugins.ml2.drivers.ovn.mech_driver.ovsdb.ovsdb_monitor [None req-da8589a8-93fc-4b6b-9052-b37cf3482faf None None] Hash Ring: Node 732444827e3a56cb9b4094957d3d4694 (host: np0000007946) handling event "update" for row 06db52f6-fc60-4fa3-9e1e-4191ac19fe02 (table: NB_Global) {{(pid=87551) notify /opt/stack/neutron/neutron/plugins/ml2/drivers/ovn/mech_driver/ovsdb/ovsdb_monitor.py:1099}}
Aug 24 07:26:10.007889 np0000007946 devstack@neutron-api.service[87550]: DEBUG neutron.common.ovn.hash_ring_manager [None req-8446db39-de5c-4279-854a-5993bb08c3da None None] Hash Ring loaded. 3 active nodes. 0 offline nodes {{(pid=87550) _load_hash_ring /opt/stack/neutron/neutron/common/ovn/hash_ring_manager.py:110}}
Aug 24 07:26:10.011178 np0000007946 devstack@neutron-api.service[87551]: DEBUG neutron.common.ovn.hash_ring_manager [None req-98fd222f-2d72-465f-ac6c-b4db4afaad8b None None] Hash Ring loaded. 3 active nodes. 0 offline nodes {{(pid=87551) _load_hash_ring /opt/stack/neutron/neutron/common/ovn/hash_ring_manager.py:110}}
Aug 24 07:26:10.015582 np0000007946 devstack@neutron-api.service[87549]: DEBUG neutron.common.ovn.hash_ring_manager [None req-aaf2e2a4-9c44-4292-8796-bfc0f1e23184 None None] Hash Ring loaded. 3 active nodes. 0 offline nodes {{(pid=87549) _load_hash_ring /opt/stack/neutron/neutron/common/ovn/hash_ring_manager.py:110}}
Aug 24 07:26:10.015811 np0000007946 devstack@neutron-api.service[87549]: DEBUG neutron.plugins.ml2.drivers.ovn.mech_driver.ovsdb.ovsdb_monitor [None req-aaf2e2a4-9c44-4292-8796-bfc0f1e23184 None None] Hash Ring: Node 1893ee1367ca52bdbee8bfc861eaacce (host: np0000007946) handling event "update" for row 123dc9be-b1ed-479b-9ed2-d8c852a5b68a (table: Chassis_Private) {{(pid=87549) notify /opt/stack/neutron/neutron/plugins/ml2/drivers/ovn/mech_driver/ovsdb/ovsdb_monitor.py:1099}}
Aug 24 07:26:10.016566 np0000007946 devstack@neutron-api.service[87549]: DEBUG ovsdbapp.backend.ovs_idl.transaction [None req-fff8fa07-bddb-4beb-b880-44f602857dff None None] Running txn 4f44d248 n=1 command(idx=0): AddNetworkCommand(_result=None, network_uuid=5386cc8a-2abf-42c2-bb68-4ed9cc994b6a, may_exist=True, columns={'external_ids': {'neutron:network_name': 'shared', 'neutron:mtu': '1372', 'neutron:revision_number': '1', 'neutron:availability_zone_hints': '', 'neutron:provnet-network-type': 'geneve'}, 'other_config': {'mcast_snoop': 'false', 'mcast_flood_unregistered': 'false', 'vlan-passthru': 'false'}}) {{(pid=87549) do_commit /opt/stack/data/venv/lib/python3.12/site-packages/ovsdbapp/backend/ovs_idl/transaction.py:91}}
Aug 24 07:26:10.019577 np0000007946 devstack@neutron-api.service[87549]: DEBUG ovsdbapp.backend.ovs_idl.transaction [None req-fff8fa07-bddb-4beb-b880-44f602857dff None None] txn 4f44d248 succeeded {{(pid=87549) do_commit /opt/stack/data/venv/lib/python3.12/site-packages/ovsdbapp/backend/ovs_idl/transaction.py:137}}
Aug 24 07:26:10.020426 np0000007946 devstack@neutron-api.service[87550]: DEBUG neutron.plugins.ml2.drivers.ovn.mech_driver.ovsdb.ovsdb_monitor [None req-94e2946e-9e38-49ef-bfb5-a5b3d585876c None None] Hash Ring: Node d59fe4d227dc5443902983b19233b00e (host: np0000007946) handling event "create" for row 5386cc8a-2abf-42c2-bb68-4ed9cc994b6a (table: Logical_Switch) {{(pid=87550) notify /opt/stack/neutron/neutron/plugins/ml2/drivers/ovn/mech_driver/ovsdb/ovsdb_monitor.py:1099}}
Aug 24 07:26:10.021550 np0000007946 devstack@neutron-api.service[87550]: DEBUG neutron.plugins.ml2.drivers.ovn.mech_driver.ovsdb.ovsdb_monitor [None req-8446db39-de5c-4279-854a-5993bb08c3da None None] Hash Ring: Node d59fe4d227dc5443902983b19233b00e (host: np0000007946) handling event "create" for row c719596a-0fde-469b-b2f4-e1a0769a74ff (table: Datapath_Binding) {{(pid=87550) notify /opt/stack/neutron/neutron/plugins/ml2/drivers/ovn/mech_driver/ovsdb/ovsdb_monitor.py:1099}}
Aug 24 07:26:10.036885 np0000007946 devstack@neutron-api.service[87549]: INFO neutron.db.ovn_revision_numbers_db [None req-3e0f91f3-d300-46da-a432-d84706d33c78 admin admin] Successfully bumped revision number for resource 5386cc8a-2abf-42c2-bb68-4ed9cc994b6a (type: networks) to 1
Aug 24 07:26:10.047963 np0000007946 devstack@neutron-api.service[87549]: DEBUG neutron_lib.callbacks.manager [None req-3e0f91f3-d300-46da-a432-d84706d33c78 admin admin] Publish callbacks ['neutron.plugins.ml2.plugin.SecurityGroupDbMixin._ensure_default_security_group_handler-483209'] for port (None), before_create {{(pid=87549) _notify_loop /opt/stack/data/venv/lib/python3.12/site-packages/neutron_lib/callbacks/manager.py:184}}
Aug 24 07:26:10.109391 np0000007946 devstack@neutron-api.service[87549]: DEBUG neutron_lib.callbacks.manager [None req-3e0f91f3-d300-46da-a432-d84706d33c78 admin admin] Publish callbacks ['neutron.plugins.ml2.drivers.ovn.mech_driver.mech_driver.OVNMechanismDriver._validate_allowed_address_pairs-2086569'] for allowed_address_pair (421dc158-4d1f-4dd9-a3ba-ad858fa1c16e), before_create {{(pid=87549) _notify_loop /opt/stack/data/venv/lib/python3.12/site-packages/neutron_lib/callbacks/manager.py:184}}
Aug 24 07:26:10.110048 np0000007946 devstack@neutron-api.service[87549]: DEBUG neutron_lib.callbacks.manager [None req-3e0f91f3-d300-46da-a432-d84706d33c78 admin admin] Publish callbacks [] for port (421dc158-4d1f-4dd9-a3ba-ad858fa1c16e), precommit_create {{(pid=87549) _notify_loop /opt/stack/data/venv/lib/python3.12/site-packages/neutron_lib/callbacks/manager.py:184}}
Aug 24 07:26:10.110214 np0000007946 devstack@neutron-api.service[87549]: DEBUG neutron.plugins.ml2.drivers.ovn.mech_driver.mech_driver [None req-3e0f91f3-d300-46da-a432-d84706d33c78 admin admin] No provisioning block for port 421dc158-4d1f-4dd9-a3ba-ad858fa1c16e since it does not have a host {{(pid=87549) _is_port_provisioning_required /opt/stack/neutron/neutron/plugins/ml2/drivers/ovn/mech_driver/mech_driver.py:877}}
Aug 24 07:26:10.110325 np0000007946 devstack@neutron-api.service[87549]: DEBUG neutron.db.ovn_revision_numbers_db [None req-3e0f91f3-d300-46da-a432-d84706d33c78 admin admin] create_initial_revision uuid=421dc158-4d1f-4dd9-a3ba-ad858fa1c16e, type=ports, rev=-1 {{(pid=87549) create_initial_revision /opt/stack/neutron/neutron/db/ovn_revision_numbers_db.py:98}}
Aug 24 07:26:10.135706 np0000007946 devstack@neutron-api.service[87549]: DEBUG neutron_lib.callbacks.manager [None req-3e0f91f3-d300-46da-a432-d84706d33c78 admin admin] Publish callbacks ['neutron.plugins.ml2.ovo_rpc._ObjectChangeHandler.handle_event-1484817'] for port (421dc158-4d1f-4dd9-a3ba-ad858fa1c16e), after_create {{(pid=87549) _notify_loop /opt/stack/data/venv/lib/python3.12/site-packages/neutron_lib/callbacks/manager.py:184}}
Aug 24 07:26:10.163093 np0000007946 devstack@neutron-api.service[87549]: DEBUG neutron.api.rpc.handlers.resources_rpc [None req-3e0f91f3-d300-46da-a432-d84706d33c78 admin admin] Pushing event updated for resources: {'Port': ['ID=421dc158-4d1f-4dd9-a3ba-ad858fa1c16e,revision_number=1']} {{(pid=87549) push /opt/stack/neutron/neutron/api/rpc/handlers/resources_rpc.py:237}}
Aug 24 07:26:10.168394 np0000007946 devstack@neutron-api.service[87549]: DEBUG neutron.plugins.ml2.drivers.ovn.mech_driver.ovsdb.commands [None req-3e0f91f3-d300-46da-a432-d84706d33c78 admin admin] Converting tag [] to a tag_request {{(pid=87549) _tag_column_to_tag_request /opt/stack/neutron/neutron/plugins/ml2/drivers/ovn/mech_driver/ovsdb/commands.py:227}}
Aug 24 07:26:10.169001 np0000007946 devstack@neutron-api.service[87549]: DEBUG ovsdbapp.backend.ovs_idl.transaction [None req-fff8fa07-bddb-4beb-b880-44f602857dff None None] Running txn 08efcf80 n=1 command(idx=0): AddLSwitchPortCommand(_result=None, lport=421dc158-4d1f-4dd9-a3ba-ad858fa1c16e, lswitch=neutron-5386cc8a-2abf-42c2-bb68-4ed9cc994b6a, may_exist=True, network_uuid=5386cc8a-2abf-42c2-bb68-4ed9cc994b6a, columns={'addresses': ['fa:16:3e:fe:d1:3d'], 'external_ids': {'neutron:port_name': '', 'neutron:device_id': 'ovnmeta-5386cc8a-2abf-42c2-bb68-4ed9cc994b6a', 'neutron:project_id': '5e0502d8982b409ea79c394a260c8037', 'neutron:cidrs': '', 'neutron:device_owner': 'network:distributed', 'neutron:subnet_pool_addr_scope4': '', 'neutron:subnet_pool_addr_scope6': '', 'neutron:network_name': 'neutron-5386cc8a-2abf-42c2-bb68-4ed9cc994b6a', 'neutron:security_group_ids': '', 'neutron:revision_number': '1', 'neutron:vnic_type': 'normal', 'neutron:port_capabilities': '', 'neutron:mtu': '1372'}, 'parent_name': [], 'enabled': True, 'options': {}, 'type': 'localport', 'port_security': [], 'dhcpv4_options': [], 'dhcpv6_options': [], 'tag_request': []}) {{(pid=87549) do_commit /opt/stack/data/venv/lib/python3.12/site-packages/ovsdbapp/backend/ovs_idl/transaction.py:91}}
Aug 24 07:26:10.169608 np0000007946 devstack@neutron-api.service[87549]: DEBUG ovsdbapp.backend.ovs_idl.transaction [None req-fff8fa07-bddb-4beb-b880-44f602857dff None None] Running txn 08efcf80 n=1 command(idx=1): QoSDelCommand(_result=None, switch=neutron-5386cc8a-2abf-42c2-bb68-4ed9cc994b6a, conditions=[('direction', '=', 'to-lport'), ('priority', '=', 2002), ('match', '=', 'outport == "421dc158-4d1f-4dd9-a3ba-ad858fa1c16e"')], if_exists=True) {{(pid=87549) do_commit /opt/stack/data/venv/lib/python3.12/site-packages/ovsdbapp/backend/ovs_idl/transaction.py:91}}
Aug 24 07:26:10.169836 np0000007946 devstack@neutron-api.service[87549]: DEBUG ovsdbapp.backend.ovs_idl.transaction [None req-fff8fa07-bddb-4beb-b880-44f602857dff None None] Running txn 08efcf80 n=1 command(idx=2): QoSDelCommand(_result=None, switch=neutron-5386cc8a-2abf-42c2-bb68-4ed9cc994b6a, conditions=[('direction', '=', 'from-lport'), ('priority', '=', 2002), ('match', '=', 'inport == "421dc158-4d1f-4dd9-a3ba-ad858fa1c16e"')], if_exists=True) {{(pid=87549) do_commit /opt/stack/data/venv/lib/python3.12/site-packages/ovsdbapp/backend/ovs_idl/transaction.py:91}}
Aug 24 07:26:10.172279 np0000007946 devstack@neutron-api.service[87549]: DEBUG neutron.plugins.ml2.drivers.ovn.mech_driver.ovsdb.ovsdb_monitor [None req-fff8fa07-bddb-4beb-b880-44f602857dff None None] Hash Ring: Node 1893ee1367ca52bdbee8bfc861eaacce (host: np0000007946) handling event "create" for row 394ce297-f22b-4792-80ee-ceafc6f64b2d (table: Logical_Switch_Port) {{(pid=87549) notify /opt/stack/neutron/neutron/plugins/ml2/drivers/ovn/mech_driver/ovsdb/ovsdb_monitor.py:1099}}
Aug 24 07:26:10.173514 np0000007946 devstack@neutron-api.service[87549]: DEBUG ovsdbapp.backend.ovs_idl.event [None req-fff8fa07-bddb-4beb-b880-44f602857dff None None] Matched CREATE: LogicalSwitchPortCreateEvent(events=('create',), table='Logical_Switch_Port', conditions=[], old_conditions=None), priority=20 to row=Logical_Switch_Port(uuid=394ce297-f22b-4792-80ee-ceafc6f64b2d, addresses=['fa:16:3e:fe:d1:3d'], dhcpv4_options=[], dhcpv6_options=[], dynamic_addresses=[], enabled=True, external_ids={'neutron:cidrs': '', 'neutron:device_id': 'ovnmeta-5386cc8a-2abf-42c2-bb68-4ed9cc994b6a', 'neutron:device_owner': 'network:distributed', 'neutron:mtu': '1372', 'neutron:network_name': 'neutron-5386cc8a-2abf-42c2-bb68-4ed9cc994b6a', 'neutron:port_capabilities': '', 'neutron:port_name': '', 'neutron:project_id': '5e0502d8982b409ea79c394a260c8037', 'neutron:revision_number': '1', 'neutron:security_group_ids': '', 'neutron:subnet_pool_addr_scope4': '', 'neutron:subnet_pool_addr_scope6': '', 'neutron:vnic_type': 'normal'}, ha_chassis_group=[], mirror_rules=[], name='421dc158-4d1f-4dd9-a3ba-ad858fa1c16e', options={}, parent_name=[], port_security=[], tag=[], tag_request=[], type='localport', up=[]) old= {{(pid=87549) matches /opt/stack/data/venv/lib/python3.12/site-packages/ovsdbapp/backend/ovs_idl/event.py:55}}
Aug 24 07:26:10.175005 np0000007946 devstack@neutron-api.service[87549]: INFO neutron.plugins.ml2.drivers.ovn.mech_driver.mech_driver [None req-1677acc5-ea02-4b74-81cd-ca2f1ae73380 None None] OVN reports status down for port: 421dc158-4d1f-4dd9-a3ba-ad858fa1c16e
Aug 24 07:26:10.175263 np0000007946 devstack@neutron-api.service[87550]: DEBUG neutron.plugins.ml2.drivers.ovn.mech_driver.ovsdb.ovsdb_monitor [None req-8446db39-de5c-4279-854a-5993bb08c3da None None] Hash Ring: Node d59fe4d227dc5443902983b19233b00e (host: np0000007946) handling event "create" for row 88931243-7b5f-487d-b592-c89fead81521 (table: Port_Binding) {{(pid=87550) notify /opt/stack/neutron/neutron/plugins/ml2/drivers/ovn/mech_driver/ovsdb/ovsdb_monitor.py:1099}}
Aug 24 07:26:10.176021 np0000007946 devstack@neutron-api.service[87549]: DEBUG neutron.plugins.ml2.drivers.ovn.mech_driver.ovsdb.ovsdb_monitor [None req-fff8fa07-bddb-4beb-b880-44f602857dff None None] Hash Ring: Node 1893ee1367ca52bdbee8bfc861eaacce (host: np0000007946) handling event "update" for row 394ce297-f22b-4792-80ee-ceafc6f64b2d (table: Logical_Switch_Port) {{(pid=87549) notify /opt/stack/neutron/neutron/plugins/ml2/drivers/ovn/mech_driver/ovsdb/ovsdb_monitor.py:1099}}
Aug 24 07:26:10.176322 np0000007946 devstack@neutron-api.service[87550]: DEBUG neutron.plugins.ml2.drivers.ovn.mech_driver.ovsdb.ovsdb_monitor [None req-94e2946e-9e38-49ef-bfb5-a5b3d585876c None None] Hash Ring: Node d59fe4d227dc5443902983b19233b00e (host: np0000007946) handling event "update" for row 5386cc8a-2abf-42c2-bb68-4ed9cc994b6a (table: Logical_Switch) {{(pid=87550) notify /opt/stack/neutron/neutron/plugins/ml2/drivers/ovn/mech_driver/ovsdb/ovsdb_monitor.py:1099}}
Aug 24 07:26:10.178102 np0000007946 devstack@neutron-api.service[87549]: DEBUG ovsdbapp.backend.ovs_idl.transaction [None req-fff8fa07-bddb-4beb-b880-44f602857dff None None] txn 08efcf80 succeeded {{(pid=87549) do_commit /opt/stack/data/venv/lib/python3.12/site-packages/ovsdbapp/backend/ovs_idl/transaction.py:137}}
Aug 24 07:26:10.220540 np0000007946 devstack@neutron-api.service[87549]: INFO neutron.db.ovn_revision_numbers_db [None req-3e0f91f3-d300-46da-a432-d84706d33c78 admin admin] Successfully bumped revision number for resource 421dc158-4d1f-4dd9-a3ba-ad858fa1c16e (type: ports) to 1
Aug 24 07:26:10.221785 np0000007946 devstack@neutron-api.service[87549]: DEBUG neutron.db.provisioning_blocks [None req-1677acc5-ea02-4b74-81cd-ca2f1ae73380 None None] Transition to ACTIVE for port object 421dc158-4d1f-4dd9-a3ba-ad858fa1c16e will not be triggered until provisioned by entity L2. {{(pid=87549) add_provisioning_component /opt/stack/neutron/neutron/db/provisioning_blocks.py:74}}
Aug 24 07:26:10.230074 np0000007946 devstack@neutron-api.service[87549]: DEBUG neutron.pecan_wsgi.hooks.policy_enforcement [None req-3e0f91f3-d300-46da-a432-d84706d33c78 admin admin] Attributes excluded by policy engine: ['standard_attr_id'] {{(pid=87549) _exclude_attributes_by_policy /opt/stack/neutron/neutron/pecan_wsgi/hooks/policy_enforcement.py:259}}
Aug 24 07:26:10.230445 np0000007946 devstack@neutron-api.service[87549]: DEBUG neutron_lib.callbacks.manager [None req-3e0f91f3-d300-46da-a432-d84706d33c78 admin admin] Publish callbacks [] for network (None), before_response {{(pid=87549) _notify_loop /opt/stack/data/venv/lib/python3.12/site-packages/neutron_lib/callbacks/manager.py:184}}
Aug 24 07:26:10.249469 np0000007946 devstack@neutron-api.service[87549]: [pid: 87549|app: 0|req: 12/37] 10.4.3.214 () {68 vars in 1326 bytes} [Mon Aug 24 07:26:09 2026] POST /networking/v2.0/networks => generated 679 bytes in 376 msecs (HTTP/1.1 201) 4 headers in 162 bytes (1 switches on core 0)
Aug 24 07:26:10.256208 np0000007946 devstack@neutron-api.service[87549]: DEBUG neutron.plugins.ml2.plugin [None req-1677acc5-ea02-4b74-81cd-ca2f1ae73380 None None] Current status of the port 421dc158-4d1f-4dd9-a3ba-ad858fa1c16e is: DOWN; New status is: DOWN {{(pid=87549) _update_individual_port_db_status /opt/stack/neutron/neutron/plugins/ml2/plugin.py:2473}}
Aug 24 07:26:10.257429 np0000007946 devstack@neutron-api.service[87549]: DEBUG ovsdbapp.backend.ovs_idl.transaction [None req-fff8fa07-bddb-4beb-b880-44f602857dff None None] Running txn ff5d7ba5 n=1 command(idx=0): DbRemoveCommand(_result=None, table=Logical_Switch_Port, record=421dc158-4d1f-4dd9-a3ba-ad858fa1c16e, column=external_ids, values=('neutron:host_id',), keyvalues={}, if_exists=True) {{(pid=87549) do_commit /opt/stack/data/venv/lib/python3.12/site-packages/ovsdbapp/backend/ovs_idl/transaction.py:91}}
Aug 24 07:26:10.259071 np0000007946 devstack@neutron-api.service[87549]: DEBUG ovsdbapp.backend.ovs_idl.transaction [None req-fff8fa07-bddb-4beb-b880-44f602857dff None None] txn ff5d7ba5 succeeded {{(pid=87549) do_commit /opt/stack/data/venv/lib/python3.12/site-packages/ovsdbapp/backend/ovs_idl/transaction.py:137}}
Aug 24 07:26:10.451606 np0000007946 devstack@neutron-api.service[87551]: INFO neutron.pecan_wsgi.hooks.translation [None req-3ad6e2fe-9913-487e-b3a9-f5d55c6b9116 admin admin] GET failed (client error): The resource could not be found.
Aug 24 07:26:10.452209 np0000007946 devstack@neutron-api.service[87551]: [pid: 87551|app: 0|req: 14/38] 10.4.3.214 () {64 vars in 1294 bytes} [Mon Aug 24 07:26:10 2026] GET /networking/v2.0/networks/shared => generated 108 bytes in 7 msecs (HTTP/1.1 404) 4 headers in 164 bytes (1 switches on core 0)
Aug 24 07:26:10.477961 np0000007946 devstack@neutron-api.service[87550]: DEBUG neutron.pecan_wsgi.hooks.policy_enforcement [None req-aea88d73-277c-4629-a621-bbae0a5e22d7 admin admin] Attributes excluded by policy engine: ['standard_attr_id'] {{(pid=87550) _exclude_attributes_by_policy /opt/stack/neutron/neutron/pecan_wsgi/hooks/policy_enforcement.py:259}}
Aug 24 07:26:10.479006 np0000007946 devstack@neutron-api.service[87550]: [pid: 87550|app: 0|req: 13/39] 10.4.3.214 () {64 vars in 1309 bytes} [Mon Aug 24 07:26:10 2026] GET /networking/v2.0/networks?name=shared => generated 663 bytes in 21 msecs (HTTP/1.1 200) 4 headers in 157 bytes (1 switches on core 0)
Aug 24 07:26:10.494177 np0000007946 devstack@neutron-api.service[87549]: DEBUG neutron.api.v2.base [None req-9c55ab8c-e883-4bfb-9868-727f96dd13ec admin admin] Request body: {'subnet': {'cidr': '192.168.233.0/24', 'ip_version': 4, 'name': 'shared-subnet', 'network_id': '5386cc8a-2abf-42c2-bb68-4ed9cc994b6a', 'description': 'shared-subnet'}} {{(pid=87549) prepare_request_body /opt/stack/neutron/neutron/api/v2/base.py:727}}
Aug 24 07:26:10.506810 np0000007946 devstack@neutron-api.service[87549]: DEBUG neutron.pecan_wsgi.hooks.quota_enforcement [None req-9c55ab8c-e883-4bfb-9868-727f96dd13ec admin admin] Made reservation on behalf of 5e0502d8982b409ea79c394a260c8037 for: {'subnet': 1} {{(pid=87549) before /opt/stack/neutron/neutron/pecan_wsgi/hooks/quota_enforcement.py:66}}
Aug 24 07:26:10.510114 np0000007946 devstack@neutron-api.service[87549]: DEBUG neutron_lib.callbacks.manager [None req-9c55ab8c-e883-4bfb-9868-727f96dd13ec admin admin] Publish callbacks [] for subnet (None), before_create {{(pid=87549) _notify_loop /opt/stack/data/venv/lib/python3.12/site-packages/neutron_lib/callbacks/manager.py:184}}
Aug 24 07:26:10.556595 np0000007946 devstack@neutron-api.service[87549]: DEBUG neutron.db.ovn_revision_numbers_db [None req-9c55ab8c-e883-4bfb-9868-727f96dd13ec admin admin] create_initial_revision uuid=d81c73d3-a661-44a2-8321-747194193980, type=subnets, rev=-1 {{(pid=87549) create_initial_revision /opt/stack/neutron/neutron/db/ovn_revision_numbers_db.py:98}}
Aug 24 07:26:10.559786 np0000007946 devstack@neutron-api.service[87549]: DEBUG neutron_lib.callbacks.manager [None req-9c55ab8c-e883-4bfb-9868-727f96dd13ec admin admin] Publish callbacks ['neutron.plugins.ml2.ovo_rpc._ObjectChangeHandler.handle_event-1485133'] for subnet (d81c73d3-a661-44a2-8321-747194193980), after_create {{(pid=87549) _notify_loop /opt/stack/data/venv/lib/python3.12/site-packages/neutron_lib/callbacks/manager.py:184}}
Aug 24 07:26:10.570691 np0000007946 devstack@neutron-api.service[87549]: DEBUG neutron.api.rpc.handlers.resources_rpc [None req-9c55ab8c-e883-4bfb-9868-727f96dd13ec admin admin] Pushing event updated for resources: {'Subnet': ['ID=d81c73d3-a661-44a2-8321-747194193980,revision_number=0']} {{(pid=87549) push /opt/stack/neutron/neutron/api/rpc/handlers/resources_rpc.py:237}}
Aug 24 07:26:10.608367 np0000007946 devstack@neutron-api.service[87549]: DEBUG neutron_lib.callbacks.manager [None req-9c55ab8c-e883-4bfb-9868-727f96dd13ec admin admin] Publish callbacks ['neutron.plugins.ml2.plugin.SecurityGroupDbMixin._ensure_default_security_group_handler-483209', 'neutron.services.ovn_l3.plugin.OVNL3RouterPlugin._port_update-8099150793992', 'neutron.db.l3_db.L3_NAT_dbonly_mixin._prevent_internal_ip_change_for_fip-8099151913074'] for port (421dc158-4d1f-4dd9-a3ba-ad858fa1c16e), before_update {{(pid=87549) _notify_loop /opt/stack/data/venv/lib/python3.12/site-packages/neutron_lib/callbacks/manager.py:184}}
Aug 24 07:26:10.677698 np0000007946 devstack@neutron-api.service[87549]: DEBUG neutron.db.db_base_plugin_common [None req-9c55ab8c-e883-4bfb-9868-727f96dd13ec admin admin] Allocated IP 192.168.233.2 (5386cc8a-2abf-42c2-bb68-4ed9cc994b6a/d81c73d3-a661-44a2-8321-747194193980/421dc158-4d1f-4dd9-a3ba-ad858fa1c16e) {{(pid=87549) _store_ip_allocation /opt/stack/neutron/neutron/db/db_base_plugin_common.py:131}}
Aug 24 07:26:10.731397 np0000007946 devstack@neutron-api.service[87549]: DEBUG neutron_lib.callbacks.manager [None req-9c55ab8c-e883-4bfb-9868-727f96dd13ec admin admin] Publish callbacks [] for port (421dc158-4d1f-4dd9-a3ba-ad858fa1c16e), precommit_update {{(pid=87549) _notify_loop /opt/stack/data/venv/lib/python3.12/site-packages/neutron_lib/callbacks/manager.py:184}}
Aug 24 07:26:10.731657 np0000007946 devstack@neutron-api.service[87549]: DEBUG neutron.plugins.ml2.drivers.ovn.mech_driver.mech_driver [None req-9c55ab8c-e883-4bfb-9868-727f96dd13ec admin admin] No provisioning block for port 421dc158-4d1f-4dd9-a3ba-ad858fa1c16e since it does not have a host {{(pid=87549) _is_port_provisioning_required /opt/stack/neutron/neutron/plugins/ml2/drivers/ovn/mech_driver/mech_driver.py:877}}
Aug 24 07:26:10.739949 np0000007946 devstack@neutron-api.service[87549]: DEBUG neutron_lib.callbacks.manager [None req-9c55ab8c-e883-4bfb-9868-727f96dd13ec admin admin] Publish callbacks ['neutron.plugins.ml2.ovo_rpc._ObjectChangeHandler.handle_event-1484817', 'neutron.services.ovn_l3.plugin.OVNL3RouterPlugin._port_update-8099150793992'] for port (421dc158-4d1f-4dd9-a3ba-ad858fa1c16e), after_update {{(pid=87549) _notify_loop /opt/stack/data/venv/lib/python3.12/site-packages/neutron_lib/callbacks/manager.py:184}}
Aug 24 07:26:10.764823 np0000007946 devstack@neutron-api.service[87549]: DEBUG neutron.api.rpc.handlers.resources_rpc [None req-9c55ab8c-e883-4bfb-9868-727f96dd13ec admin admin] Pushing event updated for resources: {'Port': ['ID=421dc158-4d1f-4dd9-a3ba-ad858fa1c16e,revision_number=2']} {{(pid=87549) push /opt/stack/neutron/neutron/api/rpc/handlers/resources_rpc.py:237}}
Aug 24 07:26:10.847857 np0000007946 devstack@neutron-api.service[87549]: DEBUG neutron.plugins.ml2.drivers.ovn.mech_driver.ovsdb.commands [None req-9c55ab8c-e883-4bfb-9868-727f96dd13ec admin admin] Converting tag [] to a tag_request {{(pid=87549) _tag_column_to_tag_request /opt/stack/neutron/neutron/plugins/ml2/drivers/ovn/mech_driver/ovsdb/commands.py:227}}
Aug 24 07:26:10.848876 np0000007946 devstack@neutron-api.service[87549]: DEBUG ovsdbapp.backend.ovs_idl.transaction [None req-fff8fa07-bddb-4beb-b880-44f602857dff None None] Running txn 2ef95ce0 n=1 command(idx=0): CheckRevisionNumberCommand(_result=None, name=421dc158-4d1f-4dd9-a3ba-ad858fa1c16e, resource={'id': '421dc158-4d1f-4dd9-a3ba-ad858fa1c16e', 'name': '', 'network_id': '5386cc8a-2abf-42c2-bb68-4ed9cc994b6a', 'project_id': '5e0502d8982b409ea79c394a260c8037', 'mac_address': 'fa:16:3e:fe:d1:3d', 'admin_state_up': True, 'status': 'DOWN', 'device_id': 'ovnmeta-5386cc8a-2abf-42c2-bb68-4ed9cc994b6a', 'device_owner': 'network:distributed', 'standard_attr_id': 28, 'fixed_ips': [{'subnet_id': 'd81c73d3-a661-44a2-8321-747194193980', 'ip_address': '192.168.233.2'}], 'allowed_address_pairs': [], 'extra_dhcp_opts': [], 'security_groups': [], 'description': '', 'binding:vnic_type': 'normal', 'binding:profile': {}, 'binding:host_id': '', 'binding:vif_type': 'unbound', 'binding:vif_details': {}, 'port_security_enabled': False, 'tags': [], 'created_at': '2026-08-24T07:26:10Z', 'updated_at': '2026-08-24T07:26:10Z', 'revision_number': 2, 'tenant_id': '5e0502d8982b409ea79c394a260c8037', 'network': {'id': '5386cc8a-2abf-42c2-bb68-4ed9cc994b6a', 'name': 'shared', 'tenant_id': '5e0502d8982b409ea79c394a260c8037', 'project_id': '5e0502d8982b409ea79c394a260c8037', 'admin_state_up': True, 'mtu': 1372, 'status': 'ACTIVE', 'subnets': ['d81c73d3-a661-44a2-8321-747194193980'], 'standard_attr_id': 26, 'shared': True, 'availability_zone_hints': [], 'availability_zones': [], 'ipv4_address_scope': None, 'ipv6_address_scope': None, 'router:external': False, 'qinq': False, 'vlan_transparent': False, 'description': '', 'port_security_enabled': True, 'tags': [], 'created_at': '2026-08-24T07:26:09Z', 'updated_at': '2026-08-24T07:26:10Z', 'revision_number': 2, 'provider:network_type': 'geneve', 'provider:physical_network': None, 'provider:segmentation_id': 46410}}, resource_type=ports, if_exists=True) {{(pid=87549) do_commit /opt/stack/data/venv/lib/python3.12/site-packages/ovsdbapp/backend/ovs_idl/transaction.py:91}}
Aug 24 07:26:10.849326 np0000007946 devstack@neutron-api.service[87549]: DEBUG ovsdbapp.backend.ovs_idl.transaction [None req-fff8fa07-bddb-4beb-b880-44f602857dff None None] Running txn 2ef95ce0 n=1 command(idx=1): AddDHCPOptionsCommand(_result=None, columns={'cidr': '192.168.233.0/24', 'options': {'server_id': '192.168.233.1', 'lease_time': '43200', 'mtu': '1372', 'router': '192.168.233.1', 'server_mac': 'fa:16:3e:4e:5f:6f', 'dns_server': '{127.0.0.53}', 'classless_static_route': '{169.254.169.254/32,192.168.233.2, 0.0.0.0/0,192.168.233.1}'}, 'external_ids': {'subnet_id': 'd81c73d3-a661-44a2-8321-747194193980', 'neutron:network_id': '5386cc8a-2abf-42c2-bb68-4ed9cc994b6a', 'neutron:revision_number': '0'}}, may_exist=True, subnet_id=d81c73d3-a661-44a2-8321-747194193980, port_id=None, new_insert=False) {{(pid=87549) do_commit /opt/stack/data/venv/lib/python3.12/site-packages/ovsdbapp/backend/ovs_idl/transaction.py:91}}
Aug 24 07:26:10.849617 np0000007946 devstack@neutron-api.service[87549]: DEBUG ovsdbapp.backend.ovs_idl.transaction [None req-fff8fa07-bddb-4beb-b880-44f602857dff None None] Running txn 2ef95ce0 n=1 command(idx=2): SetLSwitchPortCommand(_result=None, lport=421dc158-4d1f-4dd9-a3ba-ad858fa1c16e, external_ids_update=None, columns={'external_ids': {'neutron:port_name': '', 'neutron:device_id': 'ovnmeta-5386cc8a-2abf-42c2-bb68-4ed9cc994b6a', 'neutron:project_id': '5e0502d8982b409ea79c394a260c8037', 'neutron:cidrs': '192.168.233.2/24', 'neutron:device_owner': 'network:distributed', 'neutron:subnet_pool_addr_scope4': '', 'neutron:subnet_pool_addr_scope6': '', 'neutron:network_name': 'neutron-5386cc8a-2abf-42c2-bb68-4ed9cc994b6a', 'neutron:security_group_ids': '', 'neutron:revision_number': '2', 'neutron:vnic_type': 'normal', 'neutron:port_capabilities': '', 'neutron:mtu': '1372'}, 'parent_name': [], 'options': {}, 'enabled': True, 'port_security': [], 'dhcpv4_options': [], 'dhcpv6_options': [], 'type': 'localport', 'addresses': ['fa:16:3e:fe:d1:3d 192.168.233.2'], 'ha_chassis_group': [], 'tag_request': []}, if_exists=False) {{(pid=87549) do_commit /opt/stack/data/venv/lib/python3.12/site-packages/ovsdbapp/backend/ovs_idl/transaction.py:91}}
Aug 24 07:26:10.850228 np0000007946 devstack@neutron-api.service[87549]: DEBUG ovsdbapp.backend.ovs_idl.transaction [None req-fff8fa07-bddb-4beb-b880-44f602857dff None None] Running txn 2ef95ce0 n=1 command(idx=3): PgDelPortCommand(_result=None, port_group=neutron_pg_drop, lsp=['421dc158-4d1f-4dd9-a3ba-ad858fa1c16e'], if_exists=False) {{(pid=87549) do_commit /opt/stack/data/venv/lib/python3.12/site-packages/ovsdbapp/backend/ovs_idl/transaction.py:91}}
Aug 24 07:26:10.853398 np0000007946 devstack@neutron-api.service[87549]: DEBUG neutron.plugins.ml2.drivers.ovn.mech_driver.ovsdb.ovsdb_monitor [None req-fff8fa07-bddb-4beb-b880-44f602857dff None None] Hash Ring: Node 1893ee1367ca52bdbee8bfc861eaacce (host: np0000007946) handling event "update" for row 394ce297-f22b-4792-80ee-ceafc6f64b2d (table: Logical_Switch_Port) {{(pid=87549) notify /opt/stack/neutron/neutron/plugins/ml2/drivers/ovn/mech_driver/ovsdb/ovsdb_monitor.py:1099}}
Aug 24 07:26:10.854131 np0000007946 devstack@neutron-api.service[87549]: DEBUG ovsdbapp.backend.ovs_idl.transaction [None req-fff8fa07-bddb-4beb-b880-44f602857dff None None] txn 2ef95ce0 succeeded {{(pid=87549) do_commit /opt/stack/data/venv/lib/python3.12/site-packages/ovsdbapp/backend/ovs_idl/transaction.py:137}}
Aug 24 07:26:10.854888 np0000007946 devstack@neutron-api.service[87551]: DEBUG neutron.plugins.ml2.drivers.ovn.mech_driver.ovsdb.ovsdb_monitor [None req-da8589a8-93fc-4b6b-9052-b37cf3482faf None None] Hash Ring: Node 732444827e3a56cb9b4094957d3d4694 (host: np0000007946) handling event "create" for row 962ac99a-32da-44a4-85d7-f8fd2ea40f06 (table: DHCP_Options) {{(pid=87551) notify /opt/stack/neutron/neutron/plugins/ml2/drivers/ovn/mech_driver/ovsdb/ovsdb_monitor.py:1099}}
Aug 24 07:26:10.856338 np0000007946 devstack@neutron-api.service[87550]: DEBUG neutron.plugins.ml2.drivers.ovn.mech_driver.ovsdb.ovsdb_monitor [None req-8446db39-de5c-4279-854a-5993bb08c3da None None] Hash Ring: Node d59fe4d227dc5443902983b19233b00e (host: np0000007946) handling event "update" for row 88931243-7b5f-487d-b592-c89fead81521 (table: Port_Binding) {{(pid=87550) notify /opt/stack/neutron/neutron/plugins/ml2/drivers/ovn/mech_driver/ovsdb/ovsdb_monitor.py:1099}}
Aug 24 07:26:10.879076 np0000007946 devstack@neutron-api.service[87549]: INFO neutron.db.ovn_revision_numbers_db [None req-9c55ab8c-e883-4bfb-9868-727f96dd13ec admin admin] Successfully bumped revision number for resource 421dc158-4d1f-4dd9-a3ba-ad858fa1c16e (type: ports) to 2
Aug 24 07:26:10.887759 np0000007946 devstack@neutron-api.service[87549]: DEBUG neutron.plugins.ml2.plugin [None req-9c55ab8c-e883-4bfb-9868-727f96dd13ec admin admin] In _notify_port_updated(), no bound segment for port 421dc158-4d1f-4dd9-a3ba-ad858fa1c16e on network 5386cc8a-2abf-42c2-bb68-4ed9cc994b6a {{(pid=87549) _notify_port_updated /opt/stack/neutron/neutron/plugins/ml2/plugin.py:1041}}
Aug 24 07:26:10.903487 np0000007946 devstack@neutron-api.service[87549]: INFO neutron.db.ovn_revision_numbers_db [None req-9c55ab8c-e883-4bfb-9868-727f96dd13ec admin admin] Successfully bumped revision number for resource d81c73d3-a661-44a2-8321-747194193980 (type: subnets) to 0
Aug 24 07:26:10.904574 np0000007946 devstack@neutron-api.service[87549]: DEBUG neutron.pecan_wsgi.hooks.policy_enforcement [None req-9c55ab8c-e883-4bfb-9868-727f96dd13ec admin admin] Attributes excluded by policy engine: ['standard_attr_id', 'shared', 'network'] {{(pid=87549) _exclude_attributes_by_policy /opt/stack/neutron/neutron/pecan_wsgi/hooks/policy_enforcement.py:259}}
