Jun 08 12:42:09.119702 np0000002306 nova-scheduler[95705]: DEBUG cotyledon.oslo_config_glue [-] oslo_limit.connect_retry_delay = None {{(pid=95705) log_opt_values /opt/stack/data/venv/lib/python3.12/site-packages/oslo_config/cfg.py:3256}}
Jun 08 12:42:09.119702 np0000002306 nova-scheduler[95705]: DEBUG cotyledon.oslo_config_glue [-] oslo_limit.endpoint_id = None {{(pid=95705) log_opt_values /opt/stack/data/venv/lib/python3.12/site-packages/oslo_config/cfg.py:3256}}
Jun 08 12:42:09.119702 np0000002306 nova-scheduler[95705]: DEBUG cotyledon.oslo_config_glue [-] oslo_limit.endpoint_interface = public {{(pid=95705) log_opt_values /opt/stack/data/venv/lib/python3.12/site-packages/oslo_config/cfg.py:3256}}
Jun 08 12:42:09.119702 np0000002306 nova-scheduler[95705]: DEBUG cotyledon.oslo_config_glue [-] oslo_limit.endpoint_override = None {{(pid=95705) log_opt_values /opt/stack/data/venv/lib/python3.12/site-packages/oslo_config/cfg.py:3256}}
Jun 08 12:42:09.119890 np0000002306 nova-scheduler[95705]: DEBUG cotyledon.oslo_config_glue [-] oslo_limit.endpoint_region_name = None {{(pid=95705) log_opt_values /opt/stack/data/venv/lib/python3.12/site-packages/oslo_config/cfg.py:3256}}
Jun 08 12:42:09.119890 np0000002306 nova-scheduler[95705]: DEBUG cotyledon.oslo_config_glue [-] oslo_limit.endpoint_service_name = None {{(pid=95705) log_opt_values /opt/stack/data/venv/lib/python3.12/site-packages/oslo_config/cfg.py:3256}}
Jun 08 12:42:09.119890 np0000002306 nova-scheduler[95705]: DEBUG cotyledon.oslo_config_glue [-] oslo_limit.endpoint_service_type = None {{(pid=95705) log_opt_values /opt/stack/data/venv/lib/python3.12/site-packages/oslo_config/cfg.py:3256}}
Jun 08 12:42:09.119890 np0000002306 nova-scheduler[95705]: DEBUG cotyledon.oslo_config_glue [-] oslo_limit.insecure = False {{(pid=95705) log_opt_values /opt/stack/data/venv/lib/python3.12/site-packages/oslo_config/cfg.py:3256}}
Jun 08 12:42:09.119890 np0000002306 nova-scheduler[95705]: DEBUG cotyledon.oslo_config_glue [-] oslo_limit.keyfile = None {{(pid=95705) log_opt_values /opt/stack/data/venv/lib/python3.12/site-packages/oslo_config/cfg.py:3256}}
Jun 08 12:42:09.119890 np0000002306 nova-scheduler[95705]: DEBUG cotyledon.oslo_config_glue [-] oslo_limit.max_version = None {{(pid=95705) log_opt_values /opt/stack/data/venv/lib/python3.12/site-packages/oslo_config/cfg.py:3256}}
Jun 08 12:42:09.119890 np0000002306 nova-scheduler[95705]: DEBUG cotyledon.oslo_config_glue [-] oslo_limit.min_version = None {{(pid=95705) log_opt_values /opt/stack/data/venv/lib/python3.12/site-packages/oslo_config/cfg.py:3256}}
Jun 08 12:42:09.119890 np0000002306 nova-scheduler[95705]: DEBUG cotyledon.oslo_config_glue [-] oslo_limit.region_name = None {{(pid=95705) log_opt_values /opt/stack/data/venv/lib/python3.12/site-packages/oslo_config/cfg.py:3256}}
Jun 08 12:42:09.119890 np0000002306 nova-scheduler[95705]: DEBUG cotyledon.oslo_config_glue [-] oslo_limit.retriable_status_codes = None {{(pid=95705) log_opt_values /opt/stack/data/venv/lib/python3.12/site-packages/oslo_config/cfg.py:3256}}
Jun 08 12:42:09.120132 np0000002306 nova-scheduler[95705]: DEBUG cotyledon.oslo_config_glue [-] oslo_limit.service_name = None {{(pid=95705) log_opt_values /opt/stack/data/venv/lib/python3.12/site-packages/oslo_config/cfg.py:3256}}
Jun 08 12:42:09.120132 np0000002306 nova-scheduler[95705]: DEBUG cotyledon.oslo_config_glue [-] oslo_limit.service_type = None {{(pid=95705) log_opt_values /opt/stack/data/venv/lib/python3.12/site-packages/oslo_config/cfg.py:3256}}
Jun 08 12:42:09.120132 np0000002306 nova-scheduler[95705]: DEBUG cotyledon.oslo_config_glue [-] oslo_limit.split_loggers = False {{(pid=95705) log_opt_values /opt/stack/data/venv/lib/python3.12/site-packages/oslo_config/cfg.py:3256}}
Jun 08 12:42:09.120132 np0000002306 nova-scheduler[95705]: DEBUG cotyledon.oslo_config_glue [-] oslo_limit.status_code_retries = None {{(pid=95705) log_opt_values /opt/stack/data/venv/lib/python3.12/site-packages/oslo_config/cfg.py:3256}}
Jun 08 12:42:09.120132 np0000002306 nova-scheduler[95705]: DEBUG cotyledon.oslo_config_glue [-] oslo_limit.status_code_retry_delay = None {{(pid=95705) log_opt_values /opt/stack/data/venv/lib/python3.12/site-packages/oslo_config/cfg.py:3256}}
Jun 08 12:42:09.120132 np0000002306 nova-scheduler[95705]: DEBUG cotyledon.oslo_config_glue [-] oslo_limit.timeout = None {{(pid=95705) log_opt_values /opt/stack/data/venv/lib/python3.12/site-packages/oslo_config/cfg.py:3256}}
Jun 08 12:42:09.120132 np0000002306 nova-scheduler[95705]: DEBUG cotyledon.oslo_config_glue [-] oslo_limit.valid_interfaces = None {{(pid=95705) log_opt_values /opt/stack/data/venv/lib/python3.12/site-packages/oslo_config/cfg.py:3256}}
Jun 08 12:42:09.120132 np0000002306 nova-scheduler[95705]: DEBUG cotyledon.oslo_config_glue [-] oslo_limit.version = None {{(pid=95705) log_opt_values /opt/stack/data/venv/lib/python3.12/site-packages/oslo_config/cfg.py:3256}}
Jun 08 12:42:09.120132 np0000002306 nova-scheduler[95705]: DEBUG cotyledon.oslo_config_glue [-] oslo_reports.file_event_handler = None {{(pid=95705) log_opt_values /opt/stack/data/venv/lib/python3.12/site-packages/oslo_config/cfg.py:3256}}
Jun 08 12:42:09.120394 np0000002306 nova-scheduler[95705]: DEBUG cotyledon.oslo_config_glue [-] oslo_reports.file_event_handler_interval = 1 {{(pid=95705) log_opt_values /opt/stack/data/venv/lib/python3.12/site-packages/oslo_config/cfg.py:3256}}
Jun 08 12:42:09.120394 np0000002306 nova-scheduler[95705]: DEBUG cotyledon.oslo_config_glue [-] oslo_reports.log_dir = None {{(pid=95705) log_opt_values /opt/stack/data/venv/lib/python3.12/site-packages/oslo_config/cfg.py:3256}}
Jun 08 12:42:09.120394 np0000002306 nova-scheduler[95705]: DEBUG cotyledon.oslo_config_glue [-] ******************************************************************************** {{(pid=95705) log_opt_values /opt/stack/data/venv/lib/python3.12/site-packages/oslo_config/cfg.py:3263}}
Jun 08 12:42:09.120394 np0000002306 nova-scheduler[95705]: DEBUG cotyledon._service_worker [-] Run service ServiceWrapper(1) [95705] {{(pid=95705) wait_forever /opt/stack/data/venv/lib/python3.12/site-packages/cotyledon/_service_worker.py:218}}
Jun 08 12:42:09.120477 np0000002306 nova-scheduler[95717]: INFO dbcounter [None req-c63d346d-4f14-4c1f-8d5a-7a52c610ba3d None None] Registered counter for database nova_cell0
Jun 08 12:42:09.120502 np0000002306 nova-scheduler[95705]: INFO nova.service [-] Starting scheduler node (version 33.1.0)
Jun 08 12:42:09.120524 np0000002306 nova-scheduler[95703]: DEBUG dbcounter [-] [95703] Writer thread running {{(pid=95703) stat_writer /opt/stack/data/venv/lib/python3.12/site-packages/dbcounter.py:102}}
Jun 08 12:42:09.121471 np0000002306 nova-scheduler[95705]: INFO dbcounter [None req-f8dd38a0-733a-4ed9-aaed-26b790a4a18e None None] Registered counter for database nova_cell0
Jun 08 12:42:09.133536 np0000002306 nova-scheduler[95703]: DEBUG nova.service [None req-4e6af88c-3a7c-4b0f-af3e-2d759d87ae76 None None] Creating RPC server for service: nova-scheduler on topic: scheduler {{(pid=95703) start /opt/stack/nova/nova/service.py:195}}
Jun 08 12:42:09.153118 np0000002306 nova-scheduler[95703]: DEBUG nova.service [None req-4e6af88c-3a7c-4b0f-af3e-2d759d87ae76 None None] Join ServiceGroup membership for this service scheduler {{(pid=95703) start /opt/stack/nova/nova/service.py:221}}
Jun 08 12:42:09.153273 np0000002306 nova-scheduler[95703]: DEBUG nova.servicegroup.drivers.db [None req-4e6af88c-3a7c-4b0f-af3e-2d759d87ae76 None None] DB_Driver: join new ServiceGroup member np0000002306 to the scheduler group, service = {{(pid=95703) join /opt/stack/nova/nova/servicegroup/drivers/db.py:44}}
Jun 08 12:42:09.158471 np0000002306 nova-scheduler[95717]: DEBUG oslo_db.sqlalchemy.engines [None req-c63d346d-4f14-4c1f-8d5a-7a52c610ba3d None None] MySQL server mode set to STRICT_TRANS_TABLES,STRICT_ALL_TABLES,NO_ZERO_IN_DATE,NO_ZERO_DATE,ERROR_FOR_DIVISION_BY_ZERO,TRADITIONAL,NO_ENGINE_SUBSTITUTION {{(pid=95717) _check_effective_sql_mode /opt/stack/data/venv/lib/python3.12/site-packages/oslo_db/sqlalchemy/engines.py:325}}
Jun 08 12:42:09.163573 np0000002306 nova-scheduler[95705]: DEBUG oslo_db.sqlalchemy.engines [None req-f8dd38a0-733a-4ed9-aaed-26b790a4a18e None None] MySQL server mode set to STRICT_TRANS_TABLES,STRICT_ALL_TABLES,NO_ZERO_IN_DATE,NO_ZERO_DATE,ERROR_FOR_DIVISION_BY_ZERO,TRADITIONAL,NO_ENGINE_SUBSTITUTION {{(pid=95705) _check_effective_sql_mode /opt/stack/data/venv/lib/python3.12/site-packages/oslo_db/sqlalchemy/engines.py:325}}
Jun 08 12:42:09.168679 np0000002306 nova-scheduler[95717]: DEBUG dbcounter [-] [95717] Writer thread running {{(pid=95717) stat_writer /opt/stack/data/venv/lib/python3.12/site-packages/dbcounter.py:102}}
Jun 08 12:42:09.171935 np0000002306 nova-scheduler[95717]: DEBUG nova.service [None req-c63d346d-4f14-4c1f-8d5a-7a52c610ba3d None None] Creating RPC server for service: nova-scheduler on topic: scheduler {{(pid=95717) start /opt/stack/nova/nova/service.py:195}}
Jun 08 12:42:09.173351 np0000002306 nova-scheduler[95705]: DEBUG dbcounter [-] [95705] Writer thread running {{(pid=95705) stat_writer /opt/stack/data/venv/lib/python3.12/site-packages/dbcounter.py:102}}
Jun 08 12:42:09.179571 np0000002306 nova-scheduler[95705]: DEBUG nova.service [None req-f8dd38a0-733a-4ed9-aaed-26b790a4a18e None None] Creating RPC server for service: nova-scheduler on topic: scheduler {{(pid=95705) start /opt/stack/nova/nova/service.py:195}}
Jun 08 12:42:09.191304 np0000002306 nova-scheduler[95717]: DEBUG nova.service [None req-c63d346d-4f14-4c1f-8d5a-7a52c610ba3d None None] Join ServiceGroup membership for this service scheduler {{(pid=95717) start /opt/stack/nova/nova/service.py:221}}
Jun 08 12:42:09.191304 np0000002306 nova-scheduler[95717]: DEBUG nova.servicegroup.drivers.db [None req-c63d346d-4f14-4c1f-8d5a-7a52c610ba3d None None] DB_Driver: join new ServiceGroup member np0000002306 to the scheduler group, service = {{(pid=95717) join /opt/stack/nova/nova/servicegroup/drivers/db.py:44}}
Jun 08 12:42:09.198237 np0000002306 nova-scheduler[95705]: DEBUG nova.service [None req-f8dd38a0-733a-4ed9-aaed-26b790a4a18e None None] Join ServiceGroup membership for this service scheduler {{(pid=95705) start /opt/stack/nova/nova/service.py:221}}
Jun 08 12:42:09.198237 np0000002306 nova-scheduler[95705]: DEBUG nova.servicegroup.drivers.db [None req-f8dd38a0-733a-4ed9-aaed-26b790a4a18e None None] DB_Driver: join new ServiceGroup member np0000002306 to the scheduler group, service = {{(pid=95705) join /opt/stack/nova/nova/servicegroup/drivers/db.py:44}}
Jun 08 12:42:14.167902 np0000002306 nova-scheduler[95703]: DEBUG oslo.service.backend._threading.loopingcall [-] Fixed interval looping call 'nova.servicegroup.drivers.db.DbDriver._report_state' sleeping for 119.99 seconds {{(pid=95703) _run_loop /opt/stack/data/venv/lib/python3.12/site-packages/oslo_service/backend/_threading/loopingcall.py:125}}
Jun 08 12:42:14.205605 np0000002306 nova-scheduler[95717]: DEBUG oslo.service.backend._threading.loopingcall [-] Fixed interval looping call 'nova.servicegroup.drivers.db.DbDriver._report_state' sleeping for 119.99 seconds {{(pid=95717) _run_loop /opt/stack/data/venv/lib/python3.12/site-packages/oslo_service/backend/_threading/loopingcall.py:125}}
Jun 08 12:42:14.215421 np0000002306 nova-scheduler[95705]: DEBUG oslo.service.backend._threading.loopingcall [-] Fixed interval looping call 'nova.servicegroup.drivers.db.DbDriver._report_state' sleeping for 119.99 seconds {{(pid=95705) _run_loop /opt/stack/data/venv/lib/python3.12/site-packages/oslo_service/backend/_threading/loopingcall.py:125}}
Jun 08 12:42:17.715208 np0000002306 nova-scheduler[94503]: DEBUG dbcounter [-] [94503] Writing DB stats nova_api:SELECT=3 {{(pid=94503) stat_writer /opt/stack/data/venv/lib/python3.12/site-packages/dbcounter.py:115}}
Jun 08 12:42:17.877627 np0000002306 nova-scheduler[94503]: DEBUG dbcounter [-] [94503] Writing DB stats nova_cell0:SELECT=1 {{(pid=94503) stat_writer /opt/stack/data/venv/lib/python3.12/site-packages/dbcounter.py:115}}
Jun 08 12:42:17.882569 np0000002306 nova-scheduler[94503]: DEBUG dbcounter [-] [94503] Writing DB stats nova_cell1:SELECT=1 {{(pid=94503) stat_writer /opt/stack/data/venv/lib/python3.12/site-packages/dbcounter.py:115}}
Jun 08 12:42:18.203425 np0000002306 nova-scheduler[95705]: DEBUG oslo.service.backend._threading.loopingcall [None req-5b02bbd9-9e9d-40a1-b782-27e16190a1ce None None] Dynamic interval looping call 'nova.service.Service.periodic_tasks' sleeping for 60.00 seconds {{(pid=95705) _run_loop /opt/stack/data/venv/lib/python3.12/site-packages/oslo_service/backend/_threading/loopingcall.py:125}}
Jun 08 12:42:24.164638 np0000002306 nova-scheduler[95703]: DEBUG dbcounter [-] [95703] Writing DB stats nova_cell0:SELECT=4,nova_cell0:INSERT=1,nova_cell0:UPDATE=1 {{(pid=95703) stat_writer /opt/stack/data/venv/lib/python3.12/site-packages/dbcounter.py:115}}
Jun 08 12:42:24.202177 np0000002306 nova-scheduler[95717]: DEBUG dbcounter [-] [95717] Writing DB stats nova_cell0:SELECT=3 {{(pid=95717) stat_writer /opt/stack/data/venv/lib/python3.12/site-packages/dbcounter.py:115}}
Jun 08 12:42:24.212015 np0000002306 nova-scheduler[95705]: DEBUG dbcounter [-] [95705] Writing DB stats nova_cell0:SELECT=3 {{(pid=95705) stat_writer /opt/stack/data/venv/lib/python3.12/site-packages/dbcounter.py:115}}
Jun 08 12:42:27.155429 np0000002306 nova-scheduler[95703]: DEBUG oslo.service.backend._threading.loopingcall [None req-e1489140-dada-4cb3-9c76-46c0f5f2503b None None] Dynamic interval looping call 'nova.service.Service.periodic_tasks' sleeping for 60.00 seconds {{(pid=95703) _run_loop /opt/stack/data/venv/lib/python3.12/site-packages/oslo_service/backend/_threading/loopingcall.py:125}}
Jun 08 12:42:28.195041 np0000002306 nova-scheduler[95717]: DEBUG oslo.service.backend._threading.loopingcall [None req-33fc2244-e3d9-4009-950e-13fdcc804722 None None] Dynamic interval looping call 'nova.service.Service.periodic_tasks' sleeping for 60.00 seconds {{(pid=95717) _run_loop /opt/stack/data/venv/lib/python3.12/site-packages/oslo_service/backend/_threading/loopingcall.py:125}}
Jun 08 12:43:18.203945 np0000002306 nova-scheduler[95705]: DEBUG oslo.service.backend._threading.loopingcall [None req-5b02bbd9-9e9d-40a1-b782-27e16190a1ce None None] Dynamic interval looping call 'nova.service.Service.periodic_tasks' sleeping for 60.00 seconds {{(pid=95705) _run_loop /opt/stack/data/venv/lib/python3.12/site-packages/oslo_service/backend/_threading/loopingcall.py:125}}
Jun 08 12:43:27.155942 np0000002306 nova-scheduler[95703]: DEBUG oslo.service.backend._threading.loopingcall [None req-e1489140-dada-4cb3-9c76-46c0f5f2503b None None] Dynamic interval looping call 'nova.service.Service.periodic_tasks' sleeping for 60.00 seconds {{(pid=95703) _run_loop /opt/stack/data/venv/lib/python3.12/site-packages/oslo_service/backend/_threading/loopingcall.py:125}}
Jun 08 12:43:28.195633 np0000002306 nova-scheduler[95717]: DEBUG oslo.service.backend._threading.loopingcall [None req-33fc2244-e3d9-4009-950e-13fdcc804722 None None] Dynamic interval looping call 'nova.service.Service.periodic_tasks' sleeping for 60.00 seconds {{(pid=95717) _run_loop /opt/stack/data/venv/lib/python3.12/site-packages/oslo_service/backend/_threading/loopingcall.py:125}}
Jun 08 12:44:14.164068 np0000002306 nova-scheduler[95703]: DEBUG oslo.service.backend._threading.loopingcall [-] Fixed interval looping call 'nova.servicegroup.drivers.db.DbDriver._report_state' sleeping for 119.99 seconds {{(pid=95703) _run_loop /opt/stack/data/venv/lib/python3.12/site-packages/oslo_service/backend/_threading/loopingcall.py:125}}
Jun 08 12:44:14.199396 np0000002306 nova-scheduler[95717]: DEBUG oslo.service.backend._threading.loopingcall [-] Fixed interval looping call 'nova.servicegroup.drivers.db.DbDriver._report_state' sleeping for 120.00 seconds {{(pid=95717) _run_loop /opt/stack/data/venv/lib/python3.12/site-packages/oslo_service/backend/_threading/loopingcall.py:125}}
Jun 08 12:44:14.208676 np0000002306 nova-scheduler[95705]: DEBUG oslo.service.backend._threading.loopingcall [-] Fixed interval looping call 'nova.servicegroup.drivers.db.DbDriver._report_state' sleeping for 120.00 seconds {{(pid=95705) _run_loop /opt/stack/data/venv/lib/python3.12/site-packages/oslo_service/backend/_threading/loopingcall.py:125}}
Jun 08 12:44:18.204478 np0000002306 nova-scheduler[95705]: DEBUG oslo.service.backend._threading.loopingcall [None req-5b02bbd9-9e9d-40a1-b782-27e16190a1ce None None] Dynamic interval looping call 'nova.service.Service.periodic_tasks' sleeping for 60.00 seconds {{(pid=95705) _run_loop /opt/stack/data/venv/lib/python3.12/site-packages/oslo_service/backend/_threading/loopingcall.py:125}}
Jun 08 12:44:24.161454 np0000002306 nova-scheduler[95703]: DEBUG dbcounter [-] [95703] Writing DB stats nova_cell0:SELECT=1,nova_cell0:UPDATE=1 {{(pid=95703) stat_writer /opt/stack/data/venv/lib/python3.12/site-packages/dbcounter.py:115}}
Jun 08 12:44:24.197707 np0000002306 nova-scheduler[95717]: DEBUG dbcounter [-] [95717] Writing DB stats nova_cell0:SELECT=1 {{(pid=95717) stat_writer /opt/stack/data/venv/lib/python3.12/site-packages/dbcounter.py:115}}
Jun 08 12:44:24.207057 np0000002306 nova-scheduler[95705]: DEBUG dbcounter [-] [95705] Writing DB stats nova_cell0:SELECT=1 {{(pid=95705) stat_writer /opt/stack/data/venv/lib/python3.12/site-packages/dbcounter.py:115}}
Jun 08 12:44:27.156661 np0000002306 nova-scheduler[95703]: DEBUG oslo.service.backend._threading.loopingcall [None req-e1489140-dada-4cb3-9c76-46c0f5f2503b None None] Dynamic interval looping call 'nova.service.Service.periodic_tasks' sleeping for 60.00 seconds {{(pid=95703) _run_loop /opt/stack/data/venv/lib/python3.12/site-packages/oslo_service/backend/_threading/loopingcall.py:125}}
Jun 08 12:44:28.196114 np0000002306 nova-scheduler[95717]: DEBUG oslo.service.backend._threading.loopingcall [None req-33fc2244-e3d9-4009-950e-13fdcc804722 None None] Dynamic interval looping call 'nova.service.Service.periodic_tasks' sleeping for 60.00 seconds {{(pid=95717) _run_loop /opt/stack/data/venv/lib/python3.12/site-packages/oslo_service/backend/_threading/loopingcall.py:125}}
Jun 08 12:45:17.415899 np0000002306 nova-scheduler[95703]: DEBUG nova.scheduler.manager [None req-83aa3b06-ccc3-4eb7-92c7-9dce51fe21f2 tempest-AttachVolumeShelveTestJSON-1701414866 tempest-AttachVolumeShelveTestJSON-1701414866-project-member] Starting to schedule for instances: ['42a8d86c-8fc5-4f9e-a0c2-0dee25089c42'] {{(pid=95703) select_destinations /opt/stack/nova/nova/scheduler/manager.py:210}}
Jun 08 12:45:17.416353 np0000002306 nova-scheduler[95703]: DEBUG nova.scheduler.request_filter [None req-83aa3b06-ccc3-4eb7-92c7-9dce51fe21f2 tempest-AttachVolumeShelveTestJSON-1701414866 tempest-AttachVolumeShelveTestJSON-1701414866-project-member] compute_status_filter request filter added forbidden trait COMPUTE_STATUS_DISABLED {{(pid=95703) compute_status_filter /opt/stack/nova/nova/scheduler/request_filter.py:253}}
Jun 08 12:45:17.416964 np0000002306 nova-scheduler[95703]: DEBUG nova.scheduler.request_filter [None req-83aa3b06-ccc3-4eb7-92c7-9dce51fe21f2 tempest-AttachVolumeShelveTestJSON-1701414866 tempest-AttachVolumeShelveTestJSON-1701414866-project-member] Request filter 'compute_status_filter' took 0.0 seconds {{(pid=95703) wrapper /opt/stack/nova/nova/scheduler/request_filter.py:46}}
Jun 08 12:45:17.416964 np0000002306 nova-scheduler[95703]: DEBUG nova.scheduler.request_filter [None req-83aa3b06-ccc3-4eb7-92c7-9dce51fe21f2 tempest-AttachVolumeShelveTestJSON-1701414866 tempest-AttachVolumeShelveTestJSON-1701414866-project-member] Request filter 'accelerators_filter' took 0.0 seconds {{(pid=95703) wrapper /opt/stack/nova/nova/scheduler/request_filter.py:46}}
Jun 08 12:45:17.416964 np0000002306 nova-scheduler[95703]: DEBUG nova.scheduler.request_filter [None req-83aa3b06-ccc3-4eb7-92c7-9dce51fe21f2 tempest-AttachVolumeShelveTestJSON-1701414866 tempest-AttachVolumeShelveTestJSON-1701414866-project-member] Request filter 'packed_virtqueue_filter' took 0.0 seconds {{(pid=95703) wrapper /opt/stack/nova/nova/scheduler/request_filter.py:46}}
Jun 08 12:45:17.417119 np0000002306 nova-scheduler[95703]: DEBUG nova.scheduler.request_filter [None req-83aa3b06-ccc3-4eb7-92c7-9dce51fe21f2 tempest-AttachVolumeShelveTestJSON-1701414866 tempest-AttachVolumeShelveTestJSON-1701414866-project-member] Request filter 'remote_managed_ports_filter' took 0.0 seconds {{(pid=95703) wrapper /opt/stack/nova/nova/scheduler/request_filter.py:46}}
Jun 08 12:45:17.417196 np0000002306 nova-scheduler[95703]: DEBUG nova.scheduler.request_filter [None req-83aa3b06-ccc3-4eb7-92c7-9dce51fe21f2 tempest-AttachVolumeShelveTestJSON-1701414866 tempest-AttachVolumeShelveTestJSON-1701414866-project-member] ephemeral_encryption_filter skipped {{(pid=95703) ephemeral_encryption_filter /opt/stack/nova/nova/scheduler/request_filter.py:426}}
Jun 08 12:45:17.417525 np0000002306 nova-scheduler[95703]: DEBUG nova.scheduler.request_filter [None req-83aa3b06-ccc3-4eb7-92c7-9dce51fe21f2 tempest-AttachVolumeShelveTestJSON-1701414866 tempest-AttachVolumeShelveTestJSON-1701414866-project-member] virtio_sound_filter skipped {{(pid=95703) virtio_sound_filter /opt/stack/nova/nova/scheduler/request_filter.py:460}}
Jun 08 12:45:17.417666 np0000002306 nova-scheduler[95703]: DEBUG nova.scheduler.request_filter [None req-83aa3b06-ccc3-4eb7-92c7-9dce51fe21f2 tempest-AttachVolumeShelveTestJSON-1701414866 tempest-AttachVolumeShelveTestJSON-1701414866-project-member] tpm_secret_security_filter skipped {{(pid=95703) tpm_secret_security_filter /opt/stack/nova/nova/scheduler/request_filter.py:477}}
Jun 08 12:45:18.146633 np0000002306 nova-scheduler[95703]: INFO nova.utils [None req-83aa3b06-ccc3-4eb7-92c7-9dce51fe21f2 tempest-AttachVolumeShelveTestJSON-1701414866 tempest-AttachVolumeShelveTestJSON-1701414866-project-member] The cell worker thread pool ForkProcess-1.cell_worker is initialized
Jun 08 12:45:18.146979 np0000002306 nova-scheduler[95703]: DEBUG oslo_concurrency.lockutils [None req-83aa3b06-ccc3-4eb7-92c7-9dce51fe21f2 tempest-AttachVolumeShelveTestJSON-1701414866 tempest-AttachVolumeShelveTestJSON-1701414866-project-member] Acquiring lock "65df8b9d-8457-4e97-807a-1fb852cd3829" by "nova.context.set_target_cell..get_or_set_cached_cell_and_set_connections" {{(pid=95703) inner /opt/stack/data/venv/lib/python3.12/site-packages/oslo_concurrency/lockutils.py:511}}
Jun 08 12:45:18.147185 np0000002306 nova-scheduler[95703]: DEBUG oslo_concurrency.lockutils [None req-83aa3b06-ccc3-4eb7-92c7-9dce51fe21f2 tempest-AttachVolumeShelveTestJSON-1701414866 tempest-AttachVolumeShelveTestJSON-1701414866-project-member] Lock "65df8b9d-8457-4e97-807a-1fb852cd3829" acquired by "nova.context.set_target_cell..get_or_set_cached_cell_and_set_connections" :: waited 0.000s {{(pid=95703) inner /opt/stack/data/venv/lib/python3.12/site-packages/oslo_concurrency/lockutils.py:524}}
Jun 08 12:45:18.148605 np0000002306 nova-scheduler[95703]: DEBUG oslo_concurrency.lockutils [None req-83aa3b06-ccc3-4eb7-92c7-9dce51fe21f2 tempest-AttachVolumeShelveTestJSON-1701414866 tempest-AttachVolumeShelveTestJSON-1701414866-project-member] Lock "65df8b9d-8457-4e97-807a-1fb852cd3829" "released" by "nova.context.set_target_cell..get_or_set_cached_cell_and_set_connections" :: held 0.001s {{(pid=95703) inner /opt/stack/data/venv/lib/python3.12/site-packages/oslo_concurrency/lockutils.py:543}}
Jun 08 12:45:18.150335 np0000002306 nova-scheduler[95703]: INFO dbcounter [None req-83aa3b06-ccc3-4eb7-92c7-9dce51fe21f2 tempest-AttachVolumeShelveTestJSON-1701414866 tempest-AttachVolumeShelveTestJSON-1701414866-project-member] Registered counter for database nova_cell1
Jun 08 12:45:18.203129 np0000002306 nova-scheduler[95703]: DEBUG oslo_db.sqlalchemy.engines [None req-83aa3b06-ccc3-4eb7-92c7-9dce51fe21f2 tempest-AttachVolumeShelveTestJSON-1701414866 tempest-AttachVolumeShelveTestJSON-1701414866-project-member] MySQL server mode set to STRICT_TRANS_TABLES,STRICT_ALL_TABLES,NO_ZERO_IN_DATE,NO_ZERO_DATE,ERROR_FOR_DIVISION_BY_ZERO,TRADITIONAL,NO_ENGINE_SUBSTITUTION {{(pid=95703) _check_effective_sql_mode /opt/stack/data/venv/lib/python3.12/site-packages/oslo_db/sqlalchemy/engines.py:325}}
Jun 08 12:45:18.205101 np0000002306 nova-scheduler[95705]: DEBUG oslo.service.backend._threading.loopingcall [None req-5b02bbd9-9e9d-40a1-b782-27e16190a1ce None None] Dynamic interval looping call 'nova.service.Service.periodic_tasks' sleeping for 60.00 seconds {{(pid=95705) _run_loop /opt/stack/data/venv/lib/python3.12/site-packages/oslo_service/backend/_threading/loopingcall.py:125}}
Jun 08 12:45:18.209377 np0000002306 nova-scheduler[95703]: DEBUG dbcounter [-] [95703] Writer thread running {{(pid=95703) stat_writer /opt/stack/data/venv/lib/python3.12/site-packages/dbcounter.py:102}}
Jun 08 12:45:18.223794 np0000002306 nova-scheduler[95703]: DEBUG oslo_db.sqlalchemy.engines [None req-83aa3b06-ccc3-4eb7-92c7-9dce51fe21f2 tempest-AttachVolumeShelveTestJSON-1701414866 tempest-AttachVolumeShelveTestJSON-1701414866-project-member] Parent process 94503 forked (95703) with an open database connection, which is being discarded and recreated. {{(pid=95703) checkout /opt/stack/data/venv/lib/python3.12/site-packages/oslo_db/sqlalchemy/engines.py:402}}
Jun 08 12:45:18.288455 np0000002306 nova-scheduler[95703]: DEBUG dbcounter [-] [95703] Writer thread running {{(pid=95703) stat_writer /opt/stack/data/venv/lib/python3.12/site-packages/dbcounter.py:102}}
Jun 08 12:45:18.291993 np0000002306 nova-scheduler[95703]: DEBUG oslo_concurrency.lockutils [None req-83aa3b06-ccc3-4eb7-92c7-9dce51fe21f2 tempest-AttachVolumeShelveTestJSON-1701414866 tempest-AttachVolumeShelveTestJSON-1701414866-project-member] Acquiring lock "65df8b9d-8457-4e97-807a-1fb852cd3829" by "nova.context.set_target_cell..get_or_set_cached_cell_and_set_connections" {{(pid=95703) inner /opt/stack/data/venv/lib/python3.12/site-packages/oslo_concurrency/lockutils.py:511}}
Jun 08 12:45:18.292197 np0000002306 nova-scheduler[95703]: DEBUG oslo_concurrency.lockutils [None req-83aa3b06-ccc3-4eb7-92c7-9dce51fe21f2 tempest-AttachVolumeShelveTestJSON-1701414866 tempest-AttachVolumeShelveTestJSON-1701414866-project-member] Lock "65df8b9d-8457-4e97-807a-1fb852cd3829" acquired by "nova.context.set_target_cell..get_or_set_cached_cell_and_set_connections" :: waited 0.000s {{(pid=95703) inner /opt/stack/data/venv/lib/python3.12/site-packages/oslo_concurrency/lockutils.py:524}}
Jun 08 12:45:18.292398 np0000002306 nova-scheduler[95703]: DEBUG oslo_concurrency.lockutils [None req-83aa3b06-ccc3-4eb7-92c7-9dce51fe21f2 tempest-AttachVolumeShelveTestJSON-1701414866 tempest-AttachVolumeShelveTestJSON-1701414866-project-member] Lock "65df8b9d-8457-4e97-807a-1fb852cd3829" "released" by "nova.context.set_target_cell..get_or_set_cached_cell_and_set_connections" :: held 0.000s {{(pid=95703) inner /opt/stack/data/venv/lib/python3.12/site-packages/oslo_concurrency/lockutils.py:543}}
Jun 08 12:45:18.296410 np0000002306 nova-scheduler[95703]: DEBUG oslo_concurrency.lockutils [None req-83aa3b06-ccc3-4eb7-92c7-9dce51fe21f2 tempest-AttachVolumeShelveTestJSON-1701414866 tempest-AttachVolumeShelveTestJSON-1701414866-project-member] Acquiring lock "('np0000002306', 'np0000002306')" by "nova.scheduler.host_manager.HostState.update.._locked_update" {{(pid=95703) inner /opt/stack/data/venv/lib/python3.12/site-packages/oslo_concurrency/lockutils.py:511}}
Jun 08 12:45:18.296577 np0000002306 nova-scheduler[95703]: DEBUG oslo_concurrency.lockutils [None req-83aa3b06-ccc3-4eb7-92c7-9dce51fe21f2 tempest-AttachVolumeShelveTestJSON-1701414866 tempest-AttachVolumeShelveTestJSON-1701414866-project-member] Lock "('np0000002306', 'np0000002306')" acquired by "nova.scheduler.host_manager.HostState.update.._locked_update" :: waited 0.000s {{(pid=95703) inner /opt/stack/data/venv/lib/python3.12/site-packages/oslo_concurrency/lockutils.py:524}}
Jun 08 12:45:18.297867 np0000002306 nova-scheduler[95703]: DEBUG nova.scheduler.host_manager [None req-83aa3b06-ccc3-4eb7-92c7-9dce51fe21f2 tempest-AttachVolumeShelveTestJSON-1701414866 tempest-AttachVolumeShelveTestJSON-1701414866-project-member] Update host state from compute node: ComputeNode(cpu_allocation_ratio=4.0,cpu_info='{"arch": "x86_64", "model": "EPYC-Milan", "vendor": "AMD", "topology": {"cells": 1, "sockets": 12, "cores": 1, "threads": 1}, "maxphysaddr": {"mode": "emulate", "bits": 40}, "features": ["lahf_lm", "fsgsbase", "amd-ssbd", "virt-ssbd", "xsaveerptr", "f16c", "osvw", "amd-psfd", "sha-ni", "pni", "wbnoinvd", "pse36", "vgif", "amd-stibp", "xsaves", "pause-filter", "tsc_adjust", "mds-no", "xsave", "pcid", "pfthreshold", "ssse3", "apic", "svm", "rdrand", "sse4.2", "abm", "rdseed", "mmx", "stibp", "smap", "spec-ctrl", "flushbyasid", "invpcid", "clwb", "arch-capabilities", "bmi2", "vmcb-clean", "avx", "vaes", "pge", "skip-l1dfl-vmentry", "pschange-mc-no", "lm", "aes", "ibrs", "gds-no", "no-nested-data-bp", "bmi1", "x2apic", "clzero", "misalignsse", "syscall", "fpu", "clflush", "pku", "nrip-save", "perfctr_core", "msr", "nx", "fxsr", "sse4a", "cr8legacy", "avx2", "npt", "rdctl-no", "topoext", "mce", "sse4.1", "null-sel-clr-base", "smep", "xgetbv1", "sse", "cmp_legacy", "rdtscp", "lbrv", "pae", "3dnowprefetch", "hypervisor", "vme", "sep", "svme-addr-chk", "rdpid", "v-vmsave-vmload", "pat", "pdpe1gb", "tsc", "tsc-scale", "mmxext", "sse2", "fsrm", "vpclmulqdq", "arat", "pse", "cx16", "ibpb", "umip", "ssbd", "clflushopt", "tsc-deadline", "cmov", "xsavec", "xsaveopt", "movbe", "erms", "cx8", "pclmuldq", "de", "mca", "stibp-always-on", "adx", "lfence-always-serializing", "fma", "mtrr", "popcnt", "fxsr_opt"]}',created_at=2026-06-08T12:42:34Z,current_workload=0,deleted=False,deleted_at=None,disk_allocation_ratio=1.0,disk_available_least=74,free_disk_gb=95,free_ram_mb=23518,host='np0000002306',host_ip=10.4.3.195,hypervisor_hostname='np0000002306',hypervisor_type='QEMU',hypervisor_version=8002002,id=1,local_gb=95,local_gb_used=0,mapped=1,memory_mb=24030,memory_mb_used=512,metrics='[]',numa_topology='{"nova_object.name": "NUMATopology", "nova_object.namespace": "nova", "nova_object.version": "1.2", "nova_object.data": {"cells": [{"nova_object.name": "NUMACell", "nova_object.namespace": "nova", "nova_object.version": "1.5", "nova_object.data": {"id": 0, "cpuset": [0, 1, 2, 3, 4, 5, 6, 7, 8, 9, 10, 11], "pcpuset": [0, 1, 2, 3, 4, 5, 6, 7, 8, 9, 10, 11], "memory": 24030, "cpu_usage": 0, "memory_usage": 0, "pinned_cpus": [], "siblings": [[6], [2], [5], [11], [8], [4], [1], [7], [10], [0], [3], [9]], "mempages": [{"nova_object.name": "NUMAPagesTopology", "nova_object.namespace": "nova", "nova_object.version": "1.1", "nova_object.data": {"size_kb": 4, "total": 6151797, "used": 0, "reserved": 0}, "nova_object.changes": ["total", "size_kb", "used", "reserved"]}, {"nova_object.name": "NUMAPagesTopology", "nova_object.namespace": "nova", "nova_object.version": "1.1", "nova_object.data": {"size_kb": 2048, "total": 0, "used": 0, "reserved": 0}, "nova_object.changes": ["total", "size_kb", "used", "reserved"]}, {"nova_object.name": "NUMAPagesTopology", "nova_object.namespace": "nova", "nova_object.version": "1.1", "nova_object.data": {"size_kb": 1048576, "total": 0, "used": 0, "reserved": 0}, "nova_object.changes": ["total", "size_kb", "used", "reserved"]}], "network_metadata": {"nova_object.name": "NetworkMetadata", "nova_object.namespace": "nova", "nova_object.version": "1.0", "nova_object.data": {"physnets": [], "tunneled": false}, "nova_object.changes": ["tunneled", "physnets"]}, "socket": null}, "nova_object.changes": ["memory_usage", "mempages", "pinned_cpus", "pcpuset", "siblings", "socket", "cpu_usage", "cpuset", "network_metadata", "memory", "id"]}]}, "nova_object.changes": ["cells"]}',pci_device_pools=PciDevicePoolList,ram_allocation_ratio=1.0,running_vms=0,service_id=2,stats={failed_builds='0',uptime=' 12:44:20 up 27 min, 2 users, load average: 1.40, 1.37, 0.79
Jun 08 12:45:18.297867 np0000002306 nova-scheduler[95703]: '},supported_hv_specs=[HVSpec,HVSpec,HVSpec,HVSpec,HVSpec,HVSpec,HVSpec,HVSpec,HVSpec,HVSpec,HVSpec,HVSpec,HVSpec,HVSpec,HVSpec,HVSpec,HVSpec,HVSpec,HVSpec,HVSpec,HVSpec,HVSpec,HVSpec,HVSpec,HVSpec],updated_at=2026-06-08T12:44:22Z,uuid=c444b0d2-cc31-420a-8364-a867757d8bcb,vcpus=12,vcpus_used=0) {{(pid=95703) _locked_update /opt/stack/nova/nova/scheduler/host_manager.py:168}}
Jun 08 12:45:18.298941 np0000002306 nova-scheduler[95703]: DEBUG nova.scheduler.host_manager [None req-83aa3b06-ccc3-4eb7-92c7-9dce51fe21f2 tempest-AttachVolumeShelveTestJSON-1701414866 tempest-AttachVolumeShelveTestJSON-1701414866-project-member] Update host state with aggregates: [] {{(pid=95703) _locked_update /opt/stack/nova/nova/scheduler/host_manager.py:171}}
Jun 08 12:45:18.299350 np0000002306 nova-scheduler[95703]: DEBUG nova.scheduler.host_manager [None req-83aa3b06-ccc3-4eb7-92c7-9dce51fe21f2 tempest-AttachVolumeShelveTestJSON-1701414866 tempest-AttachVolumeShelveTestJSON-1701414866-project-member] Update host state with service dict: {'id': 2, 'uuid': 'f860281f-7dcb-4bbf-85fa-72a97d049530', 'host': 'np0000002306', 'binary': 'nova-compute', 'topic': 'compute', 'report_count': 2, 'disabled': False, 'disabled_reason': None, 'last_seen_up': datetime.datetime(2026, 6, 8, 12, 44, 43, tzinfo=datetime.timezone.utc), 'forced_down': False, 'version': 72, 'created_at': datetime.datetime(2026, 6, 8, 12, 42, 32, tzinfo=datetime.timezone.utc), 'updated_at': datetime.datetime(2026, 6, 8, 12, 44, 43, tzinfo=datetime.timezone.utc), 'deleted_at': None, 'deleted': False} {{(pid=95703) _locked_update /opt/stack/nova/nova/scheduler/host_manager.py:174}}
Jun 08 12:45:18.299350 np0000002306 nova-scheduler[95703]: DEBUG nova.scheduler.host_manager [None req-83aa3b06-ccc3-4eb7-92c7-9dce51fe21f2 tempest-AttachVolumeShelveTestJSON-1701414866 tempest-AttachVolumeShelveTestJSON-1701414866-project-member] Update host state with instances: [] {{(pid=95703) _locked_update /opt/stack/nova/nova/scheduler/host_manager.py:177}}
Jun 08 12:45:18.299502 np0000002306 nova-scheduler[95703]: DEBUG oslo_concurrency.lockutils [None req-83aa3b06-ccc3-4eb7-92c7-9dce51fe21f2 tempest-AttachVolumeShelveTestJSON-1701414866 tempest-AttachVolumeShelveTestJSON-1701414866-project-member] Lock "('np0000002306', 'np0000002306')" "released" by "nova.scheduler.host_manager.HostState.update.._locked_update" :: held 0.003s {{(pid=95703) inner /opt/stack/data/venv/lib/python3.12/site-packages/oslo_concurrency/lockutils.py:543}}
Jun 08 12:45:18.300035 np0000002306 nova-scheduler[95703]: DEBUG nova.filters [None req-83aa3b06-ccc3-4eb7-92c7-9dce51fe21f2 tempest-AttachVolumeShelveTestJSON-1701414866 tempest-AttachVolumeShelveTestJSON-1701414866-project-member] Starting with 1 host(s) {{(pid=95703) get_filtered_objects /opt/stack/nova/nova/filters.py:70}}
Jun 08 12:45:18.300640 np0000002306 nova-scheduler[95703]: DEBUG nova.filters [None req-83aa3b06-ccc3-4eb7-92c7-9dce51fe21f2 tempest-AttachVolumeShelveTestJSON-1701414866 tempest-AttachVolumeShelveTestJSON-1701414866-project-member] Filter ComputeFilter returned 1 host(s) {{(pid=95703) get_filtered_objects /opt/stack/nova/nova/filters.py:102}}
Jun 08 12:45:18.300640 np0000002306 nova-scheduler[95703]: DEBUG nova.filters [None req-83aa3b06-ccc3-4eb7-92c7-9dce51fe21f2 tempest-AttachVolumeShelveTestJSON-1701414866 tempest-AttachVolumeShelveTestJSON-1701414866-project-member] Filter ComputeCapabilitiesFilter returned 1 host(s) {{(pid=95703) get_filtered_objects /opt/stack/nova/nova/filters.py:102}}
Jun 08 12:45:18.300814 np0000002306 nova-scheduler[95703]: DEBUG nova.filters [None req-83aa3b06-ccc3-4eb7-92c7-9dce51fe21f2 tempest-AttachVolumeShelveTestJSON-1701414866 tempest-AttachVolumeShelveTestJSON-1701414866-project-member] Filter ImagePropertiesFilter returned 1 host(s) {{(pid=95703) get_filtered_objects /opt/stack/nova/nova/filters.py:102}}
Jun 08 12:45:18.301010 np0000002306 nova-scheduler[95703]: DEBUG nova.filters [None req-83aa3b06-ccc3-4eb7-92c7-9dce51fe21f2 tempest-AttachVolumeShelveTestJSON-1701414866 tempest-AttachVolumeShelveTestJSON-1701414866-project-member] Filter ServerGroupAntiAffinityFilter returned 1 host(s) {{(pid=95703) get_filtered_objects /opt/stack/nova/nova/filters.py:102}}
Jun 08 12:45:18.301210 np0000002306 nova-scheduler[95703]: DEBUG nova.filters [None req-83aa3b06-ccc3-4eb7-92c7-9dce51fe21f2 tempest-AttachVolumeShelveTestJSON-1701414866 tempest-AttachVolumeShelveTestJSON-1701414866-project-member] Filter ServerGroupAffinityFilter returned 1 host(s) {{(pid=95703) get_filtered_objects /opt/stack/nova/nova/filters.py:102}}
Jun 08 12:45:18.301428 np0000002306 nova-scheduler[95703]: DEBUG nova.filters [None req-83aa3b06-ccc3-4eb7-92c7-9dce51fe21f2 tempest-AttachVolumeShelveTestJSON-1701414866 tempest-AttachVolumeShelveTestJSON-1701414866-project-member] Filter SameHostFilter returned 1 host(s) {{(pid=95703) get_filtered_objects /opt/stack/nova/nova/filters.py:102}}
Jun 08 12:45:18.301606 np0000002306 nova-scheduler[95703]: DEBUG nova.filters [None req-83aa3b06-ccc3-4eb7-92c7-9dce51fe21f2 tempest-AttachVolumeShelveTestJSON-1701414866 tempest-AttachVolumeShelveTestJSON-1701414866-project-member] Filter DifferentHostFilter returned 1 host(s) {{(pid=95703) get_filtered_objects /opt/stack/nova/nova/filters.py:102}}
Jun 08 12:45:18.301788 np0000002306 nova-scheduler[95703]: DEBUG nova.scheduler.manager [None req-83aa3b06-ccc3-4eb7-92c7-9dce51fe21f2 tempest-AttachVolumeShelveTestJSON-1701414866 tempest-AttachVolumeShelveTestJSON-1701414866-project-member] Filtered [(np0000002306, np0000002306) ram: 23518MB disk: 75776MB io_ops: 0 instances: 0, allocation_candidates: 1] {{(pid=95703) _get_sorted_hosts /opt/stack/nova/nova/scheduler/manager.py:743}}
Jun 08 12:45:18.302080 np0000002306 nova-scheduler[95703]: DEBUG nova.scheduler.manager [None req-83aa3b06-ccc3-4eb7-92c7-9dce51fe21f2 tempest-AttachVolumeShelveTestJSON-1701414866 tempest-AttachVolumeShelveTestJSON-1701414866-project-member] Weighed [WeighedHost [host: (np0000002306, np0000002306) ram: 23518MB disk: 75776MB io_ops: 0 instances: 0, allocation_candidates: 1, weight: 0.0]] {{(pid=95703) _get_sorted_hosts /opt/stack/nova/nova/scheduler/manager.py:765}}
Jun 08 12:45:18.302329 np0000002306 nova-scheduler[95703]: DEBUG nova.scheduler.utils [None req-83aa3b06-ccc3-4eb7-92c7-9dce51fe21f2 tempest-AttachVolumeShelveTestJSON-1701414866 tempest-AttachVolumeShelveTestJSON-1701414866-project-member] Attempting to claim resources in the placement API for instance 42a8d86c-8fc5-4f9e-a0c2-0dee25089c42 {{(pid=95703) claim_resources /opt/stack/nova/nova/scheduler/utils.py:1345}}
Jun 08 12:45:18.505283 np0000002306 nova-scheduler[95703]: DEBUG nova.scheduler.manager [None req-83aa3b06-ccc3-4eb7-92c7-9dce51fe21f2 tempest-AttachVolumeShelveTestJSON-1701414866 tempest-AttachVolumeShelveTestJSON-1701414866-project-member] [instance: 42a8d86c-8fc5-4f9e-a0c2-0dee25089c42] Selected host: (np0000002306, np0000002306) ram: 23518MB disk: 75776MB io_ops: 0 instances: 0, allocation_candidates: 1 {{(pid=95703) _consume_selected_host /opt/stack/nova/nova/scheduler/manager.py:625}}
Jun 08 12:45:18.505738 np0000002306 nova-scheduler[95703]: DEBUG oslo_concurrency.lockutils [None req-83aa3b06-ccc3-4eb7-92c7-9dce51fe21f2 tempest-AttachVolumeShelveTestJSON-1701414866 tempest-AttachVolumeShelveTestJSON-1701414866-project-member] Acquiring lock "('np0000002306', 'np0000002306')" by "nova.scheduler.host_manager.HostState.consume_from_request.._locked" {{(pid=95703) inner /opt/stack/data/venv/lib/python3.12/site-packages/oslo_concurrency/lockutils.py:511}}
Jun 08 12:45:18.505738 np0000002306 nova-scheduler[95703]: DEBUG oslo_concurrency.lockutils [None req-83aa3b06-ccc3-4eb7-92c7-9dce51fe21f2 tempest-AttachVolumeShelveTestJSON-1701414866 tempest-AttachVolumeShelveTestJSON-1701414866-project-member] Lock "('np0000002306', 'np0000002306')" acquired by "nova.scheduler.host_manager.HostState.consume_from_request.._locked" :: waited 0.000s {{(pid=95703) inner /opt/stack/data/venv/lib/python3.12/site-packages/oslo_concurrency/lockutils.py:524}}
Jun 08 12:45:18.505860 np0000002306 nova-scheduler[95703]: DEBUG oslo_concurrency.lockutils [None req-83aa3b06-ccc3-4eb7-92c7-9dce51fe21f2 tempest-AttachVolumeShelveTestJSON-1701414866 tempest-AttachVolumeShelveTestJSON-1701414866-project-member] Lock "('np0000002306', 'np0000002306')" "released" by "nova.scheduler.host_manager.HostState.consume_from_request.._locked" :: held 0.000s {{(pid=95703) inner /opt/stack/data/venv/lib/python3.12/site-packages/oslo_concurrency/lockutils.py:543}}
Jun 08 12:45:19.966526 np0000002306 nova-scheduler[95717]: DEBUG nova.scheduler.manager [None req-abd4a3a3-b883-4288-9faa-9a1fa16f7d4b tempest-AttachVolumeMultiAttachTest-1933590856 tempest-AttachVolumeMultiAttachTest-1933590856-project-member] Starting to schedule for instances: ['a6e5a90d-8452-47b1-bd85-a8a606a5d581'] {{(pid=95717) select_destinations /opt/stack/nova/nova/scheduler/manager.py:210}}
Jun 08 12:45:19.972360 np0000002306 nova-scheduler[95717]: DEBUG nova.scheduler.request_filter [None req-abd4a3a3-b883-4288-9faa-9a1fa16f7d4b tempest-AttachVolumeMultiAttachTest-1933590856 tempest-AttachVolumeMultiAttachTest-1933590856-project-member] compute_status_filter request filter added forbidden trait COMPUTE_STATUS_DISABLED {{(pid=95717) compute_status_filter /opt/stack/nova/nova/scheduler/request_filter.py:253}}
Jun 08 12:45:19.972518 np0000002306 nova-scheduler[95717]: DEBUG nova.scheduler.request_filter [None req-abd4a3a3-b883-4288-9faa-9a1fa16f7d4b tempest-AttachVolumeMultiAttachTest-1933590856 tempest-AttachVolumeMultiAttachTest-1933590856-project-member] Request filter 'compute_status_filter' took 0.0 seconds {{(pid=95717) wrapper /opt/stack/nova/nova/scheduler/request_filter.py:46}}
Jun 08 12:45:19.973043 np0000002306 nova-scheduler[95717]: DEBUG nova.scheduler.request_filter [None req-abd4a3a3-b883-4288-9faa-9a1fa16f7d4b tempest-AttachVolumeMultiAttachTest-1933590856 tempest-AttachVolumeMultiAttachTest-1933590856-project-member] Request filter 'accelerators_filter' took 0.0 seconds {{(pid=95717) wrapper /opt/stack/nova/nova/scheduler/request_filter.py:46}}
Jun 08 12:45:19.973317 np0000002306 nova-scheduler[95717]: DEBUG nova.scheduler.request_filter [None req-abd4a3a3-b883-4288-9faa-9a1fa16f7d4b tempest-AttachVolumeMultiAttachTest-1933590856 tempest-AttachVolumeMultiAttachTest-1933590856-project-member] Request filter 'packed_virtqueue_filter' took 0.0 seconds {{(pid=95717) wrapper /opt/stack/nova/nova/scheduler/request_filter.py:46}}
Jun 08 12:45:19.973697 np0000002306 nova-scheduler[95717]: DEBUG nova.scheduler.request_filter [None req-abd4a3a3-b883-4288-9faa-9a1fa16f7d4b tempest-AttachVolumeMultiAttachTest-1933590856 tempest-AttachVolumeMultiAttachTest-1933590856-project-member] Request filter 'remote_managed_ports_filter' took 0.0 seconds {{(pid=95717) wrapper /opt/stack/nova/nova/scheduler/request_filter.py:46}}
Jun 08 12:45:19.973911 np0000002306 nova-scheduler[95717]: DEBUG nova.scheduler.request_filter [None req-abd4a3a3-b883-4288-9faa-9a1fa16f7d4b tempest-AttachVolumeMultiAttachTest-1933590856 tempest-AttachVolumeMultiAttachTest-1933590856-project-member] ephemeral_encryption_filter skipped {{(pid=95717) ephemeral_encryption_filter /opt/stack/nova/nova/scheduler/request_filter.py:426}}
Jun 08 12:45:19.974082 np0000002306 nova-scheduler[95717]: DEBUG nova.scheduler.request_filter [None req-abd4a3a3-b883-4288-9faa-9a1fa16f7d4b tempest-AttachVolumeMultiAttachTest-1933590856 tempest-AttachVolumeMultiAttachTest-1933590856-project-member] virtio_sound_filter skipped {{(pid=95717) virtio_sound_filter /opt/stack/nova/nova/scheduler/request_filter.py:460}}
Jun 08 12:45:19.974292 np0000002306 nova-scheduler[95717]: DEBUG nova.scheduler.request_filter [None req-abd4a3a3-b883-4288-9faa-9a1fa16f7d4b tempest-AttachVolumeMultiAttachTest-1933590856 tempest-AttachVolumeMultiAttachTest-1933590856-project-member] tpm_secret_security_filter skipped {{(pid=95717) tpm_secret_security_filter /opt/stack/nova/nova/scheduler/request_filter.py:477}}
Jun 08 12:45:20.091816 np0000002306 nova-scheduler[95717]: INFO nova.utils [None req-abd4a3a3-b883-4288-9faa-9a1fa16f7d4b tempest-AttachVolumeMultiAttachTest-1933590856 tempest-AttachVolumeMultiAttachTest-1933590856-project-member] The cell worker thread pool ForkProcess-3.cell_worker is initialized
Jun 08 12:45:20.092201 np0000002306 nova-scheduler[95717]: DEBUG oslo_concurrency.lockutils [None req-abd4a3a3-b883-4288-9faa-9a1fa16f7d4b tempest-AttachVolumeMultiAttachTest-1933590856 tempest-AttachVolumeMultiAttachTest-1933590856-project-member] Acquiring lock "65df8b9d-8457-4e97-807a-1fb852cd3829" by "nova.context.set_target_cell..get_or_set_cached_cell_and_set_connections" {{(pid=95717) inner /opt/stack/data/venv/lib/python3.12/site-packages/oslo_concurrency/lockutils.py:511}}
Jun 08 12:45:20.092513 np0000002306 nova-scheduler[95717]: DEBUG oslo_concurrency.lockutils [None req-abd4a3a3-b883-4288-9faa-9a1fa16f7d4b tempest-AttachVolumeMultiAttachTest-1933590856 tempest-AttachVolumeMultiAttachTest-1933590856-project-member] Lock "65df8b9d-8457-4e97-807a-1fb852cd3829" acquired by "nova.context.set_target_cell..get_or_set_cached_cell_and_set_connections" :: waited 0.000s {{(pid=95717) inner /opt/stack/data/venv/lib/python3.12/site-packages/oslo_concurrency/lockutils.py:524}}
Jun 08 12:45:20.094327 np0000002306 nova-scheduler[95717]: DEBUG oslo_concurrency.lockutils [None req-abd4a3a3-b883-4288-9faa-9a1fa16f7d4b tempest-AttachVolumeMultiAttachTest-1933590856 tempest-AttachVolumeMultiAttachTest-1933590856-project-member] Lock "65df8b9d-8457-4e97-807a-1fb852cd3829" "released" by "nova.context.set_target_cell..get_or_set_cached_cell_and_set_connections" :: held 0.002s {{(pid=95717) inner /opt/stack/data/venv/lib/python3.12/site-packages/oslo_concurrency/lockutils.py:543}}
Jun 08 12:45:20.096821 np0000002306 nova-scheduler[95717]: INFO dbcounter [None req-abd4a3a3-b883-4288-9faa-9a1fa16f7d4b tempest-AttachVolumeMultiAttachTest-1933590856 tempest-AttachVolumeMultiAttachTest-1933590856-project-member] Registered counter for database nova_cell1
Jun 08 12:45:20.134491 np0000002306 nova-scheduler[95717]: DEBUG oslo_db.sqlalchemy.engines [None req-abd4a3a3-b883-4288-9faa-9a1fa16f7d4b tempest-AttachVolumeMultiAttachTest-1933590856 tempest-AttachVolumeMultiAttachTest-1933590856-project-member] MySQL server mode set to STRICT_TRANS_TABLES,STRICT_ALL_TABLES,NO_ZERO_IN_DATE,NO_ZERO_DATE,ERROR_FOR_DIVISION_BY_ZERO,TRADITIONAL,NO_ENGINE_SUBSTITUTION {{(pid=95717) _check_effective_sql_mode /opt/stack/data/venv/lib/python3.12/site-packages/oslo_db/sqlalchemy/engines.py:325}}
Jun 08 12:45:20.140859 np0000002306 nova-scheduler[95717]: DEBUG dbcounter [-] [95717] Writer thread running {{(pid=95717) stat_writer /opt/stack/data/venv/lib/python3.12/site-packages/dbcounter.py:102}}
Jun 08 12:45:20.198952 np0000002306 nova-scheduler[95717]: DEBUG dbcounter [-] [95717] Writer thread running {{(pid=95717) stat_writer /opt/stack/data/venv/lib/python3.12/site-packages/dbcounter.py:102}}
Jun 08 12:45:20.202640 np0000002306 nova-scheduler[95717]: DEBUG oslo_concurrency.lockutils [None req-abd4a3a3-b883-4288-9faa-9a1fa16f7d4b tempest-AttachVolumeMultiAttachTest-1933590856 tempest-AttachVolumeMultiAttachTest-1933590856-project-member] Acquiring lock "65df8b9d-8457-4e97-807a-1fb852cd3829" by "nova.context.set_target_cell..get_or_set_cached_cell_and_set_connections" {{(pid=95717) inner /opt/stack/data/venv/lib/python3.12/site-packages/oslo_concurrency/lockutils.py:511}}
Jun 08 12:45:20.202851 np0000002306 nova-scheduler[95717]: DEBUG oslo_concurrency.lockutils [None req-abd4a3a3-b883-4288-9faa-9a1fa16f7d4b tempest-AttachVolumeMultiAttachTest-1933590856 tempest-AttachVolumeMultiAttachTest-1933590856-project-member] Lock "65df8b9d-8457-4e97-807a-1fb852cd3829" acquired by "nova.context.set_target_cell..get_or_set_cached_cell_and_set_connections" :: waited 0.000s {{(pid=95717) inner /opt/stack/data/venv/lib/python3.12/site-packages/oslo_concurrency/lockutils.py:524}}
Jun 08 12:45:20.203416 np0000002306 nova-scheduler[95717]: DEBUG oslo_concurrency.lockutils [None req-abd4a3a3-b883-4288-9faa-9a1fa16f7d4b tempest-AttachVolumeMultiAttachTest-1933590856 tempest-AttachVolumeMultiAttachTest-1933590856-project-member] Lock "65df8b9d-8457-4e97-807a-1fb852cd3829" "released" by "nova.context.set_target_cell..get_or_set_cached_cell_and_set_connections" :: held 0.000s {{(pid=95717) inner /opt/stack/data/venv/lib/python3.12/site-packages/oslo_concurrency/lockutils.py:543}}
Jun 08 12:45:20.209782 np0000002306 nova-scheduler[95717]: DEBUG oslo_concurrency.lockutils [None req-abd4a3a3-b883-4288-9faa-9a1fa16f7d4b tempest-AttachVolumeMultiAttachTest-1933590856 tempest-AttachVolumeMultiAttachTest-1933590856-project-member] Acquiring lock "('np0000002306', 'np0000002306')" by "nova.scheduler.host_manager.HostState.update.._locked_update" {{(pid=95717) inner /opt/stack/data/venv/lib/python3.12/site-packages/oslo_concurrency/lockutils.py:511}}
Jun 08 12:45:20.210023 np0000002306 nova-scheduler[95717]: DEBUG oslo_concurrency.lockutils [None req-abd4a3a3-b883-4288-9faa-9a1fa16f7d4b tempest-AttachVolumeMultiAttachTest-1933590856 tempest-AttachVolumeMultiAttachTest-1933590856-project-member] Lock "('np0000002306', 'np0000002306')" acquired by "nova.scheduler.host_manager.HostState.update.._locked_update" :: waited 0.000s {{(pid=95717) inner /opt/stack/data/venv/lib/python3.12/site-packages/oslo_concurrency/lockutils.py:524}}
