May 22 13:24:08.373798 np0000001271 devstack@neutron-api.service[87016]: DEBUG ovsdbapp.backend.ovs_idl.transaction [None req-6e0d070e-9182-4bbd-b185-d55984780a8b None None] Running txn n=1 command(idx=0): DbSetCommand(_result=None, table=HA_Chassis_Group, record=neutron-757a7a4b-8793-46c1-9e02-573dd3672eb0, col_values=(('external_ids', {'neutron:availability_zone_hints': '', 'neutron:network_id': '757a7a4b-8793-46c1-9e02-573dd3672eb0', 'neutron:router_id': 'a68916a3-aebd-470f-b06b-14179155e487'}),), if_exists=True) {{(pid=87016) do_commit /opt/stack/data/venv/lib/python3.12/site-packages/ovsdbapp/backend/ovs_idl/transaction.py:89}}
May 22 13:24:08.374115 np0000001271 devstack@neutron-api.service[87016]: DEBUG ovsdbapp.backend.ovs_idl.transaction [None req-6e0d070e-9182-4bbd-b185-d55984780a8b None None] Running txn n=1 command(idx=1): HAChassisGroupAddChassisCommand(_result=None, hcg=neutron-757a7a4b-8793-46c1-9e02-573dd3672eb0, chassis=de417d0c-c5f5-4734-b8ea-cafee3e41496, priority=1, columns={}) {{(pid=87016) do_commit /opt/stack/data/venv/lib/python3.12/site-packages/ovsdbapp/backend/ovs_idl/transaction.py:89}}
May 22 13:24:08.374381 np0000001271 devstack@neutron-api.service[87016]: DEBUG ovsdbapp.backend.ovs_idl.transaction [None req-6e0d070e-9182-4bbd-b185-d55984780a8b None None] Transaction caused no change {{(pid=87016) do_commit /opt/stack/data/venv/lib/python3.12/site-packages/ovsdbapp/backend/ovs_idl/transaction.py:129}}
May 22 13:24:08.402211 np0000001271 devstack@neutron-api.service[87016]: DEBUG ovsdbapp.backend.ovs_idl.transaction [None req-6e0d070e-9182-4bbd-b185-d55984780a8b None None] Running txn n=1 command(idx=0): CheckRevisionNumberCommand(_result=None, name=lrp-64a68193-389f-44c0-8559-cfbbf590dcdd, resource={'id': '64a68193-389f-44c0-8559-cfbbf590dcdd', 'name': '', 'network_id': '757a7a4b-8793-46c1-9e02-573dd3672eb0', 'project_id': 'f1470302f3ad4efd84c31ccd3e8d4faf', 'mac_address': 'fa:16:3e:9c:ce:f4', 'admin_state_up': True, 'status': 'ACTIVE', 'device_id': 'a68916a3-aebd-470f-b06b-14179155e487', 'device_owner': 'network:router_interface', 'standard_attr_id': 21, 'fixed_ips': [{'subnet_id': '5c6df2f4-5df7-4ee2-8dfc-dc12f1e9d6c1', 'ip_address': '10.1.0.1'}], 'allowed_address_pairs': [], 'extra_dhcp_opts': [], 'security_groups': [], 'description': '', 'binding:vnic_type': 'normal', 'binding:profile': {}, 'binding:host_id': '', 'binding:vif_type': 'unbound', 'binding:vif_details': {}, 'port_security_enabled': False, 'tags': [], 'created_at': '2026-05-22T13:23:59Z', 'updated_at': '2026-05-22T13:24:00Z', 'revision_number': 2, 'tenant_id': 'f1470302f3ad4efd84c31ccd3e8d4faf'}, resource_type=router_ports, if_exists=True) {{(pid=87016) do_commit /opt/stack/data/venv/lib/python3.12/site-packages/ovsdbapp/backend/ovs_idl/transaction.py:89}}
May 22 13:24:08.402568 np0000001271 devstack@neutron-api.service[87016]: DEBUG ovsdbapp.backend.ovs_idl.transaction [None req-6e0d070e-9182-4bbd-b185-d55984780a8b None None] Running txn n=1 command(idx=1): UpdateLRouterPortCommand(_result=None, name=lrp-64a68193-389f-44c0-8559-cfbbf590dcdd, columns={'external_ids': {'neutron:revision_number': '2', 'neutron:subnet_ids': '5c6df2f4-5df7-4ee2-8dfc-dc12f1e9d6c1', 'neutron:network_name': 'neutron-757a7a4b-8793-46c1-9e02-573dd3672eb0', 'neutron:is_ext_gw': 'False', 'neutron:router_name': 'neutron-a68916a3-aebd-470f-b06b-14179155e487'}, 'options': {}, 'networks': ['10.1.0.1/26'], 'ipv6_ra_configs': {}}, if_exists=False) {{(pid=87016) do_commit /opt/stack/data/venv/lib/python3.12/site-packages/ovsdbapp/backend/ovs_idl/transaction.py:89}}
May 22 13:24:08.402911 np0000001271 devstack@neutron-api.service[87016]: DEBUG ovsdbapp.backend.ovs_idl.transaction [None req-6e0d070e-9182-4bbd-b185-d55984780a8b None None] Running txn n=1 command(idx=2): SetLRouterPortInLSwitchPortCommand(_result=None, lswitch_port=64a68193-389f-44c0-8559-cfbbf590dcdd, lrouter_port=lrp-64a68193-389f-44c0-8559-cfbbf590dcdd, is_gw_port=False, if_exists=True, lsp_address=router) {{(pid=87016) do_commit /opt/stack/data/venv/lib/python3.12/site-packages/ovsdbapp/backend/ovs_idl/transaction.py:89}}
May 22 13:24:08.403349 np0000001271 devstack@neutron-api.service[87016]: DEBUG ovsdbapp.backend.ovs_idl.transaction [None req-6e0d070e-9182-4bbd-b185-d55984780a8b None None] Transaction caused no change {{(pid=87016) do_commit /opt/stack/data/venv/lib/python3.12/site-packages/ovsdbapp/backend/ovs_idl/transaction.py:129}}
May 22 13:24:09.983134 np0000001271 devstack@neutron-api.service[87017]: DEBUG neutron.plugins.ml2.drivers.ovn.mech_driver.ovsdb.ovsdb_monitor [None req-8fd8d997-d5eb-4585-9fcf-6d7e5b01c092 None None] Touching Hash Ring node "81c722f37408553aad4645522ba6b079" from IDL notify handler {{(pid=87017) notify /opt/stack/neutron/neutron/plugins/ml2/drivers/ovn/mech_driver/ovsdb/ovsdb_monitor.py:978}}
May 22 13:24:09.989207 np0000001271 devstack@neutron-api.service[87017]: DEBUG neutron.plugins.ml2.drivers.ovn.mech_driver.ovsdb.ovsdb_monitor [None req-8fd8d997-d5eb-4585-9fcf-6d7e5b01c092 None None] Hash Ring: Node 81c722f37408553aad4645522ba6b079 (host: np0000001271) handling event "update" for row e9758b3d-5ac6-4fa9-a9bd-eff163ea69ba (table: NB_Global) {{(pid=87017) notify /opt/stack/neutron/neutron/plugins/ml2/drivers/ovn/mech_driver/ovsdb/ovsdb_monitor.py:986}}
May 22 13:24:10.417875 np0000001271 devstack@neutron-api.service[87017]: DEBUG neutron.plugins.ml2.drivers.ovn.mech_driver.ovsdb.ovsdb_monitor [None req-8fd8d997-d5eb-4585-9fcf-6d7e5b01c092 None None] Touching Hash Ring node "81c722f37408553aad4645522ba6b079" from IDL notify handler {{(pid=87017) notify /opt/stack/neutron/neutron/plugins/ml2/drivers/ovn/mech_driver/ovsdb/ovsdb_monitor.py:978}}
May 22 13:24:10.421146 np0000001271 devstack@neutron-api.service[87017]: DEBUG neutron.plugins.ml2.drivers.ovn.mech_driver.ovsdb.ovsdb_monitor [None req-8fd8d997-d5eb-4585-9fcf-6d7e5b01c092 None None] Hash Ring: Node 81c722f37408553aad4645522ba6b079 (host: np0000001271) handling event "update" for row e9758b3d-5ac6-4fa9-a9bd-eff163ea69ba (table: NB_Global) {{(pid=87017) notify /opt/stack/neutron/neutron/plugins/ml2/drivers/ovn/mech_driver/ovsdb/ovsdb_monitor.py:986}}
May 22 13:24:10.424392 np0000001271 devstack@neutron-api.service[87017]: DEBUG neutron.plugins.ml2.drivers.ovn.mech_driver.ovsdb.ovsdb_monitor [None req-8fd8d997-d5eb-4585-9fcf-6d7e5b01c092 None None] Touching Hash Ring node "81c722f37408553aad4645522ba6b079" from IDL notify handler {{(pid=87017) notify /opt/stack/neutron/neutron/plugins/ml2/drivers/ovn/mech_driver/ovsdb/ovsdb_monitor.py:978}}
May 22 13:24:10.426706 np0000001271 devstack@neutron-api.service[87017]: DEBUG neutron.plugins.ml2.drivers.ovn.mech_driver.ovsdb.ovsdb_monitor [None req-8fd8d997-d5eb-4585-9fcf-6d7e5b01c092 None None] Hash Ring: Node 81c722f37408553aad4645522ba6b079 (host: np0000001271) handling event "update" for row e9758b3d-5ac6-4fa9-a9bd-eff163ea69ba (table: NB_Global) {{(pid=87017) notify /opt/stack/neutron/neutron/plugins/ml2/drivers/ovn/mech_driver/ovsdb/ovsdb_monitor.py:986}}
May 22 13:24:10.435737 np0000001271 devstack@neutron-api.service[87017]: DEBUG neutron.plugins.ml2.drivers.ovn.mech_driver.ovsdb.ovsdb_monitor [None req-8fd8d997-d5eb-4585-9fcf-6d7e5b01c092 None None] Touching Hash Ring node "81c722f37408553aad4645522ba6b079" from IDL notify handler {{(pid=87017) notify /opt/stack/neutron/neutron/plugins/ml2/drivers/ovn/mech_driver/ovsdb/ovsdb_monitor.py:978}}
May 22 13:24:10.438508 np0000001271 devstack@neutron-api.service[87017]: DEBUG neutron.plugins.ml2.drivers.ovn.mech_driver.ovsdb.ovsdb_monitor [None req-8fd8d997-d5eb-4585-9fcf-6d7e5b01c092 None None] Hash Ring: Node 81c722f37408553aad4645522ba6b079 (host: np0000001271) handling event "update" for row e9758b3d-5ac6-4fa9-a9bd-eff163ea69ba (table: NB_Global) {{(pid=87017) notify /opt/stack/neutron/neutron/plugins/ml2/drivers/ovn/mech_driver/ovsdb/ovsdb_monitor.py:986}}
May 22 13:24:12.442685 np0000001271 devstack@neutron-api.service[87017]: WARNING neutron.plugins.ml2.drivers.ovn.mech_driver.ovsdb.ovn_client [None req-1a193856-7526-41fe-829c-ac10065e822a None None] No hosting information found for port 0e7a9bfc-7d7d-4a5d-afd7-976304cac200: RuntimeError: No hosting information found for port 0e7a9bfc-7d7d-4a5d-afd7-976304cac200
May 22 13:24:12.475011 np0000001271 devstack@neutron-api.service[87017]: INFO neutron.common.ovn.utils [None req-1a193856-7526-41fe-829c-ac10065e822a None None] HA Chassis Group neutron-757a7a4b-8793-46c1-9e02-573dd3672eb0 synchronized; highest priority chassis de417d0c-c5f5-4734-b8ea-cafee3e41496
May 22 13:24:12.475488 np0000001271 devstack@neutron-api.service[87017]: DEBUG ovsdbapp.backend.ovs_idl.transaction [None req-8fd8d997-d5eb-4585-9fcf-6d7e5b01c092 None None] Running txn n=1 command(idx=0): DbSetCommand(_result=None, table=HA_Chassis_Group, record=neutron-757a7a4b-8793-46c1-9e02-573dd3672eb0, col_values=(('external_ids', {'neutron:availability_zone_hints': '', 'neutron:network_id': '757a7a4b-8793-46c1-9e02-573dd3672eb0', 'neutron:router_id': 'a68916a3-aebd-470f-b06b-14179155e487'}),), if_exists=True) {{(pid=87017) do_commit /opt/stack/data/venv/lib/python3.12/site-packages/ovsdbapp/backend/ovs_idl/transaction.py:89}}
May 22 13:24:12.475777 np0000001271 devstack@neutron-api.service[87017]: DEBUG ovsdbapp.backend.ovs_idl.transaction [None req-8fd8d997-d5eb-4585-9fcf-6d7e5b01c092 None None] Running txn n=1 command(idx=1): HAChassisGroupAddChassisCommand(_result=None, hcg=neutron-757a7a4b-8793-46c1-9e02-573dd3672eb0, chassis=de417d0c-c5f5-4734-b8ea-cafee3e41496, priority=1, columns={}) {{(pid=87017) do_commit /opt/stack/data/venv/lib/python3.12/site-packages/ovsdbapp/backend/ovs_idl/transaction.py:89}}
May 22 13:24:12.476056 np0000001271 devstack@neutron-api.service[87017]: DEBUG ovsdbapp.backend.ovs_idl.transaction [None req-8fd8d997-d5eb-4585-9fcf-6d7e5b01c092 None None] Transaction caused no change {{(pid=87017) do_commit /opt/stack/data/venv/lib/python3.12/site-packages/ovsdbapp/backend/ovs_idl/transaction.py:129}}
May 22 13:24:12.535958 np0000001271 devstack@neutron-api.service[87017]: DEBUG ovsdbapp.backend.ovs_idl.transaction [None req-8fd8d997-d5eb-4585-9fcf-6d7e5b01c092 None None] Running txn n=1 command(idx=0): CheckRevisionNumberCommand(_result=None, name=lrp-0e7a9bfc-7d7d-4a5d-afd7-976304cac200, resource={'id': '0e7a9bfc-7d7d-4a5d-afd7-976304cac200', 'name': '', 'network_id': '757a7a4b-8793-46c1-9e02-573dd3672eb0', 'project_id': 'f1470302f3ad4efd84c31ccd3e8d4faf', 'mac_address': 'fa:16:3e:90:c0:8b', 'admin_state_up': True, 'status': 'ACTIVE', 'device_id': 'a68916a3-aebd-470f-b06b-14179155e487', 'device_owner': 'network:router_interface', 'standard_attr_id': 24, 'fixed_ips': [{'subnet_id': '85f0d15b-ec49-4836-918a-1186df9c2a64', 'ip_address': 'fd88:b158:7a7a::1'}], 'allowed_address_pairs': [], 'extra_dhcp_opts': [], 'security_groups': [], 'description': '', 'binding:vnic_type': 'normal', 'binding:profile': {}, 'binding:host_id': '', 'binding:vif_type': 'unbound', 'binding:vif_details': {}, 'port_security_enabled': False, 'tags': [], 'created_at': '2026-05-22T13:24:03Z', 'updated_at': '2026-05-22T13:24:07Z', 'revision_number': 2, 'tenant_id': 'f1470302f3ad4efd84c31ccd3e8d4faf'}, resource_type=router_ports, if_exists=True) {{(pid=87017) do_commit /opt/stack/data/venv/lib/python3.12/site-packages/ovsdbapp/backend/ovs_idl/transaction.py:89}}
May 22 13:24:12.536238 np0000001271 devstack@neutron-api.service[87017]: DEBUG ovsdbapp.backend.ovs_idl.transaction [None req-8fd8d997-d5eb-4585-9fcf-6d7e5b01c092 None None] Running txn n=1 command(idx=1): UpdateLRouterPortCommand(_result=None, name=lrp-0e7a9bfc-7d7d-4a5d-afd7-976304cac200, columns={'external_ids': {'neutron:revision_number': '2', 'neutron:subnet_ids': '85f0d15b-ec49-4836-918a-1186df9c2a64', 'neutron:network_name': 'neutron-757a7a4b-8793-46c1-9e02-573dd3672eb0', 'neutron:is_ext_gw': 'False', 'neutron:router_name': 'neutron-a68916a3-aebd-470f-b06b-14179155e487'}, 'options': {}, 'networks': ['fd88:b158:7a7a::1/64'], 'ipv6_ra_configs': {'address_mode': 'slaac', 'send_periodic': 'true', 'mtu': '1372'}}, if_exists=False) {{(pid=87017) do_commit /opt/stack/data/venv/lib/python3.12/site-packages/ovsdbapp/backend/ovs_idl/transaction.py:89}}
May 22 13:24:12.536571 np0000001271 devstack@neutron-api.service[87017]: DEBUG ovsdbapp.backend.ovs_idl.transaction [None req-8fd8d997-d5eb-4585-9fcf-6d7e5b01c092 None None] Running txn n=1 command(idx=2): SetLRouterPortInLSwitchPortCommand(_result=None, lswitch_port=0e7a9bfc-7d7d-4a5d-afd7-976304cac200, lrouter_port=lrp-0e7a9bfc-7d7d-4a5d-afd7-976304cac200, is_gw_port=False, if_exists=True, lsp_address=router) {{(pid=87017) do_commit /opt/stack/data/venv/lib/python3.12/site-packages/ovsdbapp/backend/ovs_idl/transaction.py:89}}
May 22 13:24:12.540967 np0000001271 devstack@neutron-api.service[87017]: DEBUG neutron.plugins.ml2.drivers.ovn.mech_driver.ovsdb.ovsdb_monitor [None req-8fd8d997-d5eb-4585-9fcf-6d7e5b01c092 None None] Touching Hash Ring node "81c722f37408553aad4645522ba6b079" from IDL notify handler {{(pid=87017) notify /opt/stack/neutron/neutron/plugins/ml2/drivers/ovn/mech_driver/ovsdb/ovsdb_monitor.py:978}}
May 22 13:24:12.542754 np0000001271 devstack@neutron-api.service[87016]: DEBUG neutron.plugins.ml2.drivers.ovn.mech_driver.ovsdb.ovsdb_monitor [None req-ff93768b-a487-454d-8b49-35c1034d5ba6 None None] Touching Hash Ring node "cd6173470d995868ba464d48bfe913ad" from IDL notify handler {{(pid=87016) notify /opt/stack/neutron/neutron/plugins/ml2/drivers/ovn/mech_driver/ovsdb/ovsdb_monitor.py:978}}
May 22 13:24:12.545270 np0000001271 devstack@neutron-api.service[87017]: DEBUG neutron.plugins.ml2.drivers.ovn.mech_driver.ovsdb.ovsdb_monitor [None req-6605fcac-8b5c-47eb-9b74-a0511380b9d1 None None] Touching Hash Ring node "81c722f37408553aad4645522ba6b079" from IDL notify handler {{(pid=87017) notify /opt/stack/neutron/neutron/plugins/ml2/drivers/ovn/mech_driver/ovsdb/ovsdb_monitor.py:978}}
May 22 13:24:12.547460 np0000001271 devstack@neutron-api.service[87017]: DEBUG neutron.plugins.ml2.drivers.ovn.mech_driver.ovsdb.ovsdb_monitor [None req-8fd8d997-d5eb-4585-9fcf-6d7e5b01c092 None None] Hash Ring: Node 81c722f37408553aad4645522ba6b079 (host: np0000001271) handling event "update" for row 8caddaa4-6ac8-4e00-834e-9344d6166ae4 (table: Logical_Router_Port) {{(pid=87017) notify /opt/stack/neutron/neutron/plugins/ml2/drivers/ovn/mech_driver/ovsdb/ovsdb_monitor.py:986}}
May 22 13:24:12.549519 np0000001271 devstack@neutron-api.service[87016]: DEBUG neutron.plugins.ml2.drivers.ovn.mech_driver.ovsdb.ovsdb_monitor [None req-ff93768b-a487-454d-8b49-35c1034d5ba6 None None] Hash Ring: Node cd6173470d995868ba464d48bfe913ad (host: np0000001271) handling event "update" for row 0584def2-4327-400d-bb97-a67d4684c928 (table: Port_Binding) {{(pid=87016) notify /opt/stack/neutron/neutron/plugins/ml2/drivers/ovn/mech_driver/ovsdb/ovsdb_monitor.py:986}}
May 22 13:24:12.549659 np0000001271 devstack@neutron-api.service[87017]: DEBUG neutron.plugins.ml2.drivers.ovn.mech_driver.ovsdb.ovsdb_monitor [None req-6605fcac-8b5c-47eb-9b74-a0511380b9d1 None None] Hash Ring: Node 81c722f37408553aad4645522ba6b079 (host: np0000001271) handling event "update" for row 0584def2-4327-400d-bb97-a67d4684c928 (table: Port_Binding) {{(pid=87017) notify /opt/stack/neutron/neutron/plugins/ml2/drivers/ovn/mech_driver/ovsdb/ovsdb_monitor.py:986}}
May 22 13:24:12.572458 np0000001271 devstack@neutron-api.service[87017]: INFO neutron.db.ovn_revision_numbers_db [None req-1a193856-7526-41fe-829c-ac10065e822a None None] Successfully bumped revision number for resource 0e7a9bfc-7d7d-4a5d-afd7-976304cac200 (type: router_ports) to 2
May 22 13:24:12.602790 np0000001271 devstack@neutron-api.service[87017]: INFO neutron.common.ovn.utils [None req-1a193856-7526-41fe-829c-ac10065e822a None None] HA Chassis Group neutron-757a7a4b-8793-46c1-9e02-573dd3672eb0 synchronized; highest priority chassis de417d0c-c5f5-4734-b8ea-cafee3e41496
May 22 13:24:12.603230 np0000001271 devstack@neutron-api.service[87017]: DEBUG ovsdbapp.backend.ovs_idl.transaction [None req-8fd8d997-d5eb-4585-9fcf-6d7e5b01c092 None None] Running txn n=1 command(idx=0): DbSetCommand(_result=None, table=HA_Chassis_Group, record=neutron-757a7a4b-8793-46c1-9e02-573dd3672eb0, col_values=(('external_ids', {'neutron:availability_zone_hints': '', 'neutron:network_id': '757a7a4b-8793-46c1-9e02-573dd3672eb0', 'neutron:router_id': 'a68916a3-aebd-470f-b06b-14179155e487'}),), if_exists=True) {{(pid=87017) do_commit /opt/stack/data/venv/lib/python3.12/site-packages/ovsdbapp/backend/ovs_idl/transaction.py:89}}
May 22 13:24:12.603514 np0000001271 devstack@neutron-api.service[87017]: DEBUG ovsdbapp.backend.ovs_idl.transaction [None req-8fd8d997-d5eb-4585-9fcf-6d7e5b01c092 None None] Running txn n=1 command(idx=1): HAChassisGroupAddChassisCommand(_result=None, hcg=neutron-757a7a4b-8793-46c1-9e02-573dd3672eb0, chassis=de417d0c-c5f5-4734-b8ea-cafee3e41496, priority=1, columns={}) {{(pid=87017) do_commit /opt/stack/data/venv/lib/python3.12/site-packages/ovsdbapp/backend/ovs_idl/transaction.py:89}}
May 22 13:24:12.603784 np0000001271 devstack@neutron-api.service[87017]: DEBUG ovsdbapp.backend.ovs_idl.transaction [None req-8fd8d997-d5eb-4585-9fcf-6d7e5b01c092 None None] Transaction caused no change {{(pid=87017) do_commit /opt/stack/data/venv/lib/python3.12/site-packages/ovsdbapp/backend/ovs_idl/transaction.py:129}}
May 22 13:24:12.634300 np0000001271 devstack@neutron-api.service[87017]: INFO neutron.common.ovn.utils [None req-1a193856-7526-41fe-829c-ac10065e822a None None] HA Chassis Group neutron-757a7a4b-8793-46c1-9e02-573dd3672eb0 synchronized; highest priority chassis de417d0c-c5f5-4734-b8ea-cafee3e41496
May 22 13:24:12.634779 np0000001271 devstack@neutron-api.service[87017]: DEBUG ovsdbapp.backend.ovs_idl.transaction [None req-8fd8d997-d5eb-4585-9fcf-6d7e5b01c092 None None] Running txn n=1 command(idx=0): DbSetCommand(_result=None, table=HA_Chassis_Group, record=neutron-757a7a4b-8793-46c1-9e02-573dd3672eb0, col_values=(('external_ids', {'neutron:availability_zone_hints': '', 'neutron:network_id': '757a7a4b-8793-46c1-9e02-573dd3672eb0', 'neutron:router_id': 'a68916a3-aebd-470f-b06b-14179155e487'}),), if_exists=True) {{(pid=87017) do_commit /opt/stack/data/venv/lib/python3.12/site-packages/ovsdbapp/backend/ovs_idl/transaction.py:89}}
May 22 13:24:12.635104 np0000001271 devstack@neutron-api.service[87017]: DEBUG ovsdbapp.backend.ovs_idl.transaction [None req-8fd8d997-d5eb-4585-9fcf-6d7e5b01c092 None None] Running txn n=1 command(idx=1): HAChassisGroupAddChassisCommand(_result=None, hcg=neutron-757a7a4b-8793-46c1-9e02-573dd3672eb0, chassis=de417d0c-c5f5-4734-b8ea-cafee3e41496, priority=1, columns={}) {{(pid=87017) do_commit /opt/stack/data/venv/lib/python3.12/site-packages/ovsdbapp/backend/ovs_idl/transaction.py:89}}
May 22 13:24:12.635388 np0000001271 devstack@neutron-api.service[87017]: DEBUG ovsdbapp.backend.ovs_idl.transaction [None req-8fd8d997-d5eb-4585-9fcf-6d7e5b01c092 None None] Transaction caused no change {{(pid=87017) do_commit /opt/stack/data/venv/lib/python3.12/site-packages/ovsdbapp/backend/ovs_idl/transaction.py:129}}
May 22 13:24:12.669608 np0000001271 devstack@neutron-api.service[87017]: DEBUG ovsdbapp.backend.ovs_idl.transaction [None req-8fd8d997-d5eb-4585-9fcf-6d7e5b01c092 None None] Running txn n=1 command(idx=0): CheckRevisionNumberCommand(_result=None, name=lrp-64a68193-389f-44c0-8559-cfbbf590dcdd, resource={'id': '64a68193-389f-44c0-8559-cfbbf590dcdd', 'name': '', 'network_id': '757a7a4b-8793-46c1-9e02-573dd3672eb0', 'project_id': 'f1470302f3ad4efd84c31ccd3e8d4faf', 'mac_address': 'fa:16:3e:9c:ce:f4', 'admin_state_up': True, 'status': 'ACTIVE', 'device_id': 'a68916a3-aebd-470f-b06b-14179155e487', 'device_owner': 'network:router_interface', 'standard_attr_id': 21, 'fixed_ips': [{'subnet_id': '5c6df2f4-5df7-4ee2-8dfc-dc12f1e9d6c1', 'ip_address': '10.1.0.1'}], 'allowed_address_pairs': [], 'extra_dhcp_opts': [], 'security_groups': [], 'description': '', 'binding:vnic_type': 'normal', 'binding:profile': {}, 'binding:host_id': '', 'binding:vif_type': 'unbound', 'binding:vif_details': {}, 'port_security_enabled': False, 'tags': [], 'created_at': '2026-05-22T13:23:59Z', 'updated_at': '2026-05-22T13:24:00Z', 'revision_number': 2, 'tenant_id': 'f1470302f3ad4efd84c31ccd3e8d4faf'}, resource_type=router_ports, if_exists=True) {{(pid=87017) do_commit /opt/stack/data/venv/lib/python3.12/site-packages/ovsdbapp/backend/ovs_idl/transaction.py:89}}
May 22 13:24:12.669832 np0000001271 devstack@neutron-api.service[87017]: DEBUG ovsdbapp.backend.ovs_idl.transaction [None req-8fd8d997-d5eb-4585-9fcf-6d7e5b01c092 None None] Running txn n=1 command(idx=1): UpdateLRouterPortCommand(_result=None, name=lrp-64a68193-389f-44c0-8559-cfbbf590dcdd, columns={'external_ids': {'neutron:revision_number': '2', 'neutron:subnet_ids': '5c6df2f4-5df7-4ee2-8dfc-dc12f1e9d6c1', 'neutron:network_name': 'neutron-757a7a4b-8793-46c1-9e02-573dd3672eb0', 'neutron:is_ext_gw': 'False', 'neutron:router_name': 'neutron-a68916a3-aebd-470f-b06b-14179155e487'}, 'options': {}, 'networks': ['10.1.0.1/26'], 'ipv6_ra_configs': {}}, if_exists=False) {{(pid=87017) do_commit /opt/stack/data/venv/lib/python3.12/site-packages/ovsdbapp/backend/ovs_idl/transaction.py:89}}
May 22 13:24:12.670244 np0000001271 devstack@neutron-api.service[87017]: DEBUG ovsdbapp.backend.ovs_idl.transaction [None req-8fd8d997-d5eb-4585-9fcf-6d7e5b01c092 None None] Running txn n=1 command(idx=2): SetLRouterPortInLSwitchPortCommand(_result=None, lswitch_port=64a68193-389f-44c0-8559-cfbbf590dcdd, lrouter_port=lrp-64a68193-389f-44c0-8559-cfbbf590dcdd, is_gw_port=False, if_exists=True, lsp_address=router) {{(pid=87017) do_commit /opt/stack/data/venv/lib/python3.12/site-packages/ovsdbapp/backend/ovs_idl/transaction.py:89}}
May 22 13:24:12.670459 np0000001271 devstack@neutron-api.service[87017]: DEBUG ovsdbapp.backend.ovs_idl.transaction [None req-8fd8d997-d5eb-4585-9fcf-6d7e5b01c092 None None] Transaction caused no change {{(pid=87017) do_commit /opt/stack/data/venv/lib/python3.12/site-packages/ovsdbapp/backend/ovs_idl/transaction.py:129}}
May 22 13:24:12.726194 np0000001271 devstack@neutron-api.service[87017]: DEBUG ovsdbapp.backend.ovs_idl.transaction [None req-8fd8d997-d5eb-4585-9fcf-6d7e5b01c092 None None] Running txn n=1 command(idx=0): CheckRevisionNumberCommand(_result=None, name=lrp-0e7a9bfc-7d7d-4a5d-afd7-976304cac200, resource={'id': '0e7a9bfc-7d7d-4a5d-afd7-976304cac200', 'name': '', 'network_id': '757a7a4b-8793-46c1-9e02-573dd3672eb0', 'project_id': 'f1470302f3ad4efd84c31ccd3e8d4faf', 'mac_address': 'fa:16:3e:90:c0:8b', 'admin_state_up': True, 'status': 'ACTIVE', 'device_id': 'a68916a3-aebd-470f-b06b-14179155e487', 'device_owner': 'network:router_interface', 'standard_attr_id': 24, 'fixed_ips': [{'subnet_id': '85f0d15b-ec49-4836-918a-1186df9c2a64', 'ip_address': 'fd88:b158:7a7a::1'}], 'allowed_address_pairs': [], 'extra_dhcp_opts': [], 'security_groups': [], 'description': '', 'binding:vnic_type': 'normal', 'binding:profile': {}, 'binding:host_id': '', 'binding:vif_type': 'unbound', 'binding:vif_details': {}, 'port_security_enabled': False, 'tags': [], 'created_at': '2026-05-22T13:24:03Z', 'updated_at': '2026-05-22T13:24:07Z', 'revision_number': 2, 'tenant_id': 'f1470302f3ad4efd84c31ccd3e8d4faf'}, resource_type=router_ports, if_exists=True) {{(pid=87017) do_commit /opt/stack/data/venv/lib/python3.12/site-packages/ovsdbapp/backend/ovs_idl/transaction.py:89}}
May 22 13:24:12.726434 np0000001271 devstack@neutron-api.service[87017]: DEBUG ovsdbapp.backend.ovs_idl.transaction [None req-8fd8d997-d5eb-4585-9fcf-6d7e5b01c092 None None] Running txn n=1 command(idx=1): UpdateLRouterPortCommand(_result=None, name=lrp-0e7a9bfc-7d7d-4a5d-afd7-976304cac200, columns={'external_ids': {'neutron:revision_number': '2', 'neutron:subnet_ids': '85f0d15b-ec49-4836-918a-1186df9c2a64', 'neutron:network_name': 'neutron-757a7a4b-8793-46c1-9e02-573dd3672eb0', 'neutron:is_ext_gw': 'False', 'neutron:router_name': 'neutron-a68916a3-aebd-470f-b06b-14179155e487'}, 'options': {}, 'networks': ['fd88:b158:7a7a::1/64'], 'ipv6_ra_configs': {'address_mode': 'slaac', 'send_periodic': 'true', 'mtu': '1372'}}, if_exists=False) {{(pid=87017) do_commit /opt/stack/data/venv/lib/python3.12/site-packages/ovsdbapp/backend/ovs_idl/transaction.py:89}}
May 22 13:24:12.726665 np0000001271 devstack@neutron-api.service[87017]: DEBUG ovsdbapp.backend.ovs_idl.transaction [None req-8fd8d997-d5eb-4585-9fcf-6d7e5b01c092 None None] Running txn n=1 command(idx=2): SetLRouterPortInLSwitchPortCommand(_result=None, lswitch_port=0e7a9bfc-7d7d-4a5d-afd7-976304cac200, lrouter_port=lrp-0e7a9bfc-7d7d-4a5d-afd7-976304cac200, is_gw_port=False, if_exists=True, lsp_address=router) {{(pid=87017) do_commit /opt/stack/data/venv/lib/python3.12/site-packages/ovsdbapp/backend/ovs_idl/transaction.py:89}}
May 22 13:24:12.726958 np0000001271 devstack@neutron-api.service[87017]: DEBUG ovsdbapp.backend.ovs_idl.transaction [None req-8fd8d997-d5eb-4585-9fcf-6d7e5b01c092 None None] Transaction caused no change {{(pid=87017) do_commit /opt/stack/data/venv/lib/python3.12/site-packages/ovsdbapp/backend/ovs_idl/transaction.py:129}}
May 22 13:24:17.107477 np0000001271 devstack@neutron-api.service[87017]: DEBUG futurist.periodics [-] Submitting periodic callback 'neutron.plugins.ml2.drivers.ovn.mech_driver.ovsdb.maintenance.HashRingHealthCheckPeriodics.touch_hash_ring_node' {{(pid=87017) _process_scheduled /opt/stack/data/venv/lib/python3.12/site-packages/futurist/periodics.py:784}}
May 22 13:24:17.109252 np0000001271 devstack@neutron-api.service[87017]: DEBUG neutron.plugins.ml2.drivers.ovn.mech_driver.ovsdb.maintenance [-] Touching Hash Ring node "81c722f37408553aad4645522ba6b079" from periodic health check thread {{(pid=87017) touch_hash_ring_node /opt/stack/neutron/neutron/plugins/ml2/drivers/ovn/mech_driver/ovsdb/maintenance.py:1466}}
May 22 13:24:17.922830 np0000001271 devstack@neutron-api.service[87016]: DEBUG futurist.periodics [-] Submitting periodic callback 'neutron.plugins.ml2.drivers.ovn.mech_driver.ovsdb.maintenance.HashRingHealthCheckPeriodics.touch_hash_ring_node' {{(pid=87016) _process_scheduled /opt/stack/data/venv/lib/python3.12/site-packages/futurist/periodics.py:784}}
May 22 13:24:17.923301 np0000001271 devstack@neutron-api.service[87016]: DEBUG neutron.plugins.ml2.drivers.ovn.mech_driver.ovsdb.maintenance [-] Touching Hash Ring node "cd6173470d995868ba464d48bfe913ad" from periodic health check thread {{(pid=87016) touch_hash_ring_node /opt/stack/neutron/neutron/plugins/ml2/drivers/ovn/mech_driver/ovsdb/maintenance.py:1466}}
May 22 13:24:27.123254 np0000001271 devstack@neutron-api.service[87017]: DEBUG dbcounter [-] [87017] Writing DB stats neutron:SELECT=2270,neutron:INSERT=703,neutron:DELETE=12,neutron:UPDATE=112 {{(pid=87017) stat_writer /opt/stack/data/venv/lib/python3.12/site-packages/dbcounter.py:115}}
May 22 13:24:27.929768 np0000001271 devstack@neutron-api.service[87016]: DEBUG dbcounter [-] [87016] Writing DB stats neutron:SELECT=3587,neutron:INSERT=97,neutron:DELETE=13,neutron:UPDATE=86 {{(pid=87016) stat_writer /opt/stack/data/venv/lib/python3.12/site-packages/dbcounter.py:115}}
May 22 13:24:32.109545 np0000001271 devstack@neutron-api.service[87017]: DEBUG futurist.periodics [-] Submitting periodic callback 'neutron.plugins.ml2.drivers.ovn.mech_driver.ovsdb.maintenance.HashRingHealthCheckPeriodics.touch_hash_ring_node' {{(pid=87017) _process_scheduled /opt/stack/data/venv/lib/python3.12/site-packages/futurist/periodics.py:784}}
May 22 13:24:32.109981 np0000001271 devstack@neutron-api.service[87017]: DEBUG neutron.plugins.ml2.drivers.ovn.mech_driver.ovsdb.maintenance [-] Touching Hash Ring node "81c722f37408553aad4645522ba6b079" from periodic health check thread {{(pid=87017) touch_hash_ring_node /opt/stack/neutron/neutron/plugins/ml2/drivers/ovn/mech_driver/ovsdb/maintenance.py:1466}}
May 22 13:24:32.923412 np0000001271 devstack@neutron-api.service[87016]: DEBUG futurist.periodics [-] Submitting periodic callback 'neutron.plugins.ml2.drivers.ovn.mech_driver.ovsdb.maintenance.HashRingHealthCheckPeriodics.touch_hash_ring_node' {{(pid=87016) _process_scheduled /opt/stack/data/venv/lib/python3.12/site-packages/futurist/periodics.py:784}}
May 22 13:24:32.923918 np0000001271 devstack@neutron-api.service[87016]: DEBUG neutron.plugins.ml2.drivers.ovn.mech_driver.ovsdb.maintenance [-] Touching Hash Ring node "cd6173470d995868ba464d48bfe913ad" from periodic health check thread {{(pid=87016) touch_hash_ring_node /opt/stack/neutron/neutron/plugins/ml2/drivers/ovn/mech_driver/ovsdb/maintenance.py:1466}}
May 22 13:24:42.116952 np0000001271 devstack@neutron-api.service[87017]: DEBUG dbcounter [-] [87017] Writing DB stats neutron:UPDATE=1,neutron:SELECT=1 {{(pid=87017) stat_writer /opt/stack/data/venv/lib/python3.12/site-packages/dbcounter.py:115}}
May 22 13:24:42.931702 np0000001271 devstack@neutron-api.service[87016]: DEBUG dbcounter [-] [87016] Writing DB stats neutron:UPDATE=1,neutron:SELECT=1 {{(pid=87016) stat_writer /opt/stack/data/venv/lib/python3.12/site-packages/dbcounter.py:115}}
May 22 13:24:47.110405 np0000001271 devstack@neutron-api.service[87017]: DEBUG futurist.periodics [-] Submitting periodic callback 'neutron.plugins.ml2.drivers.ovn.mech_driver.ovsdb.maintenance.HashRingHealthCheckPeriodics.touch_hash_ring_node' {{(pid=87017) _process_scheduled /opt/stack/data/venv/lib/python3.12/site-packages/futurist/periodics.py:784}}
May 22 13:24:47.112130 np0000001271 devstack@neutron-api.service[87017]: DEBUG neutron.plugins.ml2.drivers.ovn.mech_driver.ovsdb.maintenance [-] Touching Hash Ring node "81c722f37408553aad4645522ba6b079" from periodic health check thread {{(pid=87017) touch_hash_ring_node /opt/stack/neutron/neutron/plugins/ml2/drivers/ovn/mech_driver/ovsdb/maintenance.py:1466}}
May 22 13:24:47.923991 np0000001271 devstack@neutron-api.service[87016]: DEBUG futurist.periodics [-] Submitting periodic callback 'neutron.plugins.ml2.drivers.ovn.mech_driver.ovsdb.maintenance.HashRingHealthCheckPeriodics.touch_hash_ring_node' {{(pid=87016) _process_scheduled /opt/stack/data/venv/lib/python3.12/site-packages/futurist/periodics.py:784}}
May 22 13:24:47.924341 np0000001271 devstack@neutron-api.service[87016]: DEBUG neutron.plugins.ml2.drivers.ovn.mech_driver.ovsdb.maintenance [-] Touching Hash Ring node "cd6173470d995868ba464d48bfe913ad" from periodic health check thread {{(pid=87016) touch_hash_ring_node /opt/stack/neutron/neutron/plugins/ml2/drivers/ovn/mech_driver/ovsdb/maintenance.py:1466}}
May 22 13:24:57.117901 np0000001271 devstack@neutron-api.service[87017]: DEBUG dbcounter [-] [87017] Writing DB stats neutron:UPDATE=1,neutron:SELECT=1 {{(pid=87017) stat_writer /opt/stack/data/venv/lib/python3.12/site-packages/dbcounter.py:115}}
May 22 13:24:57.930329 np0000001271 devstack@neutron-api.service[87016]: DEBUG dbcounter [-] [87016] Writing DB stats neutron:UPDATE=1,neutron:SELECT=1 {{(pid=87016) stat_writer /opt/stack/data/venv/lib/python3.12/site-packages/dbcounter.py:115}}
May 22 13:25:02.111213 np0000001271 devstack@neutron-api.service[87017]: DEBUG futurist.periodics [-] Submitting periodic callback 'neutron.plugins.ml2.drivers.ovn.mech_driver.ovsdb.maintenance.HashRingHealthCheckPeriodics.touch_hash_ring_node' {{(pid=87017) _process_scheduled /opt/stack/data/venv/lib/python3.12/site-packages/futurist/periodics.py:784}}
May 22 13:25:02.111775 np0000001271 devstack@neutron-api.service[87017]: DEBUG neutron.plugins.ml2.drivers.ovn.mech_driver.ovsdb.maintenance [-] Touching Hash Ring node "81c722f37408553aad4645522ba6b079" from periodic health check thread {{(pid=87017) touch_hash_ring_node /opt/stack/neutron/neutron/plugins/ml2/drivers/ovn/mech_driver/ovsdb/maintenance.py:1466}}
May 22 13:25:02.924580 np0000001271 devstack@neutron-api.service[87016]: DEBUG futurist.periodics [-] Submitting periodic callback 'neutron.plugins.ml2.drivers.ovn.mech_driver.ovsdb.maintenance.HashRingHealthCheckPeriodics.touch_hash_ring_node' {{(pid=87016) _process_scheduled /opt/stack/data/venv/lib/python3.12/site-packages/futurist/periodics.py:784}}
May 22 13:25:02.925044 np0000001271 devstack@neutron-api.service[87016]: DEBUG neutron.plugins.ml2.drivers.ovn.mech_driver.ovsdb.maintenance [-] Touching Hash Ring node "cd6173470d995868ba464d48bfe913ad" from periodic health check thread {{(pid=87016) touch_hash_ring_node /opt/stack/neutron/neutron/plugins/ml2/drivers/ovn/mech_driver/ovsdb/maintenance.py:1466}}
May 22 13:25:08.349725 np0000001271 devstack@neutron-api.service[87017]: DEBUG neutron.api.wsgi [None req-ba21e9f6-3d2d-46e5-93c3-2025d1b8c97b admin admin] Missing Content-Type {{(pid=87017) get_content_type /opt/stack/neutron/neutron/api/wsgi.py:80}}
May 22 13:25:08.350150 np0000001271 devstack@neutron-api.service[87017]: DEBUG neutron.api.wsgi [None req-ba21e9f6-3d2d-46e5-93c3-2025d1b8c97b admin admin] https://10.4.3.10/networking/v2.0/extensions returned with HTTP 200 {{(pid=87017) __call__ /opt/stack/neutron/neutron/api/wsgi.py:540}}
May 22 13:25:08.350450 np0000001271 devstack@neutron-api.service[87017]: [pid: 87017|app: 0|req: 18/34] 10.4.3.10 () {64 vars in 1285 bytes} [Fri May 22 13:25:08 2026] GET /networking/v2.0/extensions => generated 15209 bytes in 3 msecs (HTTP/1.1 200) 4 headers in 159 bytes (1 switches on core 0)
May 22 13:25:08.634839 np0000001271 devstack@neutron-api.service[87016]: INFO neutron.pecan_wsgi.hooks.translation [None req-79ddac28-8a02-4a64-b977-95efe3bcce46 admin admin] GET failed (client error): The resource could not be found.
May 22 13:25:08.635661 np0000001271 devstack@neutron-api.service[87016]: [pid: 87016|app: 0|req: 17/35] 10.4.3.10 () {64 vars in 1287 bytes} [Fri May 22 13:25:08 2026] GET /networking/v2.0/networks/public => generated 108 bytes in 9 msecs (HTTP/1.1 404) 4 headers in 164 bytes (1 switches on core 0)
May 22 13:25:08.678575 np0000001271 devstack@neutron-api.service[87017]: DEBUG neutron.pecan_wsgi.hooks.policy_enforcement [None req-2e0df412-d62e-4bd7-849f-2e17274ed303 admin admin] Attributes excluded by policy engine: ['standard_attr_id'] {{(pid=87017) _exclude_attributes_by_policy /opt/stack/neutron/neutron/pecan_wsgi/hooks/policy_enforcement.py:256}}
May 22 13:25:08.679445 np0000001271 devstack@neutron-api.service[87017]: [pid: 87017|app: 0|req: 19/36] 10.4.3.10 () {64 vars in 1302 bytes} [Fri May 22 13:25:08 2026] GET /networking/v2.0/networks?name=public => generated 759 bytes in 37 msecs (HTTP/1.1 200) 4 headers in 157 bytes (1 switches on core 0)
May 22 13:25:08.856838 np0000001271 devstack@neutron-api.service[87016]: DEBUG neutron.api.v2.base [None req-49909bf6-c388-4f1a-af2f-e061027d0e14 admin admin] Request body: {'network': {'name': 'shared', 'shared': True, 'admin_state_up': True}} {{(pid=87016) prepare_request_body /opt/stack/neutron/neutron/api/v2/base.py:727}}
May 22 13:25:08.868944 np0000001271 devstack@neutron-api.service[87016]: DEBUG neutron.pecan_wsgi.hooks.quota_enforcement [None req-49909bf6-c388-4f1a-af2f-e061027d0e14 admin admin] Made reservation on behalf of f1470302f3ad4efd84c31ccd3e8d4faf for: {'network': 1} {{(pid=87016) before /opt/stack/neutron/neutron/pecan_wsgi/hooks/quota_enforcement.py:66}}
May 22 13:25:08.872033 np0000001271 devstack@neutron-api.service[87016]: DEBUG neutron_lib.callbacks.manager [None req-49909bf6-c388-4f1a-af2f-e061027d0e14 admin admin] Publish callbacks ['neutron.plugins.ml2.plugin.SecurityGroupDbMixin._ensure_default_security_group_handler-7366630'] for network (None), before_create {{(pid=87016) _notify_loop /opt/stack/data/venv/lib/python3.12/site-packages/neutron_lib/callbacks/manager.py:184}}
May 22 13:25:08.902000 np0000001271 devstack@neutron-api.service[87016]: WARNING neutron.services.revisions.revision_plugin [None req-49909bf6-c388-4f1a-af2f-e061027d0e14 admin admin] Could not find related network for resource to bump revision.
May 22 13:25:08.935126 np0000001271 devstack@neutron-api.service[87016]: DEBUG neutron.plugins.ml2.drivers.helpers [None req-49909bf6-c388-4f1a-af2f-e061027d0e14 admin admin] geneve segment allocate from pool success with {'geneve_vni': 59974} {{(pid=87016) allocate_partially_specified_segment /opt/stack/neutron/neutron/plugins/ml2/drivers/helpers.py:142}}
May 22 13:25:08.941578 np0000001271 devstack@neutron-api.service[87016]: DEBUG neutron_lib.callbacks.manager [None req-49909bf6-c388-4f1a-af2f-e061027d0e14 admin admin] Publish callbacks ['neutron.services.segments.db._add_segment_host_mapping_for_segment-8369863298672', 'neutron.plugins.ml2.plugin.Ml2Plugin._handle_segment_change-8137872'] for segment (93af5afc-9b7f-40a4-95c4-445b0dc1612c), precommit_create {{(pid=87016) _notify_loop /opt/stack/data/venv/lib/python3.12/site-packages/neutron_lib/callbacks/manager.py:184}}
May 22 13:25:08.941735 np0000001271 devstack@neutron-api.service[87016]: INFO neutron.db.segments_db [None req-49909bf6-c388-4f1a-af2f-e061027d0e14 admin admin] Added segment 93af5afc-9b7f-40a4-95c4-445b0dc1612c of type geneve for network be4910f6-83d3-4863-b1e4-0080639fe8a9
May 22 13:25:08.952538 np0000001271 devstack@neutron-api.service[87016]: DEBUG neutron_lib.callbacks.manager [None req-49909bf6-c388-4f1a-af2f-e061027d0e14 admin admin] Publish callbacks ['neutron.services.auto_allocate.db._ensure_external_network_default_value_callback-8369862017228'] for network (be4910f6-83d3-4863-b1e4-0080639fe8a9), precommit_create {{(pid=87016) _notify_loop /opt/stack/data/venv/lib/python3.12/site-packages/neutron_lib/callbacks/manager.py:184}}
May 22 13:25:08.962795 np0000001271 devstack@neutron-api.service[87016]: DEBUG neutron.plugins.ml2.drivers.ovn.mech_driver.mech_driver [None req-49909bf6-c388-4f1a-af2f-e061027d0e14 admin admin] Validating network segment with type geneve, segmentation ID 59974, physical network None {{(pid=87016) _validate_network_segments /opt/stack/neutron/neutron/plugins/ml2/drivers/ovn/mech_driver/mech_driver.py:641}}
May 22 13:25:08.963002 np0000001271 devstack@neutron-api.service[87016]: DEBUG neutron.db.ovn_revision_numbers_db [None req-49909bf6-c388-4f1a-af2f-e061027d0e14 admin admin] create_initial_revision uuid=be4910f6-83d3-4863-b1e4-0080639fe8a9, type=networks, rev=-1 {{(pid=87016) create_initial_revision /opt/stack/neutron/neutron/db/ovn_revision_numbers_db.py:98}}
May 22 13:25:08.969090 np0000001271 devstack@neutron-api.service[87016]: DEBUG neutron_lib.callbacks.manager [None req-49909bf6-c388-4f1a-af2f-e061027d0e14 admin admin] Publish callbacks ['neutron.plugins.ml2.ovo_rpc._ObjectChangeHandler.handle_event-1632991'] for network (be4910f6-83d3-4863-b1e4-0080639fe8a9), after_create {{(pid=87016) _notify_loop /opt/stack/data/venv/lib/python3.12/site-packages/neutron_lib/callbacks/manager.py:184}}
May 22 13:25:08.981865 np0000001271 devstack@neutron-api.service[87016]: DEBUG neutron.api.rpc.handlers.resources_rpc [None req-49909bf6-c388-4f1a-af2f-e061027d0e14 admin admin] Pushing event updated for resources: {'Network': ['ID=be4910f6-83d3-4863-b1e4-0080639fe8a9,revision_number=1']} {{(pid=87016) push /opt/stack/neutron/neutron/api/rpc/handlers/resources_rpc.py:237}}
May 22 13:25:08.985284 np0000001271 devstack@neutron-api.service[87016]: DEBUG ovsdbapp.backend.ovs_idl.transaction [None req-6e0d070e-9182-4bbd-b185-d55984780a8b None None] Running txn n=1 command(idx=0): CheckLivenessCommand(_result=None) {{(pid=87016) do_commit /opt/stack/data/venv/lib/python3.12/site-packages/ovsdbapp/backend/ovs_idl/transaction.py:89}}
May 22 13:25:08.990442 np0000001271 devstack@neutron-api.service[87016]: DEBUG neutron.plugins.ml2.drivers.ovn.mech_driver.ovsdb.ovsdb_monitor [None req-ff93768b-a487-454d-8b49-35c1034d5ba6 None None] ChassisAgentWriteEvent : Matched Chassis_Private, update, None None {{(pid=87016) matches /opt/stack/neutron/neutron/plugins/ml2/drivers/ovn/mech_driver/ovsdb/ovsdb_monitor.py:64}}
May 22 13:25:08.992272 np0000001271 devstack@neutron-api.service[87017]: DEBUG neutron.plugins.ml2.drivers.ovn.mech_driver.ovsdb.ovsdb_monitor [None req-6605fcac-8b5c-47eb-9b74-a0511380b9d1 None None] ChassisAgentWriteEvent : Matched Chassis_Private, update, None None {{(pid=87017) matches /opt/stack/neutron/neutron/plugins/ml2/drivers/ovn/mech_driver/ovsdb/ovsdb_monitor.py:64}}
May 22 13:25:08.995850 np0000001271 devstack@neutron-api.service[87016]: DEBUG neutron.common.ovn.hash_ring_manager [None req-6e0d070e-9182-4bbd-b185-d55984780a8b None None] Hash Ring loaded. 2 active nodes. 0 offline nodes {{(pid=87016) _load_hash_ring /opt/stack/neutron/neutron/common/ovn/hash_ring_manager.py:102}}
May 22 13:25:08.996487 np0000001271 devstack@neutron-api.service[87016]: DEBUG neutron.common.ovn.hash_ring_manager [None req-ff93768b-a487-454d-8b49-35c1034d5ba6 None None] Hash Ring loaded. 2 active nodes. 0 offline nodes {{(pid=87016) _load_hash_ring /opt/stack/neutron/neutron/common/ovn/hash_ring_manager.py:102}}
May 22 13:25:08.999523 np0000001271 devstack@neutron-api.service[87016]: DEBUG neutron.api.rpc.callbacks.version_manager [None req-49909bf6-c388-4f1a-af2f-e061027d0e14 admin admin] Tracked resource versions report:
May 22 13:25:08.999523 np0000001271 devstack@neutron-api.service[87016]: pushed versions:
May 22 13:25:08.999523 np0000001271 devstack@neutron-api.service[87016]: { 'AddressGroup': {'1.2'},
May 22 13:25:08.999523 np0000001271 devstack@neutron-api.service[87016]: 'Agent': {'1.1'},
May 22 13:25:08.999523 np0000001271 devstack@neutron-api.service[87016]: 'ConntrackHelper': {'1.0'},
May 22 13:25:08.999523 np0000001271 devstack@neutron-api.service[87016]: 'LocalIPAssociation': {'1.0'},
May 22 13:25:08.999523 np0000001271 devstack@neutron-api.service[87016]: 'Log': {'1.0'},
May 22 13:25:08.999523 np0000001271 devstack@neutron-api.service[87016]: 'NDPProxy': {'1.0'},
May 22 13:25:08.999523 np0000001271 devstack@neutron-api.service[87016]: 'Network': {'1.2'},
May 22 13:25:08.999523 np0000001271 devstack@neutron-api.service[87016]: 'Port': {'1.10'},
May 22 13:25:08.999523 np0000001271 devstack@neutron-api.service[87016]: 'PortForwarding': {'1.3'},
May 22 13:25:08.999523 np0000001271 devstack@neutron-api.service[87016]: 'QosPolicy': {'1.10'},
May 22 13:25:08.999523 np0000001271 devstack@neutron-api.service[87016]: 'SecurityGroup': {'1.6'},
May 22 13:25:08.999523 np0000001271 devstack@neutron-api.service[87016]: 'SecurityGroupRule': {'1.3'},
May 22 13:25:08.999523 np0000001271 devstack@neutron-api.service[87016]: 'SubPort': {'1.0'},
May 22 13:25:08.999523 np0000001271 devstack@neutron-api.service[87016]: 'Subnet': {'1.2'},
May 22 13:25:08.999523 np0000001271 devstack@neutron-api.service[87016]: 'Trunk': {'1.1'}}
May 22 13:25:08.999523 np0000001271 devstack@neutron-api.service[87016]: consumer versions:
May 22 13:25:08.999523 np0000001271 devstack@neutron-api.service[87016]: { OVN Neutron agent@np0000001271: {},
May 22 13:25:08.999523 np0000001271 devstack@neutron-api.service[87016]: OVN Controller Gateway agent@np0000001271: {}}
May 22 13:25:08.999523 np0000001271 devstack@neutron-api.service[87016]: {{(pid=87016) report /opt/stack/neutron/neutron/api/rpc/callbacks/version_manager.py:183}}
May 22 13:25:09.001117 np0000001271 devstack@neutron-api.service[87017]: DEBUG neutron.common.ovn.hash_ring_manager [None req-8fd8d997-d5eb-4585-9fcf-6d7e5b01c092 None None] Hash Ring loaded. 2 active nodes. 0 offline nodes {{(pid=87017) _load_hash_ring /opt/stack/neutron/neutron/common/ovn/hash_ring_manager.py:102}}
May 22 13:25:09.001529 np0000001271 devstack@neutron-api.service[87017]: DEBUG neutron.plugins.ml2.drivers.ovn.mech_driver.ovsdb.ovsdb_monitor [None req-8fd8d997-d5eb-4585-9fcf-6d7e5b01c092 None None] Hash Ring: Node 81c722f37408553aad4645522ba6b079 (host: np0000001271) handling event "update" for row e9758b3d-5ac6-4fa9-a9bd-eff163ea69ba (table: NB_Global) {{(pid=87017) notify /opt/stack/neutron/neutron/plugins/ml2/drivers/ovn/mech_driver/ovsdb/ovsdb_monitor.py:986}}
May 22 13:25:09.002026 np0000001271 devstack@neutron-api.service[87017]: DEBUG neutron.common.ovn.hash_ring_manager [None req-6605fcac-8b5c-47eb-9b74-a0511380b9d1 None None] Hash Ring loaded. 2 active nodes. 0 offline nodes {{(pid=87017) _load_hash_ring /opt/stack/neutron/neutron/common/ovn/hash_ring_manager.py:102}}
May 22 13:25:09.002306 np0000001271 devstack@neutron-api.service[87017]: DEBUG neutron.plugins.ml2.drivers.ovn.mech_driver.ovsdb.ovsdb_monitor [None req-6605fcac-8b5c-47eb-9b74-a0511380b9d1 None None] Hash Ring: Node 81c722f37408553aad4645522ba6b079 (host: np0000001271) handling event "update" for row 8af264a0-a1a1-4caa-8592-fa07d1a35429 (table: Chassis_Private) {{(pid=87017) notify /opt/stack/neutron/neutron/plugins/ml2/drivers/ovn/mech_driver/ovsdb/ovsdb_monitor.py:986}}
May 22 13:25:09.002980 np0000001271 devstack@neutron-api.service[87017]: DEBUG neutron.plugins.ml2.drivers.ovn.mech_driver.ovsdb.ovsdb_monitor [None req-8fd8d997-d5eb-4585-9fcf-6d7e5b01c092 None None] Hash Ring: Node 81c722f37408553aad4645522ba6b079 (host: np0000001271) handling event "update" for row e9758b3d-5ac6-4fa9-a9bd-eff163ea69ba (table: NB_Global) {{(pid=87017) notify /opt/stack/neutron/neutron/plugins/ml2/drivers/ovn/mech_driver/ovsdb/ovsdb_monitor.py:986}}
May 22 13:25:09.004165 np0000001271 devstack@neutron-api.service[87017]: DEBUG neutron.plugins.ml2.drivers.ovn.mech_driver.ovsdb.ovsdb_monitor [None req-8fd8d997-d5eb-4585-9fcf-6d7e5b01c092 None None] Hash Ring: Node 81c722f37408553aad4645522ba6b079 (host: np0000001271) handling event "update" for row e9758b3d-5ac6-4fa9-a9bd-eff163ea69ba (table: NB_Global) {{(pid=87017) notify /opt/stack/neutron/neutron/plugins/ml2/drivers/ovn/mech_driver/ovsdb/ovsdb_monitor.py:986}}
May 22 13:25:09.004738 np0000001271 devstack@neutron-api.service[87017]: DEBUG neutron.plugins.ml2.drivers.ovn.mech_driver.ovsdb.ovsdb_monitor [None req-8fd8d997-d5eb-4585-9fcf-6d7e5b01c092 None None] Hash Ring: Node 81c722f37408553aad4645522ba6b079 (host: np0000001271) handling event "update" for row e9758b3d-5ac6-4fa9-a9bd-eff163ea69ba (table: NB_Global) {{(pid=87017) notify /opt/stack/neutron/neutron/plugins/ml2/drivers/ovn/mech_driver/ovsdb/ovsdb_monitor.py:986}}
May 22 13:25:09.008423 np0000001271 devstack@neutron-api.service[87016]: DEBUG ovsdbapp.backend.ovs_idl.transaction [None req-6e0d070e-9182-4bbd-b185-d55984780a8b None None] Running txn n=1 command(idx=0): AddNetworkCommand(_result=None, network_uuid=be4910f6-83d3-4863-b1e4-0080639fe8a9, may_exist=True, columns={'external_ids': {'neutron:network_name': 'shared', 'neutron:mtu': '1372', 'neutron:revision_number': '1', 'neutron:availability_zone_hints': '', 'neutron:provnet-network-type': 'geneve'}, 'other_config': {'mcast_snoop': 'false', 'mcast_flood_unregistered': 'false', 'vlan-passthru': 'false'}}) {{(pid=87016) do_commit /opt/stack/data/venv/lib/python3.12/site-packages/ovsdbapp/backend/ovs_idl/transaction.py:89}}
May 22 13:25:09.010841 np0000001271 devstack@neutron-api.service[87017]: DEBUG neutron.plugins.ml2.drivers.ovn.mech_driver.ovsdb.ovsdb_monitor [None req-8fd8d997-d5eb-4585-9fcf-6d7e5b01c092 None None] Hash Ring: Node 81c722f37408553aad4645522ba6b079 (host: np0000001271) handling event "create" for row be4910f6-83d3-4863-b1e4-0080639fe8a9 (table: Logical_Switch) {{(pid=87017) notify /opt/stack/neutron/neutron/plugins/ml2/drivers/ovn/mech_driver/ovsdb/ovsdb_monitor.py:986}}
May 22 13:25:09.015145 np0000001271 devstack@neutron-api.service[87017]: DEBUG neutron.plugins.ml2.drivers.ovn.mech_driver.ovsdb.ovsdb_monitor [None req-6605fcac-8b5c-47eb-9b74-a0511380b9d1 None None] Hash Ring: Node 81c722f37408553aad4645522ba6b079 (host: np0000001271) handling event "create" for row 501d8b2f-3fa7-4ec4-9fee-f5cb8f783dd8 (table: Datapath_Binding) {{(pid=87017) notify /opt/stack/neutron/neutron/plugins/ml2/drivers/ovn/mech_driver/ovsdb/ovsdb_monitor.py:986}}
May 22 13:25:09.028029 np0000001271 devstack@neutron-api.service[87016]: INFO neutron.db.ovn_revision_numbers_db [None req-49909bf6-c388-4f1a-af2f-e061027d0e14 admin admin] Successfully bumped revision number for resource be4910f6-83d3-4863-b1e4-0080639fe8a9 (type: networks) to 1
May 22 13:25:09.038208 np0000001271 devstack@neutron-api.service[87016]: DEBUG neutron_lib.callbacks.manager [None req-49909bf6-c388-4f1a-af2f-e061027d0e14 admin admin] Publish callbacks ['neutron.plugins.ml2.plugin.SecurityGroupDbMixin._ensure_default_security_group_handler-7366630'] for port (None), before_create {{(pid=87016) _notify_loop /opt/stack/data/venv/lib/python3.12/site-packages/neutron_lib/callbacks/manager.py:184}}
May 22 13:25:09.095684 np0000001271 devstack@neutron-api.service[87016]: DEBUG neutron_lib.callbacks.manager [None req-49909bf6-c388-4f1a-af2f-e061027d0e14 admin admin] Publish callbacks ['neutron.plugins.ml2.drivers.ovn.mech_driver.mech_driver.OVNMechanismDriver._validate_allowed_address_pairs-197668'] for allowed_address_pair (145adc4c-2e68-4dfd-8a32-5bca2cac11d5), before_create {{(pid=87016) _notify_loop /opt/stack/data/venv/lib/python3.12/site-packages/neutron_lib/callbacks/manager.py:184}}
May 22 13:25:09.096238 np0000001271 devstack@neutron-api.service[87016]: DEBUG neutron_lib.callbacks.manager [None req-49909bf6-c388-4f1a-af2f-e061027d0e14 admin admin] Publish callbacks [] for port (145adc4c-2e68-4dfd-8a32-5bca2cac11d5), precommit_create {{(pid=87016) _notify_loop /opt/stack/data/venv/lib/python3.12/site-packages/neutron_lib/callbacks/manager.py:184}}
May 22 13:25:09.096381 np0000001271 devstack@neutron-api.service[87016]: DEBUG neutron.plugins.ml2.drivers.ovn.mech_driver.mech_driver [None req-49909bf6-c388-4f1a-af2f-e061027d0e14 admin admin] No provisioning block for port 145adc4c-2e68-4dfd-8a32-5bca2cac11d5 since it does not have a host {{(pid=87016) _is_port_provisioning_required /opt/stack/neutron/neutron/plugins/ml2/drivers/ovn/mech_driver/mech_driver.py:894}}
