Jun 15 20:59:51.355921 np0000002897 devstack@c-api.service[99232]: DEBUG cinder.api.middleware.request_id [None req-1556bcf8-421d-4811-98c5-b3f11d2b8966 None None] RequestId filter calling following filter/app {{(pid=99232) _context_setter /opt/stack/cinder/cinder/api/middleware/request_id.py:62}}
Jun 15 20:59:51.363683 np0000002897 devstack@c-api.service[99232]: INFO cinder.api.openstack.wsgi [None req-1556bcf8-421d-4811-98c5-b3f11d2b8966 tempest-SnapshotsActionsTest-1939094438 tempest-SnapshotsActionsTest-1939094438-project-member] DELETE https://10.4.3.53/volume/v3/snapshots/615cbd3a-9031-4b91-9d4e-12ec8bd68b6e
Jun 15 20:59:51.363683 np0000002897 devstack@c-api.service[99232]: DEBUG cinder.api.openstack.wsgi [None req-1556bcf8-421d-4811-98c5-b3f11d2b8966 tempest-SnapshotsActionsTest-1939094438 tempest-SnapshotsActionsTest-1939094438-project-member] Empty body provided in request {{(pid=99232) get_body /opt/stack/cinder/cinder/api/openstack/wsgi.py:725}}
Jun 15 20:59:51.363683 np0000002897 devstack@c-api.service[99232]: DEBUG cinder.api.openstack.wsgi [None req-1556bcf8-421d-4811-98c5-b3f11d2b8966 tempest-SnapshotsActionsTest-1939094438 tempest-SnapshotsActionsTest-1939094438-project-member] Calling method 'delete' {{(pid=99232) _process_stack /opt/stack/cinder/cinder/api/openstack/wsgi.py:878}}
Jun 15 20:59:51.363683 np0000002897 devstack@c-api.service[99232]: INFO cinder.api.v3.snapshots [None req-1556bcf8-421d-4811-98c5-b3f11d2b8966 tempest-SnapshotsActionsTest-1939094438 tempest-SnapshotsActionsTest-1939094438-project-member] Delete snapshot with id: 615cbd3a-9031-4b91-9d4e-12ec8bd68b6e
Jun 15 20:59:51.375969 np0000002897 devstack@c-api.service[99232]: INFO cinder.api.openstack.wsgi [None req-1556bcf8-421d-4811-98c5-b3f11d2b8966 tempest-SnapshotsActionsTest-1939094438 tempest-SnapshotsActionsTest-1939094438-project-member] https://10.4.3.53/volume/v3/snapshots/615cbd3a-9031-4b91-9d4e-12ec8bd68b6e returned with HTTP 404
Jun 15 20:59:51.376843 np0000002897 devstack@c-api.service[99232]: [pid: 99232|app: 0|req: 76/236] 10.4.3.53 () {66 vars in 1350 bytes} [Mon Jun 15 20:59:51 2026] DELETE /volume/v3/snapshots/615cbd3a-9031-4b91-9d4e-12ec8bd68b6e => generated 111 bytes in 21 msecs (HTTP/1.1 404) 7 headers in 292 bytes (1 switches on core 0)
Jun 15 20:59:51.389471 np0000002897 devstack@c-api.service[99234]: DEBUG cinder.api.middleware.request_id [None req-c9944306-df90-4ca0-bfc1-3aa63eef8ec7 None None] RequestId filter calling following filter/app {{(pid=99234) _context_setter /opt/stack/cinder/cinder/api/middleware/request_id.py:62}}
Jun 15 20:59:51.391901 np0000002897 devstack@c-api.service[99234]: INFO cinder.api.openstack.wsgi [None req-c9944306-df90-4ca0-bfc1-3aa63eef8ec7 tempest-SnapshotsActionsTest-1939094438 tempest-SnapshotsActionsTest-1939094438-project-member] POST https://10.4.3.53/volume/v3/snapshots
Jun 15 20:59:51.392230 np0000002897 devstack@c-api.service[99234]: DEBUG cinder.api.openstack.wsgi [None req-c9944306-df90-4ca0-bfc1-3aa63eef8ec7 tempest-SnapshotsActionsTest-1939094438 tempest-SnapshotsActionsTest-1939094438-project-member] Action: 'create', calling method: create, body: {"snapshot": {"volume_id": "4e2734d8-2f0c-4803-9ae7-ada8b6817814", "name": "tempest-SnapshotsActionsTest-Snapshot-1968008585"}} {{(pid=99234) _process_stack /opt/stack/cinder/cinder/api/openstack/wsgi.py:876}}
Jun 15 20:59:51.407247 np0000002897 devstack@c-api.service[99234]: /opt/stack/data/venv/lib/python3.12/site-packages/oslo_context/context.py:102: DeprecationWarning: Policy enforcement is depending on the value of is_admin. This key is deprecated. Please update your policy file to use the standard policy values.
Jun 15 20:59:51.407247 np0000002897 devstack@c-api.service[99234]: warnings.warn(
Jun 15 20:59:51.408180 np0000002897 devstack@c-api.service[99234]: INFO cinder.volume.api [None req-c9944306-df90-4ca0-bfc1-3aa63eef8ec7 tempest-SnapshotsActionsTest-1939094438 tempest-SnapshotsActionsTest-1939094438-project-member] Volume info retrieved successfully.
Jun 15 20:59:51.408355 np0000002897 devstack@c-api.service[99234]: INFO cinder.api.v3.snapshots [None req-c9944306-df90-4ca0-bfc1-3aa63eef8ec7 tempest-SnapshotsActionsTest-1939094438 tempest-SnapshotsActionsTest-1939094438-project-member] Create snapshot from volume 4e2734d8-2f0c-4803-9ae7-ada8b6817814
Jun 15 20:59:51.439273 np0000002897 devstack@c-api.service[99234]: WARNING cinder.quota [None req-c9944306-df90-4ca0-bfc1-3aa63eef8ec7 tempest-SnapshotsActionsTest-1939094438 tempest-SnapshotsActionsTest-1939094438-project-member] Deprecated: Default quota for resource: snapshots_storpool is set by the default quota flag: quota_snapshots_storpool, it is now deprecated. Please use the default quota class for default quota.
Jun 15 20:59:51.458506 np0000002897 devstack@c-api.service[99234]: DEBUG cinder.quota [None req-c9944306-df90-4ca0-bfc1-3aa63eef8ec7 tempest-SnapshotsActionsTest-1939094438 tempest-SnapshotsActionsTest-1939094438-project-member] Created reservations ['2d869141-7e03-43a9-933f-c7e170d53bad', 'a4e30674-abb4-4ac3-85d7-96410cdb1ded', '4ef20eaa-65bf-4997-9e52-26500d42c1dd', 'fda244c0-ca01-49af-8f45-ce02e70e2781'] {{(pid=99234) reserve /opt/stack/cinder/cinder/quota.py:752}}
Jun 15 20:59:51.458652 np0000002897 devstack@c-api.service[99233]: DEBUG cinder.api.middleware.request_id [req-48489948-b475-4770-bc8c-99a426494f8b req-75ef3a6b-53d7-4dbb-af51-bcc30de018d1 None None] RequestId filter calling following filter/app {{(pid=99233) _context_setter /opt/stack/cinder/cinder/api/middleware/request_id.py:62}}
Jun 15 20:59:51.461042 np0000002897 devstack@c-api.service[99233]: INFO cinder.api.openstack.wsgi [req-48489948-b475-4770-bc8c-99a426494f8b req-75ef3a6b-53d7-4dbb-af51-bcc30de018d1 tempest-TaggedAttachmentsTest-735942600 tempest-TaggedAttachmentsTest-735942600-project-member] DELETE https://10.4.3.53/volume/v3/attachments/aeef2f08-147b-4397-bec0-71800f15b354
Jun 15 20:59:51.461680 np0000002897 devstack@c-api.service[99233]: DEBUG cinder.api.openstack.wsgi [req-48489948-b475-4770-bc8c-99a426494f8b req-75ef3a6b-53d7-4dbb-af51-bcc30de018d1 tempest-TaggedAttachmentsTest-735942600 tempest-TaggedAttachmentsTest-735942600-project-member] Empty body provided in request {{(pid=99233) get_body /opt/stack/cinder/cinder/api/openstack/wsgi.py:725}}
Jun 15 20:59:51.462111 np0000002897 devstack@c-api.service[99233]: DEBUG cinder.api.openstack.wsgi [req-48489948-b475-4770-bc8c-99a426494f8b req-75ef3a6b-53d7-4dbb-af51-bcc30de018d1 tempest-TaggedAttachmentsTest-735942600 tempest-TaggedAttachmentsTest-735942600-project-member] Calling method 'version_select' {{(pid=99233) _process_stack /opt/stack/cinder/cinder/api/openstack/wsgi.py:878}}
Jun 15 20:59:51.472234 np0000002897 devstack@c-api.service[99233]: /opt/stack/data/venv/lib/python3.12/site-packages/oslo_context/context.py:102: DeprecationWarning: Policy enforcement is depending on the value of is_admin. This key is deprecated. Please update your policy file to use the standard policy values.
Jun 15 20:59:51.472234 np0000002897 devstack@c-api.service[99233]: warnings.warn(
Jun 15 20:59:51.472545 np0000002897 devstack@c-api.service[99232]: DEBUG cinder.api.middleware.request_id [None req-323dbe2e-3ad8-489c-96e4-598a9ae9016f None None] RequestId filter calling following filter/app {{(pid=99232) _context_setter /opt/stack/cinder/cinder/api/middleware/request_id.py:62}}
Jun 15 20:59:51.518405 np0000002897 devstack@c-api.service[99234]: INFO cinder.volume.api [None req-c9944306-df90-4ca0-bfc1-3aa63eef8ec7 tempest-SnapshotsActionsTest-1939094438 tempest-SnapshotsActionsTest-1939094438-project-member] Snapshot create request issued successfully.
Jun 15 20:59:51.518851 np0000002897 devstack@c-api.service[99234]: INFO cinder.api.openstack.wsgi [None req-c9944306-df90-4ca0-bfc1-3aa63eef8ec7 tempest-SnapshotsActionsTest-1939094438 tempest-SnapshotsActionsTest-1939094438-project-member] https://10.4.3.53/volume/v3/snapshots returned with HTTP 202
Jun 15 20:59:51.519303 np0000002897 devstack@c-api.service[99234]: [pid: 99234|app: 0|req: 82/237] 10.4.3.53 () {68 vars in 1258 bytes} [Mon Jun 15 20:59:51 2026] POST /volume/v3/snapshots => generated 307 bytes in 130 msecs (HTTP/1.1 202) 7 headers in 291 bytes (1 switches on core 0)
Jun 15 20:59:51.520255 np0000002897 devstack@c-api.service[99234]: DEBUG cinder.api.middleware.request_id [None req-7954aa45-787d-42b4-ad8e-839ca4b63e0b None None] RequestId filter calling following filter/app {{(pid=99234) _context_setter /opt/stack/cinder/cinder/api/middleware/request_id.py:62}}
Jun 15 20:59:51.524424 np0000002897 devstack@c-api.service[99234]: INFO cinder.api.openstack.wsgi [None req-7954aa45-787d-42b4-ad8e-839ca4b63e0b tempest-TaggedAttachmentsTest-735942600 tempest-TaggedAttachmentsTest-735942600-project-member] GET https://10.4.3.53/volume/v3/volumes/6448a381-24fb-48fa-8e5f-027ea4cb5f89
Jun 15 20:59:51.524424 np0000002897 devstack@c-api.service[99234]: DEBUG cinder.api.openstack.wsgi [None req-7954aa45-787d-42b4-ad8e-839ca4b63e0b tempest-TaggedAttachmentsTest-735942600 tempest-TaggedAttachmentsTest-735942600-project-member] Empty body provided in request {{(pid=99234) get_body /opt/stack/cinder/cinder/api/openstack/wsgi.py:725}}
Jun 15 20:59:51.524424 np0000002897 devstack@c-api.service[99234]: DEBUG cinder.api.openstack.wsgi [None req-7954aa45-787d-42b4-ad8e-839ca4b63e0b tempest-TaggedAttachmentsTest-735942600 tempest-TaggedAttachmentsTest-735942600-project-member] Calling method 'show' {{(pid=99234) _process_stack /opt/stack/cinder/cinder/api/openstack/wsgi.py:878}}
Jun 15 20:59:51.540768 np0000002897 devstack@c-api.service[99234]: /opt/stack/data/venv/lib/python3.12/site-packages/oslo_context/context.py:102: DeprecationWarning: Policy enforcement is depending on the value of is_admin. This key is deprecated. Please update your policy file to use the standard policy values.
Jun 15 20:59:51.540768 np0000002897 devstack@c-api.service[99234]: warnings.warn(
Jun 15 20:59:51.547299 np0000002897 devstack@c-api.service[99234]: INFO cinder.volume.api [None req-7954aa45-787d-42b4-ad8e-839ca4b63e0b tempest-TaggedAttachmentsTest-735942600 tempest-TaggedAttachmentsTest-735942600-project-member] Volume info retrieved successfully.
Jun 15 20:59:51.555979 np0000002897 devstack@c-api.service[99234]: INFO cinder.api.openstack.wsgi [None req-7954aa45-787d-42b4-ad8e-839ca4b63e0b tempest-TaggedAttachmentsTest-735942600 tempest-TaggedAttachmentsTest-735942600-project-member] https://10.4.3.53/volume/v3/volumes/6448a381-24fb-48fa-8e5f-027ea4cb5f89 returned with HTTP 200
Jun 15 20:59:51.556675 np0000002897 devstack@c-api.service[99234]: [pid: 99234|app: 0|req: 83/238] 10.4.3.53 () {66 vars in 1341 bytes} [Mon Jun 15 20:59:51 2026] GET /volume/v3/volumes/6448a381-24fb-48fa-8e5f-027ea4cb5f89 => generated 1137 bytes in 37 msecs (HTTP/1.1 200) 7 headers in 286 bytes (1 switches on core 0)
Jun 15 20:59:51.557844 np0000002897 devstack@c-api.service[99234]: DEBUG cinder.api.middleware.request_id [None req-3ef87074-8407-4c25-9582-f2d4afb5e981 None None] RequestId filter calling following filter/app {{(pid=99234) _context_setter /opt/stack/cinder/cinder/api/middleware/request_id.py:62}}
Jun 15 20:59:51.562567 np0000002897 devstack@c-api.service[99234]: INFO cinder.api.openstack.wsgi [None req-3ef87074-8407-4c25-9582-f2d4afb5e981 tempest-SnapshotsActionsTest-1939094438 tempest-SnapshotsActionsTest-1939094438-project-member] GET https://10.4.3.53/volume/v3/snapshots/28b36bc1-d9fc-418b-a48e-3ed4b12aba44
Jun 15 20:59:51.562567 np0000002897 devstack@c-api.service[99234]: DEBUG cinder.api.openstack.wsgi [None req-3ef87074-8407-4c25-9582-f2d4afb5e981 tempest-SnapshotsActionsTest-1939094438 tempest-SnapshotsActionsTest-1939094438-project-member] Empty body provided in request {{(pid=99234) get_body /opt/stack/cinder/cinder/api/openstack/wsgi.py:725}}
Jun 15 20:59:51.562815 np0000002897 devstack@c-api.service[99234]: DEBUG cinder.api.openstack.wsgi [None req-3ef87074-8407-4c25-9582-f2d4afb5e981 tempest-SnapshotsActionsTest-1939094438 tempest-SnapshotsActionsTest-1939094438-project-member] Calling method 'show' {{(pid=99234) _process_stack /opt/stack/cinder/cinder/api/openstack/wsgi.py:878}}
Jun 15 20:59:51.568543 np0000002897 devstack@c-api.service[99234]: /opt/stack/data/venv/lib/python3.12/site-packages/oslo_context/context.py:102: DeprecationWarning: Policy enforcement is depending on the value of is_admin. This key is deprecated. Please update your policy file to use the standard policy values.
Jun 15 20:59:51.568543 np0000002897 devstack@c-api.service[99234]: warnings.warn(
Jun 15 20:59:51.569205 np0000002897 devstack@c-api.service[99234]: INFO cinder.volume.api [None req-3ef87074-8407-4c25-9582-f2d4afb5e981 tempest-SnapshotsActionsTest-1939094438 tempest-SnapshotsActionsTest-1939094438-project-member] Snapshot retrieved successfully.
Jun 15 20:59:51.570244 np0000002897 devstack@c-api.service[99234]: INFO cinder.api.openstack.wsgi [None req-3ef87074-8407-4c25-9582-f2d4afb5e981 tempest-SnapshotsActionsTest-1939094438 tempest-SnapshotsActionsTest-1939094438-project-member] https://10.4.3.53/volume/v3/snapshots/28b36bc1-d9fc-418b-a48e-3ed4b12aba44 returned with HTTP 200
Jun 15 20:59:51.571164 np0000002897 devstack@c-api.service[99234]: [pid: 99234|app: 0|req: 84/239] 10.4.3.53 () {66 vars in 1347 bytes} [Mon Jun 15 20:59:51 2026] GET /volume/v3/snapshots/28b36bc1-d9fc-418b-a48e-3ed4b12aba44 => generated 439 bytes in 13 msecs (HTTP/1.1 200) 7 headers in 285 bytes (1 switches on core 0)
Jun 15 20:59:51.781780 np0000002897 devstack@c-api.service[99232]: INFO cinder.api.openstack.wsgi [None req-323dbe2e-3ad8-489c-96e4-598a9ae9016f tempest-BackendsCapabilitiesAdminTestsJSON-483714744 tempest-BackendsCapabilitiesAdminTestsJSON-483714744-project-admin] GET https://10.4.3.53/volume/v3/scheduler-stats/get_pools
Jun 15 20:59:51.782088 np0000002897 devstack@c-api.service[99232]: DEBUG cinder.api.openstack.wsgi [None req-323dbe2e-3ad8-489c-96e4-598a9ae9016f tempest-BackendsCapabilitiesAdminTestsJSON-483714744 tempest-BackendsCapabilitiesAdminTestsJSON-483714744-project-admin] Empty body provided in request {{(pid=99232) get_body /opt/stack/cinder/cinder/api/openstack/wsgi.py:725}}
Jun 15 20:59:51.782353 np0000002897 devstack@c-api.service[99232]: DEBUG cinder.api.openstack.wsgi [None req-323dbe2e-3ad8-489c-96e4-598a9ae9016f tempest-BackendsCapabilitiesAdminTestsJSON-483714744 tempest-BackendsCapabilitiesAdminTestsJSON-483714744-project-admin] Calling method 'get_pools' {{(pid=99232) _process_stack /opt/stack/cinder/cinder/api/openstack/wsgi.py:878}}
Jun 15 20:59:52.046053 np0000002897 devstack@c-api.service[99234]: DEBUG cinder.api.middleware.request_id [None req-c080bd3b-7c67-41f0-8046-019a3fa0b126 None None] RequestId filter calling following filter/app {{(pid=99234) _context_setter /opt/stack/cinder/cinder/api/middleware/request_id.py:62}}
Jun 15 20:59:52.046948 np0000002897 devstack@c-api.service[99233]: INFO cinder.api.openstack.wsgi [req-48489948-b475-4770-bc8c-99a426494f8b req-75ef3a6b-53d7-4dbb-af51-bcc30de018d1 tempest-TaggedAttachmentsTest-735942600 tempest-TaggedAttachmentsTest-735942600-project-member] https://10.4.3.53/volume/v3/attachments/aeef2f08-147b-4397-bec0-71800f15b354 returned with HTTP 200
Jun 15 20:59:52.047032 np0000002897 devstack@c-api.service[99234]: INFO cinder.api.openstack.wsgi [None req-c080bd3b-7c67-41f0-8046-019a3fa0b126 None None] GET https://10.4.3.53/volume//
Jun 15 20:59:52.047032 np0000002897 devstack@c-api.service[99234]: DEBUG cinder.api.openstack.wsgi [None req-c080bd3b-7c67-41f0-8046-019a3fa0b126 None None] Empty body provided in request {{(pid=99234) get_body /opt/stack/cinder/cinder/api/openstack/wsgi.py:725}}
Jun 15 20:59:52.047134 np0000002897 devstack@c-api.service[99233]: [pid: 99233|app: 0|req: 80/240] 10.4.3.53 () {72 vars in 1666 bytes} [Mon Jun 15 20:59:51 2026] DELETE /volume/v3/attachments/aeef2f08-147b-4397-bec0-71800f15b354 => generated 19 bytes in 589 msecs (HTTP/1.1 200) 7 headers in 285 bytes (1 switches on core 0)
Jun 15 20:59:52.047182 np0000002897 devstack@c-api.service[99234]: DEBUG cinder.api.openstack.wsgi [None req-c080bd3b-7c67-41f0-8046-019a3fa0b126 None None] Calling method 'all' {{(pid=99234) _process_stack /opt/stack/cinder/cinder/api/openstack/wsgi.py:878}}
Jun 15 20:59:52.047563 np0000002897 devstack@c-api.service[99234]: INFO cinder.api.openstack.wsgi [None req-c080bd3b-7c67-41f0-8046-019a3fa0b126 None None] https://10.4.3.53/volume// returned with HTTP 300
Jun 15 20:59:52.048003 np0000002897 devstack@c-api.service[99234]: [pid: 99234|app: 0|req: 85/241] 10.4.3.53 () {66 vars in 1421 bytes} [Mon Jun 15 20:59:52 2026] GET /volume/ => generated 385 bytes in 2 msecs (HTTP/1.1 300) 7 headers in 299 bytes (1 switches on core 0)
Jun 15 20:59:52.070128 np0000002897 devstack@c-api.service[99233]: DEBUG cinder.api.middleware.request_id [req-5a0d190a-826c-4991-84d3-be65ddfa2263 req-2946c862-a294-42f1-b4dc-4819d5c59694 None None] RequestId filter calling following filter/app {{(pid=99233) _context_setter /opt/stack/cinder/cinder/api/middleware/request_id.py:62}}
Jun 15 20:59:52.072428 np0000002897 devstack@c-api.service[99233]: INFO cinder.api.openstack.wsgi [req-5a0d190a-826c-4991-84d3-be65ddfa2263 req-2946c862-a294-42f1-b4dc-4819d5c59694 tempest-TestMultiAttachVolumeSwap-137333600 tempest-TestMultiAttachVolumeSwap-137333600-project-member] POST https://10.4.3.53/volume/v3/attachments
Jun 15 20:59:52.073067 np0000002897 devstack@c-api.service[99233]: DEBUG cinder.api.openstack.wsgi [req-5a0d190a-826c-4991-84d3-be65ddfa2263 req-2946c862-a294-42f1-b4dc-4819d5c59694 tempest-TestMultiAttachVolumeSwap-137333600 tempest-TestMultiAttachVolumeSwap-137333600-project-member] Action: 'create', calling method: version_select, body: {"attachment": {"volume_uuid": "0bc9acb6-3b09-4939-beeb-4f686467e91a", "connector": null, "instance_uuid": "cdd33b39-b721-4827-81fe-4d71e229c2f8"}} {{(pid=99233) _process_stack /opt/stack/cinder/cinder/api/openstack/wsgi.py:876}}
Jun 15 20:59:52.087127 np0000002897 devstack@c-api.service[99233]: /opt/stack/data/venv/lib/python3.12/site-packages/oslo_context/context.py:102: DeprecationWarning: Policy enforcement is depending on the value of is_admin. This key is deprecated. Please update your policy file to use the standard policy values.
Jun 15 20:59:52.087127 np0000002897 devstack@c-api.service[99233]: warnings.warn(
Jun 15 20:59:52.114003 np0000002897 devstack@c-api.service[99233]: WARNING cinder.volume.api [req-5a0d190a-826c-4991-84d3-be65ddfa2263 req-2946c862-a294-42f1-b4dc-4819d5c59694 tempest-TestMultiAttachVolumeSwap-137333600 tempest-TestMultiAttachVolumeSwap-137333600-project-member] Using volume_admin_metadata to set Read Only mode is deprecated! Please use the mode argument in attachment-create.
Jun 15 20:59:52.118964 np0000002897 devstack@c-api.service[99233]: INFO cinder.api.openstack.wsgi [req-5a0d190a-826c-4991-84d3-be65ddfa2263 req-2946c862-a294-42f1-b4dc-4819d5c59694 tempest-TestMultiAttachVolumeSwap-137333600 tempest-TestMultiAttachVolumeSwap-137333600-project-member] https://10.4.3.53/volume/v3/attachments returned with HTTP 200
Jun 15 20:59:52.119690 np0000002897 devstack@c-api.service[99233]: [pid: 99233|app: 0|req: 81/242] 10.4.3.53 () {74 vars in 1587 bytes} [Mon Jun 15 20:59:52 2026] POST /volume/v3/attachments => generated 271 bytes in 51 msecs (HTTP/1.1 200) 7 headers in 286 bytes (1 switches on core 0)
Jun 15 20:59:52.285787 np0000002897 devstack@c-api.service[99232]: INFO cinder.api.openstack.wsgi [None req-323dbe2e-3ad8-489c-96e4-598a9ae9016f tempest-BackendsCapabilitiesAdminTestsJSON-483714744 tempest-BackendsCapabilitiesAdminTestsJSON-483714744-project-admin] https://10.4.3.53/volume/v3/scheduler-stats/get_pools returned with HTTP 200
Jun 15 20:59:52.286295 np0000002897 devstack@c-api.service[99232]: [pid: 99232|app: 0|req: 77/243] 10.4.3.53 () {66 vars in 1284 bytes} [Mon Jun 15 20:59:51 2026] GET /volume/v3/scheduler-stats/get_pools => generated 106 bytes in 815 msecs (HTTP/1.1 200) 7 headers in 285 bytes (1 switches on core 0)
Jun 15 20:59:52.298513 np0000002897 devstack@c-api.service[99234]: DEBUG cinder.api.middleware.request_id [None req-177007c4-b686-4e64-ad75-cc98467b6878 None None] RequestId filter calling following filter/app {{(pid=99234) _context_setter /opt/stack/cinder/cinder/api/middleware/request_id.py:62}}
Jun 15 20:59:52.300936 np0000002897 devstack@c-api.service[99234]: INFO cinder.api.openstack.wsgi [None req-177007c4-b686-4e64-ad75-cc98467b6878 tempest-BackendsCapabilitiesAdminTestsJSON-483714744 tempest-BackendsCapabilitiesAdminTestsJSON-483714744-project-admin] GET https://10.4.3.53/volume/v3/scheduler-stats/get_pools?detail=True
Jun 15 20:59:52.301219 np0000002897 devstack@c-api.service[99234]: DEBUG cinder.api.openstack.wsgi [None req-177007c4-b686-4e64-ad75-cc98467b6878 tempest-BackendsCapabilitiesAdminTestsJSON-483714744 tempest-BackendsCapabilitiesAdminTestsJSON-483714744-project-admin] Empty body provided in request {{(pid=99234) get_body /opt/stack/cinder/cinder/api/openstack/wsgi.py:725}}
Jun 15 20:59:52.301529 np0000002897 devstack@c-api.service[99234]: DEBUG cinder.api.openstack.wsgi [None req-177007c4-b686-4e64-ad75-cc98467b6878 tempest-BackendsCapabilitiesAdminTestsJSON-483714744 tempest-BackendsCapabilitiesAdminTestsJSON-483714744-project-admin] Calling method 'get_pools' {{(pid=99234) _process_stack /opt/stack/cinder/cinder/api/openstack/wsgi.py:878}}
Jun 15 20:59:52.494416 np0000002897 devstack@c-api.service[99233]: DEBUG cinder.api.middleware.request_id [None req-9dcdf8c1-b57d-4812-a36a-8e686eebd24b None None] RequestId filter calling following filter/app {{(pid=99233) _context_setter /opt/stack/cinder/cinder/api/middleware/request_id.py:62}}
Jun 15 20:59:52.496353 np0000002897 devstack@c-api.service[99233]: INFO cinder.api.openstack.wsgi [None req-9dcdf8c1-b57d-4812-a36a-8e686eebd24b tempest-TestMultiAttachVolumeSwap-137333600 tempest-TestMultiAttachVolumeSwap-137333600-project-member] GET https://10.4.3.53/volume/v3/volumes/0bc9acb6-3b09-4939-beeb-4f686467e91a
Jun 15 20:59:52.497985 np0000002897 devstack@c-api.service[99233]: DEBUG cinder.api.openstack.wsgi [None req-9dcdf8c1-b57d-4812-a36a-8e686eebd24b tempest-TestMultiAttachVolumeSwap-137333600 tempest-TestMultiAttachVolumeSwap-137333600-project-member] Empty body provided in request {{(pid=99233) get_body /opt/stack/cinder/cinder/api/openstack/wsgi.py:725}}
Jun 15 20:59:52.497985 np0000002897 devstack@c-api.service[99233]: DEBUG cinder.api.openstack.wsgi [None req-9dcdf8c1-b57d-4812-a36a-8e686eebd24b tempest-TestMultiAttachVolumeSwap-137333600 tempest-TestMultiAttachVolumeSwap-137333600-project-member] Calling method 'show' {{(pid=99233) _process_stack /opt/stack/cinder/cinder/api/openstack/wsgi.py:878}}
Jun 15 20:59:52.507977 np0000002897 devstack@c-api.service[99233]: /opt/stack/data/venv/lib/python3.12/site-packages/oslo_context/context.py:102: DeprecationWarning: Policy enforcement is depending on the value of is_admin. This key is deprecated. Please update your policy file to use the standard policy values.
Jun 15 20:59:52.507977 np0000002897 devstack@c-api.service[99233]: warnings.warn(
Jun 15 20:59:52.511958 np0000002897 devstack@c-api.service[99233]: INFO cinder.volume.api [None req-9dcdf8c1-b57d-4812-a36a-8e686eebd24b tempest-TestMultiAttachVolumeSwap-137333600 tempest-TestMultiAttachVolumeSwap-137333600-project-member] Volume info retrieved successfully.
Jun 15 20:59:52.517016 np0000002897 devstack@c-api.service[99233]: INFO cinder.api.openstack.wsgi [None req-9dcdf8c1-b57d-4812-a36a-8e686eebd24b tempest-TestMultiAttachVolumeSwap-137333600 tempest-TestMultiAttachVolumeSwap-137333600-project-member] https://10.4.3.53/volume/v3/volumes/0bc9acb6-3b09-4939-beeb-4f686467e91a returned with HTTP 200
Jun 15 20:59:52.517016 np0000002897 devstack@c-api.service[99233]: [pid: 99233|app: 0|req: 82/244] 10.4.3.53 () {66 vars in 1341 bytes} [Mon Jun 15 20:59:52 2026] GET /volume/v3/volumes/0bc9acb6-3b09-4939-beeb-4f686467e91a => generated 1161 bytes in 23 msecs (HTTP/1.1 200) 7 headers in 286 bytes (1 switches on core 0)
Jun 15 20:59:52.571977 np0000002897 devstack@c-api.service[99232]: DEBUG cinder.api.middleware.request_id [None req-27363a08-ac65-4758-b0a5-1320ddc4fb0f None None] RequestId filter calling following filter/app {{(pid=99232) _context_setter /opt/stack/cinder/cinder/api/middleware/request_id.py:62}}
Jun 15 20:59:52.573905 np0000002897 devstack@c-api.service[99232]: INFO cinder.api.openstack.wsgi [None req-27363a08-ac65-4758-b0a5-1320ddc4fb0f tempest-TaggedAttachmentsTest-735942600 tempest-TaggedAttachmentsTest-735942600-project-member] GET https://10.4.3.53/volume/v3/volumes/6448a381-24fb-48fa-8e5f-027ea4cb5f89
Jun 15 20:59:52.574158 np0000002897 devstack@c-api.service[99232]: DEBUG cinder.api.openstack.wsgi [None req-27363a08-ac65-4758-b0a5-1320ddc4fb0f tempest-TaggedAttachmentsTest-735942600 tempest-TaggedAttachmentsTest-735942600-project-member] Empty body provided in request {{(pid=99232) get_body /opt/stack/cinder/cinder/api/openstack/wsgi.py:725}}
Jun 15 20:59:52.574487 np0000002897 devstack@c-api.service[99232]: DEBUG cinder.api.openstack.wsgi [None req-27363a08-ac65-4758-b0a5-1320ddc4fb0f tempest-TaggedAttachmentsTest-735942600 tempest-TaggedAttachmentsTest-735942600-project-member] Calling method 'show' {{(pid=99232) _process_stack /opt/stack/cinder/cinder/api/openstack/wsgi.py:878}}
Jun 15 20:59:52.580656 np0000002897 devstack@c-api.service[99233]: DEBUG cinder.api.middleware.request_id [None req-9e3ce725-339f-4d4a-9813-6ad775b38c9d None None] RequestId filter calling following filter/app {{(pid=99233) _context_setter /opt/stack/cinder/cinder/api/middleware/request_id.py:62}}
Jun 15 20:59:52.584240 np0000002897 devstack@c-api.service[99232]: /opt/stack/data/venv/lib/python3.12/site-packages/oslo_context/context.py:102: DeprecationWarning: Policy enforcement is depending on the value of is_admin. This key is deprecated. Please update your policy file to use the standard policy values.
Jun 15 20:59:52.584240 np0000002897 devstack@c-api.service[99232]: warnings.warn(
Jun 15 20:59:52.584409 np0000002897 devstack@c-api.service[99233]: INFO cinder.api.openstack.wsgi [None req-9e3ce725-339f-4d4a-9813-6ad775b38c9d tempest-SnapshotsActionsTest-1939094438 tempest-SnapshotsActionsTest-1939094438-project-member] GET https://10.4.3.53/volume/v3/snapshots/28b36bc1-d9fc-418b-a48e-3ed4b12aba44
Jun 15 20:59:52.584409 np0000002897 devstack@c-api.service[99233]: DEBUG cinder.api.openstack.wsgi [None req-9e3ce725-339f-4d4a-9813-6ad775b38c9d tempest-SnapshotsActionsTest-1939094438 tempest-SnapshotsActionsTest-1939094438-project-member] Empty body provided in request {{(pid=99233) get_body /opt/stack/cinder/cinder/api/openstack/wsgi.py:725}}
Jun 15 20:59:52.584409 np0000002897 devstack@c-api.service[99233]: DEBUG cinder.api.openstack.wsgi [None req-9e3ce725-339f-4d4a-9813-6ad775b38c9d tempest-SnapshotsActionsTest-1939094438 tempest-SnapshotsActionsTest-1939094438-project-member] Calling method 'show' {{(pid=99233) _process_stack /opt/stack/cinder/cinder/api/openstack/wsgi.py:878}}
Jun 15 20:59:52.586793 np0000002897 devstack@c-api.service[99232]: INFO cinder.volume.api [None req-27363a08-ac65-4758-b0a5-1320ddc4fb0f tempest-TaggedAttachmentsTest-735942600 tempest-TaggedAttachmentsTest-735942600-project-member] Volume info retrieved successfully.
Jun 15 20:59:52.589421 np0000002897 devstack@c-api.service[99233]: /opt/stack/data/venv/lib/python3.12/site-packages/oslo_context/context.py:102: DeprecationWarning: Policy enforcement is depending on the value of is_admin. This key is deprecated. Please update your policy file to use the standard policy values.
Jun 15 20:59:52.589421 np0000002897 devstack@c-api.service[99233]: warnings.warn(
Jun 15 20:59:52.590199 np0000002897 devstack@c-api.service[99233]: INFO cinder.volume.api [None req-9e3ce725-339f-4d4a-9813-6ad775b38c9d tempest-SnapshotsActionsTest-1939094438 tempest-SnapshotsActionsTest-1939094438-project-member] Snapshot retrieved successfully.
Jun 15 20:59:52.591452 np0000002897 devstack@c-api.service[99233]: INFO cinder.api.openstack.wsgi [None req-9e3ce725-339f-4d4a-9813-6ad775b38c9d tempest-SnapshotsActionsTest-1939094438 tempest-SnapshotsActionsTest-1939094438-project-member] https://10.4.3.53/volume/v3/snapshots/28b36bc1-d9fc-418b-a48e-3ed4b12aba44 returned with HTTP 200
Jun 15 20:59:52.592045 np0000002897 devstack@c-api.service[99233]: [pid: 99233|app: 0|req: 83/245] 10.4.3.53 () {66 vars in 1347 bytes} [Mon Jun 15 20:59:52 2026] GET /volume/v3/snapshots/28b36bc1-d9fc-418b-a48e-3ed4b12aba44 => generated 466 bytes in 12 msecs (HTTP/1.1 200) 7 headers in 285 bytes (1 switches on core 0)
Jun 15 20:59:52.592124 np0000002897 devstack@c-api.service[99232]: INFO cinder.api.openstack.wsgi [None req-27363a08-ac65-4758-b0a5-1320ddc4fb0f tempest-TaggedAttachmentsTest-735942600 tempest-TaggedAttachmentsTest-735942600-project-member] https://10.4.3.53/volume/v3/volumes/6448a381-24fb-48fa-8e5f-027ea4cb5f89 returned with HTTP 200
Jun 15 20:59:52.592494 np0000002897 devstack@c-api.service[99232]: [pid: 99232|app: 0|req: 78/246] 10.4.3.53 () {66 vars in 1341 bytes} [Mon Jun 15 20:59:52 2026] GET /volume/v3/volumes/6448a381-24fb-48fa-8e5f-027ea4cb5f89 => generated 842 bytes in 21 msecs (HTTP/1.1 200) 7 headers in 285 bytes (1 switches on core 0)
Jun 15 20:59:52.601965 np0000002897 devstack@c-api.service[99233]: DEBUG cinder.api.middleware.request_id [None req-3062a395-9a1a-4024-ab2e-6c6ac1587821 None None] RequestId filter calling following filter/app {{(pid=99233) _context_setter /opt/stack/cinder/cinder/api/middleware/request_id.py:62}}
Jun 15 20:59:52.603804 np0000002897 devstack@c-api.service[99233]: INFO cinder.api.openstack.wsgi [None req-3062a395-9a1a-4024-ab2e-6c6ac1587821 tempest-SnapshotsActionsTest-599129052 tempest-SnapshotsActionsTest-599129052-project-admin] POST https://10.4.3.53/volume/v3/snapshots/28b36bc1-d9fc-418b-a48e-3ed4b12aba44/action
Jun 15 20:59:52.604383 np0000002897 devstack@c-api.service[99233]: DEBUG cinder.api.openstack.wsgi [None req-3062a395-9a1a-4024-ab2e-6c6ac1587821 tempest-SnapshotsActionsTest-599129052 tempest-SnapshotsActionsTest-599129052-project-admin] Action body: b'{"os-reset_status": {"status": "error_deleting"}}' {{(pid=99233) get_method /opt/stack/cinder/cinder/api/openstack/wsgi.py:993}}
Jun 15 20:59:52.604705 np0000002897 devstack@c-api.service[99233]: DEBUG cinder.api.openstack.wsgi [None req-3062a395-9a1a-4024-ab2e-6c6ac1587821 tempest-SnapshotsActionsTest-599129052 tempest-SnapshotsActionsTest-599129052-project-admin] Action: 'action', calling method: _reset_status, body: {"os-reset_status": {"status": "error_deleting"}} {{(pid=99233) _process_stack /opt/stack/cinder/cinder/api/openstack/wsgi.py:876}}
Jun 15 20:59:52.607478 np0000002897 devstack@c-api.service[99233]: DEBUG cinder.api.contrib.admin_actions [None req-3062a395-9a1a-4024-ab2e-6c6ac1587821 tempest-SnapshotsActionsTest-599129052 tempest-SnapshotsActionsTest-599129052-project-admin] Updating snapshot '28b36bc1-d9fc-418b-a48e-3ed4b12aba44' with '{'status': 'error_deleting'}' {{(pid=99233) _reset_status /opt/stack/cinder/cinder/api/contrib/admin_actions.py:263}}
Jun 15 20:59:52.627326 np0000002897 devstack@c-api.service[99233]: /opt/stack/data/venv/lib/python3.12/site-packages/oslo_context/context.py:102: DeprecationWarning: Policy enforcement is depending on the value of is_admin. This key is deprecated. Please update your policy file to use the standard policy values.
Jun 15 20:59:52.627326 np0000002897 devstack@c-api.service[99233]: warnings.warn(
Jun 15 20:59:52.640537 np0000002897 devstack@c-api.service[99233]: INFO cinder.api.openstack.wsgi [None req-3062a395-9a1a-4024-ab2e-6c6ac1587821 tempest-SnapshotsActionsTest-599129052 tempest-SnapshotsActionsTest-599129052-project-admin] https://10.4.3.53/volume/v3/snapshots/28b36bc1-d9fc-418b-a48e-3ed4b12aba44/action returned with HTTP 202
Jun 15 20:59:52.642754 np0000002897 devstack@c-api.service[99233]: [pid: 99233|app: 0|req: 84/247] 10.4.3.53 () {68 vars in 1389 bytes} [Mon Jun 15 20:59:52 2026] POST /volume/v3/snapshots/28b36bc1-d9fc-418b-a48e-3ed4b12aba44/action => generated 0 bytes in 42 msecs (HTTP/1.1 202) 7 headers in 289 bytes (1 switches on core 0)
Jun 15 20:59:52.651654 np0000002897 devstack@c-api.service[99232]: DEBUG cinder.api.middleware.request_id [None req-e9b140d0-f694-4950-b388-7bc7c3bc8c97 None None] RequestId filter calling following filter/app {{(pid=99232) _context_setter /opt/stack/cinder/cinder/api/middleware/request_id.py:62}}
Jun 15 20:59:52.653549 np0000002897 devstack@c-api.service[99232]: INFO cinder.api.openstack.wsgi [None req-e9b140d0-f694-4950-b388-7bc7c3bc8c97 tempest-SnapshotsActionsTest-1939094438 tempest-SnapshotsActionsTest-1939094438-project-member] GET https://10.4.3.53/volume/v3/snapshots/28b36bc1-d9fc-418b-a48e-3ed4b12aba44
Jun 15 20:59:52.653793 np0000002897 devstack@c-api.service[99232]: DEBUG cinder.api.openstack.wsgi [None req-e9b140d0-f694-4950-b388-7bc7c3bc8c97 tempest-SnapshotsActionsTest-1939094438 tempest-SnapshotsActionsTest-1939094438-project-member] Empty body provided in request {{(pid=99232) get_body /opt/stack/cinder/cinder/api/openstack/wsgi.py:725}}
Jun 15 20:59:52.653989 np0000002897 devstack@c-api.service[99232]: DEBUG cinder.api.openstack.wsgi [None req-e9b140d0-f694-4950-b388-7bc7c3bc8c97 tempest-SnapshotsActionsTest-1939094438 tempest-SnapshotsActionsTest-1939094438-project-member] Calling method 'show' {{(pid=99232) _process_stack /opt/stack/cinder/cinder/api/openstack/wsgi.py:878}}
Jun 15 20:59:52.657787 np0000002897 devstack@c-api.service[99233]: DEBUG cinder.api.middleware.request_id [None req-1400211e-e481-4012-a3ec-19e6f43e3c89 None None] RequestId filter calling following filter/app {{(pid=99233) _context_setter /opt/stack/cinder/cinder/api/middleware/request_id.py:62}}
Jun 15 20:59:52.658330 np0000002897 devstack@c-api.service[99233]: INFO cinder.api.openstack.wsgi [None req-1400211e-e481-4012-a3ec-19e6f43e3c89 None None] GET https://10.4.3.53/volume//
Jun 15 20:59:52.658682 np0000002897 devstack@c-api.service[99233]: DEBUG cinder.api.openstack.wsgi [None req-1400211e-e481-4012-a3ec-19e6f43e3c89 None None] Empty body provided in request {{(pid=99233) get_body /opt/stack/cinder/cinder/api/openstack/wsgi.py:725}}
Jun 15 20:59:52.658997 np0000002897 devstack@c-api.service[99233]: DEBUG cinder.api.openstack.wsgi [None req-1400211e-e481-4012-a3ec-19e6f43e3c89 None None] Calling method 'all' {{(pid=99233) _process_stack /opt/stack/cinder/cinder/api/openstack/wsgi.py:878}}
Jun 15 20:59:52.659463 np0000002897 devstack@c-api.service[99233]: INFO cinder.api.openstack.wsgi [None req-1400211e-e481-4012-a3ec-19e6f43e3c89 None None] https://10.4.3.53/volume// returned with HTTP 300
Jun 15 20:59:52.659857 np0000002897 devstack@c-api.service[99233]: [pid: 99233|app: 0|req: 85/248] 10.4.3.53 () {66 vars in 1419 bytes} [Mon Jun 15 20:59:52 2026] GET /volume/ => generated 385 bytes in 2 msecs (HTTP/1.1 300) 7 headers in 299 bytes (1 switches on core 0)
Jun 15 20:59:52.664327 np0000002897 devstack@c-api.service[99232]: /opt/stack/data/venv/lib/python3.12/site-packages/oslo_context/context.py:102: DeprecationWarning: Policy enforcement is depending on the value of is_admin. This key is deprecated. Please update your policy file to use the standard policy values.
Jun 15 20:59:52.664327 np0000002897 devstack@c-api.service[99232]: warnings.warn(
Jun 15 20:59:52.665461 np0000002897 devstack@c-api.service[99232]: INFO cinder.volume.api [None req-e9b140d0-f694-4950-b388-7bc7c3bc8c97 tempest-SnapshotsActionsTest-1939094438 tempest-SnapshotsActionsTest-1939094438-project-member] Snapshot retrieved successfully.
Jun 15 20:59:52.666748 np0000002897 devstack@c-api.service[99232]: INFO cinder.api.openstack.wsgi [None req-e9b140d0-f694-4950-b388-7bc7c3bc8c97 tempest-SnapshotsActionsTest-1939094438 tempest-SnapshotsActionsTest-1939094438-project-member] https://10.4.3.53/volume/v3/snapshots/28b36bc1-d9fc-418b-a48e-3ed4b12aba44 returned with HTTP 200
Jun 15 20:59:52.668191 np0000002897 devstack@c-api.service[99232]: [pid: 99232|app: 0|req: 79/249] 10.4.3.53 () {66 vars in 1347 bytes} [Mon Jun 15 20:59:52 2026] GET /volume/v3/snapshots/28b36bc1-d9fc-418b-a48e-3ed4b12aba44 => generated 471 bytes in 18 msecs (HTTP/1.1 200) 7 headers in 285 bytes (1 switches on core 0)
Jun 15 20:59:52.668327 np0000002897 devstack@c-api.service[99233]: DEBUG cinder.api.middleware.request_id [req-5a0d190a-826c-4991-84d3-be65ddfa2263 req-121d8aa2-07ae-4672-a493-21e3ca13419d None None] RequestId filter calling following filter/app {{(pid=99233) _context_setter /opt/stack/cinder/cinder/api/middleware/request_id.py:62}}
Jun 15 20:59:52.670146 np0000002897 devstack@c-api.service[99233]: INFO cinder.api.openstack.wsgi [req-5a0d190a-826c-4991-84d3-be65ddfa2263 req-121d8aa2-07ae-4672-a493-21e3ca13419d tempest-TestMultiAttachVolumeSwap-137333600 tempest-TestMultiAttachVolumeSwap-137333600-project-member] GET https://10.4.3.53/volume/v3/volumes/0bc9acb6-3b09-4939-beeb-4f686467e91a
Jun 15 20:59:52.670540 np0000002897 devstack@c-api.service[99233]: DEBUG cinder.api.openstack.wsgi [req-5a0d190a-826c-4991-84d3-be65ddfa2263 req-121d8aa2-07ae-4672-a493-21e3ca13419d tempest-TestMultiAttachVolumeSwap-137333600 tempest-TestMultiAttachVolumeSwap-137333600-project-member] Empty body provided in request {{(pid=99233) get_body /opt/stack/cinder/cinder/api/openstack/wsgi.py:725}}
Jun 15 20:59:52.670862 np0000002897 devstack@c-api.service[99233]: DEBUG cinder.api.openstack.wsgi [req-5a0d190a-826c-4991-84d3-be65ddfa2263 req-121d8aa2-07ae-4672-a493-21e3ca13419d tempest-TestMultiAttachVolumeSwap-137333600 tempest-TestMultiAttachVolumeSwap-137333600-project-member] Calling method 'show' {{(pid=99233) _process_stack /opt/stack/cinder/cinder/api/openstack/wsgi.py:878}}
Jun 15 20:59:52.678472 np0000002897 devstack@c-api.service[99232]: DEBUG cinder.api.middleware.request_id [None req-deeba67b-e503-49e5-a447-b070ef2c1687 None None] RequestId filter calling following filter/app {{(pid=99232) _context_setter /opt/stack/cinder/cinder/api/middleware/request_id.py:62}}
Jun 15 20:59:52.683513 np0000002897 devstack@c-api.service[99232]: INFO cinder.api.openstack.wsgi [None req-deeba67b-e503-49e5-a447-b070ef2c1687 tempest-SnapshotsActionsTest-599129052 tempest-SnapshotsActionsTest-599129052-project-admin] POST https://10.4.3.53/volume/v3/snapshots/28b36bc1-d9fc-418b-a48e-3ed4b12aba44/action
Jun 15 20:59:52.683513 np0000002897 devstack@c-api.service[99232]: DEBUG cinder.api.openstack.wsgi [None req-deeba67b-e503-49e5-a447-b070ef2c1687 tempest-SnapshotsActionsTest-599129052 tempest-SnapshotsActionsTest-599129052-project-admin] Action body: b'{"os-force_delete": {}}' {{(pid=99232) get_method /opt/stack/cinder/cinder/api/openstack/wsgi.py:993}}
Jun 15 20:59:52.683713 np0000002897 devstack@c-api.service[99232]: DEBUG cinder.api.openstack.wsgi [None req-deeba67b-e503-49e5-a447-b070ef2c1687 tempest-SnapshotsActionsTest-599129052 tempest-SnapshotsActionsTest-599129052-project-admin] Action: 'action', calling method: _force_delete, body: {"os-force_delete": {}} {{(pid=99232) _process_stack /opt/stack/cinder/cinder/api/openstack/wsgi.py:876}}
Jun 15 20:59:52.688328 np0000002897 devstack@c-api.service[99233]: /opt/stack/data/venv/lib/python3.12/site-packages/oslo_context/context.py:102: DeprecationWarning: Policy enforcement is depending on the value of is_admin. This key is deprecated. Please update your policy file to use the standard policy values.
Jun 15 20:59:52.688328 np0000002897 devstack@c-api.service[99233]: warnings.warn(
Jun 15 20:59:52.697546 np0000002897 devstack@c-api.service[99232]: /opt/stack/data/venv/lib/python3.12/site-packages/oslo_context/context.py:102: DeprecationWarning: Policy enforcement is depending on the value of is_admin. This key is deprecated. Please update your policy file to use the standard policy values.
Jun 15 20:59:52.697546 np0000002897 devstack@c-api.service[99232]: warnings.warn(
Jun 15 20:59:52.701654 np0000002897 devstack@c-api.service[99232]: INFO cinder.volume.api [None req-deeba67b-e503-49e5-a447-b070ef2c1687 tempest-SnapshotsActionsTest-599129052 tempest-SnapshotsActionsTest-599129052-project-admin] Snapshot retrieved successfully.
Jun 15 20:59:52.701773 np0000002897 devstack@c-api.service[99233]: INFO cinder.volume.api [req-5a0d190a-826c-4991-84d3-be65ddfa2263 req-121d8aa2-07ae-4672-a493-21e3ca13419d tempest-TestMultiAttachVolumeSwap-137333600 tempest-TestMultiAttachVolumeSwap-137333600-project-member] Volume info retrieved successfully.
Jun 15 20:59:52.705414 np0000002897 devstack@c-api.service[99233]: INFO cinder.api.openstack.wsgi [req-5a0d190a-826c-4991-84d3-be65ddfa2263 req-121d8aa2-07ae-4672-a493-21e3ca13419d tempest-TestMultiAttachVolumeSwap-137333600 tempest-TestMultiAttachVolumeSwap-137333600-project-member] https://10.4.3.53/volume/v3/volumes/0bc9acb6-3b09-4939-beeb-4f686467e91a returned with HTTP 200
Jun 15 20:59:52.706145 np0000002897 devstack@c-api.service[99233]: [pid: 99233|app: 0|req: 86/250] 10.4.3.53 () {70 vars in 1632 bytes} [Mon Jun 15 20:59:52 2026] GET /volume/v3/volumes/0bc9acb6-3b09-4939-beeb-4f686467e91a => generated 1341 bytes in 39 msecs (HTTP/1.1 200) 7 headers in 287 bytes (1 switches on core 0)
Jun 15 20:59:52.728464 np0000002897 devstack@c-api.service[99232]: INFO cinder.volume.api [None req-deeba67b-e503-49e5-a447-b070ef2c1687 tempest-SnapshotsActionsTest-599129052 tempest-SnapshotsActionsTest-599129052-project-admin] Snapshot delete request issued successfully.
Jun 15 20:59:52.728815 np0000002897 devstack@c-api.service[99232]: INFO cinder.api.openstack.wsgi [None req-deeba67b-e503-49e5-a447-b070ef2c1687 tempest-SnapshotsActionsTest-599129052 tempest-SnapshotsActionsTest-599129052-project-admin] https://10.4.3.53/volume/v3/snapshots/28b36bc1-d9fc-418b-a48e-3ed4b12aba44/action returned with HTTP 202
Jun 15 20:59:52.729578 np0000002897 devstack@c-api.service[99232]: [pid: 99232|app: 0|req: 80/251] 10.4.3.53 () {68 vars in 1389 bytes} [Mon Jun 15 20:59:52 2026] POST /volume/v3/snapshots/28b36bc1-d9fc-418b-a48e-3ed4b12aba44/action => generated 0 bytes in 52 msecs (HTTP/1.1 202) 7 headers in 289 bytes (1 switches on core 0)
Jun 15 20:59:52.740762 np0000002897 devstack@c-api.service[99233]: DEBUG cinder.api.middleware.request_id [None req-92aea1a8-e7f7-43c3-862d-99c26527b9ef None None] RequestId filter calling following filter/app {{(pid=99233) _context_setter /opt/stack/cinder/cinder/api/middleware/request_id.py:62}}
Jun 15 20:59:52.742540 np0000002897 devstack@c-api.service[99233]: INFO cinder.api.openstack.wsgi [None req-92aea1a8-e7f7-43c3-862d-99c26527b9ef tempest-SnapshotsActionsTest-1939094438 tempest-SnapshotsActionsTest-1939094438-project-member] GET https://10.4.3.53/volume/v3/snapshots/28b36bc1-d9fc-418b-a48e-3ed4b12aba44
Jun 15 20:59:52.742984 np0000002897 devstack@c-api.service[99233]: DEBUG cinder.api.openstack.wsgi [None req-92aea1a8-e7f7-43c3-862d-99c26527b9ef tempest-SnapshotsActionsTest-1939094438 tempest-SnapshotsActionsTest-1939094438-project-member] Empty body provided in request {{(pid=99233) get_body /opt/stack/cinder/cinder/api/openstack/wsgi.py:725}}
Jun 15 20:59:52.743344 np0000002897 devstack@c-api.service[99233]: DEBUG cinder.api.openstack.wsgi [None req-92aea1a8-e7f7-43c3-862d-99c26527b9ef tempest-SnapshotsActionsTest-1939094438 tempest-SnapshotsActionsTest-1939094438-project-member] Calling method 'show' {{(pid=99233) _process_stack /opt/stack/cinder/cinder/api/openstack/wsgi.py:878}}
Jun 15 20:59:52.749611 np0000002897 devstack@c-api.service[99233]: /opt/stack/data/venv/lib/python3.12/site-packages/oslo_context/context.py:102: DeprecationWarning: Policy enforcement is depending on the value of is_admin. This key is deprecated. Please update your policy file to use the standard policy values.
Jun 15 20:59:52.749611 np0000002897 devstack@c-api.service[99233]: warnings.warn(
Jun 15 20:59:52.751644 np0000002897 devstack@c-api.service[99233]: INFO cinder.volume.api [None req-92aea1a8-e7f7-43c3-862d-99c26527b9ef tempest-SnapshotsActionsTest-1939094438 tempest-SnapshotsActionsTest-1939094438-project-member] Snapshot retrieved successfully.
Jun 15 20:59:52.751644 np0000002897 devstack@c-api.service[99233]: INFO cinder.api.openstack.wsgi [None req-92aea1a8-e7f7-43c3-862d-99c26527b9ef tempest-SnapshotsActionsTest-1939094438 tempest-SnapshotsActionsTest-1939094438-project-member] https://10.4.3.53/volume/v3/snapshots/28b36bc1-d9fc-418b-a48e-3ed4b12aba44 returned with HTTP 200
Jun 15 20:59:52.752006 np0000002897 devstack@c-api.service[99233]: [pid: 99233|app: 0|req: 87/252] 10.4.3.53 () {66 vars in 1347 bytes} [Mon Jun 15 20:59:52 2026] GET /volume/v3/snapshots/28b36bc1-d9fc-418b-a48e-3ed4b12aba44 => generated 465 bytes in 12 msecs (HTTP/1.1 200) 7 headers in 285 bytes (1 switches on core 0)
Jun 15 20:59:52.804393 np0000002897 devstack@c-api.service[99234]: INFO cinder.api.openstack.wsgi [None req-177007c4-b686-4e64-ad75-cc98467b6878 tempest-BackendsCapabilitiesAdminTestsJSON-483714744 tempest-BackendsCapabilitiesAdminTestsJSON-483714744-project-admin] https://10.4.3.53/volume/v3/scheduler-stats/get_pools?detail=True returned with HTTP 200
Jun 15 20:59:52.805137 np0000002897 devstack@c-api.service[99234]: [pid: 99234|app: 0|req: 86/253] 10.4.3.53 () {66 vars in 1307 bytes} [Mon Jun 15 20:59:52 2026] GET /volume/v3/scheduler-stats/get_pools?detail=True => generated 1167 bytes in 507 msecs (HTTP/1.1 200) 7 headers in 286 bytes (1 switches on core 0)
Jun 15 20:59:52.808113 np0000002897 devstack@c-api.service[99232]: DEBUG cinder.api.middleware.request_id [req-5a0d190a-826c-4991-84d3-be65ddfa2263 req-9dc0eb84-deb8-4f12-961c-fd760ac8dcd9 None None] RequestId filter calling following filter/app {{(pid=99232) _context_setter /opt/stack/cinder/cinder/api/middleware/request_id.py:62}}
Jun 15 20:59:52.810980 np0000002897 devstack@c-api.service[99232]: INFO cinder.api.openstack.wsgi [req-5a0d190a-826c-4991-84d3-be65ddfa2263 req-9dc0eb84-deb8-4f12-961c-fd760ac8dcd9 tempest-TestMultiAttachVolumeSwap-137333600 tempest-TestMultiAttachVolumeSwap-137333600-project-member] PUT https://10.4.3.53/volume/v3/attachments/365b8166-aa4c-4b12-86a3-964dbac39d15
Jun 15 20:59:52.810980 np0000002897 devstack@c-api.service[99232]: DEBUG cinder.api.openstack.wsgi [req-5a0d190a-826c-4991-84d3-be65ddfa2263 req-9dc0eb84-deb8-4f12-961c-fd760ac8dcd9 tempest-TestMultiAttachVolumeSwap-137333600 tempest-TestMultiAttachVolumeSwap-137333600-project-member] Action: 'update', calling method: version_select, body: {"attachment": {"connector": {"platform": "x86_64", "os_type": "linux", "ip": "10.4.3.53", "host": "np0000002897", "multipath": true, "enforce_multipath": true, "initiator": "iqn.2016-04.com.open-iscsi:cd49ff8fa19", "do_local_attach": false, "uuid": "8515de1c-ba7e-467b-adde-6d9f8a8dbc1f", "system uuid": "e807181c-59d0-49ff-bd9a-f8b21b6dba65", "nvme_native_multipath": false, "mountpoint": "/dev/vdb"}}} {{(pid=99232) _process_stack /opt/stack/cinder/cinder/api/openstack/wsgi.py:876}}
Jun 15 20:59:52.818584 np0000002897 devstack@c-api.service[99233]: DEBUG cinder.api.middleware.request_id [None req-18e76e4a-3e2c-4a70-a3c7-ad1ff047bfc1 None None] RequestId filter calling following filter/app {{(pid=99233) _context_setter /opt/stack/cinder/cinder/api/middleware/request_id.py:62}}
Jun 15 20:59:52.819932 np0000002897 devstack@c-api.service[99233]: INFO cinder.api.openstack.wsgi [None req-18e76e4a-3e2c-4a70-a3c7-ad1ff047bfc1 tempest-BackendsCapabilitiesAdminTestsJSON-483714744 tempest-BackendsCapabilitiesAdminTestsJSON-483714744-project-admin] GET https://10.4.3.53/volume/v3/capabilities/np0000002897@storpool
Jun 15 20:59:52.820131 np0000002897 devstack@c-api.service[99233]: DEBUG cinder.api.openstack.wsgi [None req-18e76e4a-3e2c-4a70-a3c7-ad1ff047bfc1 tempest-BackendsCapabilitiesAdminTestsJSON-483714744 tempest-BackendsCapabilitiesAdminTestsJSON-483714744-project-admin] Empty body provided in request {{(pid=99233) get_body /opt/stack/cinder/cinder/api/openstack/wsgi.py:725}}
Jun 15 20:59:52.820318 np0000002897 devstack@c-api.service[99233]: DEBUG cinder.api.openstack.wsgi [None req-18e76e4a-3e2c-4a70-a3c7-ad1ff047bfc1 tempest-BackendsCapabilitiesAdminTestsJSON-483714744 tempest-BackendsCapabilitiesAdminTestsJSON-483714744-project-admin] Calling method 'show' {{(pid=99233) _process_stack /opt/stack/cinder/cinder/api/openstack/wsgi.py:878}}
Jun 15 20:59:52.820749 np0000002897 devstack@c-api.service[99232]: DEBUG cinder.coordination [req-5a0d190a-826c-4991-84d3-be65ddfa2263 req-9dc0eb84-deb8-4f12-961c-fd760ac8dcd9 tempest-TestMultiAttachVolumeSwap-137333600 tempest-TestMultiAttachVolumeSwap-137333600-project-member] Acquiring lock "cinder-attachment_update-0bc9acb6-3b09-4939-beeb-4f686467e91a-np0000002897" by "attachment_update" {{(pid=99232) __acquire /opt/stack/cinder/cinder/coordination.py:138}}
Jun 15 20:59:52.826647 np0000002897 devstack@c-api.service[99232]: DEBUG cinder.coordination [req-5a0d190a-826c-4991-84d3-be65ddfa2263 req-9dc0eb84-deb8-4f12-961c-fd760ac8dcd9 tempest-TestMultiAttachVolumeSwap-137333600 tempest-TestMultiAttachVolumeSwap-137333600-project-member] Lock "cinder-attachment_update-0bc9acb6-3b09-4939-beeb-4f686467e91a-np0000002897" acquired by "attachment_update" :: waited 0.006s {{(pid=99232) __acquire /opt/stack/cinder/cinder/coordination.py:141}}
Jun 15 20:59:52.827178 np0000002897 devstack@c-api.service[99232]: /opt/stack/data/venv/lib/python3.12/site-packages/oslo_context/context.py:102: DeprecationWarning: Policy enforcement is depending on the value of is_admin. This key is deprecated. Please update your policy file to use the standard policy values.
Jun 15 20:59:52.827178 np0000002897 devstack@c-api.service[99232]: warnings.warn(
