Jun 15 20:55:25.228564 np0000002897 nova-scheduler[95683]: DEBUG cotyledon.oslo_config_glue [-] oslo_limit.collect_timing = False {{(pid=95683) log_opt_values /opt/stack/data/venv/lib/python3.12/site-packages/oslo_config/cfg.py:3253}}
Jun 15 20:55:25.228564 np0000002897 nova-scheduler[95683]: DEBUG cotyledon.oslo_config_glue [-] oslo_limit.connect_retries = None {{(pid=95683) log_opt_values /opt/stack/data/venv/lib/python3.12/site-packages/oslo_config/cfg.py:3253}}
Jun 15 20:55:25.228564 np0000002897 nova-scheduler[95683]: DEBUG cotyledon.oslo_config_glue [-] oslo_limit.connect_retry_delay = None {{(pid=95683) log_opt_values /opt/stack/data/venv/lib/python3.12/site-packages/oslo_config/cfg.py:3253}}
Jun 15 20:55:25.228564 np0000002897 nova-scheduler[95683]: DEBUG cotyledon.oslo_config_glue [-] oslo_limit.endpoint_id = None {{(pid=95683) log_opt_values /opt/stack/data/venv/lib/python3.12/site-packages/oslo_config/cfg.py:3253}}
Jun 15 20:55:25.228564 np0000002897 nova-scheduler[95683]: DEBUG cotyledon.oslo_config_glue [-] oslo_limit.endpoint_interface = public {{(pid=95683) log_opt_values /opt/stack/data/venv/lib/python3.12/site-packages/oslo_config/cfg.py:3253}}
Jun 15 20:55:25.228564 np0000002897 nova-scheduler[95683]: DEBUG cotyledon.oslo_config_glue [-] oslo_limit.endpoint_override = None {{(pid=95683) log_opt_values /opt/stack/data/venv/lib/python3.12/site-packages/oslo_config/cfg.py:3253}}
Jun 15 20:55:25.228564 np0000002897 nova-scheduler[95683]: DEBUG cotyledon.oslo_config_glue [-] oslo_limit.endpoint_region_name = None {{(pid=95683) log_opt_values /opt/stack/data/venv/lib/python3.12/site-packages/oslo_config/cfg.py:3253}}
Jun 15 20:55:25.228564 np0000002897 nova-scheduler[95683]: DEBUG cotyledon.oslo_config_glue [-] oslo_limit.endpoint_service_name = None {{(pid=95683) log_opt_values /opt/stack/data/venv/lib/python3.12/site-packages/oslo_config/cfg.py:3253}}
Jun 15 20:55:25.228743 np0000002897 nova-scheduler[95683]: DEBUG cotyledon.oslo_config_glue [-] oslo_limit.endpoint_service_type = None {{(pid=95683) log_opt_values /opt/stack/data/venv/lib/python3.12/site-packages/oslo_config/cfg.py:3253}}
Jun 15 20:55:25.228743 np0000002897 nova-scheduler[95683]: DEBUG cotyledon.oslo_config_glue [-] oslo_limit.insecure = False {{(pid=95683) log_opt_values /opt/stack/data/venv/lib/python3.12/site-packages/oslo_config/cfg.py:3253}}
Jun 15 20:55:25.228743 np0000002897 nova-scheduler[95683]: DEBUG cotyledon.oslo_config_glue [-] oslo_limit.keyfile = None {{(pid=95683) log_opt_values /opt/stack/data/venv/lib/python3.12/site-packages/oslo_config/cfg.py:3253}}
Jun 15 20:55:25.228743 np0000002897 nova-scheduler[95683]: DEBUG cotyledon.oslo_config_glue [-] oslo_limit.max_version = None {{(pid=95683) log_opt_values /opt/stack/data/venv/lib/python3.12/site-packages/oslo_config/cfg.py:3253}}
Jun 15 20:55:25.228743 np0000002897 nova-scheduler[95683]: DEBUG cotyledon.oslo_config_glue [-] oslo_limit.min_version = None {{(pid=95683) log_opt_values /opt/stack/data/venv/lib/python3.12/site-packages/oslo_config/cfg.py:3253}}
Jun 15 20:55:25.228743 np0000002897 nova-scheduler[95683]: DEBUG cotyledon.oslo_config_glue [-] oslo_limit.region_name = None {{(pid=95683) log_opt_values /opt/stack/data/venv/lib/python3.12/site-packages/oslo_config/cfg.py:3253}}
Jun 15 20:55:25.228743 np0000002897 nova-scheduler[95683]: DEBUG cotyledon.oslo_config_glue [-] oslo_limit.retriable_status_codes = None {{(pid=95683) log_opt_values /opt/stack/data/venv/lib/python3.12/site-packages/oslo_config/cfg.py:3253}}
Jun 15 20:55:25.228743 np0000002897 nova-scheduler[95683]: DEBUG cotyledon.oslo_config_glue [-] oslo_limit.service_name = None {{(pid=95683) log_opt_values /opt/stack/data/venv/lib/python3.12/site-packages/oslo_config/cfg.py:3253}}
Jun 15 20:55:25.228743 np0000002897 nova-scheduler[95683]: DEBUG cotyledon.oslo_config_glue [-] oslo_limit.service_type = None {{(pid=95683) log_opt_values /opt/stack/data/venv/lib/python3.12/site-packages/oslo_config/cfg.py:3253}}
Jun 15 20:55:25.228912 np0000002897 nova-scheduler[95683]: DEBUG cotyledon.oslo_config_glue [-] oslo_limit.split_loggers = False {{(pid=95683) log_opt_values /opt/stack/data/venv/lib/python3.12/site-packages/oslo_config/cfg.py:3253}}
Jun 15 20:55:25.228912 np0000002897 nova-scheduler[95683]: DEBUG cotyledon.oslo_config_glue [-] oslo_limit.status_code_retries = None {{(pid=95683) log_opt_values /opt/stack/data/venv/lib/python3.12/site-packages/oslo_config/cfg.py:3253}}
Jun 15 20:55:25.228912 np0000002897 nova-scheduler[95683]: DEBUG cotyledon.oslo_config_glue [-] oslo_limit.status_code_retry_delay = None {{(pid=95683) log_opt_values /opt/stack/data/venv/lib/python3.12/site-packages/oslo_config/cfg.py:3253}}
Jun 15 20:55:25.228912 np0000002897 nova-scheduler[95683]: DEBUG cotyledon.oslo_config_glue [-] oslo_limit.timeout = None {{(pid=95683) log_opt_values /opt/stack/data/venv/lib/python3.12/site-packages/oslo_config/cfg.py:3253}}
Jun 15 20:55:25.228912 np0000002897 nova-scheduler[95683]: DEBUG cotyledon.oslo_config_glue [-] oslo_limit.valid_interfaces = None {{(pid=95683) log_opt_values /opt/stack/data/venv/lib/python3.12/site-packages/oslo_config/cfg.py:3253}}
Jun 15 20:55:25.228912 np0000002897 nova-scheduler[95683]: DEBUG cotyledon.oslo_config_glue [-] oslo_limit.version = None {{(pid=95683) log_opt_values /opt/stack/data/venv/lib/python3.12/site-packages/oslo_config/cfg.py:3253}}
Jun 15 20:55:25.228912 np0000002897 nova-scheduler[95683]: DEBUG cotyledon.oslo_config_glue [-] oslo_reports.file_event_handler = None {{(pid=95683) log_opt_values /opt/stack/data/venv/lib/python3.12/site-packages/oslo_config/cfg.py:3253}}
Jun 15 20:55:25.228912 np0000002897 nova-scheduler[95683]: DEBUG cotyledon.oslo_config_glue [-] oslo_reports.file_event_handler_interval = 1 {{(pid=95683) log_opt_values /opt/stack/data/venv/lib/python3.12/site-packages/oslo_config/cfg.py:3253}}
Jun 15 20:55:25.228912 np0000002897 nova-scheduler[95683]: DEBUG cotyledon.oslo_config_glue [-] oslo_reports.log_dir = None {{(pid=95683) log_opt_values /opt/stack/data/venv/lib/python3.12/site-packages/oslo_config/cfg.py:3253}}
Jun 15 20:55:25.229073 np0000002897 nova-scheduler[95683]: DEBUG cotyledon.oslo_config_glue [-] ******************************************************************************** {{(pid=95683) log_opt_values /opt/stack/data/venv/lib/python3.12/site-packages/oslo_config/cfg.py:3260}}
Jun 15 20:55:25.229073 np0000002897 nova-scheduler[95683]: DEBUG cotyledon._service_worker [-] Run service ServiceWrapper(0) [95683] {{(pid=95683) wait_forever /opt/stack/data/venv/lib/python3.12/site-packages/cotyledon/_service_worker.py:218}}
Jun 15 20:55:25.229114 np0000002897 nova-scheduler[95688]: INFO nova.service [-] Starting scheduler node (version 33.1.0)
Jun 15 20:55:25.229136 np0000002897 nova-scheduler[95683]: INFO nova.service [-] Starting scheduler node (version 33.1.0)
Jun 15 20:55:25.229136 np0000002897 nova-scheduler[95683]: INFO dbcounter [None req-441b0d7e-e125-4002-a537-52f0c4b4dbfd None None] Registered counter for database nova_cell0
Jun 15 20:55:25.229172 np0000002897 nova-scheduler[95688]: INFO dbcounter [None req-c57b04fd-b8e5-4c81-bf6f-f7657104b606 None None] Registered counter for database nova_cell0
Jun 15 20:55:25.244173 np0000002897 nova-scheduler[95686]: DEBUG oslo_db.sqlalchemy.engines [None req-ee4d42d1-800c-407e-a9de-4ebc74838ab6 None None] MySQL server mode set to STRICT_TRANS_TABLES,STRICT_ALL_TABLES,NO_ZERO_IN_DATE,NO_ZERO_DATE,ERROR_FOR_DIVISION_BY_ZERO,TRADITIONAL,NO_ENGINE_SUBSTITUTION {{(pid=95686) _check_effective_sql_mode /opt/stack/data/venv/lib/python3.12/site-packages/oslo_db/sqlalchemy/engines.py:325}}
Jun 15 20:55:25.254818 np0000002897 nova-scheduler[95686]: DEBUG dbcounter [-] [95686] Writer thread running {{(pid=95686) stat_writer /opt/stack/data/venv/lib/python3.12/site-packages/dbcounter.py:102}}
Jun 15 20:55:25.269049 np0000002897 nova-scheduler[95688]: DEBUG oslo_db.sqlalchemy.engines [None req-c57b04fd-b8e5-4c81-bf6f-f7657104b606 None None] MySQL server mode set to STRICT_TRANS_TABLES,STRICT_ALL_TABLES,NO_ZERO_IN_DATE,NO_ZERO_DATE,ERROR_FOR_DIVISION_BY_ZERO,TRADITIONAL,NO_ENGINE_SUBSTITUTION {{(pid=95688) _check_effective_sql_mode /opt/stack/data/venv/lib/python3.12/site-packages/oslo_db/sqlalchemy/engines.py:325}}
Jun 15 20:55:25.272188 np0000002897 nova-scheduler[95683]: DEBUG oslo_db.sqlalchemy.engines [None req-441b0d7e-e125-4002-a537-52f0c4b4dbfd None None] MySQL server mode set to STRICT_TRANS_TABLES,STRICT_ALL_TABLES,NO_ZERO_IN_DATE,NO_ZERO_DATE,ERROR_FOR_DIVISION_BY_ZERO,TRADITIONAL,NO_ENGINE_SUBSTITUTION {{(pid=95683) _check_effective_sql_mode /opt/stack/data/venv/lib/python3.12/site-packages/oslo_db/sqlalchemy/engines.py:325}}
Jun 15 20:55:25.279906 np0000002897 nova-scheduler[95688]: DEBUG dbcounter [-] [95688] Writer thread running {{(pid=95688) stat_writer /opt/stack/data/venv/lib/python3.12/site-packages/dbcounter.py:102}}
Jun 15 20:55:25.282359 np0000002897 nova-scheduler[95686]: DEBUG nova.service [None req-ee4d42d1-800c-407e-a9de-4ebc74838ab6 None None] Creating RPC server for service: nova-scheduler on topic: scheduler {{(pid=95686) start /opt/stack/nova/nova/service.py:196}}
Jun 15 20:55:25.283250 np0000002897 nova-scheduler[95688]: DEBUG nova.service [None req-c57b04fd-b8e5-4c81-bf6f-f7657104b606 None None] Creating RPC server for service: nova-scheduler on topic: scheduler {{(pid=95688) start /opt/stack/nova/nova/service.py:196}}
Jun 15 20:55:25.283472 np0000002897 nova-scheduler[95683]: DEBUG dbcounter [-] [95683] Writer thread running {{(pid=95683) stat_writer /opt/stack/data/venv/lib/python3.12/site-packages/dbcounter.py:102}}
Jun 15 20:55:25.286860 np0000002897 nova-scheduler[95683]: DEBUG nova.service [None req-441b0d7e-e125-4002-a537-52f0c4b4dbfd None None] Creating RPC server for service: nova-scheduler on topic: scheduler {{(pid=95683) start /opt/stack/nova/nova/service.py:196}}
Jun 15 20:55:25.314121 np0000002897 nova-scheduler[95688]: DEBUG nova.service [None req-c57b04fd-b8e5-4c81-bf6f-f7657104b606 None None] Join ServiceGroup membership for this service scheduler {{(pid=95688) start /opt/stack/nova/nova/service.py:222}}
Jun 15 20:55:25.314361 np0000002897 nova-scheduler[95688]: DEBUG nova.servicegroup.drivers.db [None req-c57b04fd-b8e5-4c81-bf6f-f7657104b606 None None] DB_Driver: join new ServiceGroup member np0000002897 to the scheduler group, service = {{(pid=95688) join /opt/stack/nova/nova/servicegroup/drivers/db.py:44}}
Jun 15 20:55:25.316572 np0000002897 nova-scheduler[95686]: DEBUG nova.service [None req-ee4d42d1-800c-407e-a9de-4ebc74838ab6 None None] Join ServiceGroup membership for this service scheduler {{(pid=95686) start /opt/stack/nova/nova/service.py:222}}
Jun 15 20:55:25.316739 np0000002897 nova-scheduler[95686]: DEBUG nova.servicegroup.drivers.db [None req-ee4d42d1-800c-407e-a9de-4ebc74838ab6 None None] DB_Driver: join new ServiceGroup member np0000002897 to the scheduler group, service = {{(pid=95686) join /opt/stack/nova/nova/servicegroup/drivers/db.py:44}}
Jun 15 20:55:25.318823 np0000002897 nova-scheduler[95683]: DEBUG nova.service [None req-441b0d7e-e125-4002-a537-52f0c4b4dbfd None None] Join ServiceGroup membership for this service scheduler {{(pid=95683) start /opt/stack/nova/nova/service.py:222}}
Jun 15 20:55:25.319328 np0000002897 nova-scheduler[95683]: DEBUG nova.servicegroup.drivers.db [None req-441b0d7e-e125-4002-a537-52f0c4b4dbfd None None] DB_Driver: join new ServiceGroup member np0000002897 to the scheduler group, service = {{(pid=95683) join /opt/stack/nova/nova/servicegroup/drivers/db.py:44}}
Jun 15 20:55:30.334077 np0000002897 nova-scheduler[95686]: DEBUG oslo.service.backend._threading.loopingcall [-] Fixed interval looping call 'nova.servicegroup.drivers.db.DbDriver._report_state' sleeping for 119.99 seconds {{(pid=95686) _run_loop /opt/stack/data/venv/lib/python3.12/site-packages/oslo_service/backend/_threading/loopingcall.py:125}}
Jun 15 20:55:30.334404 np0000002897 nova-scheduler[95683]: DEBUG oslo.service.backend._threading.loopingcall [-] Fixed interval looping call 'nova.servicegroup.drivers.db.DbDriver._report_state' sleeping for 119.99 seconds {{(pid=95683) _run_loop /opt/stack/data/venv/lib/python3.12/site-packages/oslo_service/backend/_threading/loopingcall.py:125}}
Jun 15 20:55:30.337167 np0000002897 nova-scheduler[95688]: DEBUG oslo.service.backend._threading.loopingcall [-] Fixed interval looping call 'nova.servicegroup.drivers.db.DbDriver._report_state' sleeping for 119.98 seconds {{(pid=95688) _run_loop /opt/stack/data/venv/lib/python3.12/site-packages/oslo_service/backend/_threading/loopingcall.py:125}}
Jun 15 20:55:33.829094 np0000002897 nova-scheduler[94485]: DEBUG dbcounter [-] [94485] Writing DB stats nova_api:SELECT=3 {{(pid=94485) stat_writer /opt/stack/data/venv/lib/python3.12/site-packages/dbcounter.py:115}}
Jun 15 20:55:33.963067 np0000002897 nova-scheduler[94485]: DEBUG dbcounter [-] [94485] Writing DB stats nova_cell0:SELECT=1 {{(pid=94485) stat_writer /opt/stack/data/venv/lib/python3.12/site-packages/dbcounter.py:115}}
Jun 15 20:55:33.967728 np0000002897 nova-scheduler[94485]: DEBUG dbcounter [-] [94485] Writing DB stats nova_cell1:SELECT=1 {{(pid=94485) stat_writer /opt/stack/data/venv/lib/python3.12/site-packages/dbcounter.py:115}}
Jun 15 20:55:34.316429 np0000002897 nova-scheduler[95688]: DEBUG oslo.service.backend._threading.loopingcall [None req-c73b6eca-c19f-4d13-86ee-bb73c819413e None None] Dynamic interval looping call 'nova.service.Service.periodic_tasks' sleeping for 60.00 seconds {{(pid=95688) _run_loop /opt/stack/data/venv/lib/python3.12/site-packages/oslo_service/backend/_threading/loopingcall.py:125}}
Jun 15 20:55:40.330092 np0000002897 nova-scheduler[95686]: DEBUG dbcounter [-] [95686] Writing DB stats nova_cell0:SELECT=4,nova_cell0:INSERT=1,nova_cell0:UPDATE=1 {{(pid=95686) stat_writer /opt/stack/data/venv/lib/python3.12/site-packages/dbcounter.py:115}}
Jun 15 20:55:40.332049 np0000002897 nova-scheduler[95683]: DEBUG dbcounter [-] [95683] Writing DB stats nova_cell0:SELECT=3,nova_cell0:UPDATE=1 {{(pid=95683) stat_writer /opt/stack/data/venv/lib/python3.12/site-packages/dbcounter.py:115}}
Jun 15 20:55:40.334280 np0000002897 nova-scheduler[95688]: DEBUG dbcounter [-] [95688] Writing DB stats nova_cell0:SELECT=3,nova_cell0:UPDATE=1 {{(pid=95688) stat_writer /opt/stack/data/venv/lib/python3.12/site-packages/dbcounter.py:115}}
Jun 15 20:55:44.319039 np0000002897 nova-scheduler[95686]: DEBUG oslo.service.backend._threading.loopingcall [None req-6c22acd8-0968-4a99-9ba9-d0996d6c4c3a None None] Dynamic interval looping call 'nova.service.Service.periodic_tasks' sleeping for 60.00 seconds {{(pid=95686) _run_loop /opt/stack/data/venv/lib/python3.12/site-packages/oslo_service/backend/_threading/loopingcall.py:125}}
Jun 15 20:56:05.321812 np0000002897 nova-scheduler[95683]: DEBUG oslo.service.backend._threading.loopingcall [None req-8844f4ae-036d-4215-b122-fe114e2631ba None None] Dynamic interval looping call 'nova.service.Service.periodic_tasks' sleeping for 60.00 seconds {{(pid=95683) _run_loop /opt/stack/data/venv/lib/python3.12/site-packages/oslo_service/backend/_threading/loopingcall.py:125}}
Jun 15 20:56:34.316971 np0000002897 nova-scheduler[95688]: DEBUG oslo.service.backend._threading.loopingcall [None req-c73b6eca-c19f-4d13-86ee-bb73c819413e None None] Dynamic interval looping call 'nova.service.Service.periodic_tasks' sleeping for 60.00 seconds {{(pid=95688) _run_loop /opt/stack/data/venv/lib/python3.12/site-packages/oslo_service/backend/_threading/loopingcall.py:125}}
Jun 15 20:56:44.319517 np0000002897 nova-scheduler[95686]: DEBUG oslo.service.backend._threading.loopingcall [None req-6c22acd8-0968-4a99-9ba9-d0996d6c4c3a None None] Dynamic interval looping call 'nova.service.Service.periodic_tasks' sleeping for 60.00 seconds {{(pid=95686) _run_loop /opt/stack/data/venv/lib/python3.12/site-packages/oslo_service/backend/_threading/loopingcall.py:125}}
Jun 15 20:57:05.322266 np0000002897 nova-scheduler[95683]: DEBUG oslo.service.backend._threading.loopingcall [None req-8844f4ae-036d-4215-b122-fe114e2631ba None None] Dynamic interval looping call 'nova.service.Service.periodic_tasks' sleeping for 60.00 seconds {{(pid=95683) _run_loop /opt/stack/data/venv/lib/python3.12/site-packages/oslo_service/backend/_threading/loopingcall.py:125}}
Jun 15 20:57:30.328467 np0000002897 nova-scheduler[95688]: DEBUG oslo.service.backend._threading.loopingcall [-] Fixed interval looping call 'nova.servicegroup.drivers.db.DbDriver._report_state' sleeping for 119.99 seconds {{(pid=95688) _run_loop /opt/stack/data/venv/lib/python3.12/site-packages/oslo_service/backend/_threading/loopingcall.py:125}}
Jun 15 20:57:30.329754 np0000002897 nova-scheduler[95686]: DEBUG oslo.service.backend._threading.loopingcall [-] Fixed interval looping call 'nova.servicegroup.drivers.db.DbDriver._report_state' sleeping for 119.99 seconds {{(pid=95686) _run_loop /opt/stack/data/venv/lib/python3.12/site-packages/oslo_service/backend/_threading/loopingcall.py:125}}
Jun 15 20:57:30.330720 np0000002897 nova-scheduler[95683]: DEBUG oslo.service.backend._threading.loopingcall [-] Fixed interval looping call 'nova.servicegroup.drivers.db.DbDriver._report_state' sleeping for 119.99 seconds {{(pid=95683) _run_loop /opt/stack/data/venv/lib/python3.12/site-packages/oslo_service/backend/_threading/loopingcall.py:125}}
Jun 15 20:57:34.317436 np0000002897 nova-scheduler[95688]: DEBUG oslo.service.backend._threading.loopingcall [None req-c73b6eca-c19f-4d13-86ee-bb73c819413e None None] Dynamic interval looping call 'nova.service.Service.periodic_tasks' sleeping for 60.00 seconds {{(pid=95688) _run_loop /opt/stack/data/venv/lib/python3.12/site-packages/oslo_service/backend/_threading/loopingcall.py:125}}
Jun 15 20:57:40.320464 np0000002897 nova-scheduler[95688]: DEBUG dbcounter [-] [95688] Writing DB stats nova_cell0:SELECT=1,nova_cell0:UPDATE=1 {{(pid=95688) stat_writer /opt/stack/data/venv/lib/python3.12/site-packages/dbcounter.py:115}}
Jun 15 20:57:40.327709 np0000002897 nova-scheduler[95686]: DEBUG dbcounter [-] [95686] Writing DB stats nova_cell0:SELECT=1,nova_cell0:UPDATE=1 {{(pid=95686) stat_writer /opt/stack/data/venv/lib/python3.12/site-packages/dbcounter.py:115}}
Jun 15 20:57:40.328651 np0000002897 nova-scheduler[95683]: DEBUG dbcounter [-] [95683] Writing DB stats nova_cell0:SELECT=1,nova_cell0:UPDATE=1 {{(pid=95683) stat_writer /opt/stack/data/venv/lib/python3.12/site-packages/dbcounter.py:115}}
Jun 15 20:57:44.320076 np0000002897 nova-scheduler[95686]: DEBUG oslo.service.backend._threading.loopingcall [None req-6c22acd8-0968-4a99-9ba9-d0996d6c4c3a None None] Dynamic interval looping call 'nova.service.Service.periodic_tasks' sleeping for 60.00 seconds {{(pid=95686) _run_loop /opt/stack/data/venv/lib/python3.12/site-packages/oslo_service/backend/_threading/loopingcall.py:125}}
Jun 15 20:58:05.322700 np0000002897 nova-scheduler[95683]: DEBUG oslo.service.backend._threading.loopingcall [None req-8844f4ae-036d-4215-b122-fe114e2631ba None None] Dynamic interval looping call 'nova.service.Service.periodic_tasks' sleeping for 60.00 seconds {{(pid=95683) _run_loop /opt/stack/data/venv/lib/python3.12/site-packages/oslo_service/backend/_threading/loopingcall.py:125}}
Jun 15 20:58:15.624035 np0000002897 nova-scheduler[95688]: DEBUG nova.scheduler.manager [None req-334c7949-c178-4d1f-9753-52ebc56fda94 tempest-ServerActionsTestOtherA-1335858288 tempest-ServerActionsTestOtherA-1335858288-project-member] Starting to schedule for instances: ['5cf937d8-bc0c-4d83-8d9d-15b95f2c445d'] {{(pid=95688) select_destinations /opt/stack/nova/nova/scheduler/manager.py:210}}
Jun 15 20:58:15.624832 np0000002897 nova-scheduler[95688]: DEBUG nova.scheduler.request_filter [None req-334c7949-c178-4d1f-9753-52ebc56fda94 tempest-ServerActionsTestOtherA-1335858288 tempest-ServerActionsTestOtherA-1335858288-project-member] compute_status_filter request filter added forbidden trait COMPUTE_STATUS_DISABLED {{(pid=95688) compute_status_filter /opt/stack/nova/nova/scheduler/request_filter.py:253}}
Jun 15 20:58:15.624985 np0000002897 nova-scheduler[95688]: DEBUG nova.scheduler.request_filter [None req-334c7949-c178-4d1f-9753-52ebc56fda94 tempest-ServerActionsTestOtherA-1335858288 tempest-ServerActionsTestOtherA-1335858288-project-member] Request filter 'compute_status_filter' took 0.0 seconds {{(pid=95688) wrapper /opt/stack/nova/nova/scheduler/request_filter.py:46}}
Jun 15 20:58:15.625284 np0000002897 nova-scheduler[95688]: DEBUG nova.scheduler.request_filter [None req-334c7949-c178-4d1f-9753-52ebc56fda94 tempest-ServerActionsTestOtherA-1335858288 tempest-ServerActionsTestOtherA-1335858288-project-member] Request filter 'accelerators_filter' took 0.0 seconds {{(pid=95688) wrapper /opt/stack/nova/nova/scheduler/request_filter.py:46}}
Jun 15 20:58:15.625526 np0000002897 nova-scheduler[95688]: DEBUG nova.scheduler.request_filter [None req-334c7949-c178-4d1f-9753-52ebc56fda94 tempest-ServerActionsTestOtherA-1335858288 tempest-ServerActionsTestOtherA-1335858288-project-member] Request filter 'packed_virtqueue_filter' took 0.0 seconds {{(pid=95688) wrapper /opt/stack/nova/nova/scheduler/request_filter.py:46}}
Jun 15 20:58:15.625899 np0000002897 nova-scheduler[95688]: DEBUG nova.scheduler.request_filter [None req-334c7949-c178-4d1f-9753-52ebc56fda94 tempest-ServerActionsTestOtherA-1335858288 tempest-ServerActionsTestOtherA-1335858288-project-member] Request filter 'remote_managed_ports_filter' took 0.0 seconds {{(pid=95688) wrapper /opt/stack/nova/nova/scheduler/request_filter.py:46}}
Jun 15 20:58:15.626096 np0000002897 nova-scheduler[95688]: DEBUG nova.scheduler.request_filter [None req-334c7949-c178-4d1f-9753-52ebc56fda94 tempest-ServerActionsTestOtherA-1335858288 tempest-ServerActionsTestOtherA-1335858288-project-member] ephemeral_encryption_filter skipped {{(pid=95688) ephemeral_encryption_filter /opt/stack/nova/nova/scheduler/request_filter.py:426}}
Jun 15 20:58:15.626599 np0000002897 nova-scheduler[95688]: DEBUG nova.scheduler.request_filter [None req-334c7949-c178-4d1f-9753-52ebc56fda94 tempest-ServerActionsTestOtherA-1335858288 tempest-ServerActionsTestOtherA-1335858288-project-member] virtio_sound_filter skipped {{(pid=95688) virtio_sound_filter /opt/stack/nova/nova/scheduler/request_filter.py:460}}
Jun 15 20:58:15.626599 np0000002897 nova-scheduler[95688]: DEBUG nova.scheduler.request_filter [None req-334c7949-c178-4d1f-9753-52ebc56fda94 tempest-ServerActionsTestOtherA-1335858288 tempest-ServerActionsTestOtherA-1335858288-project-member] tpm_secret_security_filter skipped {{(pid=95688) tpm_secret_security_filter /opt/stack/nova/nova/scheduler/request_filter.py:477}}
Jun 15 20:58:16.308451 np0000002897 nova-scheduler[95688]: INFO nova.utils [None req-334c7949-c178-4d1f-9753-52ebc56fda94 tempest-ServerActionsTestOtherA-1335858288 tempest-ServerActionsTestOtherA-1335858288-project-member] The cell worker thread pool ForkProcess-3.cell_worker is initialized
Jun 15 20:58:16.308840 np0000002897 nova-scheduler[95688]: DEBUG oslo_concurrency.lockutils [None req-334c7949-c178-4d1f-9753-52ebc56fda94 tempest-ServerActionsTestOtherA-1335858288 tempest-ServerActionsTestOtherA-1335858288-project-member] Acquiring lock "dff32246-2e35-4ea8-9d3d-07023283317b" by "nova.context.set_target_cell..get_or_set_cached_cell_and_set_connections" {{(pid=95688) inner /opt/stack/data/venv/lib/python3.12/site-packages/oslo_concurrency/lockutils.py:511}}
Jun 15 20:58:16.309036 np0000002897 nova-scheduler[95688]: DEBUG oslo_concurrency.lockutils [None req-334c7949-c178-4d1f-9753-52ebc56fda94 tempest-ServerActionsTestOtherA-1335858288 tempest-ServerActionsTestOtherA-1335858288-project-member] Lock "dff32246-2e35-4ea8-9d3d-07023283317b" acquired by "nova.context.set_target_cell..get_or_set_cached_cell_and_set_connections" :: waited 0.000s {{(pid=95688) inner /opt/stack/data/venv/lib/python3.12/site-packages/oslo_concurrency/lockutils.py:524}}
Jun 15 20:58:16.310359 np0000002897 nova-scheduler[95688]: DEBUG oslo_concurrency.lockutils [None req-334c7949-c178-4d1f-9753-52ebc56fda94 tempest-ServerActionsTestOtherA-1335858288 tempest-ServerActionsTestOtherA-1335858288-project-member] Lock "dff32246-2e35-4ea8-9d3d-07023283317b" "released" by "nova.context.set_target_cell..get_or_set_cached_cell_and_set_connections" :: held 0.001s {{(pid=95688) inner /opt/stack/data/venv/lib/python3.12/site-packages/oslo_concurrency/lockutils.py:543}}
Jun 15 20:58:16.311904 np0000002897 nova-scheduler[95688]: INFO dbcounter [None req-334c7949-c178-4d1f-9753-52ebc56fda94 tempest-ServerActionsTestOtherA-1335858288 tempest-ServerActionsTestOtherA-1335858288-project-member] Registered counter for database nova_cell1
Jun 15 20:58:16.350681 np0000002897 nova-scheduler[95688]: DEBUG oslo_db.sqlalchemy.engines [None req-334c7949-c178-4d1f-9753-52ebc56fda94 tempest-ServerActionsTestOtherA-1335858288 tempest-ServerActionsTestOtherA-1335858288-project-member] MySQL server mode set to STRICT_TRANS_TABLES,STRICT_ALL_TABLES,NO_ZERO_IN_DATE,NO_ZERO_DATE,ERROR_FOR_DIVISION_BY_ZERO,TRADITIONAL,NO_ENGINE_SUBSTITUTION {{(pid=95688) _check_effective_sql_mode /opt/stack/data/venv/lib/python3.12/site-packages/oslo_db/sqlalchemy/engines.py:325}}
Jun 15 20:58:16.355236 np0000002897 nova-scheduler[95688]: DEBUG dbcounter [-] [95688] Writer thread running {{(pid=95688) stat_writer /opt/stack/data/venv/lib/python3.12/site-packages/dbcounter.py:102}}
Jun 15 20:58:16.367479 np0000002897 nova-scheduler[95688]: DEBUG oslo_db.sqlalchemy.engines [None req-334c7949-c178-4d1f-9753-52ebc56fda94 tempest-ServerActionsTestOtherA-1335858288 tempest-ServerActionsTestOtherA-1335858288-project-member] Parent process 94485 forked (95688) with an open database connection, which is being discarded and recreated. {{(pid=95688) checkout /opt/stack/data/venv/lib/python3.12/site-packages/oslo_db/sqlalchemy/engines.py:402}}
Jun 15 20:58:16.406858 np0000002897 nova-scheduler[95688]: DEBUG dbcounter [-] [95688] Writer thread running {{(pid=95688) stat_writer /opt/stack/data/venv/lib/python3.12/site-packages/dbcounter.py:102}}
Jun 15 20:58:16.409762 np0000002897 nova-scheduler[95688]: DEBUG oslo_concurrency.lockutils [None req-334c7949-c178-4d1f-9753-52ebc56fda94 tempest-ServerActionsTestOtherA-1335858288 tempest-ServerActionsTestOtherA-1335858288-project-member] Acquiring lock "dff32246-2e35-4ea8-9d3d-07023283317b" by "nova.context.set_target_cell..get_or_set_cached_cell_and_set_connections" {{(pid=95688) inner /opt/stack/data/venv/lib/python3.12/site-packages/oslo_concurrency/lockutils.py:511}}
Jun 15 20:58:16.409762 np0000002897 nova-scheduler[95688]: DEBUG oslo_concurrency.lockutils [None req-334c7949-c178-4d1f-9753-52ebc56fda94 tempest-ServerActionsTestOtherA-1335858288 tempest-ServerActionsTestOtherA-1335858288-project-member] Lock "dff32246-2e35-4ea8-9d3d-07023283317b" acquired by "nova.context.set_target_cell..get_or_set_cached_cell_and_set_connections" :: waited 0.000s {{(pid=95688) inner /opt/stack/data/venv/lib/python3.12/site-packages/oslo_concurrency/lockutils.py:524}}
Jun 15 20:58:16.409762 np0000002897 nova-scheduler[95688]: DEBUG oslo_concurrency.lockutils [None req-334c7949-c178-4d1f-9753-52ebc56fda94 tempest-ServerActionsTestOtherA-1335858288 tempest-ServerActionsTestOtherA-1335858288-project-member] Lock "dff32246-2e35-4ea8-9d3d-07023283317b" "released" by "nova.context.set_target_cell..get_or_set_cached_cell_and_set_connections" :: held 0.000s {{(pid=95688) inner /opt/stack/data/venv/lib/python3.12/site-packages/oslo_concurrency/lockutils.py:543}}
Jun 15 20:58:16.413482 np0000002897 nova-scheduler[95688]: DEBUG oslo_concurrency.lockutils [None req-334c7949-c178-4d1f-9753-52ebc56fda94 tempest-ServerActionsTestOtherA-1335858288 tempest-ServerActionsTestOtherA-1335858288-project-member] Acquiring lock "('np0000002897', 'np0000002897')" by "nova.scheduler.host_manager.HostState.update.._locked_update" {{(pid=95688) inner /opt/stack/data/venv/lib/python3.12/site-packages/oslo_concurrency/lockutils.py:511}}
Jun 15 20:58:16.413702 np0000002897 nova-scheduler[95688]: DEBUG oslo_concurrency.lockutils [None req-334c7949-c178-4d1f-9753-52ebc56fda94 tempest-ServerActionsTestOtherA-1335858288 tempest-ServerActionsTestOtherA-1335858288-project-member] Lock "('np0000002897', 'np0000002897')" acquired by "nova.scheduler.host_manager.HostState.update.._locked_update" :: waited 0.000s {{(pid=95688) inner /opt/stack/data/venv/lib/python3.12/site-packages/oslo_concurrency/lockutils.py:524}}
Jun 15 20:58:16.416061 np0000002897 nova-scheduler[95688]: DEBUG nova.scheduler.host_manager [None req-334c7949-c178-4d1f-9753-52ebc56fda94 tempest-ServerActionsTestOtherA-1335858288 tempest-ServerActionsTestOtherA-1335858288-project-member] Update host state from compute node: ComputeNode(cpu_allocation_ratio=4.0,cpu_info='{"arch": "x86_64", "model": "EPYC-Milan", "vendor": "AMD", "topology": {"cells": 1, "sockets": 12, "cores": 1, "threads": 1}, "maxphysaddr": {"mode": "emulate", "bits": 40}, "features": ["vmcb-clean", "sep", "msr", "pdpe1gb", "pschange-mc-no", "sse4.2", "sha-ni", "ssbd", "pni", "pse36", "sse2", "popcnt", "cr8legacy", "movbe", "xsavec", "clflush", "ibrs", "vaes", "pcid", "osvw", "cx16", "tsc", "sse4a", "pclmuldq", "tsc-deadline", "v-vmsave-vmload", "cmp_legacy", "fma", "mce", "pku", "perfctr_core", "avx2", "xsaveerptr", "virt-ssbd", "xsave", "fpu", "invpcid", "lahf_lm", "fsrm", "3dnowprefetch", "amd-stibp", "clwb", "fsgsbase", "rdrand", "spec-ctrl", "mtrr", "gds-no", "x2apic", "nx", "nrip-save", "sse4.1", "ssse3", "clzero", "lm", "avx", "pae", "abm", "adx", "stibp-always-on", "lbrv", "aes", "vgif", "apic", "misalignsse", "mds-no", "vpclmulqdq", "umip", "wbnoinvd", "cx8", "svme-addr-chk", "pat", "arch-capabilities", "xsaves", "npt", "syscall", "hypervisor", "rdpid", "bmi2", "cmov", "lfence-always-serializing", "skip-l1dfl-vmentry", "svm", "pfthreshold", "f16c", "stibp", "mmx", "xgetbv1", "xsaveopt", "amd-psfd", "clflushopt", "de", "rdseed", "vme", "fxsr", "topoext", "smap", "arat", "fxsr_opt", "ibpb", "mca", "pse", "smep", "pause-filter", "no-nested-data-bp", "rdctl-no", "mmxext", "tsc-scale", "rdtscp", "tsc_adjust", "amd-ssbd", "flushbyasid", "erms", "sse", "pge", "null-sel-clr-base", "bmi1"]}',created_at=2026-06-15T20:55:50Z,current_workload=0,deleted=False,deleted_at=None,disk_allocation_ratio=1.0,disk_available_least=74,free_disk_gb=95,free_ram_mb=23518,host='np0000002897',host_ip=10.4.3.53,hypervisor_hostname='np0000002897',hypervisor_type='QEMU',hypervisor_version=8002002,id=1,local_gb=95,local_gb_used=0,mapped=1,memory_mb=24030,memory_mb_used=512,metrics='[]',numa_topology='{"nova_object.name": "NUMATopology", "nova_object.namespace": "nova", "nova_object.version": "1.2", "nova_object.data": {"cells": [{"nova_object.name": "NUMACell", "nova_object.namespace": "nova", "nova_object.version": "1.5", "nova_object.data": {"id": 0, "cpuset": [0, 1, 2, 3, 4, 5, 6, 7, 8, 9, 10, 11], "pcpuset": [0, 1, 2, 3, 4, 5, 6, 7, 8, 9, 10, 11], "memory": 24030, "cpu_usage": 0, "memory_usage": 0, "pinned_cpus": [], "siblings": [[6], [2], [5], [11], [8], [4], [1], [7], [10], [0], [3], [9]], "mempages": [{"nova_object.name": "NUMAPagesTopology", "nova_object.namespace": "nova", "nova_object.version": "1.1", "nova_object.data": {"size_kb": 4, "total": 6151796, "used": 0, "reserved": 0}, "nova_object.changes": ["size_kb", "total", "reserved", "used"]}, {"nova_object.name": "NUMAPagesTopology", "nova_object.namespace": "nova", "nova_object.version": "1.1", "nova_object.data": {"size_kb": 2048, "total": 0, "used": 0, "reserved": 0}, "nova_object.changes": ["size_kb", "total", "reserved", "used"]}, {"nova_object.name": "NUMAPagesTopology", "nova_object.namespace": "nova", "nova_object.version": "1.1", "nova_object.data": {"size_kb": 1048576, "total": 0, "used": 0, "reserved": 0}, "nova_object.changes": ["size_kb", "total", "reserved", "used"]}], "network_metadata": {"nova_object.name": "NetworkMetadata", "nova_object.namespace": "nova", "nova_object.version": "1.0", "nova_object.data": {"physnets": [], "tunneled": false}, "nova_object.changes": ["tunneled", "physnets"]}, "socket": null}, "nova_object.changes": ["pcpuset", "socket", "mempages", "cpuset", "memory", "pinned_cpus", "memory_usage", "network_metadata", "siblings", "cpu_usage", "id"]}]}, "nova_object.changes": ["cells"]}',pci_device_pools=PciDevicePoolList,ram_allocation_ratio=1.0,running_vms=0,service_id=3,stats={failed_builds='0',uptime=' 20:57:36 up 24 min, 2 users, load average: 1.40, 1.44, 0.83
Jun 15 20:58:16.416061 np0000002897 nova-scheduler[95688]: '},supported_hv_specs=[HVSpec,HVSpec,HVSpec,HVSpec,HVSpec,HVSpec,HVSpec,HVSpec,HVSpec,HVSpec,HVSpec,HVSpec,HVSpec,HVSpec,HVSpec,HVSpec,HVSpec,HVSpec,HVSpec,HVSpec,HVSpec,HVSpec,HVSpec,HVSpec,HVSpec],updated_at=2026-06-15T20:57:38Z,uuid=7d25fab6-64ba-44d8-848b-b10c001fa598,vcpus=12,vcpus_used=0) {{(pid=95688) _locked_update /opt/stack/nova/nova/scheduler/host_manager.py:168}}
Jun 15 20:58:16.416291 np0000002897 nova-scheduler[95688]: DEBUG nova.scheduler.host_manager [None req-334c7949-c178-4d1f-9753-52ebc56fda94 tempest-ServerActionsTestOtherA-1335858288 tempest-ServerActionsTestOtherA-1335858288-project-member] Update host state with aggregates: [] {{(pid=95688) _locked_update /opt/stack/nova/nova/scheduler/host_manager.py:171}}
Jun 15 20:58:16.416291 np0000002897 nova-scheduler[95688]: DEBUG nova.scheduler.host_manager [None req-334c7949-c178-4d1f-9753-52ebc56fda94 tempest-ServerActionsTestOtherA-1335858288 tempest-ServerActionsTestOtherA-1335858288-project-member] Update host state with service dict: {'id': 3, 'uuid': '99caea4b-5dfb-468f-9bf4-ede2fb32a3ce', 'host': 'np0000002897', 'binary': 'nova-compute', 'topic': 'compute', 'report_count': 2, 'disabled': False, 'disabled_reason': None, 'last_seen_up': datetime.datetime(2026, 6, 15, 20, 57, 59, tzinfo=datetime.timezone.utc), 'forced_down': False, 'version': 72, 'created_at': datetime.datetime(2026, 6, 15, 20, 55, 48, tzinfo=datetime.timezone.utc), 'updated_at': datetime.datetime(2026, 6, 15, 20, 57, 59, tzinfo=datetime.timezone.utc), 'deleted_at': None, 'deleted': False} {{(pid=95688) _locked_update /opt/stack/nova/nova/scheduler/host_manager.py:174}}
Jun 15 20:58:16.416498 np0000002897 nova-scheduler[95688]: DEBUG nova.scheduler.host_manager [None req-334c7949-c178-4d1f-9753-52ebc56fda94 tempest-ServerActionsTestOtherA-1335858288 tempest-ServerActionsTestOtherA-1335858288-project-member] Update host state with instances: [] {{(pid=95688) _locked_update /opt/stack/nova/nova/scheduler/host_manager.py:177}}
Jun 15 20:58:16.416654 np0000002897 nova-scheduler[95688]: DEBUG oslo_concurrency.lockutils [None req-334c7949-c178-4d1f-9753-52ebc56fda94 tempest-ServerActionsTestOtherA-1335858288 tempest-ServerActionsTestOtherA-1335858288-project-member] Lock "('np0000002897', 'np0000002897')" "released" by "nova.scheduler.host_manager.HostState.update.._locked_update" :: held 0.003s {{(pid=95688) inner /opt/stack/data/venv/lib/python3.12/site-packages/oslo_concurrency/lockutils.py:543}}
Jun 15 20:58:16.418806 np0000002897 nova-scheduler[95688]: DEBUG nova.filters [None req-334c7949-c178-4d1f-9753-52ebc56fda94 tempest-ServerActionsTestOtherA-1335858288 tempest-ServerActionsTestOtherA-1335858288-project-member] Starting with 1 host(s) {{(pid=95688) get_filtered_objects /opt/stack/nova/nova/filters.py:70}}
Jun 15 20:58:16.419150 np0000002897 nova-scheduler[95688]: DEBUG nova.filters [None req-334c7949-c178-4d1f-9753-52ebc56fda94 tempest-ServerActionsTestOtherA-1335858288 tempest-ServerActionsTestOtherA-1335858288-project-member] Filter ComputeFilter returned 1 host(s) {{(pid=95688) get_filtered_objects /opt/stack/nova/nova/filters.py:102}}
Jun 15 20:58:16.419289 np0000002897 nova-scheduler[95688]: DEBUG nova.filters [None req-334c7949-c178-4d1f-9753-52ebc56fda94 tempest-ServerActionsTestOtherA-1335858288 tempest-ServerActionsTestOtherA-1335858288-project-member] Filter ComputeCapabilitiesFilter returned 1 host(s) {{(pid=95688) get_filtered_objects /opt/stack/nova/nova/filters.py:102}}
Jun 15 20:58:16.419580 np0000002897 nova-scheduler[95688]: DEBUG nova.filters [None req-334c7949-c178-4d1f-9753-52ebc56fda94 tempest-ServerActionsTestOtherA-1335858288 tempest-ServerActionsTestOtherA-1335858288-project-member] Filter ImagePropertiesFilter returned 1 host(s) {{(pid=95688) get_filtered_objects /opt/stack/nova/nova/filters.py:102}}
Jun 15 20:58:16.419854 np0000002897 nova-scheduler[95688]: DEBUG nova.filters [None req-334c7949-c178-4d1f-9753-52ebc56fda94 tempest-ServerActionsTestOtherA-1335858288 tempest-ServerActionsTestOtherA-1335858288-project-member] Filter ServerGroupAntiAffinityFilter returned 1 host(s) {{(pid=95688) get_filtered_objects /opt/stack/nova/nova/filters.py:102}}
Jun 15 20:58:16.420044 np0000002897 nova-scheduler[95688]: DEBUG nova.filters [None req-334c7949-c178-4d1f-9753-52ebc56fda94 tempest-ServerActionsTestOtherA-1335858288 tempest-ServerActionsTestOtherA-1335858288-project-member] Filter ServerGroupAffinityFilter returned 1 host(s) {{(pid=95688) get_filtered_objects /opt/stack/nova/nova/filters.py:102}}
Jun 15 20:58:16.420044 np0000002897 nova-scheduler[95688]: DEBUG nova.filters [None req-334c7949-c178-4d1f-9753-52ebc56fda94 tempest-ServerActionsTestOtherA-1335858288 tempest-ServerActionsTestOtherA-1335858288-project-member] Filter SameHostFilter returned 1 host(s) {{(pid=95688) get_filtered_objects /opt/stack/nova/nova/filters.py:102}}
Jun 15 20:58:16.420327 np0000002897 nova-scheduler[95688]: DEBUG nova.filters [None req-334c7949-c178-4d1f-9753-52ebc56fda94 tempest-ServerActionsTestOtherA-1335858288 tempest-ServerActionsTestOtherA-1335858288-project-member] Filter DifferentHostFilter returned 1 host(s) {{(pid=95688) get_filtered_objects /opt/stack/nova/nova/filters.py:102}}
Jun 15 20:58:16.420509 np0000002897 nova-scheduler[95688]: DEBUG nova.scheduler.manager [None req-334c7949-c178-4d1f-9753-52ebc56fda94 tempest-ServerActionsTestOtherA-1335858288 tempest-ServerActionsTestOtherA-1335858288-project-member] Filtered [(np0000002897, np0000002897) ram: 23518MB disk: 75776MB io_ops: 0 instances: 0, allocation_candidates: 1] {{(pid=95688) _get_sorted_hosts /opt/stack/nova/nova/scheduler/manager.py:743}}
Jun 15 20:58:16.420732 np0000002897 nova-scheduler[95688]: DEBUG nova.scheduler.manager [None req-334c7949-c178-4d1f-9753-52ebc56fda94 tempest-ServerActionsTestOtherA-1335858288 tempest-ServerActionsTestOtherA-1335858288-project-member] Weighed [WeighedHost [host: (np0000002897, np0000002897) ram: 23518MB disk: 75776MB io_ops: 0 instances: 0, allocation_candidates: 1, weight: 0.0]] {{(pid=95688) _get_sorted_hosts /opt/stack/nova/nova/scheduler/manager.py:765}}
Jun 15 20:58:16.421022 np0000002897 nova-scheduler[95688]: DEBUG nova.scheduler.utils [None req-334c7949-c178-4d1f-9753-52ebc56fda94 tempest-ServerActionsTestOtherA-1335858288 tempest-ServerActionsTestOtherA-1335858288-project-member] Attempting to claim resources in the placement API for instance 5cf937d8-bc0c-4d83-8d9d-15b95f2c445d {{(pid=95688) claim_resources /opt/stack/nova/nova/scheduler/utils.py:1345}}
Jun 15 20:58:16.583775 np0000002897 nova-scheduler[95688]: DEBUG nova.scheduler.manager [None req-334c7949-c178-4d1f-9753-52ebc56fda94 tempest-ServerActionsTestOtherA-1335858288 tempest-ServerActionsTestOtherA-1335858288-project-member] [instance: 5cf937d8-bc0c-4d83-8d9d-15b95f2c445d] Selected host: (np0000002897, np0000002897) ram: 23518MB disk: 75776MB io_ops: 0 instances: 0, allocation_candidates: 1 {{(pid=95688) _consume_selected_host /opt/stack/nova/nova/scheduler/manager.py:625}}
Jun 15 20:58:16.584049 np0000002897 nova-scheduler[95688]: DEBUG oslo_concurrency.lockutils [None req-334c7949-c178-4d1f-9753-52ebc56fda94 tempest-ServerActionsTestOtherA-1335858288 tempest-ServerActionsTestOtherA-1335858288-project-member] Acquiring lock "('np0000002897', 'np0000002897')" by "nova.scheduler.host_manager.HostState.consume_from_request.._locked" {{(pid=95688) inner /opt/stack/data/venv/lib/python3.12/site-packages/oslo_concurrency/lockutils.py:511}}
Jun 15 20:58:16.584716 np0000002897 nova-scheduler[95688]: DEBUG oslo_concurrency.lockutils [None req-334c7949-c178-4d1f-9753-52ebc56fda94 tempest-ServerActionsTestOtherA-1335858288 tempest-ServerActionsTestOtherA-1335858288-project-member] Lock "('np0000002897', 'np0000002897')" acquired by "nova.scheduler.host_manager.HostState.consume_from_request.._locked" :: waited 0.000s {{(pid=95688) inner /opt/stack/data/venv/lib/python3.12/site-packages/oslo_concurrency/lockutils.py:524}}
Jun 15 20:58:16.584716 np0000002897 nova-scheduler[95688]: DEBUG oslo_concurrency.lockutils [None req-334c7949-c178-4d1f-9753-52ebc56fda94 tempest-ServerActionsTestOtherA-1335858288 tempest-ServerActionsTestOtherA-1335858288-project-member] Lock "('np0000002897', 'np0000002897')" "released" by "nova.scheduler.host_manager.HostState.consume_from_request.._locked" :: held 0.000s {{(pid=95688) inner /opt/stack/data/venv/lib/python3.12/site-packages/oslo_concurrency/lockutils.py:543}}
Jun 15 20:58:19.144438 np0000002897 nova-scheduler[95686]: DEBUG nova.scheduler.manager [None req-875880e1-7cf2-4777-a4fb-7a1f686a1340 tempest-ServerActionsTestOtherB-807930061 tempest-ServerActionsTestOtherB-807930061-project-member] Starting to schedule for instances: ['1c77c181-fcd1-4b60-8857-81af1aaa0d94'] {{(pid=95686) select_destinations /opt/stack/nova/nova/scheduler/manager.py:210}}
Jun 15 20:58:19.145114 np0000002897 nova-scheduler[95686]: DEBUG nova.scheduler.request_filter [None req-875880e1-7cf2-4777-a4fb-7a1f686a1340 tempest-ServerActionsTestOtherB-807930061 tempest-ServerActionsTestOtherB-807930061-project-member] compute_status_filter request filter added forbidden trait COMPUTE_STATUS_DISABLED {{(pid=95686) compute_status_filter /opt/stack/nova/nova/scheduler/request_filter.py:253}}
Jun 15 20:58:19.145296 np0000002897 nova-scheduler[95686]: DEBUG nova.scheduler.request_filter [None req-875880e1-7cf2-4777-a4fb-7a1f686a1340 tempest-ServerActionsTestOtherB-807930061 tempest-ServerActionsTestOtherB-807930061-project-member] Request filter 'compute_status_filter' took 0.0 seconds {{(pid=95686) wrapper /opt/stack/nova/nova/scheduler/request_filter.py:46}}
Jun 15 20:58:19.145537 np0000002897 nova-scheduler[95686]: DEBUG nova.scheduler.request_filter [None req-875880e1-7cf2-4777-a4fb-7a1f686a1340 tempest-ServerActionsTestOtherB-807930061 tempest-ServerActionsTestOtherB-807930061-project-member] Request filter 'accelerators_filter' took 0.0 seconds {{(pid=95686) wrapper /opt/stack/nova/nova/scheduler/request_filter.py:46}}
Jun 15 20:58:19.145882 np0000002897 nova-scheduler[95686]: DEBUG nova.scheduler.request_filter [None req-875880e1-7cf2-4777-a4fb-7a1f686a1340 tempest-ServerActionsTestOtherB-807930061 tempest-ServerActionsTestOtherB-807930061-project-member] Request filter 'packed_virtqueue_filter' took 0.0 seconds {{(pid=95686) wrapper /opt/stack/nova/nova/scheduler/request_filter.py:46}}
Jun 15 20:58:19.146109 np0000002897 nova-scheduler[95686]: DEBUG nova.scheduler.request_filter [None req-875880e1-7cf2-4777-a4fb-7a1f686a1340 tempest-ServerActionsTestOtherB-807930061 tempest-ServerActionsTestOtherB-807930061-project-member] Request filter 'remote_managed_ports_filter' took 0.0 seconds {{(pid=95686) wrapper /opt/stack/nova/nova/scheduler/request_filter.py:46}}
Jun 15 20:58:19.146244 np0000002897 nova-scheduler[95686]: DEBUG nova.scheduler.request_filter [None req-875880e1-7cf2-4777-a4fb-7a1f686a1340 tempest-ServerActionsTestOtherB-807930061 tempest-ServerActionsTestOtherB-807930061-project-member] ephemeral_encryption_filter skipped {{(pid=95686) ephemeral_encryption_filter /opt/stack/nova/nova/scheduler/request_filter.py:426}}
Jun 15 20:58:19.146373 np0000002897 nova-scheduler[95686]: DEBUG nova.scheduler.request_filter [None req-875880e1-7cf2-4777-a4fb-7a1f686a1340 tempest-ServerActionsTestOtherB-807930061 tempest-ServerActionsTestOtherB-807930061-project-member] virtio_sound_filter skipped {{(pid=95686) virtio_sound_filter /opt/stack/nova/nova/scheduler/request_filter.py:460}}
Jun 15 20:58:19.146487 np0000002897 nova-scheduler[95686]: DEBUG nova.scheduler.request_filter [None req-875880e1-7cf2-4777-a4fb-7a1f686a1340 tempest-ServerActionsTestOtherB-807930061 tempest-ServerActionsTestOtherB-807930061-project-member] tpm_secret_security_filter skipped {{(pid=95686) tpm_secret_security_filter /opt/stack/nova/nova/scheduler/request_filter.py:477}}
Jun 15 20:58:19.249324 np0000002897 nova-scheduler[95686]: INFO nova.utils [None req-875880e1-7cf2-4777-a4fb-7a1f686a1340 tempest-ServerActionsTestOtherB-807930061 tempest-ServerActionsTestOtherB-807930061-project-member] The cell worker thread pool ForkProcess-2.cell_worker is initialized
Jun 15 20:58:19.249905 np0000002897 nova-scheduler[95686]: DEBUG oslo_concurrency.lockutils [None req-875880e1-7cf2-4777-a4fb-7a1f686a1340 tempest-ServerActionsTestOtherB-807930061 tempest-ServerActionsTestOtherB-807930061-project-member] Acquiring lock "dff32246-2e35-4ea8-9d3d-07023283317b" by "nova.context.set_target_cell..get_or_set_cached_cell_and_set_connections" {{(pid=95686) inner /opt/stack/data/venv/lib/python3.12/site-packages/oslo_concurrency/lockutils.py:511}}
Jun 15 20:58:19.250187 np0000002897 nova-scheduler[95686]: DEBUG oslo_concurrency.lockutils [None req-875880e1-7cf2-4777-a4fb-7a1f686a1340 tempest-ServerActionsTestOtherB-807930061 tempest-ServerActionsTestOtherB-807930061-project-member] Lock "dff32246-2e35-4ea8-9d3d-07023283317b" acquired by "nova.context.set_target_cell..get_or_set_cached_cell_and_set_connections" :: waited 0.000s {{(pid=95686) inner /opt/stack/data/venv/lib/python3.12/site-packages/oslo_concurrency/lockutils.py:524}}
Jun 15 20:58:19.252401 np0000002897 nova-scheduler[95686]: DEBUG oslo_concurrency.lockutils [None req-875880e1-7cf2-4777-a4fb-7a1f686a1340 tempest-ServerActionsTestOtherB-807930061 tempest-ServerActionsTestOtherB-807930061-project-member] Lock "dff32246-2e35-4ea8-9d3d-07023283317b" "released" by "nova.context.set_target_cell..get_or_set_cached_cell_and_set_connections" :: held 0.002s {{(pid=95686) inner /opt/stack/data/venv/lib/python3.12/site-packages/oslo_concurrency/lockutils.py:543}}
Jun 15 20:58:19.255717 np0000002897 nova-scheduler[95686]: INFO dbcounter [None req-875880e1-7cf2-4777-a4fb-7a1f686a1340 tempest-ServerActionsTestOtherB-807930061 tempest-ServerActionsTestOtherB-807930061-project-member] Registered counter for database nova_cell1
Jun 15 20:58:19.309066 np0000002897 nova-scheduler[95686]: DEBUG oslo_db.sqlalchemy.engines [None req-875880e1-7cf2-4777-a4fb-7a1f686a1340 tempest-ServerActionsTestOtherB-807930061 tempest-ServerActionsTestOtherB-807930061-project-member] MySQL server mode set to STRICT_TRANS_TABLES,STRICT_ALL_TABLES,NO_ZERO_IN_DATE,NO_ZERO_DATE,ERROR_FOR_DIVISION_BY_ZERO,TRADITIONAL,NO_ENGINE_SUBSTITUTION {{(pid=95686) _check_effective_sql_mode /opt/stack/data/venv/lib/python3.12/site-packages/oslo_db/sqlalchemy/engines.py:325}}
Jun 15 20:58:19.316641 np0000002897 nova-scheduler[95686]: DEBUG dbcounter [-] [95686] Writer thread running {{(pid=95686) stat_writer /opt/stack/data/venv/lib/python3.12/site-packages/dbcounter.py:102}}
Jun 15 20:58:19.383263 np0000002897 nova-scheduler[95686]: DEBUG dbcounter [-] [95686] Writer thread running {{(pid=95686) stat_writer /opt/stack/data/venv/lib/python3.12/site-packages/dbcounter.py:102}}
Jun 15 20:58:19.386841 np0000002897 nova-scheduler[95686]: DEBUG oslo_concurrency.lockutils [None req-875880e1-7cf2-4777-a4fb-7a1f686a1340 tempest-ServerActionsTestOtherB-807930061 tempest-ServerActionsTestOtherB-807930061-project-member] Acquiring lock "dff32246-2e35-4ea8-9d3d-07023283317b" by "nova.context.set_target_cell..get_or_set_cached_cell_and_set_connections" {{(pid=95686) inner /opt/stack/data/venv/lib/python3.12/site-packages/oslo_concurrency/lockutils.py:511}}
Jun 15 20:58:19.387012 np0000002897 nova-scheduler[95686]: DEBUG oslo_concurrency.lockutils [None req-875880e1-7cf2-4777-a4fb-7a1f686a1340 tempest-ServerActionsTestOtherB-807930061 tempest-ServerActionsTestOtherB-807930061-project-member] Lock "dff32246-2e35-4ea8-9d3d-07023283317b" acquired by "nova.context.set_target_cell..get_or_set_cached_cell_and_set_connections" :: waited 0.000s {{(pid=95686) inner /opt/stack/data/venv/lib/python3.12/site-packages/oslo_concurrency/lockutils.py:524}}
Jun 15 20:58:19.387128 np0000002897 nova-scheduler[95686]: DEBUG oslo_concurrency.lockutils [None req-875880e1-7cf2-4777-a4fb-7a1f686a1340 tempest-ServerActionsTestOtherB-807930061 tempest-ServerActionsTestOtherB-807930061-project-member] Lock "dff32246-2e35-4ea8-9d3d-07023283317b" "released" by "nova.context.set_target_cell..get_or_set_cached_cell_and_set_connections" :: held 0.000s {{(pid=95686) inner /opt/stack/data/venv/lib/python3.12/site-packages/oslo_concurrency/lockutils.py:543}}
Jun 15 20:58:19.390231 np0000002897 nova-scheduler[95686]: DEBUG oslo_concurrency.lockutils [None req-875880e1-7cf2-4777-a4fb-7a1f686a1340 tempest-ServerActionsTestOtherB-807930061 tempest-ServerActionsTestOtherB-807930061-project-member] Acquiring lock "('np0000002897', 'np0000002897')" by "nova.scheduler.host_manager.HostState.update.._locked_update" {{(pid=95686) inner /opt/stack/data/venv/lib/python3.12/site-packages/oslo_concurrency/lockutils.py:511}}
Jun 15 20:58:19.390382 np0000002897 nova-scheduler[95686]: DEBUG oslo_concurrency.lockutils [None req-875880e1-7cf2-4777-a4fb-7a1f686a1340 tempest-ServerActionsTestOtherB-807930061 tempest-ServerActionsTestOtherB-807930061-project-member] Lock "('np0000002897', 'np0000002897')" acquired by "nova.scheduler.host_manager.HostState.update.._locked_update" :: waited 0.000s {{(pid=95686) inner /opt/stack/data/venv/lib/python3.12/site-packages/oslo_concurrency/lockutils.py:524}}
