Jun 25 15:51:43.311650 np0000003617 devstack@c-api.service[100074]: INFO cinder.volume.api [None req-04dcee9a-c934-428b-945d-ec371323a30e tempest-VolumesActionsTest-870938329 tempest-VolumesActionsTest-870938329-project-member] Volume info retrieved successfully.
Jun 25 15:51:43.319656 np0000003617 devstack@c-api.service[100074]: INFO cinder.api.openstack.wsgi [None req-04dcee9a-c934-428b-945d-ec371323a30e tempest-VolumesActionsTest-870938329 tempest-VolumesActionsTest-870938329-project-member] https://10.4.3.137/volume/v3/volumes/a5ab1877-e799-498e-9c12-e02506ab9800 returned with HTTP 200
Jun 25 15:51:43.320172 np0000003617 devstack@c-api.service[100074]: [pid: 100074|app: 0|req: 40/156] 10.4.3.137 () {66 vars in 1348 bytes} [Thu Jun 25 15:51:43 2026] GET /volume/v3/volumes/a5ab1877-e799-498e-9c12-e02506ab9800 => generated 841 bytes in 32 msecs (HTTP/1.1 200) 7 headers in 285 bytes (1 switches on core 0)
Jun 25 15:51:43.333695 np0000003617 devstack@c-api.service[100073]: DEBUG cinder.api.middleware.request_id [None req-a010b40c-edaf-4bdd-87c0-bb8ae7c90fd4 None None] RequestId filter calling following filter/app {{(pid=100073) _context_setter /opt/stack/cinder/cinder/api/middleware/request_id.py:62}}
Jun 25 15:51:43.338638 np0000003617 devstack@c-api.service[100073]: INFO cinder.api.openstack.wsgi [None req-a010b40c-edaf-4bdd-87c0-bb8ae7c90fd4 tempest-VolumesActionsTest-1155157954 tempest-VolumesActionsTest-1155157954-project-admin] POST https://10.4.3.137/volume/v3/volumes/a5ab1877-e799-498e-9c12-e02506ab9800/action
Jun 25 15:51:43.339030 np0000003617 devstack@c-api.service[100073]: DEBUG cinder.api.openstack.wsgi [None req-a010b40c-edaf-4bdd-87c0-bb8ae7c90fd4 tempest-VolumesActionsTest-1155157954 tempest-VolumesActionsTest-1155157954-project-admin] Action body: b'{"os-reset_status": {"status": "maintenance"}}' {{(pid=100073) get_method /opt/stack/cinder/cinder/api/openstack/wsgi.py:993}}
Jun 25 15:51:43.339193 np0000003617 devstack@c-api.service[100073]: DEBUG cinder.api.openstack.wsgi [None req-a010b40c-edaf-4bdd-87c0-bb8ae7c90fd4 tempest-VolumesActionsTest-1155157954 tempest-VolumesActionsTest-1155157954-project-admin] Action: 'action', calling method: _reset_status, body: {"os-reset_status": {"status": "maintenance"}} {{(pid=100073) _process_stack /opt/stack/cinder/cinder/api/openstack/wsgi.py:876}}
Jun 25 15:51:43.352812 np0000003617 devstack@c-api.service[100073]: /opt/stack/data/venv/lib/python3.12/site-packages/oslo_context/context.py:102: DeprecationWarning: Policy enforcement is depending on the value of is_admin. This key is deprecated. Please update your policy file to use the standard policy values.
Jun 25 15:51:43.352812 np0000003617 devstack@c-api.service[100073]: warnings.warn(
Jun 25 15:51:43.353234 np0000003617 devstack@c-api.service[100073]: DEBUG cinder.api.contrib.admin_actions [None req-a010b40c-edaf-4bdd-87c0-bb8ae7c90fd4 tempest-VolumesActionsTest-1155157954 tempest-VolumesActionsTest-1155157954-project-admin] Updating volume 'a5ab1877-e799-498e-9c12-e02506ab9800' with '{'status': 'maintenance'}' {{(pid=100073) _reset_status /opt/stack/cinder/cinder/api/contrib/admin_actions.py:109}}
Jun 25 15:51:43.379041 np0000003617 devstack@c-api.service[100073]: INFO cinder.api.openstack.wsgi [None req-a010b40c-edaf-4bdd-87c0-bb8ae7c90fd4 tempest-VolumesActionsTest-1155157954 tempest-VolumesActionsTest-1155157954-project-admin] https://10.4.3.137/volume/v3/volumes/a5ab1877-e799-498e-9c12-e02506ab9800/action returned with HTTP 202
Jun 25 15:51:43.379581 np0000003617 devstack@c-api.service[100073]: [pid: 100073|app: 0|req: 40/157] 10.4.3.137 () {68 vars in 1390 bytes} [Thu Jun 25 15:51:43 2026] POST /volume/v3/volumes/a5ab1877-e799-498e-9c12-e02506ab9800/action => generated 0 bytes in 46 msecs (HTTP/1.1 202) 7 headers in 289 bytes (1 switches on core 0)
Jun 25 15:51:43.390544 np0000003617 devstack@c-api.service[100075]: DEBUG cinder.api.middleware.request_id [None req-b5c5becb-4158-491d-9629-acec418c8b11 None None] RequestId filter calling following filter/app {{(pid=100075) _context_setter /opt/stack/cinder/cinder/api/middleware/request_id.py:62}}
Jun 25 15:51:43.392147 np0000003617 devstack@c-api.service[100075]: INFO cinder.api.openstack.wsgi [None req-b5c5becb-4158-491d-9629-acec418c8b11 tempest-VolumesActionsTest-870938329 tempest-VolumesActionsTest-870938329-project-member] GET https://10.4.3.137/volume/v3/volumes/a5ab1877-e799-498e-9c12-e02506ab9800
Jun 25 15:51:43.392343 np0000003617 devstack@c-api.service[100075]: DEBUG cinder.api.openstack.wsgi [None req-b5c5becb-4158-491d-9629-acec418c8b11 tempest-VolumesActionsTest-870938329 tempest-VolumesActionsTest-870938329-project-member] Empty body provided in request {{(pid=100075) get_body /opt/stack/cinder/cinder/api/openstack/wsgi.py:725}}
Jun 25 15:51:43.392595 np0000003617 devstack@c-api.service[100075]: DEBUG cinder.api.openstack.wsgi [None req-b5c5becb-4158-491d-9629-acec418c8b11 tempest-VolumesActionsTest-870938329 tempest-VolumesActionsTest-870938329-project-member] Calling method 'show' {{(pid=100075) _process_stack /opt/stack/cinder/cinder/api/openstack/wsgi.py:878}}
Jun 25 15:51:43.526978 np0000003617 devstack@c-api.service[100075]: /opt/stack/data/venv/lib/python3.12/site-packages/oslo_context/context.py:102: DeprecationWarning: Policy enforcement is depending on the value of is_admin. This key is deprecated. Please update your policy file to use the standard policy values.
Jun 25 15:51:43.526978 np0000003617 devstack@c-api.service[100075]: warnings.warn(
Jun 25 15:51:43.531761 np0000003617 devstack@c-api.service[100075]: INFO cinder.volume.api [None req-b5c5becb-4158-491d-9629-acec418c8b11 tempest-VolumesActionsTest-870938329 tempest-VolumesActionsTest-870938329-project-member] Volume info retrieved successfully.
Jun 25 15:51:43.535136 np0000003617 devstack@c-api.service[100076]: DEBUG cinder.api.middleware.request_id [None req-8353d5d0-4e72-4638-99ba-ce17181a3453 None None] RequestId filter calling following filter/app {{(pid=100076) _context_setter /opt/stack/cinder/cinder/api/middleware/request_id.py:62}}
Jun 25 15:51:43.537136 np0000003617 devstack@c-api.service[100076]: INFO cinder.api.openstack.wsgi [None req-8353d5d0-4e72-4638-99ba-ce17181a3453 tempest-ServersNegativeTestJSON-1679433945 tempest-ServersNegativeTestJSON-1679433945-project-member] POST https://10.4.3.137/volume/v3/volumes
Jun 25 15:51:43.537539 np0000003617 devstack@c-api.service[100076]: DEBUG cinder.api.openstack.wsgi [None req-8353d5d0-4e72-4638-99ba-ce17181a3453 tempest-ServersNegativeTestJSON-1679433945 tempest-ServersNegativeTestJSON-1679433945-project-member] Action: 'create', calling method: create, body: {"volume": {"size": 1, "display_name": "tempest-ServersNegativeTestJSON-volume-1386452474"}} {{(pid=100076) _process_stack /opt/stack/cinder/cinder/api/openstack/wsgi.py:876}}
Jun 25 15:51:43.537643 np0000003617 devstack@c-api.service[100075]: INFO cinder.api.openstack.wsgi [None req-b5c5becb-4158-491d-9629-acec418c8b11 tempest-VolumesActionsTest-870938329 tempest-VolumesActionsTest-870938329-project-member] https://10.4.3.137/volume/v3/volumes/a5ab1877-e799-498e-9c12-e02506ab9800 returned with HTTP 200
Jun 25 15:51:43.538126 np0000003617 devstack@c-api.service[100075]: [pid: 100075|app: 0|req: 39/158] 10.4.3.137 () {66 vars in 1348 bytes} [Thu Jun 25 15:51:43 2026] GET /volume/v3/volumes/a5ab1877-e799-498e-9c12-e02506ab9800 => generated 843 bytes in 148 msecs (HTTP/1.1 200) 7 headers in 285 bytes (1 switches on core 0)
Jun 25 15:51:43.539174 np0000003617 devstack@c-api.service[100076]: DEBUG cinder.api.v3.volumes [None req-8353d5d0-4e72-4638-99ba-ce17181a3453 tempest-ServersNegativeTestJSON-1679433945 tempest-ServersNegativeTestJSON-1679433945-project-member] Create volume request body: {'volume': {'size': 1, 'display_name': 'tempest-ServersNegativeTestJSON-volume-1386452474'}} {{(pid=100076) create /opt/stack/cinder/cinder/api/v3/volumes.py:368}}
Jun 25 15:51:43.539473 np0000003617 devstack@c-api.service[100076]: INFO cinder.api.v3.volumes [None req-8353d5d0-4e72-4638-99ba-ce17181a3453 tempest-ServersNegativeTestJSON-1679433945 tempest-ServersNegativeTestJSON-1679433945-project-member] Create volume of 1 GB
Jun 25 15:51:43.544322 np0000003617 devstack@c-api.service[100076]: INFO cinder.volume.api [None req-8353d5d0-4e72-4638-99ba-ce17181a3453 tempest-ServersNegativeTestJSON-1679433945 tempest-ServersNegativeTestJSON-1679433945-project-member] Availability Zones retrieved successfully.
Jun 25 15:51:43.554076 np0000003617 devstack@c-api.service[100076]: DEBUG cinder.volume.api [None req-8353d5d0-4e72-4638-99ba-ce17181a3453 tempest-ServersNegativeTestJSON-1679433945 tempest-ServersNegativeTestJSON-1679433945-project-member] Flow 'volume_create_api' (1628e149-168d-42af-bc43-1c10c5521ce4) transitioned into state 'RUNNING' from state 'PENDING' {{(pid=100076) _flow_receiver /opt/stack/data/venv/lib/python3.12/site-packages/taskflow/listeners/logging.py:160}}
Jun 25 15:51:43.555298 np0000003617 devstack@c-api.service[100076]: DEBUG cinder.volume.api [None req-8353d5d0-4e72-4638-99ba-ce17181a3453 tempest-ServersNegativeTestJSON-1679433945 tempest-ServersNegativeTestJSON-1679433945-project-member] Task 'cinder.volume.flows.api.create_volume.ExtractVolumeRequestTask;volume:create' (495863a2-682d-44fc-8447-1ab33f62a1b1) transitioned into state 'RUNNING' from state 'PENDING' {{(pid=100076) _task_receiver /opt/stack/data/venv/lib/python3.12/site-packages/taskflow/listeners/logging.py:242}}
Jun 25 15:51:43.556757 np0000003617 devstack@c-api.service[100076]: DEBUG cinder.volume.flows.api.create_volume [None req-8353d5d0-4e72-4638-99ba-ce17181a3453 tempest-ServersNegativeTestJSON-1679433945 tempest-ServersNegativeTestJSON-1679433945-project-member] Validating volume size '1' using validate_int {{(pid=100076) _extract_size /opt/stack/cinder/cinder/volume/flows/api/create_volume.py:226}}
Jun 25 15:51:43.557188 np0000003617 devstack@c-api.service[100074]: DEBUG cinder.api.middleware.request_id [None req-1344a4c8-f8a7-408c-b133-efc67c09451d None None] RequestId filter calling following filter/app {{(pid=100074) _context_setter /opt/stack/cinder/cinder/api/middleware/request_id.py:62}}
Jun 25 15:51:43.559174 np0000003617 devstack@c-api.service[100074]: INFO cinder.api.openstack.wsgi [None req-1344a4c8-f8a7-408c-b133-efc67c09451d tempest-VolumesActionsTest-1155157954 tempest-VolumesActionsTest-1155157954-project-admin] POST https://10.4.3.137/volume/v3/volumes/a5ab1877-e799-498e-9c12-e02506ab9800/action
Jun 25 15:51:43.559466 np0000003617 devstack@c-api.service[100074]: DEBUG cinder.api.openstack.wsgi [None req-1344a4c8-f8a7-408c-b133-efc67c09451d tempest-VolumesActionsTest-1155157954 tempest-VolumesActionsTest-1155157954-project-admin] Action body: b'{"os-force_delete": {}}' {{(pid=100074) get_method /opt/stack/cinder/cinder/api/openstack/wsgi.py:993}}
Jun 25 15:51:43.559616 np0000003617 devstack@c-api.service[100074]: DEBUG cinder.api.openstack.wsgi [None req-1344a4c8-f8a7-408c-b133-efc67c09451d tempest-VolumesActionsTest-1155157954 tempest-VolumesActionsTest-1155157954-project-admin] Action: 'action', calling method: _force_delete, body: {"os-force_delete": {}} {{(pid=100074) _process_stack /opt/stack/cinder/cinder/api/openstack/wsgi.py:876}}
Jun 25 15:51:43.570180 np0000003617 devstack@c-api.service[100074]: /opt/stack/data/venv/lib/python3.12/site-packages/oslo_context/context.py:102: DeprecationWarning: Policy enforcement is depending on the value of is_admin. This key is deprecated. Please update your policy file to use the standard policy values.
Jun 25 15:51:43.570180 np0000003617 devstack@c-api.service[100074]: warnings.warn(
Jun 25 15:51:43.570180 np0000003617 devstack@c-api.service[100074]: INFO cinder.volume.api [None req-1344a4c8-f8a7-408c-b133-efc67c09451d tempest-VolumesActionsTest-1155157954 tempest-VolumesActionsTest-1155157954-project-admin] Volume info retrieved successfully.
Jun 25 15:51:43.592217 np0000003617 devstack@c-api.service[100074]: INFO cinder.volume.api [None req-1344a4c8-f8a7-408c-b133-efc67c09451d tempest-VolumesActionsTest-1155157954 tempest-VolumesActionsTest-1155157954-project-admin] Delete volume request issued successfully.
Jun 25 15:51:43.592426 np0000003617 devstack@c-api.service[100074]: INFO cinder.api.openstack.wsgi [None req-1344a4c8-f8a7-408c-b133-efc67c09451d tempest-VolumesActionsTest-1155157954 tempest-VolumesActionsTest-1155157954-project-admin] https://10.4.3.137/volume/v3/volumes/a5ab1877-e799-498e-9c12-e02506ab9800/action returned with HTTP 202
Jun 25 15:51:43.592829 np0000003617 devstack@c-api.service[100074]: [pid: 100074|app: 0|req: 41/159] 10.4.3.137 () {68 vars in 1390 bytes} [Thu Jun 25 15:51:43 2026] POST /volume/v3/volumes/a5ab1877-e799-498e-9c12-e02506ab9800/action => generated 0 bytes in 36 msecs (HTTP/1.1 202) 7 headers in 289 bytes (1 switches on core 0)
Jun 25 15:51:43.593548 np0000003617 devstack@c-api.service[100076]: DEBUG cinder.volume.api [None req-8353d5d0-4e72-4638-99ba-ce17181a3453 tempest-ServersNegativeTestJSON-1679433945 tempest-ServersNegativeTestJSON-1679433945-project-member] Task 'cinder.volume.flows.api.create_volume.ExtractVolumeRequestTask;volume:create' (495863a2-682d-44fc-8447-1ab33f62a1b1) transitioned into state 'SUCCESS' from state 'RUNNING' with result '{'size': 1, 'snapshot_id': None, 'source_volid': None, 'volume_type': VolumeType(created_at=2026-06-25T15:47:52Z,deleted=False,deleted_at=None,description=None,extra_specs={volume_backend_name='storpool'},id=b5447bdc-75b4-441e-8412-95781effe6bd,is_public=True,name='storpool',projects=[],qos_specs=,qos_specs_id=None,updated_at=None), 'volume_type_id': 'b5447bdc-75b4-441e-8412-95781effe6bd', 'encryption_key_id': None, 'qos_specs': None, 'consistencygroup_id': None, 'cgsnapshot_id': None, 'group_id': None, 'replication_status': 'disabled', 'refresh_az': False, 'backup_id': None, 'multiattach': False, 'availability_zones': ['nova']}' {{(pid=100076) _task_receiver /opt/stack/data/venv/lib/python3.12/site-packages/taskflow/listeners/logging.py:218}}
Jun 25 15:51:43.594695 np0000003617 devstack@c-api.service[100076]: DEBUG cinder.volume.api [None req-8353d5d0-4e72-4638-99ba-ce17181a3453 tempest-ServersNegativeTestJSON-1679433945 tempest-ServersNegativeTestJSON-1679433945-project-member] Task 'cinder.volume.flows.api.create_volume.QuotaReserveTask;volume:create' (615985f9-6a37-4e3c-a0a5-49c5bc69f235) transitioned into state 'RUNNING' from state 'PENDING' {{(pid=100076) _task_receiver /opt/stack/data/venv/lib/python3.12/site-packages/taskflow/listeners/logging.py:242}}
Jun 25 15:51:43.603525 np0000003617 devstack@c-api.service[100073]: DEBUG cinder.api.middleware.request_id [None req-4e79c52d-b1eb-480a-9790-3c126e7561b4 None None] RequestId filter calling following filter/app {{(pid=100073) _context_setter /opt/stack/cinder/cinder/api/middleware/request_id.py:62}}
Jun 25 15:51:43.606551 np0000003617 devstack@c-api.service[100075]: DEBUG cinder.api.middleware.request_id [None req-9133ccce-2740-4ab6-af96-14ffe2ec8361 None None] RequestId filter calling following filter/app {{(pid=100075) _context_setter /opt/stack/cinder/cinder/api/middleware/request_id.py:62}}
Jun 25 15:51:43.606946 np0000003617 devstack@c-api.service[100075]: INFO cinder.api.openstack.wsgi [None req-9133ccce-2740-4ab6-af96-14ffe2ec8361 None None] GET https://10.4.3.137/volume//
Jun 25 15:51:43.607029 np0000003617 devstack@c-api.service[100073]: INFO cinder.api.openstack.wsgi [None req-4e79c52d-b1eb-480a-9790-3c126e7561b4 tempest-VolumesActionsTest-870938329 tempest-VolumesActionsTest-870938329-project-member] GET https://10.4.3.137/volume/v3/volumes/a5ab1877-e799-498e-9c12-e02506ab9800
Jun 25 15:51:43.607129 np0000003617 devstack@c-api.service[100075]: DEBUG cinder.api.openstack.wsgi [None req-9133ccce-2740-4ab6-af96-14ffe2ec8361 None None] Empty body provided in request {{(pid=100075) get_body /opt/stack/cinder/cinder/api/openstack/wsgi.py:725}}
Jun 25 15:51:43.607246 np0000003617 devstack@c-api.service[100073]: DEBUG cinder.api.openstack.wsgi [None req-4e79c52d-b1eb-480a-9790-3c126e7561b4 tempest-VolumesActionsTest-870938329 tempest-VolumesActionsTest-870938329-project-member] Empty body provided in request {{(pid=100073) get_body /opt/stack/cinder/cinder/api/openstack/wsgi.py:725}}
Jun 25 15:51:43.607520 np0000003617 devstack@c-api.service[100073]: DEBUG cinder.api.openstack.wsgi [None req-4e79c52d-b1eb-480a-9790-3c126e7561b4 tempest-VolumesActionsTest-870938329 tempest-VolumesActionsTest-870938329-project-member] Calling method 'show' {{(pid=100073) _process_stack /opt/stack/cinder/cinder/api/openstack/wsgi.py:878}}
Jun 25 15:51:43.608222 np0000003617 devstack@c-api.service[100075]: DEBUG cinder.api.openstack.wsgi [None req-9133ccce-2740-4ab6-af96-14ffe2ec8361 None None] Calling method 'all' {{(pid=100075) _process_stack /opt/stack/cinder/cinder/api/openstack/wsgi.py:878}}
Jun 25 15:51:43.608709 np0000003617 devstack@c-api.service[100075]: INFO cinder.api.openstack.wsgi [None req-9133ccce-2740-4ab6-af96-14ffe2ec8361 None None] https://10.4.3.137/volume// returned with HTTP 300
Jun 25 15:51:43.610216 np0000003617 devstack@c-api.service[100075]: [pid: 100075|app: 0|req: 40/160] 10.4.3.137 () {66 vars in 1426 bytes} [Thu Jun 25 15:51:43 2026] GET /volume/ => generated 386 bytes in 3 msecs (HTTP/1.1 300) 7 headers in 299 bytes (1 switches on core 0)
Jun 25 15:51:43.618624 np0000003617 devstack@c-api.service[100074]: DEBUG cinder.api.middleware.request_id [req-d667847b-bb70-4a5f-a314-061cb1c93f4b req-e61fc79a-359f-4904-9c4b-cdb517954289 None None] RequestId filter calling following filter/app {{(pid=100074) _context_setter /opt/stack/cinder/cinder/api/middleware/request_id.py:62}}
Jun 25 15:51:43.618977 np0000003617 devstack@c-api.service[100073]: /opt/stack/data/venv/lib/python3.12/site-packages/oslo_context/context.py:102: DeprecationWarning: Policy enforcement is depending on the value of is_admin. This key is deprecated. Please update your policy file to use the standard policy values.
Jun 25 15:51:43.618977 np0000003617 devstack@c-api.service[100073]: warnings.warn(
Jun 25 15:51:43.623926 np0000003617 devstack@c-api.service[100073]: INFO cinder.volume.api [None req-4e79c52d-b1eb-480a-9790-3c126e7561b4 tempest-VolumesActionsTest-870938329 tempest-VolumesActionsTest-870938329-project-member] Volume info retrieved successfully.
Jun 25 15:51:43.625691 np0000003617 devstack@c-api.service[100074]: INFO cinder.api.openstack.wsgi [req-d667847b-bb70-4a5f-a314-061cb1c93f4b req-e61fc79a-359f-4904-9c4b-cdb517954289 tempest-TaggedBootDevicesTest-1587617579 tempest-TaggedBootDevicesTest-1587617579-project-member] GET https://10.4.3.137/volume/v3/volumes/5be0e067-964c-41df-a983-4745d86269ee
Jun 25 15:51:43.625956 np0000003617 devstack@c-api.service[100074]: DEBUG cinder.api.openstack.wsgi [req-d667847b-bb70-4a5f-a314-061cb1c93f4b req-e61fc79a-359f-4904-9c4b-cdb517954289 tempest-TaggedBootDevicesTest-1587617579 tempest-TaggedBootDevicesTest-1587617579-project-member] Empty body provided in request {{(pid=100074) get_body /opt/stack/cinder/cinder/api/openstack/wsgi.py:725}}
Jun 25 15:51:43.626197 np0000003617 devstack@c-api.service[100074]: DEBUG cinder.api.openstack.wsgi [req-d667847b-bb70-4a5f-a314-061cb1c93f4b req-e61fc79a-359f-4904-9c4b-cdb517954289 tempest-TaggedBootDevicesTest-1587617579 tempest-TaggedBootDevicesTest-1587617579-project-member] Calling method 'show' {{(pid=100074) _process_stack /opt/stack/cinder/cinder/api/openstack/wsgi.py:878}}
Jun 25 15:51:43.629484 np0000003617 devstack@c-api.service[100073]: INFO cinder.api.openstack.wsgi [None req-4e79c52d-b1eb-480a-9790-3c126e7561b4 tempest-VolumesActionsTest-870938329 tempest-VolumesActionsTest-870938329-project-member] https://10.4.3.137/volume/v3/volumes/a5ab1877-e799-498e-9c12-e02506ab9800 returned with HTTP 200
Jun 25 15:51:43.630109 np0000003617 devstack@c-api.service[100073]: [pid: 100073|app: 0|req: 41/161] 10.4.3.137 () {66 vars in 1348 bytes} [Thu Jun 25 15:51:43 2026] GET /volume/v3/volumes/a5ab1877-e799-498e-9c12-e02506ab9800 => generated 840 bytes in 27 msecs (HTTP/1.1 200) 7 headers in 285 bytes (1 switches on core 0)
Jun 25 15:51:43.644059 np0000003617 devstack@c-api.service[100074]: /opt/stack/data/venv/lib/python3.12/site-packages/oslo_context/context.py:102: DeprecationWarning: Policy enforcement is depending on the value of is_admin. This key is deprecated. Please update your policy file to use the standard policy values.
Jun 25 15:51:43.644059 np0000003617 devstack@c-api.service[100074]: warnings.warn(
Jun 25 15:51:43.651993 np0000003617 devstack@c-api.service[100074]: INFO cinder.volume.api [req-d667847b-bb70-4a5f-a314-061cb1c93f4b req-e61fc79a-359f-4904-9c4b-cdb517954289 tempest-TaggedBootDevicesTest-1587617579 tempest-TaggedBootDevicesTest-1587617579-project-member] Volume info retrieved successfully.
Jun 25 15:51:43.657081 np0000003617 devstack@c-api.service[100074]: INFO cinder.api.openstack.wsgi [req-d667847b-bb70-4a5f-a314-061cb1c93f4b req-e61fc79a-359f-4904-9c4b-cdb517954289 tempest-TaggedBootDevicesTest-1587617579 tempest-TaggedBootDevicesTest-1587617579-project-member] https://10.4.3.137/volume/v3/volumes/5be0e067-964c-41df-a983-4745d86269ee returned with HTTP 200
Jun 25 15:51:43.657774 np0000003617 devstack@c-api.service[100074]: [pid: 100074|app: 0|req: 42/162] 10.4.3.137 () {70 vars in 1639 bytes} [Thu Jun 25 15:51:43 2026] GET /volume/v3/volumes/5be0e067-964c-41df-a983-4745d86269ee => generated 1023 bytes in 40 msecs (HTTP/1.1 200) 7 headers in 287 bytes (1 switches on core 0)
Jun 25 15:51:43.659899 np0000003617 devstack@c-api.service[100076]: DEBUG cinder.quota [None req-8353d5d0-4e72-4638-99ba-ce17181a3453 tempest-ServersNegativeTestJSON-1679433945 tempest-ServersNegativeTestJSON-1679433945-project-member] Created reservations ['726d954f-da1f-4ae4-b2b7-f222d7ffa858', '614453a1-7328-41a1-ad5d-5b6427c6b654', '4edf9c25-dc69-4212-8941-ded1118ca16c', '50543363-18cf-4a87-bbfb-3c65602736a0'] {{(pid=100076) reserve /opt/stack/cinder/cinder/quota.py:752}}
Jun 25 15:51:43.661298 np0000003617 devstack@c-api.service[100076]: DEBUG cinder.volume.api [None req-8353d5d0-4e72-4638-99ba-ce17181a3453 tempest-ServersNegativeTestJSON-1679433945 tempest-ServersNegativeTestJSON-1679433945-project-member] Task 'cinder.volume.flows.api.create_volume.QuotaReserveTask;volume:create' (615985f9-6a37-4e3c-a0a5-49c5bc69f235) transitioned into state 'SUCCESS' from state 'RUNNING' with result '{'reservations': ['726d954f-da1f-4ae4-b2b7-f222d7ffa858', '614453a1-7328-41a1-ad5d-5b6427c6b654', '4edf9c25-dc69-4212-8941-ded1118ca16c', '50543363-18cf-4a87-bbfb-3c65602736a0']}' {{(pid=100076) _task_receiver /opt/stack/data/venv/lib/python3.12/site-packages/taskflow/listeners/logging.py:218}}
Jun 25 15:51:43.662056 np0000003617 devstack@c-api.service[100076]: DEBUG cinder.volume.api [None req-8353d5d0-4e72-4638-99ba-ce17181a3453 tempest-ServersNegativeTestJSON-1679433945 tempest-ServersNegativeTestJSON-1679433945-project-member] Task 'cinder.volume.flows.api.create_volume.EntryCreateTask;volume:create' (ef912de8-a012-4fbe-94bd-781c9f5cbb83) transitioned into state 'RUNNING' from state 'PENDING' {{(pid=100076) _task_receiver /opt/stack/data/venv/lib/python3.12/site-packages/taskflow/listeners/logging.py:242}}
Jun 25 15:51:43.699040 np0000003617 devstack@c-api.service[100076]: DEBUG cinder.volume.api [None req-8353d5d0-4e72-4638-99ba-ce17181a3453 tempest-ServersNegativeTestJSON-1679433945 tempest-ServersNegativeTestJSON-1679433945-project-member] Task 'cinder.volume.flows.api.create_volume.EntryCreateTask;volume:create' (ef912de8-a012-4fbe-94bd-781c9f5cbb83) transitioned into state 'SUCCESS' from state 'RUNNING' with result '{'volume_id': '0ff8a141-92af-4a03-9406-f3d1bc177eea', 'volume_properties': VolumeProperties(attach_status='detached',availability_zone='nova',cgsnapshot_id=None,consistencygroup_id=None,display_description=None,display_name='tempest-ServersNegativeTestJSON-volume-1386452474',encryption_key_id=None,group_id=None,group_type_id=,metadata={},multiattach=False,project_id='b5bfeb4792ab4509af463e3073362307',qos_specs=None,replication_status=,reservations=['726d954f-da1f-4ae4-b2b7-f222d7ffa858','614453a1-7328-41a1-ad5d-5b6427c6b654','4edf9c25-dc69-4212-8941-ded1118ca16c','50543363-18cf-4a87-bbfb-3c65602736a0'],size=1,snapshot_id=None,source_replicaid=,source_volid=None,status='creating',user_id='3ea571fbc3ef439cb906aa885a17a7eb',volume_type_id=b5447bdc-75b4-441e-8412-95781effe6bd), 'volume': Volume(_name_id=None,admin_metadata=,attach_status='detached',availability_zone='nova',bootable=False,cluster=,cluster_name=None,consistencygroup=,consistencygroup_id=None,created_at=2026-06-25T15:51:43Z,deleted=False,deleted_at=None,display_description=None,display_name='tempest-ServersNegativeTestJSON-volume-1386452474',ec2_id=None,encryption_key_id=None,glance_metadata=,group=,group_id=None,host=None,id=0ff8a141-92af-4a03-9406-f3d1bc177eea,launched_at=None,metadata={},migration_status=None,multiattach=False,previous_status=None,project_id='b5bfeb4792ab4509af463e3073362307',provider_auth=None,provider_geometry=None,provider_id=None,provider_location=None,replication_driver_data=None,replication_extended_status=None,replication_status=None,scheduled_at=None,service_uuid=None,shared_targets=True,size=1,snapshot_id=None,snapshots=,source_volid=None,status='creating',terminated_at=None,updated_at=None,use_quota=True,user_id='3ea571fbc3ef439cb906aa885a17a7eb',volume_attachment=VolumeAttachmentList,volume_type=VolumeType(b5447bdc-75b4-441e-8412-95781effe6bd),volume_type_id=b5447bdc-75b4-441e-8412-95781effe6bd)}' {{(pid=100076) _task_receiver /opt/stack/data/venv/lib/python3.12/site-packages/taskflow/listeners/logging.py:218}}
Jun 25 15:51:43.700043 np0000003617 devstack@c-api.service[100076]: DEBUG cinder.volume.api [None req-8353d5d0-4e72-4638-99ba-ce17181a3453 tempest-ServersNegativeTestJSON-1679433945 tempest-ServersNegativeTestJSON-1679433945-project-member] Task 'cinder.volume.flows.api.create_volume.QuotaCommitTask;volume:create' (9a228d38-6d31-4b79-a4d8-633728faae86) transitioned into state 'RUNNING' from state 'PENDING' {{(pid=100076) _task_receiver /opt/stack/data/venv/lib/python3.12/site-packages/taskflow/listeners/logging.py:242}}
Jun 25 15:51:43.723457 np0000003617 devstack@c-api.service[100076]: DEBUG cinder.volume.api [None req-8353d5d0-4e72-4638-99ba-ce17181a3453 tempest-ServersNegativeTestJSON-1679433945 tempest-ServersNegativeTestJSON-1679433945-project-member] Task 'cinder.volume.flows.api.create_volume.QuotaCommitTask;volume:create' (9a228d38-6d31-4b79-a4d8-633728faae86) transitioned into state 'SUCCESS' from state 'RUNNING' with result '{'volume_properties': VolumeProperties(attach_status='detached',availability_zone='nova',cgsnapshot_id=None,consistencygroup_id=None,display_description=None,display_name='tempest-ServersNegativeTestJSON-volume-1386452474',encryption_key_id=None,group_id=None,group_type_id=,metadata={},multiattach=False,project_id='b5bfeb4792ab4509af463e3073362307',qos_specs=None,replication_status=,reservations=['726d954f-da1f-4ae4-b2b7-f222d7ffa858','614453a1-7328-41a1-ad5d-5b6427c6b654','4edf9c25-dc69-4212-8941-ded1118ca16c','50543363-18cf-4a87-bbfb-3c65602736a0'],size=1,snapshot_id=None,source_replicaid=,source_volid=None,status='creating',user_id='3ea571fbc3ef439cb906aa885a17a7eb',volume_type_id=b5447bdc-75b4-441e-8412-95781effe6bd)}' {{(pid=100076) _task_receiver /opt/stack/data/venv/lib/python3.12/site-packages/taskflow/listeners/logging.py:218}}
Jun 25 15:51:43.724378 np0000003617 devstack@c-api.service[100076]: DEBUG cinder.volume.api [None req-8353d5d0-4e72-4638-99ba-ce17181a3453 tempest-ServersNegativeTestJSON-1679433945 tempest-ServersNegativeTestJSON-1679433945-project-member] Task 'cinder.volume.flows.api.create_volume.VolumeCastTask;volume:create' (a7e4e09b-cb50-46d9-96a5-c0b2157e282d) transitioned into state 'RUNNING' from state 'PENDING' {{(pid=100076) _task_receiver /opt/stack/data/venv/lib/python3.12/site-packages/taskflow/listeners/logging.py:242}}
Jun 25 15:51:43.736913 np0000003617 devstack@c-api.service[100076]: DEBUG cinder.volume.api [None req-8353d5d0-4e72-4638-99ba-ce17181a3453 tempest-ServersNegativeTestJSON-1679433945 tempest-ServersNegativeTestJSON-1679433945-project-member] Task 'cinder.volume.flows.api.create_volume.VolumeCastTask;volume:create' (a7e4e09b-cb50-46d9-96a5-c0b2157e282d) transitioned into state 'SUCCESS' from state 'RUNNING' with result 'None' {{(pid=100076) _task_receiver /opt/stack/data/venv/lib/python3.12/site-packages/taskflow/listeners/logging.py:218}}
Jun 25 15:51:43.737875 np0000003617 devstack@c-api.service[100076]: DEBUG cinder.volume.api [None req-8353d5d0-4e72-4638-99ba-ce17181a3453 tempest-ServersNegativeTestJSON-1679433945 tempest-ServersNegativeTestJSON-1679433945-project-member] Flow 'volume_create_api' (1628e149-168d-42af-bc43-1c10c5521ce4) transitioned into state 'SUCCESS' from state 'RUNNING' {{(pid=100076) _flow_receiver /opt/stack/data/venv/lib/python3.12/site-packages/taskflow/listeners/logging.py:160}}
Jun 25 15:51:43.741183 np0000003617 devstack@c-api.service[100076]: INFO cinder.volume.api [None req-8353d5d0-4e72-4638-99ba-ce17181a3453 tempest-ServersNegativeTestJSON-1679433945 tempest-ServersNegativeTestJSON-1679433945-project-member] Create volume request issued successfully.
Jun 25 15:51:43.741183 np0000003617 devstack@c-api.service[100076]: INFO cinder.api.openstack.wsgi [None req-8353d5d0-4e72-4638-99ba-ce17181a3453 tempest-ServersNegativeTestJSON-1679433945 tempest-ServersNegativeTestJSON-1679433945-project-member] https://10.4.3.137/volume/v3/volumes returned with HTTP 202
Jun 25 15:51:43.741183 np0000003617 devstack@c-api.service[100076]: [pid: 100076|app: 0|req: 40/163] 10.4.3.137 () {68 vars in 1258 bytes} [Thu Jun 25 15:51:43 2026] POST /volume/v3/volumes => generated 754 bytes in 205 msecs (HTTP/1.1 202) 7 headers in 291 bytes (1 switches on core 0)
Jun 25 15:51:43.754012 np0000003617 devstack@c-api.service[100075]: DEBUG cinder.api.middleware.request_id [req-d667847b-bb70-4a5f-a314-061cb1c93f4b req-1c02fc01-1cbc-4de8-a544-237719796e29 None None] RequestId filter calling following filter/app {{(pid=100075) _context_setter /opt/stack/cinder/cinder/api/middleware/request_id.py:62}}
Jun 25 15:51:43.756372 np0000003617 devstack@c-api.service[100073]: DEBUG cinder.api.middleware.request_id [None req-e8785228-962c-4b4e-8e6c-a7a365e59844 None None] RequestId filter calling following filter/app {{(pid=100073) _context_setter /opt/stack/cinder/cinder/api/middleware/request_id.py:62}}
Jun 25 15:51:43.756765 np0000003617 devstack@c-api.service[100075]: INFO cinder.api.openstack.wsgi [req-d667847b-bb70-4a5f-a314-061cb1c93f4b req-1c02fc01-1cbc-4de8-a544-237719796e29 tempest-TaggedBootDevicesTest-1587617579 tempest-TaggedBootDevicesTest-1587617579-project-member] PUT https://10.4.3.137/volume/v3/attachments/3fc31a3d-a344-47b7-bad8-fb50e9a5d7f1
Jun 25 15:51:43.757133 np0000003617 devstack@c-api.service[100075]: DEBUG cinder.api.openstack.wsgi [req-d667847b-bb70-4a5f-a314-061cb1c93f4b req-1c02fc01-1cbc-4de8-a544-237719796e29 tempest-TaggedBootDevicesTest-1587617579 tempest-TaggedBootDevicesTest-1587617579-project-member] Action: 'update', calling method: version_select, body: {"attachment": {"connector": {"platform": "x86_64", "os_type": "linux", "ip": "10.4.3.137", "host": "np0000003617", "multipath": true, "enforce_multipath": true, "initiator": "iqn.2016-04.com.open-iscsi:a096bb68eb10", "do_local_attach": false, "uuid": "8515de1c-ba7e-467b-adde-6d9f8a8dbc1f", "system uuid": "bc153675-27c9-40ba-b087-b72da1c4faa2", "nvme_native_multipath": false, "mountpoint": "/dev/vdb"}}} {{(pid=100075) _process_stack /opt/stack/cinder/cinder/api/openstack/wsgi.py:876}}
Jun 25 15:51:43.759034 np0000003617 devstack@c-api.service[100073]: INFO cinder.api.openstack.wsgi [None req-e8785228-962c-4b4e-8e6c-a7a365e59844 tempest-ServersNegativeTestJSON-1679433945 tempest-ServersNegativeTestJSON-1679433945-project-member] GET https://10.4.3.137/volume/v3/volumes/0ff8a141-92af-4a03-9406-f3d1bc177eea
Jun 25 15:51:43.759306 np0000003617 devstack@c-api.service[100073]: DEBUG cinder.api.openstack.wsgi [None req-e8785228-962c-4b4e-8e6c-a7a365e59844 tempest-ServersNegativeTestJSON-1679433945 tempest-ServersNegativeTestJSON-1679433945-project-member] Empty body provided in request {{(pid=100073) get_body /opt/stack/cinder/cinder/api/openstack/wsgi.py:725}}
Jun 25 15:51:43.759521 np0000003617 devstack@c-api.service[100073]: DEBUG cinder.api.openstack.wsgi [None req-e8785228-962c-4b4e-8e6c-a7a365e59844 tempest-ServersNegativeTestJSON-1679433945 tempest-ServersNegativeTestJSON-1679433945-project-member] Calling method 'show' {{(pid=100073) _process_stack /opt/stack/cinder/cinder/api/openstack/wsgi.py:878}}
Jun 25 15:51:43.769318 np0000003617 devstack@c-api.service[100073]: /opt/stack/data/venv/lib/python3.12/site-packages/oslo_context/context.py:102: DeprecationWarning: Policy enforcement is depending on the value of is_admin. This key is deprecated. Please update your policy file to use the standard policy values.
Jun 25 15:51:43.769318 np0000003617 devstack@c-api.service[100073]: warnings.warn(
Jun 25 15:51:43.770337 np0000003617 devstack@c-api.service[100075]: DEBUG cinder.coordination [req-d667847b-bb70-4a5f-a314-061cb1c93f4b req-1c02fc01-1cbc-4de8-a544-237719796e29 tempest-TaggedBootDevicesTest-1587617579 tempest-TaggedBootDevicesTest-1587617579-project-member] Acquiring lock "cinder-attachment_update-5be0e067-964c-41df-a983-4745d86269ee-np0000003617" by "attachment_update" {{(pid=100075) __acquire /opt/stack/cinder/cinder/coordination.py:138}}
Jun 25 15:51:43.774421 np0000003617 devstack@c-api.service[100073]: INFO cinder.volume.api [None req-e8785228-962c-4b4e-8e6c-a7a365e59844 tempest-ServersNegativeTestJSON-1679433945 tempest-ServersNegativeTestJSON-1679433945-project-member] Volume info retrieved successfully.
Jun 25 15:51:43.776176 np0000003617 devstack@c-api.service[100075]: DEBUG cinder.coordination [req-d667847b-bb70-4a5f-a314-061cb1c93f4b req-1c02fc01-1cbc-4de8-a544-237719796e29 tempest-TaggedBootDevicesTest-1587617579 tempest-TaggedBootDevicesTest-1587617579-project-member] Lock "cinder-attachment_update-5be0e067-964c-41df-a983-4745d86269ee-np0000003617" acquired by "attachment_update" :: waited 0.006s {{(pid=100075) __acquire /opt/stack/cinder/cinder/coordination.py:141}}
Jun 25 15:51:43.777773 np0000003617 devstack@c-api.service[100075]: /opt/stack/data/venv/lib/python3.12/site-packages/oslo_context/context.py:102: DeprecationWarning: Policy enforcement is depending on the value of is_admin. This key is deprecated. Please update your policy file to use the standard policy values.
Jun 25 15:51:43.777773 np0000003617 devstack@c-api.service[100075]: warnings.warn(
Jun 25 15:51:43.780272 np0000003617 devstack@c-api.service[100073]: INFO cinder.api.openstack.wsgi [None req-e8785228-962c-4b4e-8e6c-a7a365e59844 tempest-ServersNegativeTestJSON-1679433945 tempest-ServersNegativeTestJSON-1679433945-project-member] https://10.4.3.137/volume/v3/volumes/0ff8a141-92af-4a03-9406-f3d1bc177eea returned with HTTP 200
Jun 25 15:51:43.780658 np0000003617 devstack@c-api.service[100073]: [pid: 100073|app: 0|req: 42/164] 10.4.3.137 () {66 vars in 1348 bytes} [Thu Jun 25 15:51:43 2026] GET /volume/v3/volumes/0ff8a141-92af-4a03-9406-f3d1bc177eea => generated 822 bytes in 25 msecs (HTTP/1.1 200) 7 headers in 285 bytes (1 switches on core 0)
Jun 25 15:51:44.305647 np0000003617 devstack@c-api.service[100075]: DEBUG cinder.coordination [req-d667847b-bb70-4a5f-a314-061cb1c93f4b req-1c02fc01-1cbc-4de8-a544-237719796e29 tempest-TaggedBootDevicesTest-1587617579 tempest-TaggedBootDevicesTest-1587617579-project-member] Lock "cinder-attachment_update-5be0e067-964c-41df-a983-4745d86269ee-np0000003617" released by "attachment_update" :: held 0.529s {{(pid=100075) __release /opt/stack/cinder/cinder/coordination.py:152}}
Jun 25 15:51:44.306054 np0000003617 devstack@c-api.service[100075]: INFO cinder.api.openstack.wsgi [req-d667847b-bb70-4a5f-a314-061cb1c93f4b req-1c02fc01-1cbc-4de8-a544-237719796e29 tempest-TaggedBootDevicesTest-1587617579 tempest-TaggedBootDevicesTest-1587617579-project-member] https://10.4.3.137/volume/v3/attachments/3fc31a3d-a344-47b7-bad8-fb50e9a5d7f1 returned with HTTP 200
Jun 25 15:51:44.306674 np0000003617 devstack@c-api.service[100075]: [pid: 100075|app: 0|req: 41/165] 10.4.3.137 () {74 vars in 1704 bytes} [Thu Jun 25 15:51:43 2026] PUT /volume/v3/attachments/3fc31a3d-a344-47b7-bad8-fb50e9a5d7f1 => generated 969 bytes in 553 msecs (HTTP/1.1 200) 7 headers in 286 bytes (1 switches on core 0)
Jun 25 15:51:44.646459 np0000003617 devstack@c-api.service[100074]: DEBUG cinder.api.middleware.request_id [None req-3a147e21-ebda-49a2-813b-007f76255450 None None] RequestId filter calling following filter/app {{(pid=100074) _context_setter /opt/stack/cinder/cinder/api/middleware/request_id.py:62}}
Jun 25 15:51:44.649634 np0000003617 devstack@c-api.service[100074]: INFO cinder.api.openstack.wsgi [None req-3a147e21-ebda-49a2-813b-007f76255450 tempest-VolumesActionsTest-870938329 tempest-VolumesActionsTest-870938329-project-member] GET https://10.4.3.137/volume/v3/volumes/a5ab1877-e799-498e-9c12-e02506ab9800
Jun 25 15:51:44.649938 np0000003617 devstack@c-api.service[100074]: DEBUG cinder.api.openstack.wsgi [None req-3a147e21-ebda-49a2-813b-007f76255450 tempest-VolumesActionsTest-870938329 tempest-VolumesActionsTest-870938329-project-member] Empty body provided in request {{(pid=100074) get_body /opt/stack/cinder/cinder/api/openstack/wsgi.py:725}}
Jun 25 15:51:44.650262 np0000003617 devstack@c-api.service[100074]: DEBUG cinder.api.openstack.wsgi [None req-3a147e21-ebda-49a2-813b-007f76255450 tempest-VolumesActionsTest-870938329 tempest-VolumesActionsTest-870938329-project-member] Calling method 'show' {{(pid=100074) _process_stack /opt/stack/cinder/cinder/api/openstack/wsgi.py:878}}
Jun 25 15:51:44.667492 np0000003617 devstack@c-api.service[100074]: INFO cinder.api.openstack.wsgi [None req-3a147e21-ebda-49a2-813b-007f76255450 tempest-VolumesActionsTest-870938329 tempest-VolumesActionsTest-870938329-project-member] https://10.4.3.137/volume/v3/volumes/a5ab1877-e799-498e-9c12-e02506ab9800 returned with HTTP 404
Jun 25 15:51:44.669738 np0000003617 devstack@c-api.service[100074]: [pid: 100074|app: 0|req: 43/166] 10.4.3.137 () {66 vars in 1348 bytes} [Thu Jun 25 15:51:44 2026] GET /volume/v3/volumes/a5ab1877-e799-498e-9c12-e02506ab9800 => generated 109 bytes in 24 msecs (HTTP/1.1 404) 7 headers in 292 bytes (1 switches on core 0)
Jun 25 15:51:44.681494 np0000003617 devstack@c-api.service[100076]: DEBUG cinder.api.middleware.request_id [None req-58403ef7-b85f-45ec-ac8b-dfb6add19d95 None None] RequestId filter calling following filter/app {{(pid=100076) _context_setter /opt/stack/cinder/cinder/api/middleware/request_id.py:62}}
Jun 25 15:51:44.684307 np0000003617 devstack@c-api.service[100076]: INFO cinder.api.openstack.wsgi [None req-58403ef7-b85f-45ec-ac8b-dfb6add19d95 tempest-VolumesActionsTest-870938329 tempest-VolumesActionsTest-870938329-project-member] GET https://10.4.3.137/volume/v3/volumes/a5ab1877-e799-498e-9c12-e02506ab9800
Jun 25 15:51:44.684598 np0000003617 devstack@c-api.service[100076]: DEBUG cinder.api.openstack.wsgi [None req-58403ef7-b85f-45ec-ac8b-dfb6add19d95 tempest-VolumesActionsTest-870938329 tempest-VolumesActionsTest-870938329-project-member] Empty body provided in request {{(pid=100076) get_body /opt/stack/cinder/cinder/api/openstack/wsgi.py:725}}
Jun 25 15:51:44.684838 np0000003617 devstack@c-api.service[100076]: DEBUG cinder.api.openstack.wsgi [None req-58403ef7-b85f-45ec-ac8b-dfb6add19d95 tempest-VolumesActionsTest-870938329 tempest-VolumesActionsTest-870938329-project-member] Calling method 'show' {{(pid=100076) _process_stack /opt/stack/cinder/cinder/api/openstack/wsgi.py:878}}
Jun 25 15:51:44.697399 np0000003617 devstack@c-api.service[100076]: INFO cinder.api.openstack.wsgi [None req-58403ef7-b85f-45ec-ac8b-dfb6add19d95 tempest-VolumesActionsTest-870938329 tempest-VolumesActionsTest-870938329-project-member] https://10.4.3.137/volume/v3/volumes/a5ab1877-e799-498e-9c12-e02506ab9800 returned with HTTP 404
Jun 25 15:51:44.697399 np0000003617 devstack@c-api.service[100076]: [pid: 100076|app: 0|req: 41/167] 10.4.3.137 () {66 vars in 1348 bytes} [Thu Jun 25 15:51:44 2026] GET /volume/v3/volumes/a5ab1877-e799-498e-9c12-e02506ab9800 => generated 109 bytes in 15 msecs (HTTP/1.1 404) 7 headers in 292 bytes (1 switches on core 0)
Jun 25 15:51:44.712347 np0000003617 devstack@c-api.service[100073]: DEBUG cinder.api.middleware.request_id [None req-2cd46755-6b7c-46f5-b26b-785587f8a7b9 None None] RequestId filter calling following filter/app {{(pid=100073) _context_setter /opt/stack/cinder/cinder/api/middleware/request_id.py:62}}
Jun 25 15:51:44.716474 np0000003617 devstack@c-api.service[100073]: INFO cinder.api.openstack.wsgi [None req-2cd46755-6b7c-46f5-b26b-785587f8a7b9 tempest-VolumesActionsTest-870938329 tempest-VolumesActionsTest-870938329-project-member] DELETE https://10.4.3.137/volume/v3/volumes/a5ab1877-e799-498e-9c12-e02506ab9800
Jun 25 15:51:44.716725 np0000003617 devstack@c-api.service[100073]: DEBUG cinder.api.openstack.wsgi [None req-2cd46755-6b7c-46f5-b26b-785587f8a7b9 tempest-VolumesActionsTest-870938329 tempest-VolumesActionsTest-870938329-project-member] Empty body provided in request {{(pid=100073) get_body /opt/stack/cinder/cinder/api/openstack/wsgi.py:725}}
Jun 25 15:51:44.717392 np0000003617 devstack@c-api.service[100073]: DEBUG cinder.api.openstack.wsgi [None req-2cd46755-6b7c-46f5-b26b-785587f8a7b9 tempest-VolumesActionsTest-870938329 tempest-VolumesActionsTest-870938329-project-member] Calling method 'delete' {{(pid=100073) _process_stack /opt/stack/cinder/cinder/api/openstack/wsgi.py:878}}
Jun 25 15:51:44.717392 np0000003617 devstack@c-api.service[100073]: INFO cinder.api.v3.volumes [None req-2cd46755-6b7c-46f5-b26b-785587f8a7b9 tempest-VolumesActionsTest-870938329 tempest-VolumesActionsTest-870938329-project-member] Delete volume with id: a5ab1877-e799-498e-9c12-e02506ab9800
Jun 25 15:51:44.724468 np0000003617 devstack@c-api.service[100073]: INFO cinder.api.openstack.wsgi [None req-2cd46755-6b7c-46f5-b26b-785587f8a7b9 tempest-VolumesActionsTest-870938329 tempest-VolumesActionsTest-870938329-project-member] https://10.4.3.137/volume/v3/volumes/a5ab1877-e799-498e-9c12-e02506ab9800 returned with HTTP 404
Jun 25 15:51:44.725174 np0000003617 devstack@c-api.service[100073]: [pid: 100073|app: 0|req: 43/168] 10.4.3.137 () {66 vars in 1351 bytes} [Thu Jun 25 15:51:44 2026] DELETE /volume/v3/volumes/a5ab1877-e799-498e-9c12-e02506ab9800 => generated 109 bytes in 13 msecs (HTTP/1.1 404) 7 headers in 292 bytes (1 switches on core 0)
Jun 25 15:51:44.735114 np0000003617 devstack@c-api.service[100075]: DEBUG cinder.api.middleware.request_id [None req-eb67a085-75ca-465f-a3ab-4ae212022cff None None] RequestId filter calling following filter/app {{(pid=100075) _context_setter /opt/stack/cinder/cinder/api/middleware/request_id.py:62}}
Jun 25 15:51:44.738647 np0000003617 devstack@c-api.service[100075]: INFO cinder.api.openstack.wsgi [None req-eb67a085-75ca-465f-a3ab-4ae212022cff tempest-VolumesActionsTest-870938329 tempest-VolumesActionsTest-870938329-project-member] POST https://10.4.3.137/volume/v3/volumes
Jun 25 15:51:44.738935 np0000003617 devstack@c-api.service[100075]: DEBUG cinder.api.openstack.wsgi [None req-eb67a085-75ca-465f-a3ab-4ae212022cff tempest-VolumesActionsTest-870938329 tempest-VolumesActionsTest-870938329-project-member] Action: 'create', calling method: create, body: {"volume": {"size": 1, "name": "tempest-VolumesActionsTest-Volume-1082868914"}} {{(pid=100075) _process_stack /opt/stack/cinder/cinder/api/openstack/wsgi.py:876}}
Jun 25 15:51:44.740844 np0000003617 devstack@c-api.service[100075]: DEBUG cinder.api.v3.volumes [None req-eb67a085-75ca-465f-a3ab-4ae212022cff tempest-VolumesActionsTest-870938329 tempest-VolumesActionsTest-870938329-project-member] Create volume request body: {'volume': {'size': 1, 'name': 'tempest-VolumesActionsTest-Volume-1082868914'}} {{(pid=100075) create /opt/stack/cinder/cinder/api/v3/volumes.py:368}}
Jun 25 15:51:44.741112 np0000003617 devstack@c-api.service[100075]: INFO cinder.api.v3.volumes [None req-eb67a085-75ca-465f-a3ab-4ae212022cff tempest-VolumesActionsTest-870938329 tempest-VolumesActionsTest-870938329-project-member] Create volume of 1 GB
Jun 25 15:51:44.741541 np0000003617 devstack@c-api.service[100075]: /opt/stack/data/venv/lib/python3.12/site-packages/oslo_context/context.py:102: DeprecationWarning: Policy enforcement is depending on the value of is_admin. This key is deprecated. Please update your policy file to use the standard policy values.
Jun 25 15:51:44.741541 np0000003617 devstack@c-api.service[100075]: warnings.warn(
Jun 25 15:51:44.746352 np0000003617 devstack@c-api.service[100075]: INFO cinder.volume.api [None req-eb67a085-75ca-465f-a3ab-4ae212022cff tempest-VolumesActionsTest-870938329 tempest-VolumesActionsTest-870938329-project-member] Availability Zones retrieved successfully.
Jun 25 15:51:44.752886 np0000003617 devstack@c-api.service[100075]: DEBUG cinder.volume.api [None req-eb67a085-75ca-465f-a3ab-4ae212022cff tempest-VolumesActionsTest-870938329 tempest-VolumesActionsTest-870938329-project-member] Flow 'volume_create_api' (f01cdbc4-0fea-44e9-b955-3c657b222175) transitioned into state 'RUNNING' from state 'PENDING' {{(pid=100075) _flow_receiver /opt/stack/data/venv/lib/python3.12/site-packages/taskflow/listeners/logging.py:160}}
Jun 25 15:51:44.754400 np0000003617 devstack@c-api.service[100075]: DEBUG cinder.volume.api [None req-eb67a085-75ca-465f-a3ab-4ae212022cff tempest-VolumesActionsTest-870938329 tempest-VolumesActionsTest-870938329-project-member] Task 'cinder.volume.flows.api.create_volume.ExtractVolumeRequestTask;volume:create' (8e7e8964-a1c0-4a37-8163-d02a92e90902) transitioned into state 'RUNNING' from state 'PENDING' {{(pid=100075) _task_receiver /opt/stack/data/venv/lib/python3.12/site-packages/taskflow/listeners/logging.py:242}}
Jun 25 15:51:44.755522 np0000003617 devstack@c-api.service[100075]: DEBUG cinder.volume.flows.api.create_volume [None req-eb67a085-75ca-465f-a3ab-4ae212022cff tempest-VolumesActionsTest-870938329 tempest-VolumesActionsTest-870938329-project-member] Validating volume size '1' using validate_int {{(pid=100075) _extract_size /opt/stack/cinder/cinder/volume/flows/api/create_volume.py:226}}
Jun 25 15:51:44.786574 np0000003617 devstack@c-api.service[100074]: DEBUG cinder.api.middleware.request_id [None req-58866d26-f689-478b-8915-5727ab768f2a None None] RequestId filter calling following filter/app {{(pid=100074) _context_setter /opt/stack/cinder/cinder/api/middleware/request_id.py:62}}
Jun 25 15:51:44.787447 np0000003617 devstack@c-api.service[100074]: INFO cinder.api.openstack.wsgi [None req-58866d26-f689-478b-8915-5727ab768f2a None None] GET https://10.4.3.137/volume//
Jun 25 15:51:44.787669 np0000003617 devstack@c-api.service[100074]: DEBUG cinder.api.openstack.wsgi [None req-58866d26-f689-478b-8915-5727ab768f2a None None] Empty body provided in request {{(pid=100074) get_body /opt/stack/cinder/cinder/api/openstack/wsgi.py:725}}
Jun 25 15:51:44.787949 np0000003617 devstack@c-api.service[100074]: DEBUG cinder.api.openstack.wsgi [None req-58866d26-f689-478b-8915-5727ab768f2a None None] Calling method 'all' {{(pid=100074) _process_stack /opt/stack/cinder/cinder/api/openstack/wsgi.py:878}}
Jun 25 15:51:44.788528 np0000003617 devstack@c-api.service[100074]: INFO cinder.api.openstack.wsgi [None req-58866d26-f689-478b-8915-5727ab768f2a None None] https://10.4.3.137/volume// returned with HTTP 300
Jun 25 15:51:44.788864 np0000003617 devstack@c-api.service[100074]: [pid: 100074|app: 0|req: 44/169] 10.4.3.137 () {66 vars in 1428 bytes} [Thu Jun 25 15:51:44 2026] GET /volume/ => generated 386 bytes in 3 msecs (HTTP/1.1 300) 7 headers in 299 bytes (1 switches on core 0)
Jun 25 15:51:44.795246 np0000003617 devstack@c-api.service[100076]: DEBUG cinder.api.middleware.request_id [None req-930a2d2d-9424-41ba-a9ea-a073a769ebd3 None None] RequestId filter calling following filter/app {{(pid=100076) _context_setter /opt/stack/cinder/cinder/api/middleware/request_id.py:62}}
Jun 25 15:51:44.797312 np0000003617 devstack@c-api.service[100076]: INFO cinder.api.openstack.wsgi [None req-930a2d2d-9424-41ba-a9ea-a073a769ebd3 tempest-ServersNegativeTestJSON-1679433945 tempest-ServersNegativeTestJSON-1679433945-project-member] GET https://10.4.3.137/volume/v3/volumes/0ff8a141-92af-4a03-9406-f3d1bc177eea
Jun 25 15:51:44.797564 np0000003617 devstack@c-api.service[100076]: DEBUG cinder.api.openstack.wsgi [None req-930a2d2d-9424-41ba-a9ea-a073a769ebd3 tempest-ServersNegativeTestJSON-1679433945 tempest-ServersNegativeTestJSON-1679433945-project-member] Empty body provided in request {{(pid=100076) get_body /opt/stack/cinder/cinder/api/openstack/wsgi.py:725}}
Jun 25 15:51:44.797759 np0000003617 devstack@c-api.service[100076]: DEBUG cinder.api.openstack.wsgi [None req-930a2d2d-9424-41ba-a9ea-a073a769ebd3 tempest-ServersNegativeTestJSON-1679433945 tempest-ServersNegativeTestJSON-1679433945-project-member] Calling method 'show' {{(pid=100076) _process_stack /opt/stack/cinder/cinder/api/openstack/wsgi.py:878}}
