Jun 25 15:55:15.158450 np0000003617 devstack@g-api.service[102858]: DEBUG glance.api.middleware.version_negotiation [None req-5ba58449-72f8-48db-898b-22a547c6c91c tempest-ServerBootFromVolumeStableRescueTest-525564995 tempest-ServerBootFromVolumeStableRescueTest-525564995-project-member] Matched version: v2 {{(pid=102858) process_request /opt/stack/glance/glance/api/middleware/version_negotiation.py:69}}
Jun 25 15:55:15.158818 np0000003617 devstack@g-api.service[102858]: DEBUG glance.api.middleware.version_negotiation [None req-5ba58449-72f8-48db-898b-22a547c6c91c tempest-ServerBootFromVolumeStableRescueTest-525564995 tempest-ServerBootFromVolumeStableRescueTest-525564995-project-member] new path /v2/schemas/image {{(pid=102858) process_request /opt/stack/glance/glance/api/middleware/version_negotiation.py:70}}
Jun 25 15:55:15.161886 np0000003617 devstack@g-api.service[102859]: [pid: 102859|app: 0|req: 76/305] 127.0.0.1 () {40 vars in 838 bytes} [Thu Jun 25 15:55:15 2026] GET /v2/images/246af9b6-4865-42f8-ae59-1478da479249 => generated 650 bytes in 22 msecs (HTTP/1.1 200) 4 headers in 157 bytes (1 switches on core 0)
Jun 25 15:55:15.162635 np0000003617 devstack@g-api.service[102858]: [pid: 102858|app: 0|req: 79/306] 127.0.0.1 () {44 vars in 1055 bytes} [Thu Jun 25 15:55:15 2026] GET /v2/schemas/image => generated 6083 bytes in 5 msecs (HTTP/1.1 200) 4 headers in 158 bytes (1 switches on core 0)
Jun 25 15:55:15.679081 np0000003617 devstack@g-api.service[102860]: DEBUG glance.api.middleware.version_negotiation [None req-5ba58449-72f8-48db-898b-22a547c6c91c tempest-ServerBootFromVolumeStableRescueTest-525564995 tempest-ServerBootFromVolumeStableRescueTest-525564995-project-member] Determining version of request: GET /versions Accept: */* {{(pid=102860) process_request /opt/stack/glance/glance/api/middleware/version_negotiation.py:44}}
Jun 25 15:55:15.679081 np0000003617 devstack@g-api.service[102860]: [pid: 102860|app: 0|req: 84/307] 127.0.0.1 () {44 vars in 1039 bytes} [Thu Jun 25 15:55:15 2026] GET /versions => generated 1407 bytes in 1 msecs (HTTP/1.1 200) 3 headers in 92 bytes (1 switches on core 0)
Jun 25 15:55:15.689785 np0000003617 devstack@g-api.service[102859]: DEBUG glance.api.middleware.version_negotiation [None req-f449c9d9-7245-4ae3-ae95-6490b0ca1eeb tempest-VolumesActionsTest-919432349 tempest-VolumesActionsTest-919432349-project-member] Determining version of request: GET /v2/images/920fe1e2-ab9f-4332-92c6-a196f87ca043/locations Accept: */* {{(pid=102859) process_request /opt/stack/glance/glance/api/middleware/version_negotiation.py:44}}
Jun 25 15:55:15.690150 np0000003617 devstack@g-api.service[102859]: DEBUG glance.api.middleware.version_negotiation [None req-f449c9d9-7245-4ae3-ae95-6490b0ca1eeb tempest-VolumesActionsTest-919432349 tempest-VolumesActionsTest-919432349-project-member] Using url versioning {{(pid=102859) process_request /opt/stack/glance/glance/api/middleware/version_negotiation.py:57}}
Jun 25 15:55:15.690416 np0000003617 devstack@g-api.service[102859]: DEBUG glance.api.middleware.version_negotiation [None req-f449c9d9-7245-4ae3-ae95-6490b0ca1eeb tempest-VolumesActionsTest-919432349 tempest-VolumesActionsTest-919432349-project-member] Matched version: v2 {{(pid=102859) process_request /opt/stack/glance/glance/api/middleware/version_negotiation.py:69}}
Jun 25 15:55:15.690564 np0000003617 devstack@g-api.service[102859]: DEBUG glance.api.middleware.version_negotiation [None req-f449c9d9-7245-4ae3-ae95-6490b0ca1eeb tempest-VolumesActionsTest-919432349 tempest-VolumesActionsTest-919432349-project-member] new path /v2/images/920fe1e2-ab9f-4332-92c6-a196f87ca043/locations {{(pid=102859) process_request /opt/stack/glance/glance/api/middleware/version_negotiation.py:70}}
Jun 25 15:55:15.773944 np0000003617 devstack@g-api.service[102859]: [pid: 102859|app: 0|req: 77/308] 127.0.0.1 () {44 vars in 1135 bytes} [Thu Jun 25 15:55:15 2026] GET /v2/images/920fe1e2-ab9f-4332-92c6-a196f87ca043/locations => generated 92 bytes in 84 msecs (HTTP/1.1 200) 4 headers in 156 bytes (1 switches on core 0)
Jun 25 15:55:15.787761 np0000003617 devstack@g-api.service[102858]: DEBUG glance.api.middleware.version_negotiation [None req-5ba58449-72f8-48db-898b-22a547c6c91c tempest-ServerBootFromVolumeStableRescueTest-525564995 tempest-ServerBootFromVolumeStableRescueTest-525564995-project-member] Determining version of request: GET /v2/images/920fe1e2-ab9f-4332-92c6-a196f87ca043 Accept: */* {{(pid=102858) process_request /opt/stack/glance/glance/api/middleware/version_negotiation.py:44}}
Jun 25 15:55:15.787907 np0000003617 devstack@g-api.service[102858]: DEBUG glance.api.middleware.version_negotiation [None req-5ba58449-72f8-48db-898b-22a547c6c91c tempest-ServerBootFromVolumeStableRescueTest-525564995 tempest-ServerBootFromVolumeStableRescueTest-525564995-project-member] Using url versioning {{(pid=102858) process_request /opt/stack/glance/glance/api/middleware/version_negotiation.py:57}}
Jun 25 15:55:15.788034 np0000003617 devstack@g-api.service[102858]: DEBUG glance.api.middleware.version_negotiation [None req-5ba58449-72f8-48db-898b-22a547c6c91c tempest-ServerBootFromVolumeStableRescueTest-525564995 tempest-ServerBootFromVolumeStableRescueTest-525564995-project-member] Matched version: v2 {{(pid=102858) process_request /opt/stack/glance/glance/api/middleware/version_negotiation.py:69}}
Jun 25 15:55:15.788129 np0000003617 devstack@g-api.service[102858]: DEBUG glance.api.middleware.version_negotiation [None req-5ba58449-72f8-48db-898b-22a547c6c91c tempest-ServerBootFromVolumeStableRescueTest-525564995 tempest-ServerBootFromVolumeStableRescueTest-525564995-project-member] new path /v2/images/920fe1e2-ab9f-4332-92c6-a196f87ca043 {{(pid=102858) process_request /opt/stack/glance/glance/api/middleware/version_negotiation.py:70}}
Jun 25 15:55:15.794462 np0000003617 devstack@g-api.service[102858]: DEBUG dbcounter [-] [102858] Writing DB stats glance:SELECT=68,glance:UPDATE=4,glance:INSERT=2 {{(pid=102858) stat_writer /opt/stack/data/venv/lib/python3.12/site-packages/dbcounter.py:115}}
Jun 25 15:55:15.803757 np0000003617 devstack@g-api.service[102858]: [pid: 102858|app: 0|req: 80/309] 127.0.0.1 () {44 vars in 1115 bytes} [Thu Jun 25 15:55:15 2026] GET /v2/images/920fe1e2-ab9f-4332-92c6-a196f87ca043 => generated 1044 bytes in 16 msecs (HTTP/1.1 200) 4 headers in 158 bytes (1 switches on core 0)
Jun 25 15:55:15.815821 np0000003617 devstack@g-api.service[102860]: DEBUG glance.api.middleware.version_negotiation [None req-5ba58449-72f8-48db-898b-22a547c6c91c tempest-ServerBootFromVolumeStableRescueTest-525564995 tempest-ServerBootFromVolumeStableRescueTest-525564995-project-member] Determining version of request: GET /v2/schemas/image Accept: */* {{(pid=102860) process_request /opt/stack/glance/glance/api/middleware/version_negotiation.py:44}}
Jun 25 15:55:15.815995 np0000003617 devstack@g-api.service[102860]: DEBUG glance.api.middleware.version_negotiation [None req-5ba58449-72f8-48db-898b-22a547c6c91c tempest-ServerBootFromVolumeStableRescueTest-525564995 tempest-ServerBootFromVolumeStableRescueTest-525564995-project-member] Using url versioning {{(pid=102860) process_request /opt/stack/glance/glance/api/middleware/version_negotiation.py:57}}
Jun 25 15:55:15.816140 np0000003617 devstack@g-api.service[102860]: DEBUG glance.api.middleware.version_negotiation [None req-5ba58449-72f8-48db-898b-22a547c6c91c tempest-ServerBootFromVolumeStableRescueTest-525564995 tempest-ServerBootFromVolumeStableRescueTest-525564995-project-member] Matched version: v2 {{(pid=102860) process_request /opt/stack/glance/glance/api/middleware/version_negotiation.py:69}}
Jun 25 15:55:15.816280 np0000003617 devstack@g-api.service[102860]: DEBUG glance.api.middleware.version_negotiation [None req-5ba58449-72f8-48db-898b-22a547c6c91c tempest-ServerBootFromVolumeStableRescueTest-525564995 tempest-ServerBootFromVolumeStableRescueTest-525564995-project-member] new path /v2/schemas/image {{(pid=102860) process_request /opt/stack/glance/glance/api/middleware/version_negotiation.py:70}}
Jun 25 15:55:15.818703 np0000003617 devstack@g-api.service[102860]: [pid: 102860|app: 0|req: 85/310] 127.0.0.1 () {44 vars in 1055 bytes} [Thu Jun 25 15:55:15 2026] GET /v2/schemas/image => generated 6083 bytes in 3 msecs (HTTP/1.1 200) 4 headers in 158 bytes (1 switches on core 0)
Jun 25 15:55:15.830044 np0000003617 devstack@g-api.service[102859]: DEBUG glance.api.middleware.version_negotiation [None req-5ba58449-72f8-48db-898b-22a547c6c91c service glance] Determining version of request: GET /v2/schemas/image Accept: */* {{(pid=102859) process_request /opt/stack/glance/glance/api/middleware/version_negotiation.py:44}}
Jun 25 15:55:15.830716 np0000003617 devstack@g-api.service[102859]: DEBUG glance.api.middleware.version_negotiation [None req-5ba58449-72f8-48db-898b-22a547c6c91c service glance] Using url versioning {{(pid=102859) process_request /opt/stack/glance/glance/api/middleware/version_negotiation.py:57}}
Jun 25 15:55:15.830716 np0000003617 devstack@g-api.service[102859]: DEBUG glance.api.middleware.version_negotiation [None req-5ba58449-72f8-48db-898b-22a547c6c91c service glance] Matched version: v2 {{(pid=102859) process_request /opt/stack/glance/glance/api/middleware/version_negotiation.py:69}}
Jun 25 15:55:15.830716 np0000003617 devstack@g-api.service[102859]: DEBUG glance.api.middleware.version_negotiation [None req-5ba58449-72f8-48db-898b-22a547c6c91c service glance] new path /v2/schemas/image {{(pid=102859) process_request /opt/stack/glance/glance/api/middleware/version_negotiation.py:70}}
Jun 25 15:55:15.833057 np0000003617 devstack@g-api.service[102859]: [pid: 102859|app: 0|req: 78/311] 127.0.0.1 () {44 vars in 1055 bytes} [Thu Jun 25 15:55:15 2026] GET /v2/schemas/image => generated 6083 bytes in 3 msecs (HTTP/1.1 200) 4 headers in 158 bytes (1 switches on core 0)
Jun 25 15:55:16.170514 np0000003617 devstack@g-api.service[102858]: DEBUG glance.api.middleware.version_negotiation [None req-5ba58449-72f8-48db-898b-22a547c6c91c tempest-ServerBootFromVolumeStableRescueTest-525564995 tempest-ServerBootFromVolumeStableRescueTest-525564995-project-member] Determining version of request: GET /v2/images/246af9b6-4865-42f8-ae59-1478da479249 Accept: application/json {{(pid=102858) process_request /opt/stack/glance/glance/api/middleware/version_negotiation.py:44}}
Jun 25 15:55:16.171869 np0000003617 devstack@g-api.service[102858]: DEBUG glance.api.middleware.version_negotiation [None req-5ba58449-72f8-48db-898b-22a547c6c91c tempest-ServerBootFromVolumeStableRescueTest-525564995 tempest-ServerBootFromVolumeStableRescueTest-525564995-project-member] Using url versioning {{(pid=102858) process_request /opt/stack/glance/glance/api/middleware/version_negotiation.py:57}}
Jun 25 15:55:16.171869 np0000003617 devstack@g-api.service[102858]: DEBUG glance.api.middleware.version_negotiation [None req-5ba58449-72f8-48db-898b-22a547c6c91c tempest-ServerBootFromVolumeStableRescueTest-525564995 tempest-ServerBootFromVolumeStableRescueTest-525564995-project-member] Matched version: v2 {{(pid=102858) process_request /opt/stack/glance/glance/api/middleware/version_negotiation.py:69}}
Jun 25 15:55:16.171869 np0000003617 devstack@g-api.service[102858]: DEBUG glance.api.middleware.version_negotiation [None req-5ba58449-72f8-48db-898b-22a547c6c91c tempest-ServerBootFromVolumeStableRescueTest-525564995 tempest-ServerBootFromVolumeStableRescueTest-525564995-project-member] new path /v2/images/246af9b6-4865-42f8-ae59-1478da479249 {{(pid=102858) process_request /opt/stack/glance/glance/api/middleware/version_negotiation.py:70}}
Jun 25 15:55:16.181527 np0000003617 devstack@g-api.service[102858]: [pid: 102858|app: 0|req: 81/312] 127.0.0.1 () {40 vars in 838 bytes} [Thu Jun 25 15:55:16 2026] GET /v2/images/246af9b6-4865-42f8-ae59-1478da479249 => generated 650 bytes in 11 msecs (HTTP/1.1 200) 4 headers in 157 bytes (1 switches on core 0)
Jun 25 15:55:16.723188 np0000003617 devstack@g-api.service[102857]: DEBUG swiftclient [None req-23ae30f0-2c5c-42d8-b575-20b0a4754fc3 tempest-VolumesActionsTest-919432349 tempest-VolumesActionsTest-919432349-project-member] REQ: curl -i https://10.4.3.137:8080/v1/AUTH_e83e713f58ba4c12b6adadbc604f1593/glance/246af9b6-4865-42f8-ae59-1478da479249-00002 -X PUT -H "X-Auth-Token: gAAAAABqPU9g3ElV..." {{(pid=102857) http_log /opt/stack/data/venv/lib/python3.12/site-packages/swiftclient/client.py:160}}
Jun 25 15:55:16.723188 np0000003617 devstack@g-api.service[102857]: DEBUG swiftclient [None req-23ae30f0-2c5c-42d8-b575-20b0a4754fc3 tempest-VolumesActionsTest-919432349 tempest-VolumesActionsTest-919432349-project-member] RESP STATUS: 201 Created {{(pid=102857) http_log /opt/stack/data/venv/lib/python3.12/site-packages/swiftclient/client.py:161}}
Jun 25 15:55:16.723188 np0000003617 devstack@g-api.service[102857]: DEBUG swiftclient [None req-23ae30f0-2c5c-42d8-b575-20b0a4754fc3 tempest-VolumesActionsTest-919432349 tempest-VolumesActionsTest-919432349-project-member] RESP HEADERS: {'Date': 'Thu, 25 Jun 2026 15:55:16 GMT', 'Server': 'Apache/2.4.58 (Ubuntu)', 'Content-Type': 'text/html; charset=UTF-8', 'Content-Length': '0', 'Etag': 'eda9a9889837ac4bc81d6387d92c1bec', 'Last-Modified': 'Thu, 25 Jun 2026 15:55:15 GMT', 'X-Trans-Id': 'tx66655a1e00464667bc11b-006a3d4f62', 'X-Openstack-Request-Id': 'tx66655a1e00464667bc11b-006a3d4f62', 'Connection': 'close'} {{(pid=102857) http_log /opt/stack/data/venv/lib/python3.12/site-packages/swiftclient/client.py:162}}
Jun 25 15:55:16.723188 np0000003617 devstack@g-api.service[102857]: DEBUG glance_store._drivers.swift.store [None req-23ae30f0-2c5c-42d8-b575-20b0a4754fc3 tempest-VolumesActionsTest-919432349 tempest-VolumesActionsTest-919432349-project-member] Wrote chunk 246af9b6-4865-42f8-ae59-1478da479249-00002 (2/?) of length 204800000 to Swift returning MD5 of content: eda9a9889837ac4bc81d6387d92c1bec {{(pid=102857) add /opt/stack/data/venv/lib/python3.12/site-packages/glance_store/_drivers/swift/store.py:1059}}
Jun 25 15:55:17.194944 np0000003617 devstack@g-api.service[102860]: DEBUG glance.api.middleware.version_negotiation [None req-5ba58449-72f8-48db-898b-22a547c6c91c tempest-ServerBootFromVolumeStableRescueTest-525564995 tempest-ServerBootFromVolumeStableRescueTest-525564995-project-member] Determining version of request: GET /v2/images/246af9b6-4865-42f8-ae59-1478da479249 Accept: application/json {{(pid=102860) process_request /opt/stack/glance/glance/api/middleware/version_negotiation.py:44}}
Jun 25 15:55:17.195267 np0000003617 devstack@g-api.service[102860]: DEBUG glance.api.middleware.version_negotiation [None req-5ba58449-72f8-48db-898b-22a547c6c91c tempest-ServerBootFromVolumeStableRescueTest-525564995 tempest-ServerBootFromVolumeStableRescueTest-525564995-project-member] Using url versioning {{(pid=102860) process_request /opt/stack/glance/glance/api/middleware/version_negotiation.py:57}}
Jun 25 15:55:17.195267 np0000003617 devstack@g-api.service[102860]: DEBUG glance.api.middleware.version_negotiation [None req-5ba58449-72f8-48db-898b-22a547c6c91c tempest-ServerBootFromVolumeStableRescueTest-525564995 tempest-ServerBootFromVolumeStableRescueTest-525564995-project-member] Matched version: v2 {{(pid=102860) process_request /opt/stack/glance/glance/api/middleware/version_negotiation.py:69}}
Jun 25 15:55:17.195368 np0000003617 devstack@g-api.service[102860]: DEBUG glance.api.middleware.version_negotiation [None req-5ba58449-72f8-48db-898b-22a547c6c91c tempest-ServerBootFromVolumeStableRescueTest-525564995 tempest-ServerBootFromVolumeStableRescueTest-525564995-project-member] new path /v2/images/246af9b6-4865-42f8-ae59-1478da479249 {{(pid=102860) process_request /opt/stack/glance/glance/api/middleware/version_negotiation.py:70}}
Jun 25 15:55:17.204551 np0000003617 devstack@g-api.service[102860]: [pid: 102860|app: 0|req: 86/313] 127.0.0.1 () {40 vars in 838 bytes} [Thu Jun 25 15:55:17 2026] GET /v2/images/246af9b6-4865-42f8-ae59-1478da479249 => generated 650 bytes in 10 msecs (HTTP/1.1 200) 4 headers in 157 bytes (1 switches on core 0)
Jun 25 15:55:18.216395 np0000003617 devstack@g-api.service[102859]: DEBUG glance.api.middleware.version_negotiation [None req-5ba58449-72f8-48db-898b-22a547c6c91c tempest-ServerBootFromVolumeStableRescueTest-525564995 tempest-ServerBootFromVolumeStableRescueTest-525564995-project-member] Determining version of request: GET /v2/images/246af9b6-4865-42f8-ae59-1478da479249 Accept: application/json {{(pid=102859) process_request /opt/stack/glance/glance/api/middleware/version_negotiation.py:44}}
Jun 25 15:55:18.216395 np0000003617 devstack@g-api.service[102859]: DEBUG glance.api.middleware.version_negotiation [None req-5ba58449-72f8-48db-898b-22a547c6c91c tempest-ServerBootFromVolumeStableRescueTest-525564995 tempest-ServerBootFromVolumeStableRescueTest-525564995-project-member] Using url versioning {{(pid=102859) process_request /opt/stack/glance/glance/api/middleware/version_negotiation.py:57}}
Jun 25 15:55:18.216395 np0000003617 devstack@g-api.service[102859]: DEBUG glance.api.middleware.version_negotiation [None req-5ba58449-72f8-48db-898b-22a547c6c91c tempest-ServerBootFromVolumeStableRescueTest-525564995 tempest-ServerBootFromVolumeStableRescueTest-525564995-project-member] Matched version: v2 {{(pid=102859) process_request /opt/stack/glance/glance/api/middleware/version_negotiation.py:69}}
Jun 25 15:55:18.216395 np0000003617 devstack@g-api.service[102859]: DEBUG glance.api.middleware.version_negotiation [None req-5ba58449-72f8-48db-898b-22a547c6c91c tempest-ServerBootFromVolumeStableRescueTest-525564995 tempest-ServerBootFromVolumeStableRescueTest-525564995-project-member] new path /v2/images/246af9b6-4865-42f8-ae59-1478da479249 {{(pid=102859) process_request /opt/stack/glance/glance/api/middleware/version_negotiation.py:70}}
Jun 25 15:55:18.234857 np0000003617 devstack@g-api.service[102859]: [pid: 102859|app: 0|req: 79/314] 127.0.0.1 () {40 vars in 838 bytes} [Thu Jun 25 15:55:18 2026] GET /v2/images/246af9b6-4865-42f8-ae59-1478da479249 => generated 650 bytes in 19 msecs (HTTP/1.1 200) 4 headers in 157 bytes (1 switches on core 0)
Jun 25 15:55:18.758356 np0000003617 devstack@g-api.service[102857]: DEBUG swiftclient [None req-23ae30f0-2c5c-42d8-b575-20b0a4754fc3 tempest-VolumesActionsTest-919432349 tempest-VolumesActionsTest-919432349-project-member] REQ: curl -i https://10.4.3.137:8080/v1/AUTH_e83e713f58ba4c12b6adadbc604f1593/glance/246af9b6-4865-42f8-ae59-1478da479249-00003 -X PUT -H "X-Auth-Token: gAAAAABqPU9g3ElV..." {{(pid=102857) http_log /opt/stack/data/venv/lib/python3.12/site-packages/swiftclient/client.py:160}}
Jun 25 15:55:18.758356 np0000003617 devstack@g-api.service[102857]: DEBUG swiftclient [None req-23ae30f0-2c5c-42d8-b575-20b0a4754fc3 tempest-VolumesActionsTest-919432349 tempest-VolumesActionsTest-919432349-project-member] RESP STATUS: 201 Created {{(pid=102857) http_log /opt/stack/data/venv/lib/python3.12/site-packages/swiftclient/client.py:161}}
Jun 25 15:55:18.758793 np0000003617 devstack@g-api.service[102857]: DEBUG swiftclient [None req-23ae30f0-2c5c-42d8-b575-20b0a4754fc3 tempest-VolumesActionsTest-919432349 tempest-VolumesActionsTest-919432349-project-member] RESP HEADERS: {'Date': 'Thu, 25 Jun 2026 15:55:18 GMT', 'Server': 'Apache/2.4.58 (Ubuntu)', 'Content-Type': 'text/html; charset=UTF-8', 'Content-Length': '0', 'Etag': 'eda9a9889837ac4bc81d6387d92c1bec', 'Last-Modified': 'Thu, 25 Jun 2026 15:55:17 GMT', 'X-Trans-Id': 'tx7798d91e86154abe9efb5-006a3d4f64', 'X-Openstack-Request-Id': 'tx7798d91e86154abe9efb5-006a3d4f64', 'Connection': 'close'} {{(pid=102857) http_log /opt/stack/data/venv/lib/python3.12/site-packages/swiftclient/client.py:162}}
Jun 25 15:55:18.758793 np0000003617 devstack@g-api.service[102857]: DEBUG glance_store._drivers.swift.store [None req-23ae30f0-2c5c-42d8-b575-20b0a4754fc3 tempest-VolumesActionsTest-919432349 tempest-VolumesActionsTest-919432349-project-member] Wrote chunk 246af9b6-4865-42f8-ae59-1478da479249-00003 (3/?) of length 204800000 to Swift returning MD5 of content: eda9a9889837ac4bc81d6387d92c1bec {{(pid=102857) add /opt/stack/data/venv/lib/python3.12/site-packages/glance_store/_drivers/swift/store.py:1059}}
Jun 25 15:55:19.244995 np0000003617 devstack@g-api.service[102858]: DEBUG glance.api.middleware.version_negotiation [None req-c4f0d48d-1ad4-4bf2-870c-0ef37e568b99 tempest-VolumesActionsTest-919432349 tempest-VolumesActionsTest-919432349-project-member] Determining version of request: GET /v2/images/246af9b6-4865-42f8-ae59-1478da479249 Accept: application/json {{(pid=102858) process_request /opt/stack/glance/glance/api/middleware/version_negotiation.py:44}}
Jun 25 15:55:19.245399 np0000003617 devstack@g-api.service[102858]: DEBUG glance.api.middleware.version_negotiation [None req-c4f0d48d-1ad4-4bf2-870c-0ef37e568b99 tempest-VolumesActionsTest-919432349 tempest-VolumesActionsTest-919432349-project-member] Using url versioning {{(pid=102858) process_request /opt/stack/glance/glance/api/middleware/version_negotiation.py:57}}
Jun 25 15:55:19.245399 np0000003617 devstack@g-api.service[102858]: DEBUG glance.api.middleware.version_negotiation [None req-c4f0d48d-1ad4-4bf2-870c-0ef37e568b99 tempest-VolumesActionsTest-919432349 tempest-VolumesActionsTest-919432349-project-member] Matched version: v2 {{(pid=102858) process_request /opt/stack/glance/glance/api/middleware/version_negotiation.py:69}}
Jun 25 15:55:19.246933 np0000003617 devstack@g-api.service[102858]: DEBUG glance.api.middleware.version_negotiation [None req-c4f0d48d-1ad4-4bf2-870c-0ef37e568b99 tempest-VolumesActionsTest-919432349 tempest-VolumesActionsTest-919432349-project-member] new path /v2/images/246af9b6-4865-42f8-ae59-1478da479249 {{(pid=102858) process_request /opt/stack/glance/glance/api/middleware/version_negotiation.py:70}}
Jun 25 15:55:19.267057 np0000003617 devstack@g-api.service[102858]: [pid: 102858|app: 0|req: 82/315] 127.0.0.1 () {40 vars in 838 bytes} [Thu Jun 25 15:55:19 2026] GET /v2/images/246af9b6-4865-42f8-ae59-1478da479249 => generated 650 bytes in 22 msecs (HTTP/1.1 200) 4 headers in 157 bytes (1 switches on core 0)
Jun 25 15:55:20.281243 np0000003617 devstack@g-api.service[102860]: DEBUG glance.api.middleware.version_negotiation [None req-c452886b-b06b-493d-9455-38d8ed62e482 tempest-VolumesActionsTest-919432349 tempest-VolumesActionsTest-919432349-project-member] Determining version of request: GET /v2/images/246af9b6-4865-42f8-ae59-1478da479249 Accept: application/json {{(pid=102860) process_request /opt/stack/glance/glance/api/middleware/version_negotiation.py:44}}
Jun 25 15:55:20.281629 np0000003617 devstack@g-api.service[102860]: DEBUG glance.api.middleware.version_negotiation [None req-c452886b-b06b-493d-9455-38d8ed62e482 tempest-VolumesActionsTest-919432349 tempest-VolumesActionsTest-919432349-project-member] Using url versioning {{(pid=102860) process_request /opt/stack/glance/glance/api/middleware/version_negotiation.py:57}}
Jun 25 15:55:20.281734 np0000003617 devstack@g-api.service[102860]: DEBUG glance.api.middleware.version_negotiation [None req-c452886b-b06b-493d-9455-38d8ed62e482 tempest-VolumesActionsTest-919432349 tempest-VolumesActionsTest-919432349-project-member] Matched version: v2 {{(pid=102860) process_request /opt/stack/glance/glance/api/middleware/version_negotiation.py:69}}
Jun 25 15:55:20.282797 np0000003617 devstack@g-api.service[102860]: DEBUG glance.api.middleware.version_negotiation [None req-c452886b-b06b-493d-9455-38d8ed62e482 tempest-VolumesActionsTest-919432349 tempest-VolumesActionsTest-919432349-project-member] new path /v2/images/246af9b6-4865-42f8-ae59-1478da479249 {{(pid=102860) process_request /opt/stack/glance/glance/api/middleware/version_negotiation.py:70}}
Jun 25 15:55:20.300195 np0000003617 devstack@g-api.service[102860]: [pid: 102860|app: 0|req: 87/316] 127.0.0.1 () {40 vars in 838 bytes} [Thu Jun 25 15:55:20 2026] GET /v2/images/246af9b6-4865-42f8-ae59-1478da479249 => generated 650 bytes in 18 msecs (HTTP/1.1 200) 4 headers in 157 bytes (1 switches on core 0)
Jun 25 15:55:20.911403 np0000003617 devstack@g-api.service[102857]: DEBUG swiftclient [None req-23ae30f0-2c5c-42d8-b575-20b0a4754fc3 tempest-VolumesActionsTest-919432349 tempest-VolumesActionsTest-919432349-project-member] REQ: curl -i https://10.4.3.137:8080/v1/AUTH_e83e713f58ba4c12b6adadbc604f1593/glance/246af9b6-4865-42f8-ae59-1478da479249-00004 -X PUT -H "X-Auth-Token: gAAAAABqPU9g3ElV..." {{(pid=102857) http_log /opt/stack/data/venv/lib/python3.12/site-packages/swiftclient/client.py:160}}
Jun 25 15:55:20.911403 np0000003617 devstack@g-api.service[102857]: DEBUG swiftclient [None req-23ae30f0-2c5c-42d8-b575-20b0a4754fc3 tempest-VolumesActionsTest-919432349 tempest-VolumesActionsTest-919432349-project-member] RESP STATUS: 201 Created {{(pid=102857) http_log /opt/stack/data/venv/lib/python3.12/site-packages/swiftclient/client.py:161}}
Jun 25 15:55:20.911403 np0000003617 devstack@g-api.service[102857]: DEBUG swiftclient [None req-23ae30f0-2c5c-42d8-b575-20b0a4754fc3 tempest-VolumesActionsTest-919432349 tempest-VolumesActionsTest-919432349-project-member] RESP HEADERS: {'Date': 'Thu, 25 Jun 2026 15:55:20 GMT', 'Server': 'Apache/2.4.58 (Ubuntu)', 'Content-Type': 'text/html; charset=UTF-8', 'Content-Length': '0', 'Etag': 'eda9a9889837ac4bc81d6387d92c1bec', 'Last-Modified': 'Thu, 25 Jun 2026 15:55:19 GMT', 'X-Trans-Id': 'tx98b587f9b6c54078ae9d2-006a3d4f66', 'X-Openstack-Request-Id': 'tx98b587f9b6c54078ae9d2-006a3d4f66', 'Connection': 'close'} {{(pid=102857) http_log /opt/stack/data/venv/lib/python3.12/site-packages/swiftclient/client.py:162}}
Jun 25 15:55:20.911927 np0000003617 devstack@g-api.service[102857]: DEBUG glance_store._drivers.swift.store [None req-23ae30f0-2c5c-42d8-b575-20b0a4754fc3 tempest-VolumesActionsTest-919432349 tempest-VolumesActionsTest-919432349-project-member] Wrote chunk 246af9b6-4865-42f8-ae59-1478da479249-00004 (4/?) of length 204800000 to Swift returning MD5 of content: eda9a9889837ac4bc81d6387d92c1bec {{(pid=102857) add /opt/stack/data/venv/lib/python3.12/site-packages/glance_store/_drivers/swift/store.py:1059}}
Jun 25 15:55:21.320275 np0000003617 devstack@g-api.service[102859]: DEBUG glance.api.middleware.version_negotiation [None req-4b154f40-c928-4add-be10-aa1d7969f1b4 tempest-VolumesActionsTest-919432349 tempest-VolumesActionsTest-919432349-project-member] Determining version of request: GET /v2/images/246af9b6-4865-42f8-ae59-1478da479249 Accept: application/json {{(pid=102859) process_request /opt/stack/glance/glance/api/middleware/version_negotiation.py:44}}
Jun 25 15:55:21.320275 np0000003617 devstack@g-api.service[102859]: DEBUG glance.api.middleware.version_negotiation [None req-4b154f40-c928-4add-be10-aa1d7969f1b4 tempest-VolumesActionsTest-919432349 tempest-VolumesActionsTest-919432349-project-member] Using url versioning {{(pid=102859) process_request /opt/stack/glance/glance/api/middleware/version_negotiation.py:57}}
Jun 25 15:55:21.321282 np0000003617 devstack@g-api.service[102859]: DEBUG glance.api.middleware.version_negotiation [None req-4b154f40-c928-4add-be10-aa1d7969f1b4 tempest-VolumesActionsTest-919432349 tempest-VolumesActionsTest-919432349-project-member] Matched version: v2 {{(pid=102859) process_request /opt/stack/glance/glance/api/middleware/version_negotiation.py:69}}
Jun 25 15:55:21.321282 np0000003617 devstack@g-api.service[102859]: DEBUG glance.api.middleware.version_negotiation [None req-4b154f40-c928-4add-be10-aa1d7969f1b4 tempest-VolumesActionsTest-919432349 tempest-VolumesActionsTest-919432349-project-member] new path /v2/images/246af9b6-4865-42f8-ae59-1478da479249 {{(pid=102859) process_request /opt/stack/glance/glance/api/middleware/version_negotiation.py:70}}
Jun 25 15:55:21.360087 np0000003617 devstack@g-api.service[102859]: [pid: 102859|app: 0|req: 80/317] 127.0.0.1 () {40 vars in 838 bytes} [Thu Jun 25 15:55:21 2026] GET /v2/images/246af9b6-4865-42f8-ae59-1478da479249 => generated 650 bytes in 40 msecs (HTTP/1.1 200) 4 headers in 157 bytes (1 switches on core 0)
Jun 25 15:55:22.369490 np0000003617 devstack@g-api.service[102858]: DEBUG glance.api.middleware.version_negotiation [None req-5ee0f8d9-1352-43cc-ab12-f6e3b48e9f34 tempest-VolumesActionsTest-919432349 tempest-VolumesActionsTest-919432349-project-member] Determining version of request: GET /v2/images/246af9b6-4865-42f8-ae59-1478da479249 Accept: application/json {{(pid=102858) process_request /opt/stack/glance/glance/api/middleware/version_negotiation.py:44}}
Jun 25 15:55:22.369850 np0000003617 devstack@g-api.service[102858]: DEBUG glance.api.middleware.version_negotiation [None req-5ee0f8d9-1352-43cc-ab12-f6e3b48e9f34 tempest-VolumesActionsTest-919432349 tempest-VolumesActionsTest-919432349-project-member] Using url versioning {{(pid=102858) process_request /opt/stack/glance/glance/api/middleware/version_negotiation.py:57}}
Jun 25 15:55:22.369850 np0000003617 devstack@g-api.service[102858]: DEBUG glance.api.middleware.version_negotiation [None req-5ee0f8d9-1352-43cc-ab12-f6e3b48e9f34 tempest-VolumesActionsTest-919432349 tempest-VolumesActionsTest-919432349-project-member] Matched version: v2 {{(pid=102858) process_request /opt/stack/glance/glance/api/middleware/version_negotiation.py:69}}
Jun 25 15:55:22.370900 np0000003617 devstack@g-api.service[102858]: DEBUG glance.api.middleware.version_negotiation [None req-5ee0f8d9-1352-43cc-ab12-f6e3b48e9f34 tempest-VolumesActionsTest-919432349 tempest-VolumesActionsTest-919432349-project-member] new path /v2/images/246af9b6-4865-42f8-ae59-1478da479249 {{(pid=102858) process_request /opt/stack/glance/glance/api/middleware/version_negotiation.py:70}}
Jun 25 15:55:22.394248 np0000003617 devstack@g-api.service[102858]: [pid: 102858|app: 0|req: 83/318] 127.0.0.1 () {40 vars in 838 bytes} [Thu Jun 25 15:55:22 2026] GET /v2/images/246af9b6-4865-42f8-ae59-1478da479249 => generated 650 bytes in 25 msecs (HTTP/1.1 200) 4 headers in 157 bytes (1 switches on core 0)
Jun 25 15:55:22.588663 np0000003617 devstack@g-api.service[102857]: DEBUG dbcounter [-] [102857] Writing DB stats glance:SELECT=58,glance:UPDATE=5,glance:INSERT=41 {{(pid=102857) stat_writer /opt/stack/data/venv/lib/python3.12/site-packages/dbcounter.py:115}}
Jun 25 15:55:23.324276 np0000003617 devstack@g-api.service[102857]: DEBUG swiftclient [None req-23ae30f0-2c5c-42d8-b575-20b0a4754fc3 tempest-VolumesActionsTest-919432349 tempest-VolumesActionsTest-919432349-project-member] REQ: curl -i https://10.4.3.137:8080/v1/AUTH_e83e713f58ba4c12b6adadbc604f1593/glance/246af9b6-4865-42f8-ae59-1478da479249-00005 -X PUT -H "X-Auth-Token: gAAAAABqPU9g3ElV..." {{(pid=102857) http_log /opt/stack/data/venv/lib/python3.12/site-packages/swiftclient/client.py:160}}
Jun 25 15:55:23.324436 np0000003617 devstack@g-api.service[102857]: DEBUG swiftclient [None req-23ae30f0-2c5c-42d8-b575-20b0a4754fc3 tempest-VolumesActionsTest-919432349 tempest-VolumesActionsTest-919432349-project-member] RESP STATUS: 201 Created {{(pid=102857) http_log /opt/stack/data/venv/lib/python3.12/site-packages/swiftclient/client.py:161}}
Jun 25 15:55:23.324666 np0000003617 devstack@g-api.service[102857]: DEBUG swiftclient [None req-23ae30f0-2c5c-42d8-b575-20b0a4754fc3 tempest-VolumesActionsTest-919432349 tempest-VolumesActionsTest-919432349-project-member] RESP HEADERS: {'Date': 'Thu, 25 Jun 2026 15:55:23 GMT', 'Server': 'Apache/2.4.58 (Ubuntu)', 'Content-Type': 'text/html; charset=UTF-8', 'Content-Length': '0', 'Etag': 'eda9a9889837ac4bc81d6387d92c1bec', 'Last-Modified': 'Thu, 25 Jun 2026 15:55:21 GMT', 'X-Trans-Id': 'tx0ff7ac76d8e544aa827c5-006a3d4f68', 'X-Openstack-Request-Id': 'tx0ff7ac76d8e544aa827c5-006a3d4f68', 'Connection': 'close'} {{(pid=102857) http_log /opt/stack/data/venv/lib/python3.12/site-packages/swiftclient/client.py:162}}
Jun 25 15:55:23.324834 np0000003617 devstack@g-api.service[102857]: DEBUG glance_store._drivers.swift.store [None req-23ae30f0-2c5c-42d8-b575-20b0a4754fc3 tempest-VolumesActionsTest-919432349 tempest-VolumesActionsTest-919432349-project-member] Wrote chunk 246af9b6-4865-42f8-ae59-1478da479249-00005 (5/?) of length 204800000 to Swift returning MD5 of content: eda9a9889837ac4bc81d6387d92c1bec {{(pid=102857) add /opt/stack/data/venv/lib/python3.12/site-packages/glance_store/_drivers/swift/store.py:1059}}
Jun 25 15:55:23.403768 np0000003617 devstack@g-api.service[102860]: DEBUG glance.api.middleware.version_negotiation [None req-816e499b-85b2-4082-af80-0b6622b94cd4 tempest-VolumesActionsTest-919432349 tempest-VolumesActionsTest-919432349-project-member] Determining version of request: GET /v2/images/246af9b6-4865-42f8-ae59-1478da479249 Accept: application/json {{(pid=102860) process_request /opt/stack/glance/glance/api/middleware/version_negotiation.py:44}}
Jun 25 15:55:23.404252 np0000003617 devstack@g-api.service[102860]: DEBUG glance.api.middleware.version_negotiation [None req-816e499b-85b2-4082-af80-0b6622b94cd4 tempest-VolumesActionsTest-919432349 tempest-VolumesActionsTest-919432349-project-member] Using url versioning {{(pid=102860) process_request /opt/stack/glance/glance/api/middleware/version_negotiation.py:57}}
Jun 25 15:55:23.404252 np0000003617 devstack@g-api.service[102860]: DEBUG glance.api.middleware.version_negotiation [None req-816e499b-85b2-4082-af80-0b6622b94cd4 tempest-VolumesActionsTest-919432349 tempest-VolumesActionsTest-919432349-project-member] Matched version: v2 {{(pid=102860) process_request /opt/stack/glance/glance/api/middleware/version_negotiation.py:69}}
Jun 25 15:55:23.404252 np0000003617 devstack@g-api.service[102860]: DEBUG glance.api.middleware.version_negotiation [None req-816e499b-85b2-4082-af80-0b6622b94cd4 tempest-VolumesActionsTest-919432349 tempest-VolumesActionsTest-919432349-project-member] new path /v2/images/246af9b6-4865-42f8-ae59-1478da479249 {{(pid=102860) process_request /opt/stack/glance/glance/api/middleware/version_negotiation.py:70}}
Jun 25 15:55:23.419379 np0000003617 devstack@g-api.service[102860]: [pid: 102860|app: 0|req: 88/319] 127.0.0.1 () {40 vars in 838 bytes} [Thu Jun 25 15:55:23 2026] GET /v2/images/246af9b6-4865-42f8-ae59-1478da479249 => generated 650 bytes in 16 msecs (HTTP/1.1 200) 4 headers in 157 bytes (1 switches on core 0)
Jun 25 15:55:23.898211 np0000003617 devstack@g-api.service[102857]: DEBUG swiftclient [None req-23ae30f0-2c5c-42d8-b575-20b0a4754fc3 tempest-VolumesActionsTest-919432349 tempest-VolumesActionsTest-919432349-project-member] REQ: curl -i https://10.4.3.137:8080/v1/AUTH_e83e713f58ba4c12b6adadbc604f1593/glance/246af9b6-4865-42f8-ae59-1478da479249-00006 -X PUT -H "X-Auth-Token: gAAAAABqPU9g3ElV..." {{(pid=102857) http_log /opt/stack/data/venv/lib/python3.12/site-packages/swiftclient/client.py:160}}
Jun 25 15:55:23.898211 np0000003617 devstack@g-api.service[102857]: DEBUG swiftclient [None req-23ae30f0-2c5c-42d8-b575-20b0a4754fc3 tempest-VolumesActionsTest-919432349 tempest-VolumesActionsTest-919432349-project-member] RESP STATUS: 201 Created {{(pid=102857) http_log /opt/stack/data/venv/lib/python3.12/site-packages/swiftclient/client.py:161}}
Jun 25 15:55:23.898633 np0000003617 devstack@g-api.service[102857]: DEBUG swiftclient [None req-23ae30f0-2c5c-42d8-b575-20b0a4754fc3 tempest-VolumesActionsTest-919432349 tempest-VolumesActionsTest-919432349-project-member] RESP HEADERS: {'Date': 'Thu, 25 Jun 2026 15:55:23 GMT', 'Server': 'Apache/2.4.58 (Ubuntu)', 'Content-Type': 'text/html; charset=UTF-8', 'Content-Length': '0', 'Etag': '708761f3b8777ec77058e63da08eeeb6', 'Last-Modified': 'Thu, 25 Jun 2026 15:55:24 GMT', 'X-Trans-Id': 'tx7b0d82697c814fac8bfe8-006a3d4f6b', 'X-Openstack-Request-Id': 'tx7b0d82697c814fac8bfe8-006a3d4f6b', 'Connection': 'close'} {{(pid=102857) http_log /opt/stack/data/venv/lib/python3.12/site-packages/swiftclient/client.py:162}}
Jun 25 15:55:23.898633 np0000003617 devstack@g-api.service[102857]: DEBUG glance_store._drivers.swift.store [None req-23ae30f0-2c5c-42d8-b575-20b0a4754fc3 tempest-VolumesActionsTest-919432349 tempest-VolumesActionsTest-919432349-project-member] Wrote chunk 246af9b6-4865-42f8-ae59-1478da479249-00006 (6/?) of length 49741824 to Swift returning MD5 of content: 708761f3b8777ec77058e63da08eeeb6 {{(pid=102857) add /opt/stack/data/venv/lib/python3.12/site-packages/glance_store/_drivers/swift/store.py:1059}}
Jun 25 15:55:23.898766 np0000003617 devstack@g-api.service[102857]: DEBUG glance_store._drivers.swift.store [None req-23ae30f0-2c5c-42d8-b575-20b0a4754fc3 tempest-VolumesActionsTest-919432349 tempest-VolumesActionsTest-919432349-project-member] Not writing zero-length chunk. {{(pid=102857) add /opt/stack/data/venv/lib/python3.12/site-packages/glance_store/_drivers/swift/store.py:1028}}
Jun 25 15:55:23.944775 np0000003617 devstack@g-api.service[102857]: DEBUG swiftclient [None req-23ae30f0-2c5c-42d8-b575-20b0a4754fc3 tempest-VolumesActionsTest-919432349 tempest-VolumesActionsTest-919432349-project-member] REQ: curl -i https://10.4.3.137:8080/v1/AUTH_e83e713f58ba4c12b6adadbc604f1593/glance/246af9b6-4865-42f8-ae59-1478da479249 -X PUT -H "X-Object-Manifest: glance/246af9b6-4865-42f8-ae59-1478da479249-" -H "X-Auth-Token: gAAAAABqPU9g3ElV..." -H "Content-Length: 0" {{(pid=102857) http_log /opt/stack/data/venv/lib/python3.12/site-packages/swiftclient/client.py:160}}
Jun 25 15:55:23.944888 np0000003617 devstack@g-api.service[102857]: DEBUG swiftclient [None req-23ae30f0-2c5c-42d8-b575-20b0a4754fc3 tempest-VolumesActionsTest-919432349 tempest-VolumesActionsTest-919432349-project-member] RESP STATUS: 201 Created {{(pid=102857) http_log /opt/stack/data/venv/lib/python3.12/site-packages/swiftclient/client.py:161}}
Jun 25 15:55:23.945018 np0000003617 devstack@g-api.service[102857]: DEBUG swiftclient [None req-23ae30f0-2c5c-42d8-b575-20b0a4754fc3 tempest-VolumesActionsTest-919432349 tempest-VolumesActionsTest-919432349-project-member] RESP HEADERS: {'Date': 'Thu, 25 Jun 2026 15:55:23 GMT', 'Server': 'Apache/2.4.58 (Ubuntu)', 'Content-Type': 'text/html; charset=UTF-8', 'Content-Length': '0', 'Etag': 'd41d8cd98f00b204e9800998ecf8427e', 'Last-Modified': 'Thu, 25 Jun 2026 15:55:24 GMT', 'X-Trans-Id': 'tx7d56d8b0ed54438ba66b3-006a3d4f6b', 'X-Openstack-Request-Id': 'tx7d56d8b0ed54438ba66b3-006a3d4f6b', 'Connection': 'close'} {{(pid=102857) http_log /opt/stack/data/venv/lib/python3.12/site-packages/swiftclient/client.py:162}}
Jun 25 15:55:23.945447 np0000003617 devstack@g-api.service[102857]: INFO glance.location [None req-23ae30f0-2c5c-42d8-b575-20b0a4754fc3 tempest-VolumesActionsTest-919432349 tempest-VolumesActionsTest-919432349-project-member] Image format matched and virtual size computed: 1073741824
Jun 25 15:55:24.010306 np0000003617 devstack@g-api.service[102857]: DEBUG glance_store.backend [None req-23ae30f0-2c5c-42d8-b575-20b0a4754fc3 tempest-VolumesActionsTest-919432349 tempest-VolumesActionsTest-919432349-project-member] Attempting to import store swift {{(pid=102857) _load_store /opt/stack/data/venv/lib/python3.12/site-packages/glance_store/backend.py:215}}
Jun 25 15:55:24.010789 np0000003617 devstack@g-api.service[102857]: DEBUG glance_store.capabilities [None req-23ae30f0-2c5c-42d8-b575-20b0a4754fc3 tempest-VolumesActionsTest-919432349 tempest-VolumesActionsTest-919432349-project-member] Store glance_store._drivers.swift.store.SingleTenantStore doesn't support updating dynamic storage capabilities. Please overwrite 'update_capabilities' method of the store to implement updating logics if needed. {{(pid=102857) update_capabilities /opt/stack/data/venv/lib/python3.12/site-packages/glance_store/capabilities.py:91}}
Jun 25 15:55:24.011136 np0000003617 devstack@g-api.service[102857]: DEBUG glance_store.driver [None req-23ae30f0-2c5c-42d8-b575-20b0a4754fc3 tempest-VolumesActionsTest-919432349 tempest-VolumesActionsTest-919432349-project-member] Late loading location class glance_store._drivers.swift.store.StoreLocation {{(pid=102857) get_store_location_class /opt/stack/data/venv/lib/python3.12/site-packages/glance_store/driver.py:134}}
Jun 25 15:55:24.011410 np0000003617 devstack@g-api.service[102857]: DEBUG glance_store.location [None req-23ae30f0-2c5c-42d8-b575-20b0a4754fc3 tempest-VolumesActionsTest-919432349 tempest-VolumesActionsTest-919432349-project-member] Registering scheme swift+https with {'store': , 'location_class': , 'store_entry': 'swift'} {{(pid=102857) register_scheme_map /opt/stack/data/venv/lib/python3.12/site-packages/glance_store/location.py:146}}
Jun 25 15:55:24.013658 np0000003617 devstack@g-api.service[102857]: DEBUG glance_store.location [None req-23ae30f0-2c5c-42d8-b575-20b0a4754fc3 tempest-VolumesActionsTest-919432349 tempest-VolumesActionsTest-919432349-project-member] Registering scheme swift+https with {'store': , 'location_class': , 'store_entry': 'swift'} {{(pid=102857) register_scheme_map /opt/stack/data/venv/lib/python3.12/site-packages/glance_store/location.py:146}}
Jun 25 15:55:24.013658 np0000003617 devstack@g-api.service[102857]: DEBUG glance_store.location [None req-23ae30f0-2c5c-42d8-b575-20b0a4754fc3 tempest-VolumesActionsTest-919432349 tempest-VolumesActionsTest-919432349-project-member] Registering scheme swift with {'store': , 'location_class': , 'store_entry': 'swift'} {{(pid=102857) register_scheme_map /opt/stack/data/venv/lib/python3.12/site-packages/glance_store/location.py:146}}
Jun 25 15:55:24.013658 np0000003617 devstack@g-api.service[102857]: DEBUG glance_store.location [None req-23ae30f0-2c5c-42d8-b575-20b0a4754fc3 tempest-VolumesActionsTest-919432349 tempest-VolumesActionsTest-919432349-project-member] Registering scheme swift+https with {'store': , 'location_class': , 'store_entry': 'swift'} {{(pid=102857) register_scheme_map /opt/stack/data/venv/lib/python3.12/site-packages/glance_store/location.py:146}}
Jun 25 15:55:24.013658 np0000003617 devstack@g-api.service[102857]: DEBUG glance_store.location [None req-23ae30f0-2c5c-42d8-b575-20b0a4754fc3 tempest-VolumesActionsTest-919432349 tempest-VolumesActionsTest-919432349-project-member] Registering scheme swift with {'store': , 'location_class': , 'store_entry': 'swift'} {{(pid=102857) register_scheme_map /opt/stack/data/venv/lib/python3.12/site-packages/glance_store/location.py:146}}
Jun 25 15:55:24.013658 np0000003617 devstack@g-api.service[102857]: DEBUG glance_store.location [None req-23ae30f0-2c5c-42d8-b575-20b0a4754fc3 tempest-VolumesActionsTest-919432349 tempest-VolumesActionsTest-919432349-project-member] Registering scheme swift+http with {'store': , 'location_class': , 'store_entry': 'swift'} {{(pid=102857) register_scheme_map /opt/stack/data/venv/lib/python3.12/site-packages/glance_store/location.py:146}}
Jun 25 15:55:24.013658 np0000003617 devstack@g-api.service[102857]: DEBUG glance_store.location [None req-23ae30f0-2c5c-42d8-b575-20b0a4754fc3 tempest-VolumesActionsTest-919432349 tempest-VolumesActionsTest-919432349-project-member] Registering scheme swift+https with {'store': , 'location_class': , 'store_entry': 'swift'} {{(pid=102857) register_scheme_map /opt/stack/data/venv/lib/python3.12/site-packages/glance_store/location.py:146}}
Jun 25 15:55:24.013658 np0000003617 devstack@g-api.service[102857]: DEBUG glance_store.location [None req-23ae30f0-2c5c-42d8-b575-20b0a4754fc3 tempest-VolumesActionsTest-919432349 tempest-VolumesActionsTest-919432349-project-member] Registering scheme swift with {'store': , 'location_class': , 'store_entry': 'swift'} {{(pid=102857) register_scheme_map /opt/stack/data/venv/lib/python3.12/site-packages/glance_store/location.py:146}}
Jun 25 15:55:24.013658 np0000003617 devstack@g-api.service[102857]: DEBUG glance_store.location [None req-23ae30f0-2c5c-42d8-b575-20b0a4754fc3 tempest-VolumesActionsTest-919432349 tempest-VolumesActionsTest-919432349-project-member] Registering scheme swift+http with {'store': , 'location_class': , 'store_entry': 'swift'} {{(pid=102857) register_scheme_map /opt/stack/data/venv/lib/python3.12/site-packages/glance_store/location.py:146}}
Jun 25 15:55:24.013658 np0000003617 devstack@g-api.service[102857]: DEBUG glance_store.location [None req-23ae30f0-2c5c-42d8-b575-20b0a4754fc3 tempest-VolumesActionsTest-919432349 tempest-VolumesActionsTest-919432349-project-member] Registering scheme swift+config with {'store': , 'location_class': , 'store_entry': 'swift'} {{(pid=102857) register_scheme_map /opt/stack/data/venv/lib/python3.12/site-packages/glance_store/location.py:146}}
Jun 25 15:55:24.013658 np0000003617 devstack@g-api.service[102857]: DEBUG glance_store.backend [None req-23ae30f0-2c5c-42d8-b575-20b0a4754fc3 tempest-VolumesActionsTest-919432349 tempest-VolumesActionsTest-919432349-project-member] Skipping store.set_acls... not implemented. {{(pid=102857) set_acls /opt/stack/data/venv/lib/python3.12/site-packages/glance_store/backend.py:507}}
Jun 25 15:55:24.015397 np0000003617 devstack@g-api.service[102857]: [pid: 102857|app: 0|req: 69/320] 127.0.0.1 () {46 vars in 1158 bytes} [Thu Jun 25 15:55:11 2026] PUT /v2/images/246af9b6-4865-42f8-ae59-1478da479249/file => generated 0 bytes in 12503 msecs (HTTP/1.1 204) 4 headers in 171 bytes (1 switches on core 0)
Jun 25 15:55:24.027820 np0000003617 devstack@g-api.service[102859]: DEBUG glance.api.middleware.version_negotiation [None req-f5afd651-bbee-4bec-a30b-e6d01752f729 tempest-VolumesActionsTest-919432349 tempest-VolumesActionsTest-919432349-project-member] Determining version of request: GET /v2/images/246af9b6-4865-42f8-ae59-1478da479249 Accept: */* {{(pid=102859) process_request /opt/stack/glance/glance/api/middleware/version_negotiation.py:44}}
Jun 25 15:55:24.036624 np0000003617 devstack@g-api.service[102859]: DEBUG glance.api.middleware.version_negotiation [None req-f5afd651-bbee-4bec-a30b-e6d01752f729 tempest-VolumesActionsTest-919432349 tempest-VolumesActionsTest-919432349-project-member] Using url versioning {{(pid=102859) process_request /opt/stack/glance/glance/api/middleware/version_negotiation.py:57}}
Jun 25 15:55:24.037019 np0000003617 devstack@g-api.service[102859]: DEBUG glance.api.middleware.version_negotiation [None req-f5afd651-bbee-4bec-a30b-e6d01752f729 tempest-VolumesActionsTest-919432349 tempest-VolumesActionsTest-919432349-project-member] Matched version: v2 {{(pid=102859) process_request /opt/stack/glance/glance/api/middleware/version_negotiation.py:69}}
Jun 25 15:55:24.037019 np0000003617 devstack@g-api.service[102859]: DEBUG glance.api.middleware.version_negotiation [None req-f5afd651-bbee-4bec-a30b-e6d01752f729 tempest-VolumesActionsTest-919432349 tempest-VolumesActionsTest-919432349-project-member] new path /v2/images/246af9b6-4865-42f8-ae59-1478da479249 {{(pid=102859) process_request /opt/stack/glance/glance/api/middleware/version_negotiation.py:70}}
Jun 25 15:55:24.060506 np0000003617 devstack@g-api.service[102859]: [pid: 102859|app: 0|req: 81/321] 127.0.0.1 () {44 vars in 1115 bytes} [Thu Jun 25 15:55:24 2026] GET /v2/images/246af9b6-4865-42f8-ae59-1478da479249 => generated 822 bytes in 33 msecs (HTTP/1.1 200) 4 headers in 157 bytes (1 switches on core 0)
Jun 25 15:55:24.081369 np0000003617 devstack@g-api.service[102858]: DEBUG glance.api.middleware.version_negotiation [None req-d14c31e3-c696-4593-bdda-434aa9b443e8 tempest-VolumesActionsTest-919432349 tempest-VolumesActionsTest-919432349-project-member] Determining version of request: GET /v2/schemas/image Accept: */* {{(pid=102858) process_request /opt/stack/glance/glance/api/middleware/version_negotiation.py:44}}
Jun 25 15:55:24.081369 np0000003617 devstack@g-api.service[102858]: DEBUG glance.api.middleware.version_negotiation [None req-d14c31e3-c696-4593-bdda-434aa9b443e8 tempest-VolumesActionsTest-919432349 tempest-VolumesActionsTest-919432349-project-member] Using url versioning {{(pid=102858) process_request /opt/stack/glance/glance/api/middleware/version_negotiation.py:57}}
Jun 25 15:55:24.081369 np0000003617 devstack@g-api.service[102858]: DEBUG glance.api.middleware.version_negotiation [None req-d14c31e3-c696-4593-bdda-434aa9b443e8 tempest-VolumesActionsTest-919432349 tempest-VolumesActionsTest-919432349-project-member] Matched version: v2 {{(pid=102858) process_request /opt/stack/glance/glance/api/middleware/version_negotiation.py:69}}
Jun 25 15:55:24.081369 np0000003617 devstack@g-api.service[102858]: DEBUG glance.api.middleware.version_negotiation [None req-d14c31e3-c696-4593-bdda-434aa9b443e8 tempest-VolumesActionsTest-919432349 tempest-VolumesActionsTest-919432349-project-member] new path /v2/schemas/image {{(pid=102858) process_request /opt/stack/glance/glance/api/middleware/version_negotiation.py:70}}
Jun 25 15:55:24.081369 np0000003617 devstack@g-api.service[102858]: [pid: 102858|app: 0|req: 84/322] 127.0.0.1 () {44 vars in 1055 bytes} [Thu Jun 25 15:55:24 2026] GET /v2/schemas/image => generated 6083 bytes in 3 msecs (HTTP/1.1 200) 4 headers in 158 bytes (1 switches on core 0)
Jun 25 15:55:24.094113 np0000003617 devstack@g-api.service[102860]: DEBUG glance.api.middleware.version_negotiation [None req-bd3f0b75-2b7a-4ec9-bf46-e8429e6c2d8f tempest-VolumesActionsTest-919432349 tempest-VolumesActionsTest-919432349-project-member] Determining version of request: GET /v2/schemas/image Accept: */* {{(pid=102860) process_request /opt/stack/glance/glance/api/middleware/version_negotiation.py:44}}
Jun 25 15:55:24.094113 np0000003617 devstack@g-api.service[102860]: DEBUG glance.api.middleware.version_negotiation [None req-bd3f0b75-2b7a-4ec9-bf46-e8429e6c2d8f tempest-VolumesActionsTest-919432349 tempest-VolumesActionsTest-919432349-project-member] Using url versioning {{(pid=102860) process_request /opt/stack/glance/glance/api/middleware/version_negotiation.py:57}}
