Jun 25 15:47:30.444715 np0000003617 systemd[1]: Starting devstack@n-api-meta.service - Devstack devstack@n-api-meta.service...
Jun 25 15:47:30.451536 np0000003617 devstack@n-api-meta.service[95862]: [uWSGI] getting INI configuration from /etc/nova/nova-metadata-uwsgi.ini
Jun 25 15:47:30.454712 np0000003617 devstack@n-api-meta.service[95862]: *** Starting uWSGI 2.0.24-debian (64bit) on [Thu Jun 25 15:47:30 2026] ***
Jun 25 15:47:30.454712 np0000003617 devstack@n-api-meta.service[95862]: compiled with version: 13.2.0 on 17 April 2024 16:23:48
Jun 25 15:47:30.454712 np0000003617 devstack@n-api-meta.service[95862]: os: Linux-6.8.0-100-generic #100-Ubuntu SMP PREEMPT_DYNAMIC Tue Jan 13 16:40:06 UTC 2026
Jun 25 15:47:30.454712 np0000003617 devstack@n-api-meta.service[95862]: nodename: np0000003617
Jun 25 15:47:30.454712 np0000003617 devstack@n-api-meta.service[95862]: machine: x86_64
Jun 25 15:47:30.454712 np0000003617 devstack@n-api-meta.service[95862]: clock source: unix
Jun 25 15:47:30.454712 np0000003617 devstack@n-api-meta.service[95862]: pcre jit disabled
Jun 25 15:47:30.454712 np0000003617 devstack@n-api-meta.service[95862]: detected number of CPU cores: 16
Jun 25 15:47:30.454712 np0000003617 devstack@n-api-meta.service[95862]: current working directory: /
Jun 25 15:47:30.454712 np0000003617 devstack@n-api-meta.service[95862]: detected binary path: /usr/bin/uwsgi-core
Jun 25 15:47:30.454712 np0000003617 devstack@n-api-meta.service[95862]: your processes number limit is 257052
Jun 25 15:47:30.454712 np0000003617 devstack@n-api-meta.service[95862]: your memory page size is 4096 bytes
Jun 25 15:47:30.454712 np0000003617 devstack@n-api-meta.service[95862]: detected max file descriptor number: 2048
Jun 25 15:47:30.454712 np0000003617 devstack@n-api-meta.service[95862]: lock engine: pthread robust mutexes
Jun 25 15:47:30.455410 np0000003617 devstack@n-api-meta.service[95862]: thunder lock: enabled
Jun 25 15:47:30.455410 np0000003617 devstack@n-api-meta.service[95862]: uWSGI http bound on 0.0.0.0:8775 fd 5
Jun 25 15:47:30.455410 np0000003617 devstack@n-api-meta.service[95862]: uwsgi socket 0 bound to TCP address 127.0.0.1:40995 (port auto-assigned) fd 4
Jun 25 15:47:30.455410 np0000003617 devstack@n-api-meta.service[95862]: Python version: 3.12.3 (main, Mar 23 2026, 19:04:32) [GCC 13.3.0]
Jun 25 15:47:30.455410 np0000003617 devstack@n-api-meta.service[95862]: PEP 405 virtualenv detected: /opt/stack/data/venv
Jun 25 15:47:30.455410 np0000003617 devstack@n-api-meta.service[95862]: Set PythonHome to /opt/stack/data/venv
Jun 25 15:47:30.501175 np0000003617 devstack@n-api-meta.service[95862]: Python main interpreter initialized at 0x727f7c2a3668
Jun 25 15:47:30.501175 np0000003617 devstack@n-api-meta.service[95862]: python threads support enabled
Jun 25 15:47:30.501175 np0000003617 devstack@n-api-meta.service[95862]: your server socket listen backlog is limited to 100 connections
Jun 25 15:47:30.501175 np0000003617 devstack@n-api-meta.service[95862]: your mercy for graceful operations on workers is 80 seconds
Jun 25 15:47:30.501866 np0000003617 devstack@n-api-meta.service[95862]: mapped 671795 bytes (656 KB) for 4 cores
Jun 25 15:47:30.502043 np0000003617 devstack@n-api-meta.service[95862]: *** Operational MODE: preforking ***
Jun 25 15:47:30.502355 np0000003617 devstack@n-api-meta.service[95862]: *** uWSGI is running in multiple interpreter mode ***
Jun 25 15:47:30.502355 np0000003617 devstack@n-api-meta.service[95862]: spawned uWSGI master process (pid: 95862)
Jun 25 15:47:30.502628 np0000003617 systemd[1]: Started devstack@n-api-meta.service - Devstack devstack@n-api-meta.service.
Jun 25 15:47:30.503141 np0000003617 devstack@n-api-meta.service[95862]: spawned uWSGI worker 1 (pid: 95863, cores: 1)
Jun 25 15:47:30.503716 np0000003617 devstack@n-api-meta.service[95862]: spawned uWSGI worker 2 (pid: 95864, cores: 1)
Jun 25 15:47:30.504675 np0000003617 devstack@n-api-meta.service[95862]: spawned uWSGI worker 3 (pid: 95865, cores: 1)
Jun 25 15:47:30.504675 np0000003617 devstack@n-api-meta.service[95862]: spawned uWSGI worker 4 (pid: 95866, cores: 1)
Jun 25 15:47:30.505423 np0000003617 devstack@n-api-meta.service[95862]: spawned uWSGI http 1 (pid: 95867)
Jun 25 15:47:30.505423 np0000003617 devstack@n-api-meta.service[95862]: running "unix_signal:15 gracefully_kill_them_all" (master-start)...
Jun 25 15:47:32.392902 np0000003617 devstack@n-api-meta.service[95863]: INFO dbcounter [None req-b6f55be4-d983-4720-893d-02fd81bce953 None None] Registered counter for database nova_api
Jun 25 15:47:32.406879 np0000003617 devstack@n-api-meta.service[95866]: INFO dbcounter [None req-5f892712-0f51-4a99-be46-804a23a7709c None None] Registered counter for database nova_api
Jun 25 15:47:32.440282 np0000003617 devstack@n-api-meta.service[95863]: DEBUG oslo_db.sqlalchemy.engines [None req-b6f55be4-d983-4720-893d-02fd81bce953 None None] MySQL server mode set to STRICT_TRANS_TABLES,STRICT_ALL_TABLES,NO_ZERO_IN_DATE,NO_ZERO_DATE,ERROR_FOR_DIVISION_BY_ZERO,TRADITIONAL,NO_ENGINE_SUBSTITUTION {{(pid=95863) _check_effective_sql_mode /opt/stack/data/venv/lib/python3.12/site-packages/oslo_db/sqlalchemy/engines.py:325}}
Jun 25 15:47:32.466037 np0000003617 devstack@n-api-meta.service[95866]: DEBUG oslo_db.sqlalchemy.engines [None req-5f892712-0f51-4a99-be46-804a23a7709c None None] MySQL server mode set to STRICT_TRANS_TABLES,STRICT_ALL_TABLES,NO_ZERO_IN_DATE,NO_ZERO_DATE,ERROR_FOR_DIVISION_BY_ZERO,TRADITIONAL,NO_ENGINE_SUBSTITUTION {{(pid=95866) _check_effective_sql_mode /opt/stack/data/venv/lib/python3.12/site-packages/oslo_db/sqlalchemy/engines.py:325}}
Jun 25 15:47:32.469653 np0000003617 devstack@n-api-meta.service[95863]: DEBUG dbcounter [-] [95863] Writer thread running {{(pid=95863) stat_writer /opt/stack/data/venv/lib/python3.12/site-packages/dbcounter.py:102}}
Jun 25 15:47:32.472172 np0000003617 devstack@n-api-meta.service[95863]: DEBUG nova.context [None req-b6f55be4-d983-4720-893d-02fd81bce953 None None] Found 2 cells: 00000000-0000-0000-0000-000000000000(cell0),cbc472b7-7b30-4fdf-8345-8d3c91d905c8(cell1) {{(pid=95863) load_cells /opt/stack/nova/nova/context.py:509}}
Jun 25 15:47:32.472493 np0000003617 devstack@n-api-meta.service[95863]: INFO nova.utils [None req-b6f55be4-d983-4720-893d-02fd81bce953 None None] The cell worker thread pool MainProcess.cell_worker is initialized
Jun 25 15:47:32.474569 np0000003617 devstack@n-api-meta.service[95863]: DEBUG oslo_concurrency.lockutils [None req-b6f55be4-d983-4720-893d-02fd81bce953 None None] Acquiring lock "00000000-0000-0000-0000-000000000000" by "nova.context.set_target_cell..get_or_set_cached_cell_and_set_connections" {{(pid=95863) inner /opt/stack/data/venv/lib/python3.12/site-packages/oslo_concurrency/lockutils.py:511}}
Jun 25 15:47:32.474739 np0000003617 devstack@n-api-meta.service[95863]: DEBUG oslo_concurrency.lockutils [None req-b6f55be4-d983-4720-893d-02fd81bce953 None None] Lock "00000000-0000-0000-0000-000000000000" acquired by "nova.context.set_target_cell..get_or_set_cached_cell_and_set_connections" :: waited 0.000s {{(pid=95863) inner /opt/stack/data/venv/lib/python3.12/site-packages/oslo_concurrency/lockutils.py:524}}
Jun 25 15:47:32.475235 np0000003617 devstack@n-api-meta.service[95863]: DEBUG oslo_concurrency.lockutils [None req-b6f55be4-d983-4720-893d-02fd81bce953 None None] Lock "00000000-0000-0000-0000-000000000000" "released" by "nova.context.set_target_cell..get_or_set_cached_cell_and_set_connections" :: held 0.000s {{(pid=95863) inner /opt/stack/data/venv/lib/python3.12/site-packages/oslo_concurrency/lockutils.py:543}}
Jun 25 15:47:32.476077 np0000003617 devstack@n-api-meta.service[95863]: DEBUG oslo_concurrency.lockutils [None req-b6f55be4-d983-4720-893d-02fd81bce953 None None] Acquiring lock "cbc472b7-7b30-4fdf-8345-8d3c91d905c8" by "nova.context.set_target_cell..get_or_set_cached_cell_and_set_connections" {{(pid=95863) inner /opt/stack/data/venv/lib/python3.12/site-packages/oslo_concurrency/lockutils.py:511}}
Jun 25 15:47:32.476296 np0000003617 devstack@n-api-meta.service[95863]: DEBUG oslo_concurrency.lockutils [None req-b6f55be4-d983-4720-893d-02fd81bce953 None None] Lock "cbc472b7-7b30-4fdf-8345-8d3c91d905c8" acquired by "nova.context.set_target_cell..get_or_set_cached_cell_and_set_connections" :: waited 0.000s {{(pid=95863) inner /opt/stack/data/venv/lib/python3.12/site-packages/oslo_concurrency/lockutils.py:524}}
Jun 25 15:47:32.478816 np0000003617 devstack@n-api-meta.service[95863]: INFO dbcounter [None req-b6f55be4-d983-4720-893d-02fd81bce953 None None] Registered counter for database nova_cell0
Jun 25 15:47:32.480276 np0000003617 devstack@n-api-meta.service[95863]: DEBUG oslo_concurrency.lockutils [None req-b6f55be4-d983-4720-893d-02fd81bce953 None None] Lock "cbc472b7-7b30-4fdf-8345-8d3c91d905c8" "released" by "nova.context.set_target_cell..get_or_set_cached_cell_and_set_connections" :: held 0.002s {{(pid=95863) inner /opt/stack/data/venv/lib/python3.12/site-packages/oslo_concurrency/lockutils.py:543}}
Jun 25 15:47:32.484201 np0000003617 devstack@n-api-meta.service[95863]: INFO dbcounter [None req-b6f55be4-d983-4720-893d-02fd81bce953 None None] Registered counter for database nova_cell1
Jun 25 15:47:32.512426 np0000003617 devstack@n-api-meta.service[95866]: DEBUG dbcounter [-] [95866] Writer thread running {{(pid=95866) stat_writer /opt/stack/data/venv/lib/python3.12/site-packages/dbcounter.py:102}}
Jun 25 15:47:32.515696 np0000003617 devstack@n-api-meta.service[95866]: DEBUG nova.context [None req-5f892712-0f51-4a99-be46-804a23a7709c None None] Found 2 cells: 00000000-0000-0000-0000-000000000000(cell0),cbc472b7-7b30-4fdf-8345-8d3c91d905c8(cell1) {{(pid=95866) load_cells /opt/stack/nova/nova/context.py:509}}
Jun 25 15:47:32.516047 np0000003617 devstack@n-api-meta.service[95866]: INFO nova.utils [None req-5f892712-0f51-4a99-be46-804a23a7709c None None] The cell worker thread pool MainProcess.cell_worker is initialized
Jun 25 15:47:32.518828 np0000003617 devstack@n-api-meta.service[95866]: DEBUG oslo_concurrency.lockutils [None req-5f892712-0f51-4a99-be46-804a23a7709c None None] Acquiring lock "00000000-0000-0000-0000-000000000000" by "nova.context.set_target_cell..get_or_set_cached_cell_and_set_connections" {{(pid=95866) inner /opt/stack/data/venv/lib/python3.12/site-packages/oslo_concurrency/lockutils.py:511}}
Jun 25 15:47:32.519075 np0000003617 devstack@n-api-meta.service[95866]: DEBUG oslo_concurrency.lockutils [None req-5f892712-0f51-4a99-be46-804a23a7709c None None] Lock "00000000-0000-0000-0000-000000000000" acquired by "nova.context.set_target_cell..get_or_set_cached_cell_and_set_connections" :: waited 0.000s {{(pid=95866) inner /opt/stack/data/venv/lib/python3.12/site-packages/oslo_concurrency/lockutils.py:524}}
Jun 25 15:47:32.519650 np0000003617 devstack@n-api-meta.service[95866]: DEBUG oslo_concurrency.lockutils [None req-5f892712-0f51-4a99-be46-804a23a7709c None None] Lock "00000000-0000-0000-0000-000000000000" "released" by "nova.context.set_target_cell..get_or_set_cached_cell_and_set_connections" :: held 0.001s {{(pid=95866) inner /opt/stack/data/venv/lib/python3.12/site-packages/oslo_concurrency/lockutils.py:543}}
Jun 25 15:47:32.520525 np0000003617 devstack@n-api-meta.service[95866]: DEBUG oslo_concurrency.lockutils [None req-5f892712-0f51-4a99-be46-804a23a7709c None None] Acquiring lock "cbc472b7-7b30-4fdf-8345-8d3c91d905c8" by "nova.context.set_target_cell..get_or_set_cached_cell_and_set_connections" {{(pid=95866) inner /opt/stack/data/venv/lib/python3.12/site-packages/oslo_concurrency/lockutils.py:511}}
Jun 25 15:47:32.522554 np0000003617 devstack@n-api-meta.service[95866]: INFO dbcounter [None req-5f892712-0f51-4a99-be46-804a23a7709c None None] Registered counter for database nova_cell0
Jun 25 15:47:32.523966 np0000003617 devstack@n-api-meta.service[95866]: DEBUG oslo_concurrency.lockutils [None req-5f892712-0f51-4a99-be46-804a23a7709c None None] Lock "cbc472b7-7b30-4fdf-8345-8d3c91d905c8" acquired by "nova.context.set_target_cell..get_or_set_cached_cell_and_set_connections" :: waited 0.002s {{(pid=95866) inner /opt/stack/data/venv/lib/python3.12/site-packages/oslo_concurrency/lockutils.py:524}}
Jun 25 15:47:32.525539 np0000003617 devstack@n-api-meta.service[95865]: INFO dbcounter [None req-784a92c8-a1d3-4879-b02a-2d9f83fabf87 None None] Registered counter for database nova_api
Jun 25 15:47:32.526209 np0000003617 devstack@n-api-meta.service[95866]: DEBUG oslo_concurrency.lockutils [None req-5f892712-0f51-4a99-be46-804a23a7709c None None] Lock "cbc472b7-7b30-4fdf-8345-8d3c91d905c8" "released" by "nova.context.set_target_cell..get_or_set_cached_cell_and_set_connections" :: held 0.003s {{(pid=95866) inner /opt/stack/data/venv/lib/python3.12/site-packages/oslo_concurrency/lockutils.py:543}}
Jun 25 15:47:32.528308 np0000003617 devstack@n-api-meta.service[95866]: INFO dbcounter [None req-5f892712-0f51-4a99-be46-804a23a7709c None None] Registered counter for database nova_cell1
Jun 25 15:47:32.534748 np0000003617 devstack@n-api-meta.service[95863]: DEBUG oslo_db.sqlalchemy.engines [None req-b6f55be4-d983-4720-893d-02fd81bce953 None None] MySQL server mode set to STRICT_TRANS_TABLES,STRICT_ALL_TABLES,NO_ZERO_IN_DATE,NO_ZERO_DATE,ERROR_FOR_DIVISION_BY_ZERO,TRADITIONAL,NO_ENGINE_SUBSTITUTION {{(pid=95863) _check_effective_sql_mode /opt/stack/data/venv/lib/python3.12/site-packages/oslo_db/sqlalchemy/engines.py:325}}
Jun 25 15:47:32.552183 np0000003617 devstack@n-api-meta.service[95863]: DEBUG oslo_db.sqlalchemy.engines [None req-b6f55be4-d983-4720-893d-02fd81bce953 None None] MySQL server mode set to STRICT_TRANS_TABLES,STRICT_ALL_TABLES,NO_ZERO_IN_DATE,NO_ZERO_DATE,ERROR_FOR_DIVISION_BY_ZERO,TRADITIONAL,NO_ENGINE_SUBSTITUTION {{(pid=95863) _check_effective_sql_mode /opt/stack/data/venv/lib/python3.12/site-packages/oslo_db/sqlalchemy/engines.py:325}}
Jun 25 15:47:32.578385 np0000003617 devstack@n-api-meta.service[95866]: DEBUG oslo_db.sqlalchemy.engines [None req-5f892712-0f51-4a99-be46-804a23a7709c None None] MySQL server mode set to STRICT_TRANS_TABLES,STRICT_ALL_TABLES,NO_ZERO_IN_DATE,NO_ZERO_DATE,ERROR_FOR_DIVISION_BY_ZERO,TRADITIONAL,NO_ENGINE_SUBSTITUTION {{(pid=95866) _check_effective_sql_mode /opt/stack/data/venv/lib/python3.12/site-packages/oslo_db/sqlalchemy/engines.py:325}}
Jun 25 15:47:32.581951 np0000003617 devstack@n-api-meta.service[95865]: DEBUG oslo_db.sqlalchemy.engines [None req-784a92c8-a1d3-4879-b02a-2d9f83fabf87 None None] MySQL server mode set to STRICT_TRANS_TABLES,STRICT_ALL_TABLES,NO_ZERO_IN_DATE,NO_ZERO_DATE,ERROR_FOR_DIVISION_BY_ZERO,TRADITIONAL,NO_ENGINE_SUBSTITUTION {{(pid=95865) _check_effective_sql_mode /opt/stack/data/venv/lib/python3.12/site-packages/oslo_db/sqlalchemy/engines.py:325}}
Jun 25 15:47:32.589000 np0000003617 devstack@n-api-meta.service[95866]: DEBUG oslo_db.sqlalchemy.engines [None req-5f892712-0f51-4a99-be46-804a23a7709c None None] MySQL server mode set to STRICT_TRANS_TABLES,STRICT_ALL_TABLES,NO_ZERO_IN_DATE,NO_ZERO_DATE,ERROR_FOR_DIVISION_BY_ZERO,TRADITIONAL,NO_ENGINE_SUBSTITUTION {{(pid=95866) _check_effective_sql_mode /opt/stack/data/venv/lib/python3.12/site-packages/oslo_db/sqlalchemy/engines.py:325}}
Jun 25 15:47:32.614398 np0000003617 devstack@n-api-meta.service[95865]: DEBUG dbcounter [-] [95865] Writer thread running {{(pid=95865) stat_writer /opt/stack/data/venv/lib/python3.12/site-packages/dbcounter.py:102}}
Jun 25 15:47:32.617311 np0000003617 devstack@n-api-meta.service[95865]: DEBUG nova.context [None req-784a92c8-a1d3-4879-b02a-2d9f83fabf87 None None] Found 2 cells: 00000000-0000-0000-0000-000000000000(cell0),cbc472b7-7b30-4fdf-8345-8d3c91d905c8(cell1) {{(pid=95865) load_cells /opt/stack/nova/nova/context.py:509}}
Jun 25 15:47:32.617649 np0000003617 devstack@n-api-meta.service[95865]: INFO nova.utils [None req-784a92c8-a1d3-4879-b02a-2d9f83fabf87 None None] The cell worker thread pool MainProcess.cell_worker is initialized
Jun 25 15:47:32.619610 np0000003617 devstack@n-api-meta.service[95865]: DEBUG oslo_concurrency.lockutils [None req-784a92c8-a1d3-4879-b02a-2d9f83fabf87 None None] Acquiring lock "00000000-0000-0000-0000-000000000000" by "nova.context.set_target_cell..get_or_set_cached_cell_and_set_connections" {{(pid=95865) inner /opt/stack/data/venv/lib/python3.12/site-packages/oslo_concurrency/lockutils.py:511}}
Jun 25 15:47:32.619790 np0000003617 devstack@n-api-meta.service[95865]: DEBUG oslo_concurrency.lockutils [None req-784a92c8-a1d3-4879-b02a-2d9f83fabf87 None None] Lock "00000000-0000-0000-0000-000000000000" acquired by "nova.context.set_target_cell..get_or_set_cached_cell_and_set_connections" :: waited 0.000s {{(pid=95865) inner /opt/stack/data/venv/lib/python3.12/site-packages/oslo_concurrency/lockutils.py:524}}
Jun 25 15:47:32.620300 np0000003617 devstack@n-api-meta.service[95865]: DEBUG oslo_concurrency.lockutils [None req-784a92c8-a1d3-4879-b02a-2d9f83fabf87 None None] Lock "00000000-0000-0000-0000-000000000000" "released" by "nova.context.set_target_cell..get_or_set_cached_cell_and_set_connections" :: held 0.000s {{(pid=95865) inner /opt/stack/data/venv/lib/python3.12/site-packages/oslo_concurrency/lockutils.py:543}}
Jun 25 15:47:32.621074 np0000003617 devstack@n-api-meta.service[95865]: DEBUG oslo_concurrency.lockutils [None req-784a92c8-a1d3-4879-b02a-2d9f83fabf87 None None] Acquiring lock "cbc472b7-7b30-4fdf-8345-8d3c91d905c8" by "nova.context.set_target_cell..get_or_set_cached_cell_and_set_connections" {{(pid=95865) inner /opt/stack/data/venv/lib/python3.12/site-packages/oslo_concurrency/lockutils.py:511}}
Jun 25 15:47:32.621345 np0000003617 devstack@n-api-meta.service[95865]: DEBUG oslo_concurrency.lockutils [None req-784a92c8-a1d3-4879-b02a-2d9f83fabf87 None None] Lock "cbc472b7-7b30-4fdf-8345-8d3c91d905c8" acquired by "nova.context.set_target_cell..get_or_set_cached_cell_and_set_connections" :: waited 0.000s {{(pid=95865) inner /opt/stack/data/venv/lib/python3.12/site-packages/oslo_concurrency/lockutils.py:524}}
Jun 25 15:47:32.622460 np0000003617 devstack@n-api-meta.service[95865]: DEBUG oslo_concurrency.lockutils [None req-784a92c8-a1d3-4879-b02a-2d9f83fabf87 None None] Lock "cbc472b7-7b30-4fdf-8345-8d3c91d905c8" "released" by "nova.context.set_target_cell..get_or_set_cached_cell_and_set_connections" :: held 0.001s {{(pid=95865) inner /opt/stack/data/venv/lib/python3.12/site-packages/oslo_concurrency/lockutils.py:543}}
Jun 25 15:47:32.625876 np0000003617 devstack@n-api-meta.service[95865]: INFO dbcounter [None req-784a92c8-a1d3-4879-b02a-2d9f83fabf87 None None] Registered counter for database nova_cell0
Jun 25 15:47:32.626972 np0000003617 devstack@n-api-meta.service[95865]: INFO dbcounter [None req-784a92c8-a1d3-4879-b02a-2d9f83fabf87 None None] Registered counter for database nova_cell1
Jun 25 15:47:32.655188 np0000003617 devstack@n-api-meta.service[95863]: DEBUG dbcounter [-] [95863] Writer thread running {{(pid=95863) stat_writer /opt/stack/data/venv/lib/python3.12/site-packages/dbcounter.py:102}}
Jun 25 15:47:32.658379 np0000003617 devstack@n-api-meta.service[95863]: DEBUG dbcounter [-] [95863] Writer thread running {{(pid=95863) stat_writer /opt/stack/data/venv/lib/python3.12/site-packages/dbcounter.py:102}}
Jun 25 15:47:32.659890 np0000003617 devstack@n-api-meta.service[95864]: INFO dbcounter [None req-68e3ba7d-0e40-4e91-a276-fafa0453a1c9 None None] Registered counter for database nova_api
Jun 25 15:47:32.664710 np0000003617 devstack@n-api-meta.service[95863]: INFO dbcounter [None req-b6f55be4-d983-4720-893d-02fd81bce953 None None] Registered counter for database nova_cell0
Jun 25 15:47:32.673772 np0000003617 devstack@n-api-meta.service[95865]: DEBUG oslo_db.sqlalchemy.engines [None req-784a92c8-a1d3-4879-b02a-2d9f83fabf87 None None] MySQL server mode set to STRICT_TRANS_TABLES,STRICT_ALL_TABLES,NO_ZERO_IN_DATE,NO_ZERO_DATE,ERROR_FOR_DIVISION_BY_ZERO,TRADITIONAL,NO_ENGINE_SUBSTITUTION {{(pid=95865) _check_effective_sql_mode /opt/stack/data/venv/lib/python3.12/site-packages/oslo_db/sqlalchemy/engines.py:325}}
Jun 25 15:47:32.678337 np0000003617 devstack@n-api-meta.service[95865]: DEBUG oslo_db.sqlalchemy.engines [None req-784a92c8-a1d3-4879-b02a-2d9f83fabf87 None None] MySQL server mode set to STRICT_TRANS_TABLES,STRICT_ALL_TABLES,NO_ZERO_IN_DATE,NO_ZERO_DATE,ERROR_FOR_DIVISION_BY_ZERO,TRADITIONAL,NO_ENGINE_SUBSTITUTION {{(pid=95865) _check_effective_sql_mode /opt/stack/data/venv/lib/python3.12/site-packages/oslo_db/sqlalchemy/engines.py:325}}
Jun 25 15:47:32.700607 np0000003617 devstack@n-api-meta.service[95866]: DEBUG dbcounter [-] [95866] Writer thread running {{(pid=95866) stat_writer /opt/stack/data/venv/lib/python3.12/site-packages/dbcounter.py:102}}
Jun 25 15:47:32.702154 np0000003617 devstack@n-api-meta.service[95863]: DEBUG oslo_db.sqlalchemy.engines [None req-b6f55be4-d983-4720-893d-02fd81bce953 None None] MySQL server mode set to STRICT_TRANS_TABLES,STRICT_ALL_TABLES,NO_ZERO_IN_DATE,NO_ZERO_DATE,ERROR_FOR_DIVISION_BY_ZERO,TRADITIONAL,NO_ENGINE_SUBSTITUTION {{(pid=95863) _check_effective_sql_mode /opt/stack/data/venv/lib/python3.12/site-packages/oslo_db/sqlalchemy/engines.py:325}}
Jun 25 15:47:32.707369 np0000003617 devstack@n-api-meta.service[95866]: DEBUG dbcounter [-] [95866] Writer thread running {{(pid=95866) stat_writer /opt/stack/data/venv/lib/python3.12/site-packages/dbcounter.py:102}}
Jun 25 15:47:32.711383 np0000003617 devstack@n-api-meta.service[95863]: DEBUG dbcounter [-] [95863] Writer thread running {{(pid=95863) stat_writer /opt/stack/data/venv/lib/python3.12/site-packages/dbcounter.py:102}}
Jun 25 15:47:32.712560 np0000003617 devstack@n-api-meta.service[95866]: INFO dbcounter [None req-5f892712-0f51-4a99-be46-804a23a7709c None None] Registered counter for database nova_cell0
Jun 25 15:47:32.723593 np0000003617 devstack@n-api-meta.service[95864]: DEBUG oslo_db.sqlalchemy.engines [None req-68e3ba7d-0e40-4e91-a276-fafa0453a1c9 None None] MySQL server mode set to STRICT_TRANS_TABLES,STRICT_ALL_TABLES,NO_ZERO_IN_DATE,NO_ZERO_DATE,ERROR_FOR_DIVISION_BY_ZERO,TRADITIONAL,NO_ENGINE_SUBSTITUTION {{(pid=95864) _check_effective_sql_mode /opt/stack/data/venv/lib/python3.12/site-packages/oslo_db/sqlalchemy/engines.py:325}}
Jun 25 15:47:32.754298 np0000003617 devstack@n-api-meta.service[95863]: WARNING nova.api.metadata.handler [None req-b6f55be4-d983-4720-893d-02fd81bce953 None None] metadata_proxy_shared_secret is not configured, the metadata information returned by the proxy cannot be trusted
Jun 25 15:47:32.756084 np0000003617 devstack@n-api-meta.service[95864]: DEBUG dbcounter [-] [95864] Writer thread running {{(pid=95864) stat_writer /opt/stack/data/venv/lib/python3.12/site-packages/dbcounter.py:102}}
Jun 25 15:47:32.756847 np0000003617 devstack@n-api-meta.service[95863]: DEBUG nova.api.openstack.wsgi_app [None req-b6f55be4-d983-4720-893d-02fd81bce953 None None] ******************************************************************************** {{(pid=95863) log_opt_values /opt/stack/data/venv/lib/python3.12/site-packages/oslo_config/cfg.py:3226}}
Jun 25 15:47:32.757522 np0000003617 devstack@n-api-meta.service[95863]: DEBUG nova.api.openstack.wsgi_app [None req-b6f55be4-d983-4720-893d-02fd81bce953 None None] Configuration options gathered from: {{(pid=95863) log_opt_values /opt/stack/data/venv/lib/python3.12/site-packages/oslo_config/cfg.py:3227}}
Jun 25 15:47:32.757522 np0000003617 devstack@n-api-meta.service[95863]: DEBUG nova.api.openstack.wsgi_app [None req-b6f55be4-d983-4720-893d-02fd81bce953 None None] command line args: [] {{(pid=95863) log_opt_values /opt/stack/data/venv/lib/python3.12/site-packages/oslo_config/cfg.py:3228}}
Jun 25 15:47:32.757522 np0000003617 devstack@n-api-meta.service[95863]: DEBUG nova.api.openstack.wsgi_app [None req-b6f55be4-d983-4720-893d-02fd81bce953 None None] config files: ['/etc/nova/api-paste.ini', '/etc/nova/nova.conf'] {{(pid=95863) log_opt_values /opt/stack/data/venv/lib/python3.12/site-packages/oslo_config/cfg.py:3229}}
Jun 25 15:47:32.757522 np0000003617 devstack@n-api-meta.service[95863]: DEBUG nova.api.openstack.wsgi_app [None req-b6f55be4-d983-4720-893d-02fd81bce953 None None] ================================================================================ {{(pid=95863) log_opt_values /opt/stack/data/venv/lib/python3.12/site-packages/oslo_config/cfg.py:3234}}
Jun 25 15:47:32.757724 np0000003617 devstack@n-api-meta.service[95863]: DEBUG nova.api.openstack.wsgi_app [None req-b6f55be4-d983-4720-893d-02fd81bce953 None None] allow_resize_to_same_host = True {{(pid=95863) log_opt_values /opt/stack/data/venv/lib/python3.12/site-packages/oslo_config/cfg.py:3242}}
Jun 25 15:47:32.757816 np0000003617 devstack@n-api-meta.service[95863]: DEBUG nova.api.openstack.wsgi_app [None req-b6f55be4-d983-4720-893d-02fd81bce953 None None] arq_binding_timeout = 300 {{(pid=95863) log_opt_values /opt/stack/data/venv/lib/python3.12/site-packages/oslo_config/cfg.py:3242}}
Jun 25 15:47:32.757947 np0000003617 devstack@n-api-meta.service[95863]: DEBUG nova.api.openstack.wsgi_app [None req-b6f55be4-d983-4720-893d-02fd81bce953 None None] block_device_allocate_retries = 60 {{(pid=95863) log_opt_values /opt/stack/data/venv/lib/python3.12/site-packages/oslo_config/cfg.py:3242}}
Jun 25 15:47:32.758080 np0000003617 devstack@n-api-meta.service[95863]: DEBUG nova.api.openstack.wsgi_app [None req-b6f55be4-d983-4720-893d-02fd81bce953 None None] block_device_allocate_retries_interval = 3 {{(pid=95863) log_opt_values /opt/stack/data/venv/lib/python3.12/site-packages/oslo_config/cfg.py:3242}}
Jun 25 15:47:32.758270 np0000003617 devstack@n-api-meta.service[95863]: DEBUG nova.api.openstack.wsgi_app [None req-b6f55be4-d983-4720-893d-02fd81bce953 None None] cell_worker_thread_pool_size = 5 {{(pid=95863) log_opt_values /opt/stack/data/venv/lib/python3.12/site-packages/oslo_config/cfg.py:3242}}
Jun 25 15:47:32.758423 np0000003617 devstack@n-api-meta.service[95863]: DEBUG nova.api.openstack.wsgi_app [None req-b6f55be4-d983-4720-893d-02fd81bce953 None None] cert = self.pem {{(pid=95863) log_opt_values /opt/stack/data/venv/lib/python3.12/site-packages/oslo_config/cfg.py:3242}}
Jun 25 15:47:32.758555 np0000003617 devstack@n-api-meta.service[95863]: DEBUG nova.api.openstack.wsgi_app [None req-b6f55be4-d983-4720-893d-02fd81bce953 None None] compute_driver = libvirt.LibvirtDriver {{(pid=95863) log_opt_values /opt/stack/data/venv/lib/python3.12/site-packages/oslo_config/cfg.py:3242}}
Jun 25 15:47:32.758590 np0000003617 devstack@n-api-meta.service[95864]: DEBUG nova.context [None req-68e3ba7d-0e40-4e91-a276-fafa0453a1c9 None None] Found 2 cells: 00000000-0000-0000-0000-000000000000(cell0),cbc472b7-7b30-4fdf-8345-8d3c91d905c8(cell1) {{(pid=95864) load_cells /opt/stack/nova/nova/context.py:509}}
Jun 25 15:47:32.758686 np0000003617 devstack@n-api-meta.service[95863]: DEBUG nova.api.openstack.wsgi_app [None req-b6f55be4-d983-4720-893d-02fd81bce953 None None] compute_monitors = [] {{(pid=95863) log_opt_values /opt/stack/data/venv/lib/python3.12/site-packages/oslo_config/cfg.py:3242}}
Jun 25 15:47:32.758839 np0000003617 devstack@n-api-meta.service[95863]: DEBUG nova.api.openstack.wsgi_app [None req-b6f55be4-d983-4720-893d-02fd81bce953 None None] config_dir = [] {{(pid=95863) log_opt_values /opt/stack/data/venv/lib/python3.12/site-packages/oslo_config/cfg.py:3242}}
Jun 25 15:47:32.758879 np0000003617 devstack@n-api-meta.service[95864]: INFO nova.utils [None req-68e3ba7d-0e40-4e91-a276-fafa0453a1c9 None None] The cell worker thread pool MainProcess.cell_worker is initialized
Jun 25 15:47:32.758994 np0000003617 devstack@n-api-meta.service[95863]: DEBUG nova.api.openstack.wsgi_app [None req-b6f55be4-d983-4720-893d-02fd81bce953 None None] config_drive_format = iso9660 {{(pid=95863) log_opt_values /opt/stack/data/venv/lib/python3.12/site-packages/oslo_config/cfg.py:3242}}
Jun 25 15:47:32.759099 np0000003617 devstack@n-api-meta.service[95863]: DEBUG nova.api.openstack.wsgi_app [None req-b6f55be4-d983-4720-893d-02fd81bce953 None None] config_file = ['/etc/nova/api-paste.ini', '/etc/nova/nova.conf'] {{(pid=95863) log_opt_values /opt/stack/data/venv/lib/python3.12/site-packages/oslo_config/cfg.py:3242}}
Jun 25 15:47:32.759296 np0000003617 devstack@n-api-meta.service[95863]: DEBUG nova.api.openstack.wsgi_app [None req-b6f55be4-d983-4720-893d-02fd81bce953 None None] config_source = [] {{(pid=95863) log_opt_values /opt/stack/data/venv/lib/python3.12/site-packages/oslo_config/cfg.py:3242}}
Jun 25 15:47:32.759474 np0000003617 devstack@n-api-meta.service[95863]: DEBUG nova.api.openstack.wsgi_app [None req-b6f55be4-d983-4720-893d-02fd81bce953 None None] console_host = np0000003617 {{(pid=95863) log_opt_values /opt/stack/data/venv/lib/python3.12/site-packages/oslo_config/cfg.py:3242}}
Jun 25 15:47:32.759623 np0000003617 devstack@n-api-meta.service[95863]: DEBUG nova.api.openstack.wsgi_app [None req-b6f55be4-d983-4720-893d-02fd81bce953 None None] control_exchange = nova {{(pid=95863) log_opt_values /opt/stack/data/venv/lib/python3.12/site-packages/oslo_config/cfg.py:3242}}
Jun 25 15:47:32.759792 np0000003617 devstack@n-api-meta.service[95863]: DEBUG nova.api.openstack.wsgi_app [None req-b6f55be4-d983-4720-893d-02fd81bce953 None None] cpu_allocation_ratio = None {{(pid=95863) log_opt_values /opt/stack/data/venv/lib/python3.12/site-packages/oslo_config/cfg.py:3242}}
Jun 25 15:47:32.759959 np0000003617 devstack@n-api-meta.service[95863]: DEBUG nova.api.openstack.wsgi_app [None req-b6f55be4-d983-4720-893d-02fd81bce953 None None] daemon = False {{(pid=95863) log_opt_values /opt/stack/data/venv/lib/python3.12/site-packages/oslo_config/cfg.py:3242}}
Jun 25 15:47:32.760183 np0000003617 devstack@n-api-meta.service[95863]: DEBUG nova.api.openstack.wsgi_app [None req-b6f55be4-d983-4720-893d-02fd81bce953 None None] debug = True {{(pid=95863) log_opt_values /opt/stack/data/venv/lib/python3.12/site-packages/oslo_config/cfg.py:3242}}
Jun 25 15:47:32.760366 np0000003617 devstack@n-api-meta.service[95863]: DEBUG nova.api.openstack.wsgi_app [None req-b6f55be4-d983-4720-893d-02fd81bce953 None None] default_access_ip_network_name = None {{(pid=95863) log_opt_values /opt/stack/data/venv/lib/python3.12/site-packages/oslo_config/cfg.py:3242}}
Jun 25 15:47:32.760579 np0000003617 devstack@n-api-meta.service[95863]: DEBUG nova.api.openstack.wsgi_app [None req-b6f55be4-d983-4720-893d-02fd81bce953 None None] default_availability_zone = nova {{(pid=95863) log_opt_values /opt/stack/data/venv/lib/python3.12/site-packages/oslo_config/cfg.py:3242}}
Jun 25 15:47:32.760750 np0000003617 devstack@n-api-meta.service[95863]: DEBUG nova.api.openstack.wsgi_app [None req-b6f55be4-d983-4720-893d-02fd81bce953 None None] default_ephemeral_format = ext4 {{(pid=95863) log_opt_values /opt/stack/data/venv/lib/python3.12/site-packages/oslo_config/cfg.py:3242}}
Jun 25 15:47:32.760874 np0000003617 devstack@n-api-meta.service[95864]: DEBUG oslo_concurrency.lockutils [None req-68e3ba7d-0e40-4e91-a276-fafa0453a1c9 None None] Acquiring lock "00000000-0000-0000-0000-000000000000" by "nova.context.set_target_cell..get_or_set_cached_cell_and_set_connections" {{(pid=95864) inner /opt/stack/data/venv/lib/python3.12/site-packages/oslo_concurrency/lockutils.py:511}}
Jun 25 15:47:32.760926 np0000003617 devstack@n-api-meta.service[95863]: DEBUG nova.api.openstack.wsgi_app [None req-b6f55be4-d983-4720-893d-02fd81bce953 None None] default_green_pool_size = 1000 {{(pid=95863) log_opt_values /opt/stack/data/venv/lib/python3.12/site-packages/oslo_config/cfg.py:3242}}
Jun 25 15:47:32.761049 np0000003617 devstack@n-api-meta.service[95864]: DEBUG oslo_concurrency.lockutils [None req-68e3ba7d-0e40-4e91-a276-fafa0453a1c9 None None] Lock "00000000-0000-0000-0000-000000000000" acquired by "nova.context.set_target_cell..get_or_set_cached_cell_and_set_connections" :: waited 0.000s {{(pid=95864) inner /opt/stack/data/venv/lib/python3.12/site-packages/oslo_concurrency/lockutils.py:524}}
Jun 25 15:47:32.761095 np0000003617 devstack@n-api-meta.service[95863]: DEBUG nova.api.openstack.wsgi_app [None req-b6f55be4-d983-4720-893d-02fd81bce953 None None] default_log_levels = ['amqp=WARN', 'boto=WARN', 'sqlalchemy=WARN', 'suds=INFO', 'oslo.messaging=INFO', 'oslo_messaging=INFO', 'iso8601=WARN', 'requests.packages.urllib3.connectionpool=WARN', 'urllib3.connectionpool=WARN', 'websocket=WARN', 'requests.packages.urllib3.util.retry=WARN', 'urllib3.util.retry=WARN', 'keystonemiddleware=WARN', 'routes.middleware=WARN', 'stevedore=WARN', 'taskflow=WARN', 'keystoneauth=WARN', 'oslo.cache=INFO', 'oslo_policy=INFO', 'dogpile.core.dogpile=INFO', 'glanceclient=WARN', 'oslo.privsep.daemon=INFO'] {{(pid=95863) log_opt_values /opt/stack/data/venv/lib/python3.12/site-packages/oslo_config/cfg.py:3242}}
Jun 25 15:47:32.761244 np0000003617 devstack@n-api-meta.service[95863]: DEBUG nova.api.openstack.wsgi_app [None req-b6f55be4-d983-4720-893d-02fd81bce953 None None] default_schedule_zone = None {{(pid=95863) log_opt_values /opt/stack/data/venv/lib/python3.12/site-packages/oslo_config/cfg.py:3242}}
Jun 25 15:47:32.761384 np0000003617 devstack@n-api-meta.service[95863]: DEBUG nova.api.openstack.wsgi_app [None req-b6f55be4-d983-4720-893d-02fd81bce953 None None] default_thread_pool_size = 10 {{(pid=95863) log_opt_values /opt/stack/data/venv/lib/python3.12/site-packages/oslo_config/cfg.py:3242}}
Jun 25 15:47:32.761451 np0000003617 devstack@n-api-meta.service[95864]: DEBUG oslo_concurrency.lockutils [None req-68e3ba7d-0e40-4e91-a276-fafa0453a1c9 None None] Lock "00000000-0000-0000-0000-000000000000" "released" by "nova.context.set_target_cell..get_or_set_cached_cell_and_set_connections" :: held 0.000s {{(pid=95864) inner /opt/stack/data/venv/lib/python3.12/site-packages/oslo_concurrency/lockutils.py:543}}
Jun 25 15:47:32.761523 np0000003617 devstack@n-api-meta.service[95863]: DEBUG nova.api.openstack.wsgi_app [None req-b6f55be4-d983-4720-893d-02fd81bce953 None None] disk_allocation_ratio = None {{(pid=95863) log_opt_values /opt/stack/data/venv/lib/python3.12/site-packages/oslo_config/cfg.py:3242}}
Jun 25 15:47:32.761645 np0000003617 devstack@n-api-meta.service[95863]: DEBUG nova.api.openstack.wsgi_app [None req-b6f55be4-d983-4720-893d-02fd81bce953 None None] enable_new_services = True {{(pid=95863) log_opt_values /opt/stack/data/venv/lib/python3.12/site-packages/oslo_config/cfg.py:3242}}
Jun 25 15:47:32.761800 np0000003617 devstack@n-api-meta.service[95863]: DEBUG nova.api.openstack.wsgi_app [None req-b6f55be4-d983-4720-893d-02fd81bce953 None None] flat_injected = False {{(pid=95863) log_opt_values /opt/stack/data/venv/lib/python3.12/site-packages/oslo_config/cfg.py:3242}}
Jun 25 15:47:32.761963 np0000003617 devstack@n-api-meta.service[95863]: DEBUG nova.api.openstack.wsgi_app [None req-b6f55be4-d983-4720-893d-02fd81bce953 None None] force_config_drive = True {{(pid=95863) log_opt_values /opt/stack/data/venv/lib/python3.12/site-packages/oslo_config/cfg.py:3242}}
Jun 25 15:47:32.762081 np0000003617 devstack@n-api-meta.service[95863]: DEBUG nova.api.openstack.wsgi_app [None req-b6f55be4-d983-4720-893d-02fd81bce953 None None] force_raw_images = True {{(pid=95863) log_opt_values /opt/stack/data/venv/lib/python3.12/site-packages/oslo_config/cfg.py:3242}}
Jun 25 15:47:32.762192 np0000003617 devstack@n-api-meta.service[95864]: DEBUG oslo_concurrency.lockutils [None req-68e3ba7d-0e40-4e91-a276-fafa0453a1c9 None None] Acquiring lock "cbc472b7-7b30-4fdf-8345-8d3c91d905c8" by "nova.context.set_target_cell..get_or_set_cached_cell_and_set_connections" {{(pid=95864) inner /opt/stack/data/venv/lib/python3.12/site-packages/oslo_concurrency/lockutils.py:511}}
Jun 25 15:47:32.762287 np0000003617 devstack@n-api-meta.service[95863]: DEBUG nova.api.openstack.wsgi_app [None req-b6f55be4-d983-4720-893d-02fd81bce953 None None] graceful_shutdown_timeout = 5 {{(pid=95863) log_opt_values /opt/stack/data/venv/lib/python3.12/site-packages/oslo_config/cfg.py:3242}}
Jun 25 15:47:32.762353 np0000003617 devstack@n-api-meta.service[95864]: DEBUG oslo_concurrency.lockutils [None req-68e3ba7d-0e40-4e91-a276-fafa0453a1c9 None None] Lock "cbc472b7-7b30-4fdf-8345-8d3c91d905c8" acquired by "nova.context.set_target_cell..get_or_set_cached_cell_and_set_connections" :: waited 0.000s {{(pid=95864) inner /opt/stack/data/venv/lib/python3.12/site-packages/oslo_concurrency/lockutils.py:524}}
Jun 25 15:47:32.762431 np0000003617 devstack@n-api-meta.service[95863]: DEBUG nova.api.openstack.wsgi_app [None req-b6f55be4-d983-4720-893d-02fd81bce953 None None] heal_instance_info_cache_interval = -1 {{(pid=95863) log_opt_values /opt/stack/data/venv/lib/python3.12/site-packages/oslo_config/cfg.py:3242}}
Jun 25 15:47:32.762690 np0000003617 devstack@n-api-meta.service[95863]: DEBUG nova.api.openstack.wsgi_app [None req-b6f55be4-d983-4720-893d-02fd81bce953 None None] host = np0000003617 {{(pid=95863) log_opt_values /opt/stack/data/venv/lib/python3.12/site-packages/oslo_config/cfg.py:3242}}
Jun 25 15:47:32.762772 np0000003617 devstack@n-api-meta.service[95863]: DEBUG nova.api.openstack.wsgi_app [None req-b6f55be4-d983-4720-893d-02fd81bce953 None None] initial_cpu_allocation_ratio = 4.0 {{(pid=95863) log_opt_values /opt/stack/data/venv/lib/python3.12/site-packages/oslo_config/cfg.py:3242}}
Jun 25 15:47:32.762917 np0000003617 devstack@n-api-meta.service[95863]: DEBUG nova.api.openstack.wsgi_app [None req-b6f55be4-d983-4720-893d-02fd81bce953 None None] initial_disk_allocation_ratio = 1.0 {{(pid=95863) log_opt_values /opt/stack/data/venv/lib/python3.12/site-packages/oslo_config/cfg.py:3242}}
Jun 25 15:47:32.763067 np0000003617 devstack@n-api-meta.service[95863]: DEBUG nova.api.openstack.wsgi_app [None req-b6f55be4-d983-4720-893d-02fd81bce953 None None] initial_ram_allocation_ratio = 1.0 {{(pid=95863) log_opt_values /opt/stack/data/venv/lib/python3.12/site-packages/oslo_config/cfg.py:3242}}
Jun 25 15:47:32.763110 np0000003617 devstack@n-api-meta.service[95864]: DEBUG oslo_concurrency.lockutils [None req-68e3ba7d-0e40-4e91-a276-fafa0453a1c9 None None] Lock "cbc472b7-7b30-4fdf-8345-8d3c91d905c8" "released" by "nova.context.set_target_cell..get_or_set_cached_cell_and_set_connections" :: held 0.001s {{(pid=95864) inner /opt/stack/data/venv/lib/python3.12/site-packages/oslo_concurrency/lockutils.py:543}}
Jun 25 15:47:32.763378 np0000003617 devstack@n-api-meta.service[95863]: DEBUG nova.api.openstack.wsgi_app [None req-b6f55be4-d983-4720-893d-02fd81bce953 None None] injected_network_template = /opt/stack/nova/nova/virt/interfaces.template {{(pid=95863) log_opt_values /opt/stack/data/venv/lib/python3.12/site-packages/oslo_config/cfg.py:3242}}
Jun 25 15:47:32.763580 np0000003617 devstack@n-api-meta.service[95863]: DEBUG nova.api.openstack.wsgi_app [None req-b6f55be4-d983-4720-893d-02fd81bce953 None None] instance_build_timeout = 0 {{(pid=95863) log_opt_values /opt/stack/data/venv/lib/python3.12/site-packages/oslo_config/cfg.py:3242}}
Jun 25 15:47:32.763789 np0000003617 devstack@n-api-meta.service[95863]: DEBUG nova.api.openstack.wsgi_app [None req-b6f55be4-d983-4720-893d-02fd81bce953 None None] instance_delete_interval = 300 {{(pid=95863) log_opt_values /opt/stack/data/venv/lib/python3.12/site-packages/oslo_config/cfg.py:3242}}
Jun 25 15:47:32.763984 np0000003617 devstack@n-api-meta.service[95863]: DEBUG nova.api.openstack.wsgi_app [None req-b6f55be4-d983-4720-893d-02fd81bce953 None None] instance_format = [instance: %(uuid)s] {{(pid=95863) log_opt_values /opt/stack/data/venv/lib/python3.12/site-packages/oslo_config/cfg.py:3242}}
Jun 25 15:47:32.764217 np0000003617 devstack@n-api-meta.service[95863]: DEBUG nova.api.openstack.wsgi_app [None req-b6f55be4-d983-4720-893d-02fd81bce953 None None] instance_name_template = instance-%08x {{(pid=95863) log_opt_values /opt/stack/data/venv/lib/python3.12/site-packages/oslo_config/cfg.py:3242}}
Jun 25 15:47:32.764358 np0000003617 devstack@n-api-meta.service[95863]: DEBUG nova.api.openstack.wsgi_app [None req-b6f55be4-d983-4720-893d-02fd81bce953 None None] instance_usage_audit = False {{(pid=95863) log_opt_values /opt/stack/data/venv/lib/python3.12/site-packages/oslo_config/cfg.py:3242}}
Jun 25 15:47:32.764498 np0000003617 devstack@n-api-meta.service[95863]: DEBUG nova.api.openstack.wsgi_app [None req-b6f55be4-d983-4720-893d-02fd81bce953 None None] instance_usage_audit_period = month {{(pid=95863) log_opt_values /opt/stack/data/venv/lib/python3.12/site-packages/oslo_config/cfg.py:3242}}
Jun 25 15:47:32.764638 np0000003617 devstack@n-api-meta.service[95863]: DEBUG nova.api.openstack.wsgi_app [None req-b6f55be4-d983-4720-893d-02fd81bce953 None None] instance_uuid_format = [instance: %(uuid)s] {{(pid=95863) log_opt_values /opt/stack/data/venv/lib/python3.12/site-packages/oslo_config/cfg.py:3242}}
Jun 25 15:47:32.764780 np0000003617 devstack@n-api-meta.service[95863]: DEBUG nova.api.openstack.wsgi_app [None req-b6f55be4-d983-4720-893d-02fd81bce953 None None] instances_path = /opt/stack/data/nova/instances {{(pid=95863) log_opt_values /opt/stack/data/venv/lib/python3.12/site-packages/oslo_config/cfg.py:3242}}
Jun 25 15:47:32.764946 np0000003617 devstack@n-api-meta.service[95863]: DEBUG nova.api.openstack.wsgi_app [None req-b6f55be4-d983-4720-893d-02fd81bce953 None None] internal_service_availability_zone = internal {{(pid=95863) log_opt_values /opt/stack/data/venv/lib/python3.12/site-packages/oslo_config/cfg.py:3242}}
Jun 25 15:47:32.765070 np0000003617 devstack@n-api-meta.service[95863]: DEBUG nova.api.openstack.wsgi_app [None req-b6f55be4-d983-4720-893d-02fd81bce953 None None] key = None {{(pid=95863) log_opt_values /opt/stack/data/venv/lib/python3.12/site-packages/oslo_config/cfg.py:3242}}
Jun 25 15:47:32.765255 np0000003617 devstack@n-api-meta.service[95863]: DEBUG nova.api.openstack.wsgi_app [None req-b6f55be4-d983-4720-893d-02fd81bce953 None None] live_migration_retry_count = 30 {{(pid=95863) log_opt_values /opt/stack/data/venv/lib/python3.12/site-packages/oslo_config/cfg.py:3242}}
Jun 25 15:47:32.765418 np0000003617 devstack@n-api-meta.service[95863]: DEBUG nova.api.openstack.wsgi_app [None req-b6f55be4-d983-4720-893d-02fd81bce953 None None] log_color = False {{(pid=95863) log_opt_values /opt/stack/data/venv/lib/python3.12/site-packages/oslo_config/cfg.py:3242}}
Jun 25 15:47:32.765556 np0000003617 devstack@n-api-meta.service[95864]: INFO dbcounter [None req-68e3ba7d-0e40-4e91-a276-fafa0453a1c9 None None] Registered counter for database nova_cell0
Jun 25 15:47:32.765599 np0000003617 devstack@n-api-meta.service[95863]: DEBUG nova.api.openstack.wsgi_app [None req-b6f55be4-d983-4720-893d-02fd81bce953 None None] log_config_append = None {{(pid=95863) log_opt_values /opt/stack/data/venv/lib/python3.12/site-packages/oslo_config/cfg.py:3242}}
Jun 25 15:47:32.765750 np0000003617 devstack@n-api-meta.service[95863]: DEBUG nova.api.openstack.wsgi_app [None req-b6f55be4-d983-4720-893d-02fd81bce953 None None] log_date_format = %Y-%m-%d %H:%M:%S {{(pid=95863) log_opt_values /opt/stack/data/venv/lib/python3.12/site-packages/oslo_config/cfg.py:3242}}
Jun 25 15:47:32.765879 np0000003617 devstack@n-api-meta.service[95863]: DEBUG nova.api.openstack.wsgi_app [None req-b6f55be4-d983-4720-893d-02fd81bce953 None None] log_dir = None {{(pid=95863) log_opt_values /opt/stack/data/venv/lib/python3.12/site-packages/oslo_config/cfg.py:3242}}
Jun 25 15:47:32.765997 np0000003617 devstack@n-api-meta.service[95863]: DEBUG nova.api.openstack.wsgi_app [None req-b6f55be4-d983-4720-893d-02fd81bce953 None None] log_file = None {{(pid=95863) log_opt_values /opt/stack/data/venv/lib/python3.12/site-packages/oslo_config/cfg.py:3242}}
Jun 25 15:47:32.766094 np0000003617 devstack@n-api-meta.service[95863]: DEBUG nova.api.openstack.wsgi_app [None req-b6f55be4-d983-4720-893d-02fd81bce953 None None] log_options = True {{(pid=95863) log_opt_values /opt/stack/data/venv/lib/python3.12/site-packages/oslo_config/cfg.py:3242}}
Jun 25 15:47:32.766263 np0000003617 devstack@n-api-meta.service[95863]: DEBUG nova.api.openstack.wsgi_app [None req-b6f55be4-d983-4720-893d-02fd81bce953 None None] log_rotate_interval = 1 {{(pid=95863) log_opt_values /opt/stack/data/venv/lib/python3.12/site-packages/oslo_config/cfg.py:3242}}
Jun 25 15:47:32.766455 np0000003617 devstack@n-api-meta.service[95863]: DEBUG nova.api.openstack.wsgi_app [None req-b6f55be4-d983-4720-893d-02fd81bce953 None None] log_rotate_interval_type = days {{(pid=95863) log_opt_values /opt/stack/data/venv/lib/python3.12/site-packages/oslo_config/cfg.py:3242}}
Jun 25 15:47:32.766592 np0000003617 devstack@n-api-meta.service[95863]: DEBUG nova.api.openstack.wsgi_app [None req-b6f55be4-d983-4720-893d-02fd81bce953 None None] log_rotation_type = none {{(pid=95863) log_opt_values /opt/stack/data/venv/lib/python3.12/site-packages/oslo_config/cfg.py:3242}}
Jun 25 15:47:32.766686 np0000003617 devstack@n-api-meta.service[95863]: DEBUG nova.api.openstack.wsgi_app [None req-b6f55be4-d983-4720-893d-02fd81bce953 None None] logging_context_format_string = %(color)s%(levelname)s %(name)s [%(global_request_id)s %(request_id)s %(project_name)s %(user_name)s%(color)s] %(instance)s%(color)s%(message)s {{(pid=95863) log_opt_values /opt/stack/data/venv/lib/python3.12/site-packages/oslo_config/cfg.py:3242}}
Jun 25 15:47:32.766836 np0000003617 devstack@n-api-meta.service[95863]: DEBUG nova.api.openstack.wsgi_app [None req-b6f55be4-d983-4720-893d-02fd81bce953 None None] logging_debug_format_suffix = {{(pid=%(process)d) %(funcName)s %(pathname)s:%(lineno)d}} {{(pid=95863) log_opt_values /opt/stack/data/venv/lib/python3.12/site-packages/oslo_config/cfg.py:3242}}
Jun 25 15:47:32.766991 np0000003617 devstack@n-api-meta.service[95863]: DEBUG nova.api.openstack.wsgi_app [None req-b6f55be4-d983-4720-893d-02fd81bce953 None None] logging_default_format_string = %(color)s%(levelname)s %(name)s [-%(color)s] %(instance)s%(color)s%(message)s {{(pid=95863) log_opt_values /opt/stack/data/venv/lib/python3.12/site-packages/oslo_config/cfg.py:3242}}
Jun 25 15:47:32.767115 np0000003617 devstack@n-api-meta.service[95863]: DEBUG nova.api.openstack.wsgi_app [None req-b6f55be4-d983-4720-893d-02fd81bce953 None None] logging_exception_prefix = ERROR %(name)s %(instance)s {{(pid=95863) log_opt_values /opt/stack/data/venv/lib/python3.12/site-packages/oslo_config/cfg.py:3242}}
Jun 25 15:47:32.767263 np0000003617 devstack@n-api-meta.service[95863]: DEBUG nova.api.openstack.wsgi_app [None req-b6f55be4-d983-4720-893d-02fd81bce953 None None] logging_user_identity_format = %(user)s %(project)s %(domain)s %(system_scope)s %(user_domain)s %(project_domain)s {{(pid=95863) log_opt_values /opt/stack/data/venv/lib/python3.12/site-packages/oslo_config/cfg.py:3242}}
Jun 25 15:47:32.767453 np0000003617 devstack@n-api-meta.service[95863]: DEBUG nova.api.openstack.wsgi_app [None req-b6f55be4-d983-4720-893d-02fd81bce953 None None] long_rpc_timeout = 1800 {{(pid=95863) log_opt_values /opt/stack/data/venv/lib/python3.12/site-packages/oslo_config/cfg.py:3242}}
Jun 25 15:47:32.767628 np0000003617 devstack@n-api-meta.service[95863]: DEBUG nova.api.openstack.wsgi_app [None req-b6f55be4-d983-4720-893d-02fd81bce953 None None] manager_shutdown_timeout = 160 {{(pid=95863) log_opt_values /opt/stack/data/venv/lib/python3.12/site-packages/oslo_config/cfg.py:3242}}
Jun 25 15:47:32.767979 np0000003617 devstack@n-api-meta.service[95863]: DEBUG nova.api.openstack.wsgi_app [None req-b6f55be4-d983-4720-893d-02fd81bce953 None None] max_concurrent_builds = 10 {{(pid=95863) log_opt_values /opt/stack/data/venv/lib/python3.12/site-packages/oslo_config/cfg.py:3242}}
Jun 25 15:47:32.768022 np0000003617 devstack@n-api-meta.service[95863]: DEBUG nova.api.openstack.wsgi_app [None req-b6f55be4-d983-4720-893d-02fd81bce953 None None] max_concurrent_live_migrations = 1 {{(pid=95863) log_opt_values /opt/stack/data/venv/lib/python3.12/site-packages/oslo_config/cfg.py:3242}}
Jun 25 15:47:32.768209 np0000003617 devstack@n-api-meta.service[95863]: DEBUG nova.api.openstack.wsgi_app [None req-b6f55be4-d983-4720-893d-02fd81bce953 None None] max_concurrent_snapshots = 5 {{(pid=95863) log_opt_values /opt/stack/data/venv/lib/python3.12/site-packages/oslo_config/cfg.py:3242}}
Jun 25 15:47:32.768407 np0000003617 devstack@n-api-meta.service[95863]: DEBUG nova.api.openstack.wsgi_app [None req-b6f55be4-d983-4720-893d-02fd81bce953 None None] max_local_block_devices = 3 {{(pid=95863) log_opt_values /opt/stack/data/venv/lib/python3.12/site-packages/oslo_config/cfg.py:3242}}
Jun 25 15:47:32.768578 np0000003617 devstack@n-api-meta.service[95863]: DEBUG nova.api.openstack.wsgi_app [None req-b6f55be4-d983-4720-893d-02fd81bce953 None None] max_logfile_count = 30 {{(pid=95863) log_opt_values /opt/stack/data/venv/lib/python3.12/site-packages/oslo_config/cfg.py:3242}}
Jun 25 15:47:32.768746 np0000003617 devstack@n-api-meta.service[95863]: DEBUG nova.api.openstack.wsgi_app [None req-b6f55be4-d983-4720-893d-02fd81bce953 None None] max_logfile_size_mb = 200 {{(pid=95863) log_opt_values /opt/stack/data/venv/lib/python3.12/site-packages/oslo_config/cfg.py:3242}}
Jun 25 15:47:32.768915 np0000003617 devstack@n-api-meta.service[95863]: DEBUG nova.api.openstack.wsgi_app [None req-b6f55be4-d983-4720-893d-02fd81bce953 None None] maximum_instance_delete_attempts = 5 {{(pid=95863) log_opt_values /opt/stack/data/venv/lib/python3.12/site-packages/oslo_config/cfg.py:3242}}
Jun 25 15:47:32.769070 np0000003617 devstack@n-api-meta.service[95863]: DEBUG nova.api.openstack.wsgi_app [None req-b6f55be4-d983-4720-893d-02fd81bce953 None None] migrate_max_retries = -1 {{(pid=95863) log_opt_values /opt/stack/data/venv/lib/python3.12/site-packages/oslo_config/cfg.py:3242}}
Jun 25 15:47:32.769284 np0000003617 devstack@n-api-meta.service[95863]: DEBUG nova.api.openstack.wsgi_app [None req-b6f55be4-d983-4720-893d-02fd81bce953 None None] mkisofs_cmd = genisoimage {{(pid=95863) log_opt_values /opt/stack/data/venv/lib/python3.12/site-packages/oslo_config/cfg.py:3242}}
