Jun 25 15:47:32.129102 np0000003617 nova-scheduler[96546]: DEBUG cotyledon.oslo_config_glue [-] profiler.es_scroll_time = 2m {{(pid=96546) log_opt_values /opt/stack/data/venv/lib/python3.12/site-packages/oslo_config/cfg.py:3253}}
Jun 25 15:47:32.129102 np0000003617 nova-scheduler[96546]: DEBUG cotyledon.oslo_config_glue [-] profiler.filter_error_trace = False {{(pid=96546) log_opt_values /opt/stack/data/venv/lib/python3.12/site-packages/oslo_config/cfg.py:3253}}
Jun 25 15:47:32.129102 np0000003617 nova-scheduler[96546]: DEBUG cotyledon.oslo_config_glue [-] profiler.hmac_keys = **** {{(pid=96546) log_opt_values /opt/stack/data/venv/lib/python3.12/site-packages/oslo_config/cfg.py:3253}}
Jun 25 15:47:32.129102 np0000003617 nova-scheduler[96546]: DEBUG cotyledon.oslo_config_glue [-] profiler.sentinel_service_name = mymaster {{(pid=96546) log_opt_values /opt/stack/data/venv/lib/python3.12/site-packages/oslo_config/cfg.py:3253}}
Jun 25 15:47:32.129102 np0000003617 nova-scheduler[96546]: DEBUG cotyledon.oslo_config_glue [-] profiler.socket_timeout = 0.1 {{(pid=96546) log_opt_values /opt/stack/data/venv/lib/python3.12/site-packages/oslo_config/cfg.py:3253}}
Jun 25 15:47:32.129481 np0000003617 nova-scheduler[96546]: DEBUG cotyledon.oslo_config_glue [-] profiler.trace_requests = False {{(pid=96546) log_opt_values /opt/stack/data/venv/lib/python3.12/site-packages/oslo_config/cfg.py:3253}}
Jun 25 15:47:32.129481 np0000003617 nova-scheduler[96546]: DEBUG cotyledon.oslo_config_glue [-] profiler.trace_sqlalchemy = False {{(pid=96546) log_opt_values /opt/stack/data/venv/lib/python3.12/site-packages/oslo_config/cfg.py:3253}}
Jun 25 15:47:32.129481 np0000003617 nova-scheduler[96546]: DEBUG cotyledon.oslo_config_glue [-] profiler_jaeger.process_tags = {} {{(pid=96546) log_opt_values /opt/stack/data/venv/lib/python3.12/site-packages/oslo_config/cfg.py:3253}}
Jun 25 15:47:32.129481 np0000003617 nova-scheduler[96546]: DEBUG cotyledon.oslo_config_glue [-] profiler_jaeger.service_name_prefix = None {{(pid=96546) log_opt_values /opt/stack/data/venv/lib/python3.12/site-packages/oslo_config/cfg.py:3253}}
Jun 25 15:47:32.129481 np0000003617 nova-scheduler[96546]: DEBUG cotyledon.oslo_config_glue [-] profiler_otlp.service_name_prefix = None {{(pid=96546) log_opt_values /opt/stack/data/venv/lib/python3.12/site-packages/oslo_config/cfg.py:3253}}
Jun 25 15:47:32.129481 np0000003617 nova-scheduler[96546]: DEBUG cotyledon.oslo_config_glue [-] oslo_messaging_rabbit.amqp_auto_delete = False {{(pid=96546) log_opt_values /opt/stack/data/venv/lib/python3.12/site-packages/oslo_config/cfg.py:3253}}
Jun 25 15:47:32.129481 np0000003617 nova-scheduler[96546]: DEBUG cotyledon.oslo_config_glue [-] oslo_messaging_rabbit.amqp_durable_queues = False {{(pid=96546) log_opt_values /opt/stack/data/venv/lib/python3.12/site-packages/oslo_config/cfg.py:3253}}
Jun 25 15:47:32.129481 np0000003617 nova-scheduler[96546]: DEBUG cotyledon.oslo_config_glue [-] oslo_messaging_rabbit.conn_pool_min_size = 2 {{(pid=96546) log_opt_values /opt/stack/data/venv/lib/python3.12/site-packages/oslo_config/cfg.py:3253}}
Jun 25 15:47:32.129481 np0000003617 nova-scheduler[96546]: DEBUG cotyledon.oslo_config_glue [-] oslo_messaging_rabbit.conn_pool_ttl = 1200 {{(pid=96546) log_opt_values /opt/stack/data/venv/lib/python3.12/site-packages/oslo_config/cfg.py:3253}}
Jun 25 15:47:32.129767 np0000003617 nova-scheduler[96546]: DEBUG cotyledon.oslo_config_glue [-] oslo_messaging_rabbit.direct_mandatory_flag = True {{(pid=96546) log_opt_values /opt/stack/data/venv/lib/python3.12/site-packages/oslo_config/cfg.py:3253}}
Jun 25 15:47:32.129767 np0000003617 nova-scheduler[96546]: DEBUG cotyledon.oslo_config_glue [-] oslo_messaging_rabbit.enable_cancel_on_failover = False {{(pid=96546) log_opt_values /opt/stack/data/venv/lib/python3.12/site-packages/oslo_config/cfg.py:3253}}
Jun 25 15:47:32.129767 np0000003617 nova-scheduler[96546]: DEBUG cotyledon.oslo_config_glue [-] oslo_messaging_rabbit.heartbeat_rate = 3 {{(pid=96546) log_opt_values /opt/stack/data/venv/lib/python3.12/site-packages/oslo_config/cfg.py:3253}}
Jun 25 15:47:32.129767 np0000003617 nova-scheduler[96546]: DEBUG cotyledon.oslo_config_glue [-] oslo_messaging_rabbit.heartbeat_timeout_threshold = 60 {{(pid=96546) log_opt_values /opt/stack/data/venv/lib/python3.12/site-packages/oslo_config/cfg.py:3253}}
Jun 25 15:47:32.129767 np0000003617 nova-scheduler[96546]: DEBUG cotyledon.oslo_config_glue [-] oslo_messaging_rabbit.hostname = np0000003617 {{(pid=96546) log_opt_values /opt/stack/data/venv/lib/python3.12/site-packages/oslo_config/cfg.py:3253}}
Jun 25 15:47:32.129767 np0000003617 nova-scheduler[96546]: DEBUG cotyledon.oslo_config_glue [-] oslo_messaging_rabbit.kombu_compression = None {{(pid=96546) log_opt_values /opt/stack/data/venv/lib/python3.12/site-packages/oslo_config/cfg.py:3253}}
Jun 25 15:47:32.129767 np0000003617 nova-scheduler[96546]: DEBUG cotyledon.oslo_config_glue [-] oslo_messaging_rabbit.kombu_failover_strategy = round-robin {{(pid=96546) log_opt_values /opt/stack/data/venv/lib/python3.12/site-packages/oslo_config/cfg.py:3253}}
Jun 25 15:47:32.129767 np0000003617 nova-scheduler[96546]: DEBUG cotyledon.oslo_config_glue [-] oslo_messaging_rabbit.kombu_missing_consumer_retry_timeout = 60 {{(pid=96546) log_opt_values /opt/stack/data/venv/lib/python3.12/site-packages/oslo_config/cfg.py:3253}}
Jun 25 15:47:32.129767 np0000003617 nova-scheduler[96546]: DEBUG cotyledon.oslo_config_glue [-] oslo_messaging_rabbit.kombu_reconnect_delay = 1.0 {{(pid=96546) log_opt_values /opt/stack/data/venv/lib/python3.12/site-packages/oslo_config/cfg.py:3253}}
Jun 25 15:47:32.130053 np0000003617 nova-scheduler[96546]: DEBUG cotyledon.oslo_config_glue [-] oslo_messaging_rabbit.kombu_reconnect_splay = 0.0 {{(pid=96546) log_opt_values /opt/stack/data/venv/lib/python3.12/site-packages/oslo_config/cfg.py:3253}}
Jun 25 15:47:32.130053 np0000003617 nova-scheduler[96546]: DEBUG cotyledon.oslo_config_glue [-] oslo_messaging_rabbit.processname = nova-scheduler {{(pid=96546) log_opt_values /opt/stack/data/venv/lib/python3.12/site-packages/oslo_config/cfg.py:3253}}
Jun 25 15:47:32.130053 np0000003617 nova-scheduler[96546]: DEBUG cotyledon.oslo_config_glue [-] oslo_messaging_rabbit.rabbit_ha_queues = False {{(pid=96546) log_opt_values /opt/stack/data/venv/lib/python3.12/site-packages/oslo_config/cfg.py:3253}}
Jun 25 15:47:32.130053 np0000003617 nova-scheduler[96546]: DEBUG cotyledon.oslo_config_glue [-] oslo_messaging_rabbit.rabbit_interval_max = 30 {{(pid=96546) log_opt_values /opt/stack/data/venv/lib/python3.12/site-packages/oslo_config/cfg.py:3253}}
Jun 25 15:47:32.130053 np0000003617 nova-scheduler[96546]: DEBUG cotyledon.oslo_config_glue [-] oslo_messaging_rabbit.rabbit_login_method = AMQPLAIN {{(pid=96546) log_opt_values /opt/stack/data/venv/lib/python3.12/site-packages/oslo_config/cfg.py:3253}}
Jun 25 15:47:32.130053 np0000003617 nova-scheduler[96546]: DEBUG cotyledon.oslo_config_glue [-] oslo_messaging_rabbit.rabbit_qos_prefetch_count = 0 {{(pid=96546) log_opt_values /opt/stack/data/venv/lib/python3.12/site-packages/oslo_config/cfg.py:3253}}
Jun 25 15:47:32.130053 np0000003617 nova-scheduler[96546]: DEBUG cotyledon.oslo_config_glue [-] oslo_messaging_rabbit.rabbit_quorum_delivery_limit = 0 {{(pid=96546) log_opt_values /opt/stack/data/venv/lib/python3.12/site-packages/oslo_config/cfg.py:3253}}
Jun 25 15:47:32.130053 np0000003617 nova-scheduler[96546]: DEBUG cotyledon.oslo_config_glue [-] oslo_messaging_rabbit.rabbit_quorum_max_memory_bytes = 0 {{(pid=96546) log_opt_values /opt/stack/data/venv/lib/python3.12/site-packages/oslo_config/cfg.py:3253}}
Jun 25 15:47:32.130053 np0000003617 nova-scheduler[96546]: DEBUG cotyledon.oslo_config_glue [-] oslo_messaging_rabbit.rabbit_quorum_max_memory_length = 0 {{(pid=96546) log_opt_values /opt/stack/data/venv/lib/python3.12/site-packages/oslo_config/cfg.py:3253}}
Jun 25 15:47:32.130463 np0000003617 nova-scheduler[96546]: DEBUG cotyledon.oslo_config_glue [-] oslo_messaging_rabbit.rabbit_quorum_queue = False {{(pid=96546) log_opt_values /opt/stack/data/venv/lib/python3.12/site-packages/oslo_config/cfg.py:3253}}
Jun 25 15:47:32.130463 np0000003617 nova-scheduler[96546]: DEBUG cotyledon.oslo_config_glue [-] oslo_messaging_rabbit.rabbit_retry_backoff = 2 {{(pid=96546) log_opt_values /opt/stack/data/venv/lib/python3.12/site-packages/oslo_config/cfg.py:3253}}
Jun 25 15:47:32.130463 np0000003617 nova-scheduler[96546]: DEBUG cotyledon.oslo_config_glue [-] oslo_messaging_rabbit.rabbit_retry_interval = 1 {{(pid=96546) log_opt_values /opt/stack/data/venv/lib/python3.12/site-packages/oslo_config/cfg.py:3253}}
Jun 25 15:47:32.130463 np0000003617 nova-scheduler[96546]: DEBUG cotyledon.oslo_config_glue [-] oslo_messaging_rabbit.rabbit_stream_fanout = False {{(pid=96546) log_opt_values /opt/stack/data/venv/lib/python3.12/site-packages/oslo_config/cfg.py:3253}}
Jun 25 15:47:32.130463 np0000003617 nova-scheduler[96546]: DEBUG cotyledon.oslo_config_glue [-] oslo_messaging_rabbit.rabbit_transient_queues_ttl = 1800 {{(pid=96546) log_opt_values /opt/stack/data/venv/lib/python3.12/site-packages/oslo_config/cfg.py:3253}}
Jun 25 15:47:32.130463 np0000003617 nova-scheduler[96546]: DEBUG cotyledon.oslo_config_glue [-] oslo_messaging_rabbit.rabbit_transient_quorum_queue = False {{(pid=96546) log_opt_values /opt/stack/data/venv/lib/python3.12/site-packages/oslo_config/cfg.py:3253}}
Jun 25 15:47:32.130463 np0000003617 nova-scheduler[96546]: DEBUG cotyledon.oslo_config_glue [-] oslo_messaging_rabbit.rpc_conn_pool_size = 30 {{(pid=96546) log_opt_values /opt/stack/data/venv/lib/python3.12/site-packages/oslo_config/cfg.py:3253}}
Jun 25 15:47:32.130463 np0000003617 nova-scheduler[96546]: DEBUG cotyledon.oslo_config_glue [-] oslo_messaging_rabbit.ssl = False {{(pid=96546) log_opt_values /opt/stack/data/venv/lib/python3.12/site-packages/oslo_config/cfg.py:3253}}
Jun 25 15:47:32.130463 np0000003617 nova-scheduler[96546]: DEBUG cotyledon.oslo_config_glue [-] oslo_messaging_rabbit.ssl_ca_file = {{(pid=96546) log_opt_values /opt/stack/data/venv/lib/python3.12/site-packages/oslo_config/cfg.py:3253}}
Jun 25 15:47:32.131073 np0000003617 nova-scheduler[96546]: DEBUG cotyledon.oslo_config_glue [-] oslo_messaging_rabbit.ssl_cert_file = {{(pid=96546) log_opt_values /opt/stack/data/venv/lib/python3.12/site-packages/oslo_config/cfg.py:3253}}
Jun 25 15:47:32.131073 np0000003617 nova-scheduler[96546]: DEBUG cotyledon.oslo_config_glue [-] oslo_messaging_rabbit.ssl_enforce_fips_mode = False {{(pid=96546) log_opt_values /opt/stack/data/venv/lib/python3.12/site-packages/oslo_config/cfg.py:3253}}
Jun 25 15:47:32.131073 np0000003617 nova-scheduler[96546]: DEBUG cotyledon.oslo_config_glue [-] oslo_messaging_rabbit.ssl_enforce_hostname_verification = True {{(pid=96546) log_opt_values /opt/stack/data/venv/lib/python3.12/site-packages/oslo_config/cfg.py:3253}}
Jun 25 15:47:32.131073 np0000003617 nova-scheduler[96546]: DEBUG cotyledon.oslo_config_glue [-] oslo_messaging_rabbit.ssl_key_file = {{(pid=96546) log_opt_values /opt/stack/data/venv/lib/python3.12/site-packages/oslo_config/cfg.py:3253}}
Jun 25 15:47:32.131073 np0000003617 nova-scheduler[96546]: DEBUG cotyledon.oslo_config_glue [-] oslo_messaging_rabbit.ssl_version = {{(pid=96546) log_opt_values /opt/stack/data/venv/lib/python3.12/site-packages/oslo_config/cfg.py:3253}}
Jun 25 15:47:32.131073 np0000003617 nova-scheduler[96546]: DEBUG cotyledon.oslo_config_glue [-] oslo_messaging_rabbit.use_queue_manager = False {{(pid=96546) log_opt_values /opt/stack/data/venv/lib/python3.12/site-packages/oslo_config/cfg.py:3253}}
Jun 25 15:47:32.131073 np0000003617 nova-scheduler[96546]: DEBUG cotyledon.oslo_config_glue [-] oslo_messaging_notifications.driver = ['messagingv2'] {{(pid=96546) log_opt_values /opt/stack/data/venv/lib/python3.12/site-packages/oslo_config/cfg.py:3253}}
Jun 25 15:47:32.131073 np0000003617 nova-scheduler[96546]: DEBUG cotyledon.oslo_config_glue [-] oslo_messaging_notifications.retry = -1 {{(pid=96546) log_opt_values /opt/stack/data/venv/lib/python3.12/site-packages/oslo_config/cfg.py:3253}}
Jun 25 15:47:32.131073 np0000003617 nova-scheduler[96546]: DEBUG cotyledon.oslo_config_glue [-] oslo_messaging_notifications.topics = ['notifications'] {{(pid=96546) log_opt_values /opt/stack/data/venv/lib/python3.12/site-packages/oslo_config/cfg.py:3253}}
Jun 25 15:47:32.131365 np0000003617 nova-scheduler[96546]: DEBUG cotyledon.oslo_config_glue [-] oslo_messaging_notifications.transport_url = **** {{(pid=96546) log_opt_values /opt/stack/data/venv/lib/python3.12/site-packages/oslo_config/cfg.py:3253}}
Jun 25 15:47:32.131365 np0000003617 nova-scheduler[96546]: DEBUG cotyledon.oslo_config_glue [-] oslo_limit.auth_section = None {{(pid=96546) log_opt_values /opt/stack/data/venv/lib/python3.12/site-packages/oslo_config/cfg.py:3253}}
Jun 25 15:47:32.131365 np0000003617 nova-scheduler[96546]: DEBUG cotyledon.oslo_config_glue [-] oslo_limit.auth_type = None {{(pid=96546) log_opt_values /opt/stack/data/venv/lib/python3.12/site-packages/oslo_config/cfg.py:3253}}
Jun 25 15:47:32.131365 np0000003617 nova-scheduler[96546]: DEBUG cotyledon.oslo_config_glue [-] oslo_limit.cafile = None {{(pid=96546) log_opt_values /opt/stack/data/venv/lib/python3.12/site-packages/oslo_config/cfg.py:3253}}
Jun 25 15:47:32.131365 np0000003617 nova-scheduler[96546]: DEBUG cotyledon.oslo_config_glue [-] oslo_limit.certfile = None {{(pid=96546) log_opt_values /opt/stack/data/venv/lib/python3.12/site-packages/oslo_config/cfg.py:3253}}
Jun 25 15:47:32.131365 np0000003617 nova-scheduler[96546]: DEBUG cotyledon.oslo_config_glue [-] oslo_limit.collect_timing = False {{(pid=96546) log_opt_values /opt/stack/data/venv/lib/python3.12/site-packages/oslo_config/cfg.py:3253}}
Jun 25 15:47:32.131365 np0000003617 nova-scheduler[96546]: DEBUG cotyledon.oslo_config_glue [-] oslo_limit.connect_retries = None {{(pid=96546) log_opt_values /opt/stack/data/venv/lib/python3.12/site-packages/oslo_config/cfg.py:3253}}
Jun 25 15:47:32.131365 np0000003617 nova-scheduler[96546]: DEBUG cotyledon.oslo_config_glue [-] oslo_limit.connect_retry_delay = None {{(pid=96546) log_opt_values /opt/stack/data/venv/lib/python3.12/site-packages/oslo_config/cfg.py:3253}}
Jun 25 15:47:32.131365 np0000003617 nova-scheduler[96546]: DEBUG cotyledon.oslo_config_glue [-] oslo_limit.endpoint_id = None {{(pid=96546) log_opt_values /opt/stack/data/venv/lib/python3.12/site-packages/oslo_config/cfg.py:3253}}
Jun 25 15:47:32.131615 np0000003617 nova-scheduler[96546]: DEBUG cotyledon.oslo_config_glue [-] oslo_limit.endpoint_interface = public {{(pid=96546) log_opt_values /opt/stack/data/venv/lib/python3.12/site-packages/oslo_config/cfg.py:3253}}
Jun 25 15:47:32.131615 np0000003617 nova-scheduler[96546]: DEBUG cotyledon.oslo_config_glue [-] oslo_limit.endpoint_override = None {{(pid=96546) log_opt_values /opt/stack/data/venv/lib/python3.12/site-packages/oslo_config/cfg.py:3253}}
Jun 25 15:47:32.131615 np0000003617 nova-scheduler[96546]: DEBUG cotyledon.oslo_config_glue [-] oslo_limit.endpoint_region_name = None {{(pid=96546) log_opt_values /opt/stack/data/venv/lib/python3.12/site-packages/oslo_config/cfg.py:3253}}
Jun 25 15:47:32.131615 np0000003617 nova-scheduler[96546]: DEBUG cotyledon.oslo_config_glue [-] oslo_limit.endpoint_service_name = None {{(pid=96546) log_opt_values /opt/stack/data/venv/lib/python3.12/site-packages/oslo_config/cfg.py:3253}}
Jun 25 15:47:32.131615 np0000003617 nova-scheduler[96546]: DEBUG cotyledon.oslo_config_glue [-] oslo_limit.endpoint_service_type = None {{(pid=96546) log_opt_values /opt/stack/data/venv/lib/python3.12/site-packages/oslo_config/cfg.py:3253}}
Jun 25 15:47:32.131615 np0000003617 nova-scheduler[96546]: DEBUG cotyledon.oslo_config_glue [-] oslo_limit.insecure = False {{(pid=96546) log_opt_values /opt/stack/data/venv/lib/python3.12/site-packages/oslo_config/cfg.py:3253}}
Jun 25 15:47:32.131615 np0000003617 nova-scheduler[96546]: DEBUG cotyledon.oslo_config_glue [-] oslo_limit.keyfile = None {{(pid=96546) log_opt_values /opt/stack/data/venv/lib/python3.12/site-packages/oslo_config/cfg.py:3253}}
Jun 25 15:47:32.131615 np0000003617 nova-scheduler[96546]: DEBUG cotyledon.oslo_config_glue [-] oslo_limit.max_version = None {{(pid=96546) log_opt_values /opt/stack/data/venv/lib/python3.12/site-packages/oslo_config/cfg.py:3253}}
Jun 25 15:47:32.131615 np0000003617 nova-scheduler[96546]: DEBUG cotyledon.oslo_config_glue [-] oslo_limit.min_version = None {{(pid=96546) log_opt_values /opt/stack/data/venv/lib/python3.12/site-packages/oslo_config/cfg.py:3253}}
Jun 25 15:47:32.131901 np0000003617 nova-scheduler[96546]: DEBUG cotyledon.oslo_config_glue [-] oslo_limit.region_name = None {{(pid=96546) log_opt_values /opt/stack/data/venv/lib/python3.12/site-packages/oslo_config/cfg.py:3253}}
Jun 25 15:47:32.131901 np0000003617 nova-scheduler[96546]: DEBUG cotyledon.oslo_config_glue [-] oslo_limit.retriable_status_codes = None {{(pid=96546) log_opt_values /opt/stack/data/venv/lib/python3.12/site-packages/oslo_config/cfg.py:3253}}
Jun 25 15:47:32.131901 np0000003617 nova-scheduler[96546]: DEBUG cotyledon.oslo_config_glue [-] oslo_limit.service_name = None {{(pid=96546) log_opt_values /opt/stack/data/venv/lib/python3.12/site-packages/oslo_config/cfg.py:3253}}
Jun 25 15:47:32.131901 np0000003617 nova-scheduler[96546]: DEBUG cotyledon.oslo_config_glue [-] oslo_limit.service_type = None {{(pid=96546) log_opt_values /opt/stack/data/venv/lib/python3.12/site-packages/oslo_config/cfg.py:3253}}
Jun 25 15:47:32.131901 np0000003617 nova-scheduler[96546]: DEBUG cotyledon.oslo_config_glue [-] oslo_limit.split_loggers = False {{(pid=96546) log_opt_values /opt/stack/data/venv/lib/python3.12/site-packages/oslo_config/cfg.py:3253}}
Jun 25 15:47:32.131901 np0000003617 nova-scheduler[96546]: DEBUG cotyledon.oslo_config_glue [-] oslo_limit.status_code_retries = None {{(pid=96546) log_opt_values /opt/stack/data/venv/lib/python3.12/site-packages/oslo_config/cfg.py:3253}}
Jun 25 15:47:32.131901 np0000003617 nova-scheduler[96546]: DEBUG cotyledon.oslo_config_glue [-] oslo_limit.status_code_retry_delay = None {{(pid=96546) log_opt_values /opt/stack/data/venv/lib/python3.12/site-packages/oslo_config/cfg.py:3253}}
Jun 25 15:47:32.131901 np0000003617 nova-scheduler[96546]: DEBUG cotyledon.oslo_config_glue [-] oslo_limit.timeout = None {{(pid=96546) log_opt_values /opt/stack/data/venv/lib/python3.12/site-packages/oslo_config/cfg.py:3253}}
Jun 25 15:47:32.131901 np0000003617 nova-scheduler[96546]: DEBUG cotyledon.oslo_config_glue [-] oslo_limit.valid_interfaces = None {{(pid=96546) log_opt_values /opt/stack/data/venv/lib/python3.12/site-packages/oslo_config/cfg.py:3253}}
Jun 25 15:47:32.132244 np0000003617 nova-scheduler[96546]: DEBUG cotyledon.oslo_config_glue [-] oslo_limit.version = None {{(pid=96546) log_opt_values /opt/stack/data/venv/lib/python3.12/site-packages/oslo_config/cfg.py:3253}}
Jun 25 15:47:32.132244 np0000003617 nova-scheduler[96546]: DEBUG cotyledon.oslo_config_glue [-] oslo_reports.file_event_handler = None {{(pid=96546) log_opt_values /opt/stack/data/venv/lib/python3.12/site-packages/oslo_config/cfg.py:3253}}
Jun 25 15:47:32.132244 np0000003617 nova-scheduler[96546]: DEBUG cotyledon.oslo_config_glue [-] oslo_reports.file_event_handler_interval = 1 {{(pid=96546) log_opt_values /opt/stack/data/venv/lib/python3.12/site-packages/oslo_config/cfg.py:3253}}
Jun 25 15:47:32.132244 np0000003617 nova-scheduler[96546]: DEBUG cotyledon.oslo_config_glue [-] oslo_reports.log_dir = None {{(pid=96546) log_opt_values /opt/stack/data/venv/lib/python3.12/site-packages/oslo_config/cfg.py:3253}}
Jun 25 15:47:32.132244 np0000003617 nova-scheduler[96546]: DEBUG cotyledon.oslo_config_glue [-] ******************************************************************************** {{(pid=96546) log_opt_values /opt/stack/data/venv/lib/python3.12/site-packages/oslo_config/cfg.py:3260}}
Jun 25 15:47:32.132244 np0000003617 nova-scheduler[96546]: DEBUG cotyledon._service_worker [-] Run service ServiceWrapper(3) [96546] {{(pid=96546) wait_forever /opt/stack/data/venv/lib/python3.12/site-packages/cotyledon/_service_worker.py:218}}
Jun 25 15:47:32.132244 np0000003617 nova-scheduler[96546]: INFO nova.service [-] Starting scheduler node (version 33.1.0)
Jun 25 15:47:32.132244 np0000003617 nova-scheduler[96546]: INFO dbcounter [None req-cfacd1e2-98bb-465a-812f-97b6d80e753d None None] Registered counter for database nova_cell0
Jun 25 15:47:32.132505 np0000003617 nova-scheduler[96499]: DEBUG oslo_db.sqlalchemy.engines [None req-177e8aa1-f13f-4345-8657-34dfd54b986c None None] MySQL server mode set to STRICT_TRANS_TABLES,STRICT_ALL_TABLES,NO_ZERO_IN_DATE,NO_ZERO_DATE,ERROR_FOR_DIVISION_BY_ZERO,TRADITIONAL,NO_ENGINE_SUBSTITUTION {{(pid=96499) _check_effective_sql_mode /opt/stack/data/venv/lib/python3.12/site-packages/oslo_db/sqlalchemy/engines.py:325}}
Jun 25 15:47:32.132505 np0000003617 nova-scheduler[96499]: DEBUG dbcounter [-] [96499] Writer thread running {{(pid=96499) stat_writer /opt/stack/data/venv/lib/python3.12/site-packages/dbcounter.py:102}}
Jun 25 15:47:32.138997 np0000003617 nova-scheduler[96501]: DEBUG oslo_db.sqlalchemy.engines [None req-c93a91ca-9585-49eb-bed2-4694522034ff None None] MySQL server mode set to STRICT_TRANS_TABLES,STRICT_ALL_TABLES,NO_ZERO_IN_DATE,NO_ZERO_DATE,ERROR_FOR_DIVISION_BY_ZERO,TRADITIONAL,NO_ENGINE_SUBSTITUTION {{(pid=96501) _check_effective_sql_mode /opt/stack/data/venv/lib/python3.12/site-packages/oslo_db/sqlalchemy/engines.py:325}}
Jun 25 15:47:32.146791 np0000003617 nova-scheduler[96499]: DEBUG nova.service [None req-177e8aa1-f13f-4345-8657-34dfd54b986c None None] Creating RPC server for service: nova-scheduler on topic: scheduler {{(pid=96499) start /opt/stack/nova/nova/service.py:196}}
Jun 25 15:47:32.151192 np0000003617 nova-scheduler[96501]: DEBUG dbcounter [-] [96501] Writer thread running {{(pid=96501) stat_writer /opt/stack/data/venv/lib/python3.12/site-packages/dbcounter.py:102}}
Jun 25 15:47:32.155145 np0000003617 nova-scheduler[96501]: DEBUG nova.service [None req-c93a91ca-9585-49eb-bed2-4694522034ff None None] Creating RPC server for service: nova-scheduler on topic: scheduler {{(pid=96501) start /opt/stack/nova/nova/service.py:196}}
Jun 25 15:47:32.162108 np0000003617 nova-scheduler[96519]: DEBUG oslo_db.sqlalchemy.engines [None req-be40651f-b8c7-4e17-a0a8-ccb2f0896a94 None None] MySQL server mode set to STRICT_TRANS_TABLES,STRICT_ALL_TABLES,NO_ZERO_IN_DATE,NO_ZERO_DATE,ERROR_FOR_DIVISION_BY_ZERO,TRADITIONAL,NO_ENGINE_SUBSTITUTION {{(pid=96519) _check_effective_sql_mode /opt/stack/data/venv/lib/python3.12/site-packages/oslo_db/sqlalchemy/engines.py:325}}
Jun 25 15:47:32.171576 np0000003617 nova-scheduler[96546]: DEBUG oslo_db.sqlalchemy.engines [None req-cfacd1e2-98bb-465a-812f-97b6d80e753d None None] MySQL server mode set to STRICT_TRANS_TABLES,STRICT_ALL_TABLES,NO_ZERO_IN_DATE,NO_ZERO_DATE,ERROR_FOR_DIVISION_BY_ZERO,TRADITIONAL,NO_ENGINE_SUBSTITUTION {{(pid=96546) _check_effective_sql_mode /opt/stack/data/venv/lib/python3.12/site-packages/oslo_db/sqlalchemy/engines.py:325}}
Jun 25 15:47:32.172784 np0000003617 nova-scheduler[96519]: DEBUG dbcounter [-] [96519] Writer thread running {{(pid=96519) stat_writer /opt/stack/data/venv/lib/python3.12/site-packages/dbcounter.py:102}}
Jun 25 15:47:32.176446 np0000003617 nova-scheduler[96519]: DEBUG nova.service [None req-be40651f-b8c7-4e17-a0a8-ccb2f0896a94 None None] Creating RPC server for service: nova-scheduler on topic: scheduler {{(pid=96519) start /opt/stack/nova/nova/service.py:196}}
Jun 25 15:47:32.185262 np0000003617 nova-scheduler[96501]: DEBUG nova.service [None req-c93a91ca-9585-49eb-bed2-4694522034ff None None] Join ServiceGroup membership for this service scheduler {{(pid=96501) start /opt/stack/nova/nova/service.py:222}}
Jun 25 15:47:32.185549 np0000003617 nova-scheduler[96501]: DEBUG nova.servicegroup.drivers.db [None req-c93a91ca-9585-49eb-bed2-4694522034ff None None] DB_Driver: join new ServiceGroup member np0000003617 to the scheduler group, service = {{(pid=96501) join /opt/stack/nova/nova/servicegroup/drivers/db.py:44}}
Jun 25 15:47:32.185727 np0000003617 nova-scheduler[96546]: DEBUG dbcounter [-] [96546] Writer thread running {{(pid=96546) stat_writer /opt/stack/data/venv/lib/python3.12/site-packages/dbcounter.py:102}}
Jun 25 15:47:32.186233 np0000003617 nova-scheduler[96499]: DEBUG nova.service [None req-177e8aa1-f13f-4345-8657-34dfd54b986c None None] Join ServiceGroup membership for this service scheduler {{(pid=96499) start /opt/stack/nova/nova/service.py:222}}
Jun 25 15:47:32.186510 np0000003617 nova-scheduler[96499]: DEBUG nova.servicegroup.drivers.db [None req-177e8aa1-f13f-4345-8657-34dfd54b986c None None] DB_Driver: join new ServiceGroup member np0000003617 to the scheduler group, service = {{(pid=96499) join /opt/stack/nova/nova/servicegroup/drivers/db.py:44}}
Jun 25 15:47:32.191363 np0000003617 nova-scheduler[96546]: DEBUG nova.service [None req-cfacd1e2-98bb-465a-812f-97b6d80e753d None None] Creating RPC server for service: nova-scheduler on topic: scheduler {{(pid=96546) start /opt/stack/nova/nova/service.py:196}}
Jun 25 15:47:32.202243 np0000003617 nova-scheduler[96519]: DEBUG nova.service [None req-be40651f-b8c7-4e17-a0a8-ccb2f0896a94 None None] Join ServiceGroup membership for this service scheduler {{(pid=96519) start /opt/stack/nova/nova/service.py:222}}
Jun 25 15:47:32.202649 np0000003617 nova-scheduler[96519]: DEBUG nova.servicegroup.drivers.db [None req-be40651f-b8c7-4e17-a0a8-ccb2f0896a94 None None] DB_Driver: join new ServiceGroup member np0000003617 to the scheduler group, service = {{(pid=96519) join /opt/stack/nova/nova/servicegroup/drivers/db.py:44}}
Jun 25 15:47:32.212482 np0000003617 nova-scheduler[96546]: DEBUG nova.service [None req-cfacd1e2-98bb-465a-812f-97b6d80e753d None None] Join ServiceGroup membership for this service scheduler {{(pid=96546) start /opt/stack/nova/nova/service.py:222}}
Jun 25 15:47:32.212685 np0000003617 nova-scheduler[96546]: DEBUG nova.servicegroup.drivers.db [None req-cfacd1e2-98bb-465a-812f-97b6d80e753d None None] DB_Driver: join new ServiceGroup member np0000003617 to the scheduler group, service = {{(pid=96546) join /opt/stack/nova/nova/servicegroup/drivers/db.py:44}}
Jun 25 15:47:33.207859 np0000003617 nova-scheduler[96519]: DEBUG oslo.service.backend._threading.loopingcall [None req-f44f809f-4a41-413d-b573-ada04e929052 None None] Dynamic interval looping call 'nova.service.Service.periodic_tasks' sleeping for 60.00 seconds {{(pid=96519) _run_loop /opt/stack/data/venv/lib/python3.12/site-packages/oslo_service/backend/_threading/loopingcall.py:125}}
Jun 25 15:47:34.187693 np0000003617 nova-scheduler[96501]: DEBUG oslo.service.backend._threading.loopingcall [None req-06072c0f-33d9-4cad-a058-d550ad3d0f42 None None] Dynamic interval looping call 'nova.service.Service.periodic_tasks' sleeping for 60.00 seconds {{(pid=96501) _run_loop /opt/stack/data/venv/lib/python3.12/site-packages/oslo_service/backend/_threading/loopingcall.py:125}}
Jun 25 15:47:37.203332 np0000003617 nova-scheduler[96499]: DEBUG oslo.service.backend._threading.loopingcall [-] Fixed interval looping call 'nova.servicegroup.drivers.db.DbDriver._report_state' sleeping for 119.99 seconds {{(pid=96499) _run_loop /opt/stack/data/venv/lib/python3.12/site-packages/oslo_service/backend/_threading/loopingcall.py:125}}
Jun 25 15:47:37.204118 np0000003617 nova-scheduler[96501]: DEBUG oslo.service.backend._threading.loopingcall [-] Fixed interval looping call 'nova.servicegroup.drivers.db.DbDriver._report_state' sleeping for 119.98 seconds {{(pid=96501) _run_loop /opt/stack/data/venv/lib/python3.12/site-packages/oslo_service/backend/_threading/loopingcall.py:125}}
Jun 25 15:47:37.216914 np0000003617 nova-scheduler[96519]: DEBUG oslo.service.backend._threading.loopingcall [-] Fixed interval looping call 'nova.servicegroup.drivers.db.DbDriver._report_state' sleeping for 119.99 seconds {{(pid=96519) _run_loop /opt/stack/data/venv/lib/python3.12/site-packages/oslo_service/backend/_threading/loopingcall.py:125}}
Jun 25 15:47:37.224258 np0000003617 nova-scheduler[96546]: DEBUG oslo.service.backend._threading.loopingcall [-] Fixed interval looping call 'nova.servicegroup.drivers.db.DbDriver._report_state' sleeping for 119.99 seconds {{(pid=96546) _run_loop /opt/stack/data/venv/lib/python3.12/site-packages/oslo_service/backend/_threading/loopingcall.py:125}}
Jun 25 15:47:40.654873 np0000003617 nova-scheduler[95242]: DEBUG dbcounter [-] [95242] Writing DB stats nova_api:SELECT=3 {{(pid=95242) stat_writer /opt/stack/data/venv/lib/python3.12/site-packages/dbcounter.py:115}}
Jun 25 15:47:40.811521 np0000003617 nova-scheduler[95242]: DEBUG dbcounter [-] [95242] Writing DB stats nova_cell0:SELECT=1 {{(pid=95242) stat_writer /opt/stack/data/venv/lib/python3.12/site-packages/dbcounter.py:115}}
Jun 25 15:47:40.816634 np0000003617 nova-scheduler[95242]: DEBUG dbcounter [-] [95242] Writing DB stats nova_cell1:SELECT=1 {{(pid=95242) stat_writer /opt/stack/data/venv/lib/python3.12/site-packages/dbcounter.py:115}}
Jun 25 15:47:44.214961 np0000003617 nova-scheduler[96546]: DEBUG oslo.service.backend._threading.loopingcall [None req-1ef0f0ba-42d5-4044-b19d-c6a20084ff51 None None] Dynamic interval looping call 'nova.service.Service.periodic_tasks' sleeping for 60.00 seconds {{(pid=96546) _run_loop /opt/stack/data/venv/lib/python3.12/site-packages/oslo_service/backend/_threading/loopingcall.py:125}}
Jun 25 15:47:47.199597 np0000003617 nova-scheduler[96499]: DEBUG dbcounter [-] [96499] Writing DB stats nova_cell0:SELECT=4,nova_cell0:INSERT=1,nova_cell0:UPDATE=1 {{(pid=96499) stat_writer /opt/stack/data/venv/lib/python3.12/site-packages/dbcounter.py:115}}
Jun 25 15:47:47.200048 np0000003617 nova-scheduler[96501]: DEBUG dbcounter [-] [96501] Writing DB stats nova_cell0:SELECT=3,nova_cell0:UPDATE=1 {{(pid=96501) stat_writer /opt/stack/data/venv/lib/python3.12/site-packages/dbcounter.py:115}}
Jun 25 15:47:47.212619 np0000003617 nova-scheduler[96519]: DEBUG dbcounter [-] [96519] Writing DB stats nova_cell0:SELECT=3 {{(pid=96519) stat_writer /opt/stack/data/venv/lib/python3.12/site-packages/dbcounter.py:115}}
Jun 25 15:47:47.221316 np0000003617 nova-scheduler[96546]: DEBUG dbcounter [-] [96546] Writing DB stats nova_cell0:SELECT=3 {{(pid=96546) stat_writer /opt/stack/data/venv/lib/python3.12/site-packages/dbcounter.py:115}}
Jun 25 15:48:28.188945 np0000003617 nova-scheduler[96499]: DEBUG oslo.service.backend._threading.loopingcall [None req-12012a50-18c9-4814-a461-7c71d05a2615 None None] Dynamic interval looping call 'nova.service.Service.periodic_tasks' sleeping for 60.00 seconds {{(pid=96499) _run_loop /opt/stack/data/venv/lib/python3.12/site-packages/oslo_service/backend/_threading/loopingcall.py:125}}
Jun 25 15:48:33.208358 np0000003617 nova-scheduler[96519]: DEBUG oslo.service.backend._threading.loopingcall [None req-f44f809f-4a41-413d-b573-ada04e929052 None None] Dynamic interval looping call 'nova.service.Service.periodic_tasks' sleeping for 60.00 seconds {{(pid=96519) _run_loop /opt/stack/data/venv/lib/python3.12/site-packages/oslo_service/backend/_threading/loopingcall.py:125}}
Jun 25 15:48:34.188308 np0000003617 nova-scheduler[96501]: DEBUG oslo.service.backend._threading.loopingcall [None req-06072c0f-33d9-4cad-a058-d550ad3d0f42 None None] Dynamic interval looping call 'nova.service.Service.periodic_tasks' sleeping for 60.00 seconds {{(pid=96501) _run_loop /opt/stack/data/venv/lib/python3.12/site-packages/oslo_service/backend/_threading/loopingcall.py:125}}
Jun 25 15:48:44.215539 np0000003617 nova-scheduler[96546]: DEBUG oslo.service.backend._threading.loopingcall [None req-1ef0f0ba-42d5-4044-b19d-c6a20084ff51 None None] Dynamic interval looping call 'nova.service.Service.periodic_tasks' sleeping for 60.00 seconds {{(pid=96546) _run_loop /opt/stack/data/venv/lib/python3.12/site-packages/oslo_service/backend/_threading/loopingcall.py:125}}
Jun 25 15:49:28.189519 np0000003617 nova-scheduler[96499]: DEBUG oslo.service.backend._threading.loopingcall [None req-12012a50-18c9-4814-a461-7c71d05a2615 None None] Dynamic interval looping call 'nova.service.Service.periodic_tasks' sleeping for 60.00 seconds {{(pid=96499) _run_loop /opt/stack/data/venv/lib/python3.12/site-packages/oslo_service/backend/_threading/loopingcall.py:125}}
Jun 25 15:49:33.209001 np0000003617 nova-scheduler[96519]: DEBUG oslo.service.backend._threading.loopingcall [None req-f44f809f-4a41-413d-b573-ada04e929052 None None] Dynamic interval looping call 'nova.service.Service.periodic_tasks' sleeping for 60.00 seconds {{(pid=96519) _run_loop /opt/stack/data/venv/lib/python3.12/site-packages/oslo_service/backend/_threading/loopingcall.py:125}}
Jun 25 15:49:34.188857 np0000003617 nova-scheduler[96501]: DEBUG oslo.service.backend._threading.loopingcall [None req-06072c0f-33d9-4cad-a058-d550ad3d0f42 None None] Dynamic interval looping call 'nova.service.Service.periodic_tasks' sleeping for 60.00 seconds {{(pid=96501) _run_loop /opt/stack/data/venv/lib/python3.12/site-packages/oslo_service/backend/_threading/loopingcall.py:125}}
Jun 25 15:49:37.195888 np0000003617 nova-scheduler[96501]: DEBUG oslo.service.backend._threading.loopingcall [-] Fixed interval looping call 'nova.servicegroup.drivers.db.DbDriver._report_state' sleeping for 119.99 seconds {{(pid=96501) _run_loop /opt/stack/data/venv/lib/python3.12/site-packages/oslo_service/backend/_threading/loopingcall.py:125}}
Jun 25 15:49:37.197896 np0000003617 nova-scheduler[96499]: DEBUG oslo.service.backend._threading.loopingcall [-] Fixed interval looping call 'nova.servicegroup.drivers.db.DbDriver._report_state' sleeping for 120.00 seconds {{(pid=96499) _run_loop /opt/stack/data/venv/lib/python3.12/site-packages/oslo_service/backend/_threading/loopingcall.py:125}}
Jun 25 15:49:37.211314 np0000003617 nova-scheduler[96519]: DEBUG oslo.service.backend._threading.loopingcall [-] Fixed interval looping call 'nova.servicegroup.drivers.db.DbDriver._report_state' sleeping for 120.00 seconds {{(pid=96519) _run_loop /opt/stack/data/venv/lib/python3.12/site-packages/oslo_service/backend/_threading/loopingcall.py:125}}
Jun 25 15:49:37.217955 np0000003617 nova-scheduler[96546]: DEBUG oslo.service.backend._threading.loopingcall [-] Fixed interval looping call 'nova.servicegroup.drivers.db.DbDriver._report_state' sleeping for 120.00 seconds {{(pid=96546) _run_loop /opt/stack/data/venv/lib/python3.12/site-packages/oslo_service/backend/_threading/loopingcall.py:125}}
Jun 25 15:49:44.216059 np0000003617 nova-scheduler[96546]: DEBUG oslo.service.backend._threading.loopingcall [None req-1ef0f0ba-42d5-4044-b19d-c6a20084ff51 None None] Dynamic interval looping call 'nova.service.Service.periodic_tasks' sleeping for 60.00 seconds {{(pid=96546) _run_loop /opt/stack/data/venv/lib/python3.12/site-packages/oslo_service/backend/_threading/loopingcall.py:125}}
Jun 25 15:49:47.188396 np0000003617 nova-scheduler[96501]: DEBUG dbcounter [-] [96501] Writing DB stats nova_cell0:SELECT=1,nova_cell0:UPDATE=1 {{(pid=96501) stat_writer /opt/stack/data/venv/lib/python3.12/site-packages/dbcounter.py:115}}
Jun 25 15:49:47.195689 np0000003617 nova-scheduler[96499]: DEBUG dbcounter [-] [96499] Writing DB stats nova_cell0:SELECT=1 {{(pid=96499) stat_writer /opt/stack/data/venv/lib/python3.12/site-packages/dbcounter.py:115}}
Jun 25 15:49:47.209134 np0000003617 nova-scheduler[96519]: DEBUG dbcounter [-] [96519] Writing DB stats nova_cell0:SELECT=1 {{(pid=96519) stat_writer /opt/stack/data/venv/lib/python3.12/site-packages/dbcounter.py:115}}
Jun 25 15:49:47.216218 np0000003617 nova-scheduler[96546]: DEBUG dbcounter [-] [96546] Writing DB stats nova_cell0:SELECT=1 {{(pid=96546) stat_writer /opt/stack/data/venv/lib/python3.12/site-packages/dbcounter.py:115}}
Jun 25 15:50:25.422797 np0000003617 nova-scheduler[96501]: DEBUG nova.scheduler.manager [None req-c56aa385-9ff8-4c8a-a79b-5bd5ef8ea096 tempest-DeleteServersTestJSON-1010701315 tempest-DeleteServersTestJSON-1010701315-project-member] Starting to schedule for instances: ['d8ff0b5c-41c7-4043-8f7f-4eda32c643ad'] {{(pid=96501) select_destinations /opt/stack/nova/nova/scheduler/manager.py:210}}
Jun 25 15:50:25.423707 np0000003617 nova-scheduler[96501]: DEBUG nova.scheduler.request_filter [None req-c56aa385-9ff8-4c8a-a79b-5bd5ef8ea096 tempest-DeleteServersTestJSON-1010701315 tempest-DeleteServersTestJSON-1010701315-project-member] compute_status_filter request filter added forbidden trait COMPUTE_STATUS_DISABLED {{(pid=96501) compute_status_filter /opt/stack/nova/nova/scheduler/request_filter.py:253}}
Jun 25 15:50:25.423753 np0000003617 nova-scheduler[96501]: DEBUG nova.scheduler.request_filter [None req-c56aa385-9ff8-4c8a-a79b-5bd5ef8ea096 tempest-DeleteServersTestJSON-1010701315 tempest-DeleteServersTestJSON-1010701315-project-member] Request filter 'compute_status_filter' took 0.0 seconds {{(pid=96501) wrapper /opt/stack/nova/nova/scheduler/request_filter.py:46}}
Jun 25 15:50:25.424963 np0000003617 nova-scheduler[96501]: DEBUG nova.scheduler.request_filter [None req-c56aa385-9ff8-4c8a-a79b-5bd5ef8ea096 tempest-DeleteServersTestJSON-1010701315 tempest-DeleteServersTestJSON-1010701315-project-member] Request filter 'accelerators_filter' took 0.0 seconds {{(pid=96501) wrapper /opt/stack/nova/nova/scheduler/request_filter.py:46}}
Jun 25 15:50:25.424963 np0000003617 nova-scheduler[96501]: DEBUG nova.scheduler.request_filter [None req-c56aa385-9ff8-4c8a-a79b-5bd5ef8ea096 tempest-DeleteServersTestJSON-1010701315 tempest-DeleteServersTestJSON-1010701315-project-member] Request filter 'packed_virtqueue_filter' took 0.0 seconds {{(pid=96501) wrapper /opt/stack/nova/nova/scheduler/request_filter.py:46}}
Jun 25 15:50:25.424963 np0000003617 nova-scheduler[96501]: DEBUG nova.scheduler.request_filter [None req-c56aa385-9ff8-4c8a-a79b-5bd5ef8ea096 tempest-DeleteServersTestJSON-1010701315 tempest-DeleteServersTestJSON-1010701315-project-member] Request filter 'remote_managed_ports_filter' took 0.0 seconds {{(pid=96501) wrapper /opt/stack/nova/nova/scheduler/request_filter.py:46}}
Jun 25 15:50:25.424963 np0000003617 nova-scheduler[96501]: DEBUG nova.scheduler.request_filter [None req-c56aa385-9ff8-4c8a-a79b-5bd5ef8ea096 tempest-DeleteServersTestJSON-1010701315 tempest-DeleteServersTestJSON-1010701315-project-member] ephemeral_encryption_filter skipped {{(pid=96501) ephemeral_encryption_filter /opt/stack/nova/nova/scheduler/request_filter.py:426}}
Jun 25 15:50:25.424963 np0000003617 nova-scheduler[96501]: DEBUG nova.scheduler.request_filter [None req-c56aa385-9ff8-4c8a-a79b-5bd5ef8ea096 tempest-DeleteServersTestJSON-1010701315 tempest-DeleteServersTestJSON-1010701315-project-member] virtio_sound_filter skipped {{(pid=96501) virtio_sound_filter /opt/stack/nova/nova/scheduler/request_filter.py:460}}
Jun 25 15:50:25.425205 np0000003617 nova-scheduler[96501]: DEBUG nova.scheduler.request_filter [None req-c56aa385-9ff8-4c8a-a79b-5bd5ef8ea096 tempest-DeleteServersTestJSON-1010701315 tempest-DeleteServersTestJSON-1010701315-project-member] tpm_secret_security_filter skipped {{(pid=96501) tpm_secret_security_filter /opt/stack/nova/nova/scheduler/request_filter.py:477}}
Jun 25 15:50:26.013116 np0000003617 nova-scheduler[96501]: INFO nova.utils [None req-c56aa385-9ff8-4c8a-a79b-5bd5ef8ea096 tempest-DeleteServersTestJSON-1010701315 tempest-DeleteServersTestJSON-1010701315-project-member] The cell worker thread pool ForkProcess-2.cell_worker is initialized
Jun 25 15:50:26.013116 np0000003617 nova-scheduler[96501]: DEBUG oslo_concurrency.lockutils [None req-c56aa385-9ff8-4c8a-a79b-5bd5ef8ea096 tempest-DeleteServersTestJSON-1010701315 tempest-DeleteServersTestJSON-1010701315-project-member] Acquiring lock "cbc472b7-7b30-4fdf-8345-8d3c91d905c8" by "nova.context.set_target_cell..get_or_set_cached_cell_and_set_connections" {{(pid=96501) inner /opt/stack/data/venv/lib/python3.12/site-packages/oslo_concurrency/lockutils.py:511}}
Jun 25 15:50:26.013480 np0000003617 nova-scheduler[96501]: DEBUG oslo_concurrency.lockutils [None req-c56aa385-9ff8-4c8a-a79b-5bd5ef8ea096 tempest-DeleteServersTestJSON-1010701315 tempest-DeleteServersTestJSON-1010701315-project-member] Lock "cbc472b7-7b30-4fdf-8345-8d3c91d905c8" acquired by "nova.context.set_target_cell..get_or_set_cached_cell_and_set_connections" :: waited 0.000s {{(pid=96501) inner /opt/stack/data/venv/lib/python3.12/site-packages/oslo_concurrency/lockutils.py:524}}
Jun 25 15:50:26.015205 np0000003617 nova-scheduler[96501]: DEBUG oslo_concurrency.lockutils [None req-c56aa385-9ff8-4c8a-a79b-5bd5ef8ea096 tempest-DeleteServersTestJSON-1010701315 tempest-DeleteServersTestJSON-1010701315-project-member] Lock "cbc472b7-7b30-4fdf-8345-8d3c91d905c8" "released" by "nova.context.set_target_cell..get_or_set_cached_cell_and_set_connections" :: held 0.001s {{(pid=96501) inner /opt/stack/data/venv/lib/python3.12/site-packages/oslo_concurrency/lockutils.py:543}}
Jun 25 15:50:26.016623 np0000003617 nova-scheduler[96501]: INFO dbcounter [None req-c56aa385-9ff8-4c8a-a79b-5bd5ef8ea096 tempest-DeleteServersTestJSON-1010701315 tempest-DeleteServersTestJSON-1010701315-project-member] Registered counter for database nova_cell1
Jun 25 15:50:26.066518 np0000003617 nova-scheduler[96501]: DEBUG oslo_db.sqlalchemy.engines [None req-c56aa385-9ff8-4c8a-a79b-5bd5ef8ea096 tempest-DeleteServersTestJSON-1010701315 tempest-DeleteServersTestJSON-1010701315-project-member] MySQL server mode set to STRICT_TRANS_TABLES,STRICT_ALL_TABLES,NO_ZERO_IN_DATE,NO_ZERO_DATE,ERROR_FOR_DIVISION_BY_ZERO,TRADITIONAL,NO_ENGINE_SUBSTITUTION {{(pid=96501) _check_effective_sql_mode /opt/stack/data/venv/lib/python3.12/site-packages/oslo_db/sqlalchemy/engines.py:325}}
Jun 25 15:50:26.072715 np0000003617 nova-scheduler[96501]: DEBUG dbcounter [-] [96501] Writer thread running {{(pid=96501) stat_writer /opt/stack/data/venv/lib/python3.12/site-packages/dbcounter.py:102}}
Jun 25 15:50:26.089727 np0000003617 nova-scheduler[96501]: DEBUG oslo_db.sqlalchemy.engines [None req-c56aa385-9ff8-4c8a-a79b-5bd5ef8ea096 tempest-DeleteServersTestJSON-1010701315 tempest-DeleteServersTestJSON-1010701315-project-member] Parent process 95242 forked (96501) with an open database connection, which is being discarded and recreated. {{(pid=96501) checkout /opt/stack/data/venv/lib/python3.12/site-packages/oslo_db/sqlalchemy/engines.py:402}}
Jun 25 15:50:26.133780 np0000003617 nova-scheduler[96501]: DEBUG dbcounter [-] [96501] Writer thread running {{(pid=96501) stat_writer /opt/stack/data/venv/lib/python3.12/site-packages/dbcounter.py:102}}
Jun 25 15:50:26.137126 np0000003617 nova-scheduler[96501]: DEBUG oslo_concurrency.lockutils [None req-c56aa385-9ff8-4c8a-a79b-5bd5ef8ea096 tempest-DeleteServersTestJSON-1010701315 tempest-DeleteServersTestJSON-1010701315-project-member] Acquiring lock "cbc472b7-7b30-4fdf-8345-8d3c91d905c8" by "nova.context.set_target_cell..get_or_set_cached_cell_and_set_connections" {{(pid=96501) inner /opt/stack/data/venv/lib/python3.12/site-packages/oslo_concurrency/lockutils.py:511}}
Jun 25 15:50:26.137282 np0000003617 nova-scheduler[96501]: DEBUG oslo_concurrency.lockutils [None req-c56aa385-9ff8-4c8a-a79b-5bd5ef8ea096 tempest-DeleteServersTestJSON-1010701315 tempest-DeleteServersTestJSON-1010701315-project-member] Lock "cbc472b7-7b30-4fdf-8345-8d3c91d905c8" acquired by "nova.context.set_target_cell..get_or_set_cached_cell_and_set_connections" :: waited 0.000s {{(pid=96501) inner /opt/stack/data/venv/lib/python3.12/site-packages/oslo_concurrency/lockutils.py:524}}
Jun 25 15:50:26.137419 np0000003617 nova-scheduler[96501]: DEBUG oslo_concurrency.lockutils [None req-c56aa385-9ff8-4c8a-a79b-5bd5ef8ea096 tempest-DeleteServersTestJSON-1010701315 tempest-DeleteServersTestJSON-1010701315-project-member] Lock "cbc472b7-7b30-4fdf-8345-8d3c91d905c8" "released" by "nova.context.set_target_cell..get_or_set_cached_cell_and_set_connections" :: held 0.000s {{(pid=96501) inner /opt/stack/data/venv/lib/python3.12/site-packages/oslo_concurrency/lockutils.py:543}}
Jun 25 15:50:26.141266 np0000003617 nova-scheduler[96501]: DEBUG oslo_concurrency.lockutils [None req-c56aa385-9ff8-4c8a-a79b-5bd5ef8ea096 tempest-DeleteServersTestJSON-1010701315 tempest-DeleteServersTestJSON-1010701315-project-member] Acquiring lock "('np0000003617', 'np0000003617')" by "nova.scheduler.host_manager.HostState.update.._locked_update" {{(pid=96501) inner /opt/stack/data/venv/lib/python3.12/site-packages/oslo_concurrency/lockutils.py:511}}
Jun 25 15:50:26.141468 np0000003617 nova-scheduler[96501]: DEBUG oslo_concurrency.lockutils [None req-c56aa385-9ff8-4c8a-a79b-5bd5ef8ea096 tempest-DeleteServersTestJSON-1010701315 tempest-DeleteServersTestJSON-1010701315-project-member] Lock "('np0000003617', 'np0000003617')" acquired by "nova.scheduler.host_manager.HostState.update.._locked_update" :: waited 0.000s {{(pid=96501) inner /opt/stack/data/venv/lib/python3.12/site-packages/oslo_concurrency/lockutils.py:524}}
Jun 25 15:50:26.142757 np0000003617 nova-scheduler[96501]: DEBUG nova.scheduler.host_manager [None req-c56aa385-9ff8-4c8a-a79b-5bd5ef8ea096 tempest-DeleteServersTestJSON-1010701315 tempest-DeleteServersTestJSON-1010701315-project-member] Update host state from compute node: ComputeNode(cpu_allocation_ratio=4.0,cpu_info='{"arch": "x86_64", "model": "EPYC-Milan", "vendor": "AMD", "topology": {"cells": 1, "sockets": 16, "cores": 1, "threads": 1}, "maxphysaddr": {"mode": "emulate", "bits": 40}, "features": ["tsc_adjust", "arch-capabilities", "lahf_lm", "cmp_legacy", "fsgsbase", "clflush", "xsavec", "pdpe1gb", "lbrv", "de", "mmxext", "virt-ssbd", "sse2", "mca", "stibp-always-on", "pse36", "amd-stibp", "vaes", "fxsr", "ibpb", "fma", "smep", "ibrs", "vgif", "vpclmulqdq", "npt", "sep", "tsc-deadline", "invpcid", "no-nested-data-bp", "cmov", "topoext", "lfence-always-serializing", "movbe", "avx2", "popcnt", "mtrr", "hypervisor", "tsc-scale", "bmi2", "pni", "3dnowprefetch", "apic", "sse4.2", "xsaveopt", "msr", "pfthreshold", "svm", "xsave", "ssse3", "x2apic", "osvw", "pku", "stibp", "pae", "sse4.1", "erms", "syscall", "gds-no", "clzero", "flushbyasid", "pge", "wbnoinvd", "mce", "rdpid", "vme", "smap", "avx", "svme-addr-chk", "f16c", "fsrm", "skip-l1dfl-vmentry", "sha-ni", "null-sel-clr-base", "v-vmsave-vmload", "xsaves", "nrip-save", "pcid", "clflushopt", "rdrand", "rdtscp", "sse", "cr8legacy", "pause-filter", "rdctl-no", "aes", "cx8", "pse", "amd-ssbd", "perfctr_core", "cx16", "amd-psfd", "rdseed", "mds-no", "fxsr_opt", "misalignsse", "vmcb-clean", "xgetbv1", "pschange-mc-no", "ssbd", "fpu", "mmx", "adx", "arat", "pclmuldq", "bmi1", "xsaveerptr", "clwb", "umip", "pat", "tsc", "nx", "spec-ctrl", "sse4a", "lm", "abm"]}',created_at=2026-06-25T15:47:58Z,current_workload=0,deleted=False,deleted_at=None,disk_allocation_ratio=1.0,disk_available_least=74,free_disk_gb=95,free_ram_mb=63789,host='np0000003617',host_ip=10.4.3.137,hypervisor_hostname='np0000003617',hypervisor_type='QEMU',hypervisor_version=8002002,id=1,local_gb=95,local_gb_used=0,mapped=1,memory_mb=64301,memory_mb_used=512,metrics='[]',numa_topology='{"nova_object.name": "NUMATopology", "nova_object.namespace": "nova", "nova_object.version": "1.2", "nova_object.data": {"cells": [{"nova_object.name": "NUMACell", "nova_object.namespace": "nova", "nova_object.version": "1.5", "nova_object.data": {"id": 0, "cpuset": [0, 1, 2, 3, 4, 5, 6, 7, 8, 9, 10, 11, 12, 13, 14, 15], "pcpuset": [0, 1, 2, 3, 4, 5, 6, 7, 8, 9, 10, 11, 12, 13, 14, 15], "memory": 64301, "cpu_usage": 0, "memory_usage": 0, "pinned_cpus": [], "siblings": [[6], [12], [2], [15], [5], [11], [8], [14], [4], [1], [7], [10], [0], [13], [3], [9]], "mempages": [{"nova_object.name": "NUMAPagesTopology", "nova_object.namespace": "nova", "nova_object.version": "1.1", "nova_object.data": {"size_kb": 4, "total": 16461069, "used": 0, "reserved": 0}, "nova_object.changes": ["size_kb", "used", "reserved", "total"]}, {"nova_object.name": "NUMAPagesTopology", "nova_object.namespace": "nova", "nova_object.version": "1.1", "nova_object.data": {"size_kb": 2048, "total": 0, "used": 0, "reserved": 0}, "nova_object.changes": ["size_kb", "used", "reserved", "total"]}, {"nova_object.name": "NUMAPagesTopology", "nova_object.namespace": "nova", "nova_object.version": "1.1", "nova_object.data": {"size_kb": 1048576, "total": 0, "used": 0, "reserved": 0}, "nova_object.changes": ["size_kb", "used", "reserved", "total"]}], "network_metadata": {"nova_object.name": "NetworkMetadata", "nova_object.namespace": "nova", "nova_object.version": "1.0", "nova_object.data": {"physnets": [], "tunneled": false}, "nova_object.changes": ["physnets", "tunneled"]}, "socket": null}, "nova_object.changes": ["mempages", "cpuset", "cpu_usage", "network_metadata", "id", "socket", "pcpuset", "memory_usage", "siblings", "pinned_cpus", "memory"]}]}, "nova_object.changes": ["cells"]}',pci_device_pools=PciDevicePoolList,ram_allocation_ratio=1.0,running_vms=0,service_id=3,stats={failed_builds='0',uptime=' 15:49:44 up 26 min, 2 users, load average: 1.22, 1.34, 0.81
Jun 25 15:50:26.142757 np0000003617 nova-scheduler[96501]: '},supported_hv_specs=[HVSpec,HVSpec,HVSpec,HVSpec,HVSpec,HVSpec,HVSpec,HVSpec,HVSpec,HVSpec,HVSpec,HVSpec,HVSpec,HVSpec,HVSpec,HVSpec,HVSpec,HVSpec,HVSpec,HVSpec,HVSpec,HVSpec,HVSpec,HVSpec,HVSpec],updated_at=2026-06-25T15:49:46Z,uuid=6950a6e7-189a-44df-83a1-3173bb49cb4d,vcpus=16,vcpus_used=0) {{(pid=96501) _locked_update /opt/stack/nova/nova/scheduler/host_manager.py:168}}
Jun 25 15:50:26.144061 np0000003617 nova-scheduler[96501]: DEBUG nova.scheduler.host_manager [None req-c56aa385-9ff8-4c8a-a79b-5bd5ef8ea096 tempest-DeleteServersTestJSON-1010701315 tempest-DeleteServersTestJSON-1010701315-project-member] Update host state with aggregates: [] {{(pid=96501) _locked_update /opt/stack/nova/nova/scheduler/host_manager.py:171}}
