Jul 15 16:44:44.604040 np0000005204 devstack@g-api.service[99751]: DEBUG glance.api.middleware.version_negotiation [None req-8803ed2c-2076-4a79-8325-2b5716284df6 tempest-ServerStableDeviceRescueTest-409064951 tempest-ServerStableDeviceRescueTest-409064951-project-member] new path /v2/images/9a030b03-9fa6-4fc7-858c-aa21fdc3fc0d {{(pid=99751) process_request /opt/stack/glance/glance/api/middleware/version_negotiation.py:70}}
Jul 15 16:44:44.630084 np0000005204 devstack@g-api.service[99751]: [pid: 99751|app: 0|req: 58/157] 127.0.0.1 () {44 vars in 1111 bytes} [Wed Jul 15 16:44:44 2026] GET /v2/images/9a030b03-9fa6-4fc7-858c-aa21fdc3fc0d => generated 1444 bytes in 27 msecs (HTTP/1.1 200) 4 headers in 158 bytes (1 switches on core 0)
Jul 15 16:44:44.679104 np0000005204 devstack@g-api.service[99753]: DEBUG glance.api.middleware.version_negotiation [None req-8803ed2c-2076-4a79-8325-2b5716284df6 tempest-ServerStableDeviceRescueTest-409064951 tempest-ServerStableDeviceRescueTest-409064951-project-member] Determining version of request: GET /v2/schemas/image Accept: */* {{(pid=99753) process_request /opt/stack/glance/glance/api/middleware/version_negotiation.py:44}}
Jul 15 16:44:44.681587 np0000005204 devstack@g-api.service[99753]: DEBUG glance.api.middleware.version_negotiation [None req-8803ed2c-2076-4a79-8325-2b5716284df6 tempest-ServerStableDeviceRescueTest-409064951 tempest-ServerStableDeviceRescueTest-409064951-project-member] Using url versioning {{(pid=99753) process_request /opt/stack/glance/glance/api/middleware/version_negotiation.py:57}}
Jul 15 16:44:44.681587 np0000005204 devstack@g-api.service[99753]: DEBUG glance.api.middleware.version_negotiation [None req-8803ed2c-2076-4a79-8325-2b5716284df6 tempest-ServerStableDeviceRescueTest-409064951 tempest-ServerStableDeviceRescueTest-409064951-project-member] Matched version: v2 {{(pid=99753) process_request /opt/stack/glance/glance/api/middleware/version_negotiation.py:69}}
Jul 15 16:44:44.681587 np0000005204 devstack@g-api.service[99753]: DEBUG glance.api.middleware.version_negotiation [None req-8803ed2c-2076-4a79-8325-2b5716284df6 tempest-ServerStableDeviceRescueTest-409064951 tempest-ServerStableDeviceRescueTest-409064951-project-member] new path /v2/schemas/image {{(pid=99753) process_request /opt/stack/glance/glance/api/middleware/version_negotiation.py:70}}
Jul 15 16:44:44.682080 np0000005204 devstack@g-api.service[99753]: [pid: 99753|app: 0|req: 48/158] 127.0.0.1 () {44 vars in 1051 bytes} [Wed Jul 15 16:44:44 2026] GET /v2/schemas/image => generated 6083 bytes in 3 msecs (HTTP/1.1 200) 4 headers in 158 bytes (1 switches on core 0)
Jul 15 16:44:45.271998 np0000005204 devstack@g-api.service[99752]: INFO glance.api.v2.image_data [None req-8803ed2c-2076-4a79-8325-2b5716284df6 tempest-ServerStableDeviceRescueTest-409064951 tempest-ServerStableDeviceRescueTest-409064951-project-member] Unable to create trust: no such option collect_timing in group [keystone_authtoken] Use the existing user token.
Jul 15 16:44:45.742640 np0000005204 devstack@g-api.service[99751]: DEBUG glance.api.middleware.version_negotiation [None req-eb211b2b-320a-4b62-9c50-d1782bbd3fbe tempest-ServerStableDeviceRescueTest-409064951 tempest-ServerStableDeviceRescueTest-409064951-project-member] Determining version of request: GET /v2/images/9a030b03-9fa6-4fc7-858c-aa21fdc3fc0d Accept: */* {{(pid=99751) process_request /opt/stack/glance/glance/api/middleware/version_negotiation.py:44}}
Jul 15 16:44:45.742640 np0000005204 devstack@g-api.service[99751]: DEBUG glance.api.middleware.version_negotiation [None req-eb211b2b-320a-4b62-9c50-d1782bbd3fbe tempest-ServerStableDeviceRescueTest-409064951 tempest-ServerStableDeviceRescueTest-409064951-project-member] Using url versioning {{(pid=99751) process_request /opt/stack/glance/glance/api/middleware/version_negotiation.py:57}}
Jul 15 16:44:45.742640 np0000005204 devstack@g-api.service[99751]: DEBUG glance.api.middleware.version_negotiation [None req-eb211b2b-320a-4b62-9c50-d1782bbd3fbe tempest-ServerStableDeviceRescueTest-409064951 tempest-ServerStableDeviceRescueTest-409064951-project-member] Matched version: v2 {{(pid=99751) process_request /opt/stack/glance/glance/api/middleware/version_negotiation.py:69}}
Jul 15 16:44:45.742640 np0000005204 devstack@g-api.service[99751]: DEBUG glance.api.middleware.version_negotiation [None req-eb211b2b-320a-4b62-9c50-d1782bbd3fbe tempest-ServerStableDeviceRescueTest-409064951 tempest-ServerStableDeviceRescueTest-409064951-project-member] new path /v2/images/9a030b03-9fa6-4fc7-858c-aa21fdc3fc0d {{(pid=99751) process_request /opt/stack/glance/glance/api/middleware/version_negotiation.py:70}}
Jul 15 16:44:45.756657 np0000005204 devstack@g-api.service[99751]: [pid: 99751|app: 0|req: 59/159] 127.0.0.1 () {44 vars in 1111 bytes} [Wed Jul 15 16:44:45 2026] GET /v2/images/9a030b03-9fa6-4fc7-858c-aa21fdc3fc0d => generated 1444 bytes in 15 msecs (HTTP/1.1 200) 4 headers in 158 bytes (1 switches on core 0)
Jul 15 16:44:45.790285 np0000005204 devstack@g-api.service[99753]: DEBUG glance.api.middleware.version_negotiation [None req-eb211b2b-320a-4b62-9c50-d1782bbd3fbe tempest-ServerStableDeviceRescueTest-409064951 tempest-ServerStableDeviceRescueTest-409064951-project-member] Determining version of request: GET /v2/schemas/image Accept: */* {{(pid=99753) process_request /opt/stack/glance/glance/api/middleware/version_negotiation.py:44}}
Jul 15 16:44:45.790738 np0000005204 devstack@g-api.service[99753]: DEBUG glance.api.middleware.version_negotiation [None req-eb211b2b-320a-4b62-9c50-d1782bbd3fbe tempest-ServerStableDeviceRescueTest-409064951 tempest-ServerStableDeviceRescueTest-409064951-project-member] Using url versioning {{(pid=99753) process_request /opt/stack/glance/glance/api/middleware/version_negotiation.py:57}}
Jul 15 16:44:45.790738 np0000005204 devstack@g-api.service[99753]: DEBUG glance.api.middleware.version_negotiation [None req-eb211b2b-320a-4b62-9c50-d1782bbd3fbe tempest-ServerStableDeviceRescueTest-409064951 tempest-ServerStableDeviceRescueTest-409064951-project-member] Matched version: v2 {{(pid=99753) process_request /opt/stack/glance/glance/api/middleware/version_negotiation.py:69}}
Jul 15 16:44:45.790738 np0000005204 devstack@g-api.service[99753]: DEBUG glance.api.middleware.version_negotiation [None req-eb211b2b-320a-4b62-9c50-d1782bbd3fbe tempest-ServerStableDeviceRescueTest-409064951 tempest-ServerStableDeviceRescueTest-409064951-project-member] new path /v2/schemas/image {{(pid=99753) process_request /opt/stack/glance/glance/api/middleware/version_negotiation.py:70}}
Jul 15 16:44:45.793960 np0000005204 devstack@g-api.service[99753]: [pid: 99753|app: 0|req: 49/160] 127.0.0.1 () {44 vars in 1051 bytes} [Wed Jul 15 16:44:45 2026] GET /v2/schemas/image => generated 6083 bytes in 4 msecs (HTTP/1.1 200) 4 headers in 158 bytes (1 switches on core 0)
Jul 15 16:44:45.906983 np0000005204 devstack@g-api.service[99752]: DEBUG glance.location [None req-8803ed2c-2076-4a79-8325-2b5716284df6 tempest-ServerStableDeviceRescueTest-409064951 tempest-ServerStableDeviceRescueTest-409064951-project-member] Enabling in-flight format inspection for qcow2 {{(pid=99752) set_data /opt/stack/glance/glance/location.py:596}}
Jul 15 16:44:45.908178 np0000005204 devstack@g-api.service[99752]: DEBUG glance_store.backend [None req-8803ed2c-2076-4a79-8325-2b5716284df6 tempest-ServerStableDeviceRescueTest-409064951 tempest-ServerStableDeviceRescueTest-409064951-project-member] Attempting to import store swift {{(pid=99752) _load_store /opt/stack/data/venv/lib/python3.12/site-packages/glance_store/backend.py:215}}
Jul 15 16:44:45.909723 np0000005204 devstack@g-api.service[99752]: DEBUG glance_store.capabilities [None req-8803ed2c-2076-4a79-8325-2b5716284df6 tempest-ServerStableDeviceRescueTest-409064951 tempest-ServerStableDeviceRescueTest-409064951-project-member] Store glance_store._drivers.swift.store.SingleTenantStore doesn't support updating dynamic storage capabilities. Please overwrite 'update_capabilities' method of the store to implement updating logics if needed. {{(pid=99752) update_capabilities /opt/stack/data/venv/lib/python3.12/site-packages/glance_store/capabilities.py:91}}
Jul 15 16:44:45.909842 np0000005204 devstack@g-api.service[99752]: DEBUG glance_store.driver [None req-8803ed2c-2076-4a79-8325-2b5716284df6 tempest-ServerStableDeviceRescueTest-409064951 tempest-ServerStableDeviceRescueTest-409064951-project-member] Late loading location class glance_store._drivers.swift.store.StoreLocation {{(pid=99752) get_store_location_class /opt/stack/data/venv/lib/python3.12/site-packages/glance_store/driver.py:134}}
Jul 15 16:44:45.909961 np0000005204 devstack@g-api.service[99752]: DEBUG glance_store.location [None req-8803ed2c-2076-4a79-8325-2b5716284df6 tempest-ServerStableDeviceRescueTest-409064951 tempest-ServerStableDeviceRescueTest-409064951-project-member] Registering scheme swift+https with {'store': , 'location_class': , 'store_entry': 'swift'} {{(pid=99752) register_scheme_map /opt/stack/data/venv/lib/python3.12/site-packages/glance_store/location.py:146}}
Jul 15 16:44:45.910050 np0000005204 devstack@g-api.service[99752]: DEBUG glance_store.location [None req-8803ed2c-2076-4a79-8325-2b5716284df6 tempest-ServerStableDeviceRescueTest-409064951 tempest-ServerStableDeviceRescueTest-409064951-project-member] Registering scheme swift+https with {'store': , 'location_class': , 'store_entry': 'swift'} {{(pid=99752) register_scheme_map /opt/stack/data/venv/lib/python3.12/site-packages/glance_store/location.py:146}}
Jul 15 16:44:45.910164 np0000005204 devstack@g-api.service[99752]: DEBUG glance_store.location [None req-8803ed2c-2076-4a79-8325-2b5716284df6 tempest-ServerStableDeviceRescueTest-409064951 tempest-ServerStableDeviceRescueTest-409064951-project-member] Registering scheme swift with {'store': , 'location_class': , 'store_entry': 'swift'} {{(pid=99752) register_scheme_map /opt/stack/data/venv/lib/python3.12/site-packages/glance_store/location.py:146}}
Jul 15 16:44:45.910241 np0000005204 devstack@g-api.service[99752]: DEBUG glance_store.location [None req-8803ed2c-2076-4a79-8325-2b5716284df6 tempest-ServerStableDeviceRescueTest-409064951 tempest-ServerStableDeviceRescueTest-409064951-project-member] Registering scheme swift+https with {'store': , 'location_class': , 'store_entry': 'swift'} {{(pid=99752) register_scheme_map /opt/stack/data/venv/lib/python3.12/site-packages/glance_store/location.py:146}}
Jul 15 16:44:45.910314 np0000005204 devstack@g-api.service[99752]: DEBUG glance_store.location [None req-8803ed2c-2076-4a79-8325-2b5716284df6 tempest-ServerStableDeviceRescueTest-409064951 tempest-ServerStableDeviceRescueTest-409064951-project-member] Registering scheme swift with {'store': , 'location_class': , 'store_entry': 'swift'} {{(pid=99752) register_scheme_map /opt/stack/data/venv/lib/python3.12/site-packages/glance_store/location.py:146}}
Jul 15 16:44:45.910386 np0000005204 devstack@g-api.service[99752]: DEBUG glance_store.location [None req-8803ed2c-2076-4a79-8325-2b5716284df6 tempest-ServerStableDeviceRescueTest-409064951 tempest-ServerStableDeviceRescueTest-409064951-project-member] Registering scheme swift+http with {'store': , 'location_class': , 'store_entry': 'swift'} {{(pid=99752) register_scheme_map /opt/stack/data/venv/lib/python3.12/site-packages/glance_store/location.py:146}}
Jul 15 16:44:45.910449 np0000005204 devstack@g-api.service[99752]: DEBUG glance_store.location [None req-8803ed2c-2076-4a79-8325-2b5716284df6 tempest-ServerStableDeviceRescueTest-409064951 tempest-ServerStableDeviceRescueTest-409064951-project-member] Registering scheme swift+https with {'store': , 'location_class': , 'store_entry': 'swift'} {{(pid=99752) register_scheme_map /opt/stack/data/venv/lib/python3.12/site-packages/glance_store/location.py:146}}
Jul 15 16:44:45.910718 np0000005204 devstack@g-api.service[99752]: DEBUG glance_store.location [None req-8803ed2c-2076-4a79-8325-2b5716284df6 tempest-ServerStableDeviceRescueTest-409064951 tempest-ServerStableDeviceRescueTest-409064951-project-member] Registering scheme swift with {'store': , 'location_class': , 'store_entry': 'swift'} {{(pid=99752) register_scheme_map /opt/stack/data/venv/lib/python3.12/site-packages/glance_store/location.py:146}}
Jul 15 16:44:45.910820 np0000005204 devstack@g-api.service[99752]: DEBUG glance_store.location [None req-8803ed2c-2076-4a79-8325-2b5716284df6 tempest-ServerStableDeviceRescueTest-409064951 tempest-ServerStableDeviceRescueTest-409064951-project-member] Registering scheme swift+http with {'store': , 'location_class': , 'store_entry': 'swift'} {{(pid=99752) register_scheme_map /opt/stack/data/venv/lib/python3.12/site-packages/glance_store/location.py:146}}
Jul 15 16:44:45.911028 np0000005204 devstack@g-api.service[99752]: DEBUG glance_store.location [None req-8803ed2c-2076-4a79-8325-2b5716284df6 tempest-ServerStableDeviceRescueTest-409064951 tempest-ServerStableDeviceRescueTest-409064951-project-member] Registering scheme swift+config with {'store': , 'location_class': , 'store_entry': 'swift'} {{(pid=99752) register_scheme_map /opt/stack/data/venv/lib/python3.12/site-packages/glance_store/location.py:146}}
Jul 15 16:44:46.297064 np0000005204 devstack@g-api.service[99752]: DEBUG swiftclient [None req-8803ed2c-2076-4a79-8325-2b5716284df6 tempest-ServerStableDeviceRescueTest-409064951 tempest-ServerStableDeviceRescueTest-409064951-project-member] REQ: curl -i https://10.4.3.23:8080/v1/AUTH_5cedab8f812c4d3fb223a2bf4d927ba2/glance -I -H "X-Auth-Token: gAAAAABqV7j9MJ8o..." {{(pid=99752) http_log /opt/stack/data/venv/lib/python3.12/site-packages/swiftclient/client.py:160}}
Jul 15 16:44:46.297209 np0000005204 devstack@g-api.service[99752]: DEBUG swiftclient [None req-8803ed2c-2076-4a79-8325-2b5716284df6 tempest-ServerStableDeviceRescueTest-409064951 tempest-ServerStableDeviceRescueTest-409064951-project-member] RESP STATUS: 204 No Content {{(pid=99752) http_log /opt/stack/data/venv/lib/python3.12/site-packages/swiftclient/client.py:161}}
Jul 15 16:44:46.297402 np0000005204 devstack@g-api.service[99752]: DEBUG swiftclient [None req-8803ed2c-2076-4a79-8325-2b5716284df6 tempest-ServerStableDeviceRescueTest-409064951 tempest-ServerStableDeviceRescueTest-409064951-project-member] RESP HEADERS: {'Date': 'Wed, 15 Jul 2026 16:44:46 GMT', 'Server': 'Apache/2.4.58 (Ubuntu)', 'Content-Type': 'text/plain; charset=utf-8', 'X-Container-Object-Count': '6', 'X-Container-Bytes-Used': '86049792', 'X-Timestamp': '1784133710.39872', 'Last-Modified': 'Wed, 15 Jul 2026 16:41:51 GMT', 'Accept-Ranges': 'bytes', 'X-Storage-Policy': 'Policy-0', 'X-Container-Sharding': 'False', 'Vary': 'Accept', 'X-Trans-Id': 'txffb6c06efd3a4ba2a16f8-006a57b8fe', 'X-Openstack-Request-Id': 'txffb6c06efd3a4ba2a16f8-006a57b8fe', 'Connection': 'close'} {{(pid=99752) http_log /opt/stack/data/venv/lib/python3.12/site-packages/swiftclient/client.py:162}}
Jul 15 16:44:46.297577 np0000005204 devstack@g-api.service[99752]: DEBUG glance_store._drivers.swift.store [None req-8803ed2c-2076-4a79-8325-2b5716284df6 tempest-ServerStableDeviceRescueTest-409064951 tempest-ServerStableDeviceRescueTest-409064951-project-member] Adding image object '9a030b03-9fa6-4fc7-858c-aa21fdc3fc0d' to Swift {{(pid=99752) add /opt/stack/data/venv/lib/python3.12/site-packages/glance_store/_drivers/swift/store.py:970}}
Jul 15 16:44:46.297667 np0000005204 devstack@g-api.service[99752]: DEBUG glance_store._drivers.swift.store [None req-8803ed2c-2076-4a79-8325-2b5716284df6 tempest-ServerStableDeviceRescueTest-409064951 tempest-ServerStableDeviceRescueTest-409064951-project-member] Cannot determine image size because it is either not provided in the request or chunked-transfer encoding is used. Adding image as a segmented object to Swift. {{(pid=99752) add /opt/stack/data/venv/lib/python3.12/site-packages/glance_store/_drivers/swift/store.py:994}}
Jul 15 16:44:46.306661 np0000005204 devstack@g-api.service[99752]: DEBUG oslo_utils.imageutils.format_inspector [None req-8803ed2c-2076-4a79-8325-2b5716284df6 tempest-ServerStableDeviceRescueTest-409064951 tempest-ServerStableDeviceRescueTest-409064951-project-member] Format inspector for vmdk does not match, excluding from consideration (Signature KDMV not found: b'QFI\xfb') {{(pid=99752) _process_chunk /opt/stack/data/venv/lib/python3.12/site-packages/oslo_utils/imageutils/format_inspector.py:1758}}
Jul 15 16:44:46.310406 np0000005204 devstack@g-api.service[99752]: DEBUG oslo_utils.imageutils.format_inspector [None req-8803ed2c-2076-4a79-8325-2b5716284df6 tempest-ServerStableDeviceRescueTest-409064951 tempest-ServerStableDeviceRescueTest-409064951-project-member] Format inspector for vhdx does not match, excluding from consideration (Region signature not found at 30000) {{(pid=99752) _process_chunk /opt/stack/data/venv/lib/python3.12/site-packages/oslo_utils/imageutils/format_inspector.py:1758}}
Jul 15 16:44:46.798685 np0000005204 devstack@g-api.service[99752]: DEBUG swiftclient [None req-8803ed2c-2076-4a79-8325-2b5716284df6 tempest-ServerStableDeviceRescueTest-409064951 tempest-ServerStableDeviceRescueTest-409064951-project-member] REQ: curl -i https://10.4.3.23:8080/v1/AUTH_5cedab8f812c4d3fb223a2bf4d927ba2/glance/9a030b03-9fa6-4fc7-858c-aa21fdc3fc0d-00001 -X PUT -H "X-Auth-Token: gAAAAABqV7j9MJ8o..." {{(pid=99752) http_log /opt/stack/data/venv/lib/python3.12/site-packages/swiftclient/client.py:160}}
Jul 15 16:44:46.798796 np0000005204 devstack@g-api.service[99752]: DEBUG swiftclient [None req-8803ed2c-2076-4a79-8325-2b5716284df6 tempest-ServerStableDeviceRescueTest-409064951 tempest-ServerStableDeviceRescueTest-409064951-project-member] RESP STATUS: 201 Created {{(pid=99752) http_log /opt/stack/data/venv/lib/python3.12/site-packages/swiftclient/client.py:161}}
Jul 15 16:44:46.800652 np0000005204 devstack@g-api.service[99752]: DEBUG swiftclient [None req-8803ed2c-2076-4a79-8325-2b5716284df6 tempest-ServerStableDeviceRescueTest-409064951 tempest-ServerStableDeviceRescueTest-409064951-project-member] RESP HEADERS: {'Date': 'Wed, 15 Jul 2026 16:44:46 GMT', 'Server': 'Apache/2.4.58 (Ubuntu)', 'Content-Type': 'text/html; charset=UTF-8', 'Content-Length': '0', 'Etag': '0ed908463e914cece8dae032b8ce03ab', 'Last-Modified': 'Wed, 15 Jul 2026 16:44:47 GMT', 'X-Trans-Id': 'tx069635bbe9784727a519a-006a57b8fe', 'X-Openstack-Request-Id': 'tx069635bbe9784727a519a-006a57b8fe', 'Connection': 'close'} {{(pid=99752) http_log /opt/stack/data/venv/lib/python3.12/site-packages/swiftclient/client.py:162}}
Jul 15 16:44:46.800866 np0000005204 devstack@g-api.service[99752]: DEBUG glance_store._drivers.swift.store [None req-8803ed2c-2076-4a79-8325-2b5716284df6 tempest-ServerStableDeviceRescueTest-409064951 tempest-ServerStableDeviceRescueTest-409064951-project-member] Wrote chunk 9a030b03-9fa6-4fc7-858c-aa21fdc3fc0d-00001 (1/?) of length 53542912 to Swift returning MD5 of content: 0ed908463e914cece8dae032b8ce03ab {{(pid=99752) add /opt/stack/data/venv/lib/python3.12/site-packages/glance_store/_drivers/swift/store.py:1059}}
Jul 15 16:44:46.801144 np0000005204 devstack@g-api.service[99752]: DEBUG glance_store._drivers.swift.store [None req-8803ed2c-2076-4a79-8325-2b5716284df6 tempest-ServerStableDeviceRescueTest-409064951 tempest-ServerStableDeviceRescueTest-409064951-project-member] Not writing zero-length chunk. {{(pid=99752) add /opt/stack/data/venv/lib/python3.12/site-packages/glance_store/_drivers/swift/store.py:1028}}
Jul 15 16:44:46.823669 np0000005204 devstack@g-api.service[99752]: DEBUG swiftclient [None req-8803ed2c-2076-4a79-8325-2b5716284df6 tempest-ServerStableDeviceRescueTest-409064951 tempest-ServerStableDeviceRescueTest-409064951-project-member] REQ: curl -i https://10.4.3.23:8080/v1/AUTH_5cedab8f812c4d3fb223a2bf4d927ba2/glance/9a030b03-9fa6-4fc7-858c-aa21fdc3fc0d -X PUT -H "X-Object-Manifest: glance/9a030b03-9fa6-4fc7-858c-aa21fdc3fc0d-" -H "X-Auth-Token: gAAAAABqV7j9MJ8o..." -H "Content-Length: 0" {{(pid=99752) http_log /opt/stack/data/venv/lib/python3.12/site-packages/swiftclient/client.py:160}}
Jul 15 16:44:46.825744 np0000005204 devstack@g-api.service[99752]: DEBUG swiftclient [None req-8803ed2c-2076-4a79-8325-2b5716284df6 tempest-ServerStableDeviceRescueTest-409064951 tempest-ServerStableDeviceRescueTest-409064951-project-member] RESP STATUS: 201 Created {{(pid=99752) http_log /opt/stack/data/venv/lib/python3.12/site-packages/swiftclient/client.py:161}}
Jul 15 16:44:46.825976 np0000005204 devstack@g-api.service[99752]: DEBUG swiftclient [None req-8803ed2c-2076-4a79-8325-2b5716284df6 tempest-ServerStableDeviceRescueTest-409064951 tempest-ServerStableDeviceRescueTest-409064951-project-member] RESP HEADERS: {'Date': 'Wed, 15 Jul 2026 16:44:46 GMT', 'Server': 'Apache/2.4.58 (Ubuntu)', 'Content-Type': 'text/html; charset=UTF-8', 'Content-Length': '0', 'Etag': 'd41d8cd98f00b204e9800998ecf8427e', 'Last-Modified': 'Wed, 15 Jul 2026 16:44:47 GMT', 'X-Trans-Id': 'txec02d0dadf96404d88ac8-006a57b8fe', 'X-Openstack-Request-Id': 'txec02d0dadf96404d88ac8-006a57b8fe', 'Connection': 'close'} {{(pid=99752) http_log /opt/stack/data/venv/lib/python3.12/site-packages/swiftclient/client.py:162}}
Jul 15 16:44:46.826466 np0000005204 devstack@g-api.service[99752]: INFO glance.location [None req-8803ed2c-2076-4a79-8325-2b5716284df6 tempest-ServerStableDeviceRescueTest-409064951 tempest-ServerStableDeviceRescueTest-409064951-project-member] Image format matched and virtual size computed: 1073741824
Jul 15 16:44:46.850651 np0000005204 devstack@g-api.service[99751]: DEBUG glance.api.middleware.version_negotiation [None req-dfff15d4-a2f0-4bdd-9554-77fa26248666 tempest-ServerStableDeviceRescueTest-409064951 tempest-ServerStableDeviceRescueTest-409064951-project-member] Determining version of request: GET /v2/images/9a030b03-9fa6-4fc7-858c-aa21fdc3fc0d Accept: */* {{(pid=99751) process_request /opt/stack/glance/glance/api/middleware/version_negotiation.py:44}}
Jul 15 16:44:46.851035 np0000005204 devstack@g-api.service[99751]: DEBUG glance.api.middleware.version_negotiation [None req-dfff15d4-a2f0-4bdd-9554-77fa26248666 tempest-ServerStableDeviceRescueTest-409064951 tempest-ServerStableDeviceRescueTest-409064951-project-member] Using url versioning {{(pid=99751) process_request /opt/stack/glance/glance/api/middleware/version_negotiation.py:57}}
Jul 15 16:44:46.851035 np0000005204 devstack@g-api.service[99751]: DEBUG glance.api.middleware.version_negotiation [None req-dfff15d4-a2f0-4bdd-9554-77fa26248666 tempest-ServerStableDeviceRescueTest-409064951 tempest-ServerStableDeviceRescueTest-409064951-project-member] Matched version: v2 {{(pid=99751) process_request /opt/stack/glance/glance/api/middleware/version_negotiation.py:69}}
Jul 15 16:44:46.851035 np0000005204 devstack@g-api.service[99751]: DEBUG glance.api.middleware.version_negotiation [None req-dfff15d4-a2f0-4bdd-9554-77fa26248666 tempest-ServerStableDeviceRescueTest-409064951 tempest-ServerStableDeviceRescueTest-409064951-project-member] new path /v2/images/9a030b03-9fa6-4fc7-858c-aa21fdc3fc0d {{(pid=99751) process_request /opt/stack/glance/glance/api/middleware/version_negotiation.py:70}}
Jul 15 16:44:46.858416 np0000005204 devstack@g-api.service[99752]: DEBUG glance_store.backend [None req-8803ed2c-2076-4a79-8325-2b5716284df6 tempest-ServerStableDeviceRescueTest-409064951 tempest-ServerStableDeviceRescueTest-409064951-project-member] Attempting to import store swift {{(pid=99752) _load_store /opt/stack/data/venv/lib/python3.12/site-packages/glance_store/backend.py:215}}
Jul 15 16:44:46.860432 np0000005204 devstack@g-api.service[99752]: DEBUG glance_store.capabilities [None req-8803ed2c-2076-4a79-8325-2b5716284df6 tempest-ServerStableDeviceRescueTest-409064951 tempest-ServerStableDeviceRescueTest-409064951-project-member] Store glance_store._drivers.swift.store.SingleTenantStore doesn't support updating dynamic storage capabilities. Please overwrite 'update_capabilities' method of the store to implement updating logics if needed. {{(pid=99752) update_capabilities /opt/stack/data/venv/lib/python3.12/site-packages/glance_store/capabilities.py:91}}
Jul 15 16:44:46.860629 np0000005204 devstack@g-api.service[99752]: DEBUG glance_store.driver [None req-8803ed2c-2076-4a79-8325-2b5716284df6 tempest-ServerStableDeviceRescueTest-409064951 tempest-ServerStableDeviceRescueTest-409064951-project-member] Late loading location class glance_store._drivers.swift.store.StoreLocation {{(pid=99752) get_store_location_class /opt/stack/data/venv/lib/python3.12/site-packages/glance_store/driver.py:134}}
Jul 15 16:44:46.860883 np0000005204 devstack@g-api.service[99752]: DEBUG glance_store.location [None req-8803ed2c-2076-4a79-8325-2b5716284df6 tempest-ServerStableDeviceRescueTest-409064951 tempest-ServerStableDeviceRescueTest-409064951-project-member] Registering scheme swift+https with {'store': , 'location_class': , 'store_entry': 'swift'} {{(pid=99752) register_scheme_map /opt/stack/data/venv/lib/python3.12/site-packages/glance_store/location.py:146}}
Jul 15 16:44:46.861014 np0000005204 devstack@g-api.service[99752]: DEBUG glance_store.location [None req-8803ed2c-2076-4a79-8325-2b5716284df6 tempest-ServerStableDeviceRescueTest-409064951 tempest-ServerStableDeviceRescueTest-409064951-project-member] Registering scheme swift+https with {'store': , 'location_class': , 'store_entry': 'swift'} {{(pid=99752) register_scheme_map /opt/stack/data/venv/lib/python3.12/site-packages/glance_store/location.py:146}}
Jul 15 16:44:46.861179 np0000005204 devstack@g-api.service[99752]: DEBUG glance_store.location [None req-8803ed2c-2076-4a79-8325-2b5716284df6 tempest-ServerStableDeviceRescueTest-409064951 tempest-ServerStableDeviceRescueTest-409064951-project-member] Registering scheme swift with {'store': , 'location_class': , 'store_entry': 'swift'} {{(pid=99752) register_scheme_map /opt/stack/data/venv/lib/python3.12/site-packages/glance_store/location.py:146}}
Jul 15 16:44:46.861293 np0000005204 devstack@g-api.service[99752]: DEBUG glance_store.location [None req-8803ed2c-2076-4a79-8325-2b5716284df6 tempest-ServerStableDeviceRescueTest-409064951 tempest-ServerStableDeviceRescueTest-409064951-project-member] Registering scheme swift+https with {'store': , 'location_class': , 'store_entry': 'swift'} {{(pid=99752) register_scheme_map /opt/stack/data/venv/lib/python3.12/site-packages/glance_store/location.py:146}}
Jul 15 16:44:46.861409 np0000005204 devstack@g-api.service[99752]: DEBUG glance_store.location [None req-8803ed2c-2076-4a79-8325-2b5716284df6 tempest-ServerStableDeviceRescueTest-409064951 tempest-ServerStableDeviceRescueTest-409064951-project-member] Registering scheme swift with {'store': , 'location_class': , 'store_entry': 'swift'} {{(pid=99752) register_scheme_map /opt/stack/data/venv/lib/python3.12/site-packages/glance_store/location.py:146}}
Jul 15 16:44:46.861618 np0000005204 devstack@g-api.service[99752]: DEBUG glance_store.location [None req-8803ed2c-2076-4a79-8325-2b5716284df6 tempest-ServerStableDeviceRescueTest-409064951 tempest-ServerStableDeviceRescueTest-409064951-project-member] Registering scheme swift+http with {'store': , 'location_class': , 'store_entry': 'swift'} {{(pid=99752) register_scheme_map /opt/stack/data/venv/lib/python3.12/site-packages/glance_store/location.py:146}}
Jul 15 16:44:46.861706 np0000005204 devstack@g-api.service[99752]: DEBUG glance_store.location [None req-8803ed2c-2076-4a79-8325-2b5716284df6 tempest-ServerStableDeviceRescueTest-409064951 tempest-ServerStableDeviceRescueTest-409064951-project-member] Registering scheme swift+https with {'store': , 'location_class': , 'store_entry': 'swift'} {{(pid=99752) register_scheme_map /opt/stack/data/venv/lib/python3.12/site-packages/glance_store/location.py:146}}
Jul 15 16:44:46.861819 np0000005204 devstack@g-api.service[99752]: DEBUG glance_store.location [None req-8803ed2c-2076-4a79-8325-2b5716284df6 tempest-ServerStableDeviceRescueTest-409064951 tempest-ServerStableDeviceRescueTest-409064951-project-member] Registering scheme swift with {'store': , 'location_class': , 'store_entry': 'swift'} {{(pid=99752) register_scheme_map /opt/stack/data/venv/lib/python3.12/site-packages/glance_store/location.py:146}}
Jul 15 16:44:46.861941 np0000005204 devstack@g-api.service[99752]: DEBUG glance_store.location [None req-8803ed2c-2076-4a79-8325-2b5716284df6 tempest-ServerStableDeviceRescueTest-409064951 tempest-ServerStableDeviceRescueTest-409064951-project-member] Registering scheme swift+http with {'store': , 'location_class': , 'store_entry': 'swift'} {{(pid=99752) register_scheme_map /opt/stack/data/venv/lib/python3.12/site-packages/glance_store/location.py:146}}
Jul 15 16:44:46.861999 np0000005204 devstack@g-api.service[99751]: [pid: 99751|app: 0|req: 60/161] 127.0.0.1 () {44 vars in 1111 bytes} [Wed Jul 15 16:44:46 2026] GET /v2/images/9a030b03-9fa6-4fc7-858c-aa21fdc3fc0d => generated 1614 bytes in 11 msecs (HTTP/1.1 200) 4 headers in 158 bytes (1 switches on core 0)
Jul 15 16:44:46.862068 np0000005204 devstack@g-api.service[99752]: DEBUG glance_store.location [None req-8803ed2c-2076-4a79-8325-2b5716284df6 tempest-ServerStableDeviceRescueTest-409064951 tempest-ServerStableDeviceRescueTest-409064951-project-member] Registering scheme swift+config with {'store': , 'location_class': , 'store_entry': 'swift'} {{(pid=99752) register_scheme_map /opt/stack/data/venv/lib/python3.12/site-packages/glance_store/location.py:146}}
Jul 15 16:44:46.862182 np0000005204 devstack@g-api.service[99752]: DEBUG glance_store.backend [None req-8803ed2c-2076-4a79-8325-2b5716284df6 tempest-ServerStableDeviceRescueTest-409064951 tempest-ServerStableDeviceRescueTest-409064951-project-member] Skipping store.set_acls... not implemented. {{(pid=99752) set_acls /opt/stack/data/venv/lib/python3.12/site-packages/glance_store/backend.py:507}}
Jul 15 16:44:46.863854 np0000005204 devstack@g-api.service[99752]: [pid: 99752|app: 0|req: 53/162] 127.0.0.1 () {46 vars in 1154 bytes} [Wed Jul 15 16:44:44 2026] PUT /v2/images/9a030b03-9fa6-4fc7-858c-aa21fdc3fc0d/file => generated 0 bytes in 2312 msecs (HTTP/1.1 204) 4 headers in 171 bytes (1 switches on core 0)
Jul 15 16:44:46.886901 np0000005204 devstack@g-api.service[99753]: DEBUG glance.api.middleware.version_negotiation [None req-dfff15d4-a2f0-4bdd-9554-77fa26248666 tempest-ServerStableDeviceRescueTest-409064951 tempest-ServerStableDeviceRescueTest-409064951-project-member] Determining version of request: GET /v2/schemas/image Accept: */* {{(pid=99753) process_request /opt/stack/glance/glance/api/middleware/version_negotiation.py:44}}
Jul 15 16:44:46.887223 np0000005204 devstack@g-api.service[99753]: DEBUG glance.api.middleware.version_negotiation [None req-dfff15d4-a2f0-4bdd-9554-77fa26248666 tempest-ServerStableDeviceRescueTest-409064951 tempest-ServerStableDeviceRescueTest-409064951-project-member] Using url versioning {{(pid=99753) process_request /opt/stack/glance/glance/api/middleware/version_negotiation.py:57}}
Jul 15 16:44:46.887223 np0000005204 devstack@g-api.service[99753]: DEBUG glance.api.middleware.version_negotiation [None req-dfff15d4-a2f0-4bdd-9554-77fa26248666 tempest-ServerStableDeviceRescueTest-409064951 tempest-ServerStableDeviceRescueTest-409064951-project-member] Matched version: v2 {{(pid=99753) process_request /opt/stack/glance/glance/api/middleware/version_negotiation.py:69}}
Jul 15 16:44:46.888602 np0000005204 devstack@g-api.service[99753]: DEBUG glance.api.middleware.version_negotiation [None req-dfff15d4-a2f0-4bdd-9554-77fa26248666 tempest-ServerStableDeviceRescueTest-409064951 tempest-ServerStableDeviceRescueTest-409064951-project-member] new path /v2/schemas/image {{(pid=99753) process_request /opt/stack/glance/glance/api/middleware/version_negotiation.py:70}}
Jul 15 16:44:46.892642 np0000005204 devstack@g-api.service[99751]: DEBUG glance.api.middleware.version_negotiation [None req-d8756481-3c35-4f28-857b-eff1bb02dfd8 tempest-ServerStableDeviceRescueTest-409064951 tempest-ServerStableDeviceRescueTest-409064951-project-member] Determining version of request: GET /v2/images/9a030b03-9fa6-4fc7-858c-aa21fdc3fc0d Accept: */* {{(pid=99751) process_request /opt/stack/glance/glance/api/middleware/version_negotiation.py:44}}
Jul 15 16:44:46.892842 np0000005204 devstack@g-api.service[99751]: DEBUG glance.api.middleware.version_negotiation [None req-d8756481-3c35-4f28-857b-eff1bb02dfd8 tempest-ServerStableDeviceRescueTest-409064951 tempest-ServerStableDeviceRescueTest-409064951-project-member] Using url versioning {{(pid=99751) process_request /opt/stack/glance/glance/api/middleware/version_negotiation.py:57}}
Jul 15 16:44:46.892969 np0000005204 devstack@g-api.service[99751]: DEBUG glance.api.middleware.version_negotiation [None req-d8756481-3c35-4f28-857b-eff1bb02dfd8 tempest-ServerStableDeviceRescueTest-409064951 tempest-ServerStableDeviceRescueTest-409064951-project-member] Matched version: v2 {{(pid=99751) process_request /opt/stack/glance/glance/api/middleware/version_negotiation.py:69}}
Jul 15 16:44:46.893065 np0000005204 devstack@g-api.service[99751]: DEBUG glance.api.middleware.version_negotiation [None req-d8756481-3c35-4f28-857b-eff1bb02dfd8 tempest-ServerStableDeviceRescueTest-409064951 tempest-ServerStableDeviceRescueTest-409064951-project-member] new path /v2/images/9a030b03-9fa6-4fc7-858c-aa21fdc3fc0d {{(pid=99751) process_request /opt/stack/glance/glance/api/middleware/version_negotiation.py:70}}
Jul 15 16:44:46.894278 np0000005204 devstack@g-api.service[99753]: [pid: 99753|app: 0|req: 50/163] 127.0.0.1 () {44 vars in 1051 bytes} [Wed Jul 15 16:44:46 2026] GET /v2/schemas/image => generated 6083 bytes in 7 msecs (HTTP/1.1 200) 4 headers in 158 bytes (1 switches on core 0)
Jul 15 16:44:46.904593 np0000005204 devstack@g-api.service[99752]: DEBUG glance.api.middleware.version_negotiation [None req-8803ed2c-2076-4a79-8325-2b5716284df6 tempest-ServerStableDeviceRescueTest-409064951 tempest-ServerStableDeviceRescueTest-409064951-project-member] Determining version of request: GET /v2/images/51180c78-f136-4942-abb1-11180947cdad Accept: */* {{(pid=99752) process_request /opt/stack/glance/glance/api/middleware/version_negotiation.py:44}}
Jul 15 16:44:46.904824 np0000005204 devstack@g-api.service[99752]: DEBUG glance.api.middleware.version_negotiation [None req-8803ed2c-2076-4a79-8325-2b5716284df6 tempest-ServerStableDeviceRescueTest-409064951 tempest-ServerStableDeviceRescueTest-409064951-project-member] Using url versioning {{(pid=99752) process_request /opt/stack/glance/glance/api/middleware/version_negotiation.py:57}}
Jul 15 16:44:46.904983 np0000005204 devstack@g-api.service[99752]: DEBUG glance.api.middleware.version_negotiation [None req-8803ed2c-2076-4a79-8325-2b5716284df6 tempest-ServerStableDeviceRescueTest-409064951 tempest-ServerStableDeviceRescueTest-409064951-project-member] Matched version: v2 {{(pid=99752) process_request /opt/stack/glance/glance/api/middleware/version_negotiation.py:69}}
Jul 15 16:44:46.905105 np0000005204 devstack@g-api.service[99752]: DEBUG glance.api.middleware.version_negotiation [None req-8803ed2c-2076-4a79-8325-2b5716284df6 tempest-ServerStableDeviceRescueTest-409064951 tempest-ServerStableDeviceRescueTest-409064951-project-member] new path /v2/images/51180c78-f136-4942-abb1-11180947cdad {{(pid=99752) process_request /opt/stack/glance/glance/api/middleware/version_negotiation.py:70}}
Jul 15 16:44:46.915294 np0000005204 devstack@g-api.service[99751]: [pid: 99751|app: 0|req: 61/164] 127.0.0.1 () {44 vars in 1111 bytes} [Wed Jul 15 16:44:46 2026] GET /v2/images/9a030b03-9fa6-4fc7-858c-aa21fdc3fc0d => generated 1614 bytes in 23 msecs (HTTP/1.1 200) 4 headers in 158 bytes (1 switches on core 0)
Jul 15 16:44:46.920043 np0000005204 devstack@g-api.service[99752]: [pid: 99752|app: 0|req: 54/165] 127.0.0.1 () {44 vars in 1111 bytes} [Wed Jul 15 16:44:46 2026] GET /v2/images/51180c78-f136-4942-abb1-11180947cdad => generated 1044 bytes in 16 msecs (HTTP/1.1 200) 4 headers in 158 bytes (1 switches on core 0)
Jul 15 16:44:46.945118 np0000005204 devstack@g-api.service[99753]: DEBUG glance.api.middleware.version_negotiation [None req-d8756481-3c35-4f28-857b-eff1bb02dfd8 tempest-ServerStableDeviceRescueTest-409064951 tempest-ServerStableDeviceRescueTest-409064951-project-member] Determining version of request: GET /v2/schemas/image Accept: */* {{(pid=99753) process_request /opt/stack/glance/glance/api/middleware/version_negotiation.py:44}}
Jul 15 16:44:46.946041 np0000005204 devstack@g-api.service[99753]: DEBUG glance.api.middleware.version_negotiation [None req-d8756481-3c35-4f28-857b-eff1bb02dfd8 tempest-ServerStableDeviceRescueTest-409064951 tempest-ServerStableDeviceRescueTest-409064951-project-member] Using url versioning {{(pid=99753) process_request /opt/stack/glance/glance/api/middleware/version_negotiation.py:57}}
Jul 15 16:44:46.946285 np0000005204 devstack@g-api.service[99753]: DEBUG glance.api.middleware.version_negotiation [None req-d8756481-3c35-4f28-857b-eff1bb02dfd8 tempest-ServerStableDeviceRescueTest-409064951 tempest-ServerStableDeviceRescueTest-409064951-project-member] Matched version: v2 {{(pid=99753) process_request /opt/stack/glance/glance/api/middleware/version_negotiation.py:69}}
Jul 15 16:44:46.946429 np0000005204 devstack@g-api.service[99753]: DEBUG glance.api.middleware.version_negotiation [None req-d8756481-3c35-4f28-857b-eff1bb02dfd8 tempest-ServerStableDeviceRescueTest-409064951 tempest-ServerStableDeviceRescueTest-409064951-project-member] new path /v2/schemas/image {{(pid=99753) process_request /opt/stack/glance/glance/api/middleware/version_negotiation.py:70}}
Jul 15 16:44:46.948836 np0000005204 devstack@g-api.service[99753]: [pid: 99753|app: 0|req: 51/166] 127.0.0.1 () {44 vars in 1051 bytes} [Wed Jul 15 16:44:46 2026] GET /v2/schemas/image => generated 6083 bytes in 3 msecs (HTTP/1.1 200) 4 headers in 158 bytes (1 switches on core 0)
Jul 15 16:44:46.952538 np0000005204 devstack@g-api.service[99752]: DEBUG glance.api.middleware.version_negotiation [None req-c36813f3-8cbb-4002-92b0-d98bccbad7d4 tempest-TaggedAttachmentsTest-1959591685 tempest-TaggedAttachmentsTest-1959591685-project-member] Determining version of request: GET /v2/schemas/image Accept: */* {{(pid=99752) process_request /opt/stack/glance/glance/api/middleware/version_negotiation.py:44}}
Jul 15 16:44:46.952726 np0000005204 devstack@g-api.service[99751]: DEBUG glance.api.middleware.version_negotiation [None req-8803ed2c-2076-4a79-8325-2b5716284df6 tempest-ServerStableDeviceRescueTest-409064951 tempest-ServerStableDeviceRescueTest-409064951-project-member] Determining version of request: GET /v2/images/9a030b03-9fa6-4fc7-858c-aa21fdc3fc0d Accept: */* {{(pid=99751) process_request /opt/stack/glance/glance/api/middleware/version_negotiation.py:44}}
Jul 15 16:44:46.952798 np0000005204 devstack@g-api.service[99752]: DEBUG glance.api.middleware.version_negotiation [None req-c36813f3-8cbb-4002-92b0-d98bccbad7d4 tempest-TaggedAttachmentsTest-1959591685 tempest-TaggedAttachmentsTest-1959591685-project-member] Using url versioning {{(pid=99752) process_request /opt/stack/glance/glance/api/middleware/version_negotiation.py:57}}
Jul 15 16:44:46.952798 np0000005204 devstack@g-api.service[99752]: DEBUG glance.api.middleware.version_negotiation [None req-c36813f3-8cbb-4002-92b0-d98bccbad7d4 tempest-TaggedAttachmentsTest-1959591685 tempest-TaggedAttachmentsTest-1959591685-project-member] Matched version: v2 {{(pid=99752) process_request /opt/stack/glance/glance/api/middleware/version_negotiation.py:69}}
Jul 15 16:44:46.952975 np0000005204 devstack@g-api.service[99751]: DEBUG glance.api.middleware.version_negotiation [None req-8803ed2c-2076-4a79-8325-2b5716284df6 tempest-ServerStableDeviceRescueTest-409064951 tempest-ServerStableDeviceRescueTest-409064951-project-member] Using url versioning {{(pid=99751) process_request /opt/stack/glance/glance/api/middleware/version_negotiation.py:57}}
Jul 15 16:44:46.953027 np0000005204 devstack@g-api.service[99752]: DEBUG glance.api.middleware.version_negotiation [None req-c36813f3-8cbb-4002-92b0-d98bccbad7d4 tempest-TaggedAttachmentsTest-1959591685 tempest-TaggedAttachmentsTest-1959591685-project-member] new path /v2/schemas/image {{(pid=99752) process_request /opt/stack/glance/glance/api/middleware/version_negotiation.py:70}}
Jul 15 16:44:46.953078 np0000005204 devstack@g-api.service[99751]: DEBUG glance.api.middleware.version_negotiation [None req-8803ed2c-2076-4a79-8325-2b5716284df6 tempest-ServerStableDeviceRescueTest-409064951 tempest-ServerStableDeviceRescueTest-409064951-project-member] Matched version: v2 {{(pid=99751) process_request /opt/stack/glance/glance/api/middleware/version_negotiation.py:69}}
Jul 15 16:44:46.953078 np0000005204 devstack@g-api.service[99751]: DEBUG glance.api.middleware.version_negotiation [None req-8803ed2c-2076-4a79-8325-2b5716284df6 tempest-ServerStableDeviceRescueTest-409064951 tempest-ServerStableDeviceRescueTest-409064951-project-member] new path /v2/images/9a030b03-9fa6-4fc7-858c-aa21fdc3fc0d {{(pid=99751) process_request /opt/stack/glance/glance/api/middleware/version_negotiation.py:70}}
Jul 15 16:44:46.955191 np0000005204 devstack@g-api.service[99752]: [pid: 99752|app: 0|req: 55/167] 127.0.0.1 () {44 vars in 1051 bytes} [Wed Jul 15 16:44:46 2026] GET /v2/schemas/image => generated 6083 bytes in 3 msecs (HTTP/1.1 200) 4 headers in 158 bytes (1 switches on core 0)
Jul 15 16:44:46.962630 np0000005204 devstack@g-api.service[99751]: [pid: 99751|app: 0|req: 62/168] 127.0.0.1 () {44 vars in 1111 bytes} [Wed Jul 15 16:44:46 2026] GET /v2/images/9a030b03-9fa6-4fc7-858c-aa21fdc3fc0d => generated 1614 bytes in 10 msecs (HTTP/1.1 200) 4 headers in 158 bytes (1 switches on core 0)
Jul 15 16:44:46.993206 np0000005204 devstack@g-api.service[99753]: DEBUG glance.api.middleware.version_negotiation [None req-8803ed2c-2076-4a79-8325-2b5716284df6 tempest-ServerStableDeviceRescueTest-409064951 tempest-ServerStableDeviceRescueTest-409064951-project-member] Determining version of request: GET /v2/schemas/image Accept: */* {{(pid=99753) process_request /opt/stack/glance/glance/api/middleware/version_negotiation.py:44}}
Jul 15 16:44:46.993558 np0000005204 devstack@g-api.service[99753]: DEBUG glance.api.middleware.version_negotiation [None req-8803ed2c-2076-4a79-8325-2b5716284df6 tempest-ServerStableDeviceRescueTest-409064951 tempest-ServerStableDeviceRescueTest-409064951-project-member] Using url versioning {{(pid=99753) process_request /opt/stack/glance/glance/api/middleware/version_negotiation.py:57}}
Jul 15 16:44:46.993558 np0000005204 devstack@g-api.service[99753]: DEBUG glance.api.middleware.version_negotiation [None req-8803ed2c-2076-4a79-8325-2b5716284df6 tempest-ServerStableDeviceRescueTest-409064951 tempest-ServerStableDeviceRescueTest-409064951-project-member] Matched version: v2 {{(pid=99753) process_request /opt/stack/glance/glance/api/middleware/version_negotiation.py:69}}
Jul 15 16:44:46.993558 np0000005204 devstack@g-api.service[99753]: DEBUG glance.api.middleware.version_negotiation [None req-8803ed2c-2076-4a79-8325-2b5716284df6 tempest-ServerStableDeviceRescueTest-409064951 tempest-ServerStableDeviceRescueTest-409064951-project-member] new path /v2/schemas/image {{(pid=99753) process_request /opt/stack/glance/glance/api/middleware/version_negotiation.py:70}}
Jul 15 16:44:46.996835 np0000005204 devstack@g-api.service[99753]: [pid: 99753|app: 0|req: 52/169] 127.0.0.1 () {44 vars in 1051 bytes} [Wed Jul 15 16:44:46 2026] GET /v2/schemas/image => generated 6083 bytes in 4 msecs (HTTP/1.1 200) 4 headers in 158 bytes (1 switches on core 0)
Jul 15 16:44:47.229670 np0000005204 devstack@g-api.service[99752]: DEBUG glance.api.middleware.version_negotiation [None req-c36813f3-8cbb-4002-92b0-d98bccbad7d4 tempest-TaggedAttachmentsTest-1959591685 tempest-TaggedAttachmentsTest-1959591685-project-member] Determining version of request: PATCH /v2/images/9a030b03-9fa6-4fc7-858c-aa21fdc3fc0d Accept: {{(pid=99752) process_request /opt/stack/glance/glance/api/middleware/version_negotiation.py:44}}
Jul 15 16:44:47.229861 np0000005204 devstack@g-api.service[99752]: DEBUG glance.api.middleware.version_negotiation [None req-c36813f3-8cbb-4002-92b0-d98bccbad7d4 tempest-TaggedAttachmentsTest-1959591685 tempest-TaggedAttachmentsTest-1959591685-project-member] Using url versioning {{(pid=99752) process_request /opt/stack/glance/glance/api/middleware/version_negotiation.py:57}}
Jul 15 16:44:47.230034 np0000005204 devstack@g-api.service[99752]: DEBUG glance.api.middleware.version_negotiation [None req-c36813f3-8cbb-4002-92b0-d98bccbad7d4 tempest-TaggedAttachmentsTest-1959591685 tempest-TaggedAttachmentsTest-1959591685-project-member] Matched version: v2 {{(pid=99752) process_request /opt/stack/glance/glance/api/middleware/version_negotiation.py:69}}
Jul 15 16:44:47.230177 np0000005204 devstack@g-api.service[99752]: DEBUG glance.api.middleware.version_negotiation [None req-c36813f3-8cbb-4002-92b0-d98bccbad7d4 tempest-TaggedAttachmentsTest-1959591685 tempest-TaggedAttachmentsTest-1959591685-project-member] new path /v2/images/9a030b03-9fa6-4fc7-858c-aa21fdc3fc0d {{(pid=99752) process_request /opt/stack/glance/glance/api/middleware/version_negotiation.py:70}}
Jul 15 16:44:47.304384 np0000005204 devstack@g-api.service[99752]: DEBUG glance_store.backend [None req-a6181e52-3d1b-47e0-a5c7-ae3aac7e37d8 tempest-ServerStableDeviceRescueTest-409064951 tempest-ServerStableDeviceRescueTest-409064951-project-member] Attempting to import store swift {{(pid=99752) _load_store /opt/stack/data/venv/lib/python3.12/site-packages/glance_store/backend.py:215}}
Jul 15 16:44:47.305856 np0000005204 devstack@g-api.service[99752]: DEBUG glance_store.capabilities [None req-a6181e52-3d1b-47e0-a5c7-ae3aac7e37d8 tempest-ServerStableDeviceRescueTest-409064951 tempest-ServerStableDeviceRescueTest-409064951-project-member] Store glance_store._drivers.swift.store.SingleTenantStore doesn't support updating dynamic storage capabilities. Please overwrite 'update_capabilities' method of the store to implement updating logics if needed. {{(pid=99752) update_capabilities /opt/stack/data/venv/lib/python3.12/site-packages/glance_store/capabilities.py:91}}
Jul 15 16:44:47.305999 np0000005204 devstack@g-api.service[99752]: DEBUG glance_store.driver [None req-a6181e52-3d1b-47e0-a5c7-ae3aac7e37d8 tempest-ServerStableDeviceRescueTest-409064951 tempest-ServerStableDeviceRescueTest-409064951-project-member] Late loading location class glance_store._drivers.swift.store.StoreLocation {{(pid=99752) get_store_location_class /opt/stack/data/venv/lib/python3.12/site-packages/glance_store/driver.py:134}}
Jul 15 16:44:47.305999 np0000005204 devstack@g-api.service[99752]: DEBUG glance_store.location [None req-a6181e52-3d1b-47e0-a5c7-ae3aac7e37d8 tempest-ServerStableDeviceRescueTest-409064951 tempest-ServerStableDeviceRescueTest-409064951-project-member] Registering scheme swift+https with {'store': , 'location_class': , 'store_entry': 'swift'} {{(pid=99752) register_scheme_map /opt/stack/data/venv/lib/python3.12/site-packages/glance_store/location.py:146}}
Jul 15 16:44:47.306176 np0000005204 devstack@g-api.service[99752]: DEBUG glance_store.location [None req-a6181e52-3d1b-47e0-a5c7-ae3aac7e37d8 tempest-ServerStableDeviceRescueTest-409064951 tempest-ServerStableDeviceRescueTest-409064951-project-member] Registering scheme swift+https with {'store': , 'location_class': , 'store_entry': 'swift'} {{(pid=99752) register_scheme_map /opt/stack/data/venv/lib/python3.12/site-packages/glance_store/location.py:146}}
Jul 15 16:44:47.306176 np0000005204 devstack@g-api.service[99752]: DEBUG glance_store.location [None req-a6181e52-3d1b-47e0-a5c7-ae3aac7e37d8 tempest-ServerStableDeviceRescueTest-409064951 tempest-ServerStableDeviceRescueTest-409064951-project-member] Registering scheme swift with {'store': , 'location_class': , 'store_entry': 'swift'} {{(pid=99752) register_scheme_map /opt/stack/data/venv/lib/python3.12/site-packages/glance_store/location.py:146}}
Jul 15 16:44:47.306316 np0000005204 devstack@g-api.service[99752]: DEBUG glance_store.location [None req-a6181e52-3d1b-47e0-a5c7-ae3aac7e37d8 tempest-ServerStableDeviceRescueTest-409064951 tempest-ServerStableDeviceRescueTest-409064951-project-member] Registering scheme swift+https with {'store': , 'location_class': , 'store_entry': 'swift'} {{(pid=99752) register_scheme_map /opt/stack/data/venv/lib/python3.12/site-packages/glance_store/location.py:146}}
Jul 15 16:44:47.306316 np0000005204 devstack@g-api.service[99752]: DEBUG glance_store.location [None req-a6181e52-3d1b-47e0-a5c7-ae3aac7e37d8 tempest-ServerStableDeviceRescueTest-409064951 tempest-ServerStableDeviceRescueTest-409064951-project-member] Registering scheme swift with {'store': , 'location_class': , 'store_entry': 'swift'} {{(pid=99752) register_scheme_map /opt/stack/data/venv/lib/python3.12/site-packages/glance_store/location.py:146}}
Jul 15 16:44:47.306424 np0000005204 devstack@g-api.service[99752]: DEBUG glance_store.location [None req-a6181e52-3d1b-47e0-a5c7-ae3aac7e37d8 tempest-ServerStableDeviceRescueTest-409064951 tempest-ServerStableDeviceRescueTest-409064951-project-member] Registering scheme swift+http with {'store': , 'location_class': , 'store_entry': 'swift'} {{(pid=99752) register_scheme_map /opt/stack/data/venv/lib/python3.12/site-packages/glance_store/location.py:146}}
Jul 15 16:44:47.306424 np0000005204 devstack@g-api.service[99752]: DEBUG glance_store.location [None req-a6181e52-3d1b-47e0-a5c7-ae3aac7e37d8 tempest-ServerStableDeviceRescueTest-409064951 tempest-ServerStableDeviceRescueTest-409064951-project-member] Registering scheme swift+https with {'store': , 'location_class': , 'store_entry': 'swift'} {{(pid=99752) register_scheme_map /opt/stack/data/venv/lib/python3.12/site-packages/glance_store/location.py:146}}
