Jul 15 16:43:55.138564 np0000005204 devstack@g-api.service[99753]: DEBUG glance.api.middleware.version_negotiation [None req-15e91af2-7fbc-46c1-8099-02bcf8291d06 service glance] Using url versioning {{(pid=99753) process_request /opt/stack/glance/glance/api/middleware/version_negotiation.py:57}}
Jul 15 16:43:55.138842 np0000005204 devstack@g-api.service[99753]: DEBUG glance.api.middleware.version_negotiation [None req-15e91af2-7fbc-46c1-8099-02bcf8291d06 service glance] Matched version: v2 {{(pid=99753) process_request /opt/stack/glance/glance/api/middleware/version_negotiation.py:69}}
Jul 15 16:43:55.139120 np0000005204 devstack@g-api.service[99753]: DEBUG glance.api.middleware.version_negotiation [None req-15e91af2-7fbc-46c1-8099-02bcf8291d06 service glance] new path /v2/images/51180c78-f136-4942-abb1-11180947cdad {{(pid=99753) process_request /opt/stack/glance/glance/api/middleware/version_negotiation.py:70}}
Jul 15 16:43:55.158821 np0000005204 devstack@g-api.service[99753]: [pid: 99753|app: 0|req: 19/79] 127.0.0.1 () {44 vars in 1111 bytes} [Wed Jul 15 16:43:55 2026] GET /v2/images/51180c78-f136-4942-abb1-11180947cdad => generated 1044 bytes in 22 msecs (HTTP/1.1 200) 4 headers in 158 bytes (1 switches on core 0)
Jul 15 16:43:55.168304 np0000005204 devstack@g-api.service[99753]: DEBUG glance.api.middleware.version_negotiation [None req-15e91af2-7fbc-46c1-8099-02bcf8291d06 tempest-TaggedBootDevicesTest-424874115 tempest-TaggedBootDevicesTest-424874115-project-member] Determining version of request: GET /v2/schemas/image Accept: */* {{(pid=99753) process_request /opt/stack/glance/glance/api/middleware/version_negotiation.py:44}}
Jul 15 16:43:55.168658 np0000005204 devstack@g-api.service[99753]: DEBUG glance.api.middleware.version_negotiation [None req-15e91af2-7fbc-46c1-8099-02bcf8291d06 tempest-TaggedBootDevicesTest-424874115 tempest-TaggedBootDevicesTest-424874115-project-member] Using url versioning {{(pid=99753) process_request /opt/stack/glance/glance/api/middleware/version_negotiation.py:57}}
Jul 15 16:43:55.169069 np0000005204 devstack@g-api.service[99753]: DEBUG glance.api.middleware.version_negotiation [None req-15e91af2-7fbc-46c1-8099-02bcf8291d06 tempest-TaggedBootDevicesTest-424874115 tempest-TaggedBootDevicesTest-424874115-project-member] Matched version: v2 {{(pid=99753) process_request /opt/stack/glance/glance/api/middleware/version_negotiation.py:69}}
Jul 15 16:43:55.169069 np0000005204 devstack@g-api.service[99753]: DEBUG glance.api.middleware.version_negotiation [None req-15e91af2-7fbc-46c1-8099-02bcf8291d06 tempest-TaggedBootDevicesTest-424874115 tempest-TaggedBootDevicesTest-424874115-project-member] new path /v2/schemas/image {{(pid=99753) process_request /opt/stack/glance/glance/api/middleware/version_negotiation.py:70}}
Jul 15 16:43:55.172709 np0000005204 devstack@g-api.service[99753]: [pid: 99753|app: 0|req: 20/80] 127.0.0.1 () {44 vars in 1051 bytes} [Wed Jul 15 16:43:55 2026] GET /v2/schemas/image => generated 6083 bytes in 5 msecs (HTTP/1.1 200) 4 headers in 158 bytes (1 switches on core 0)
Jul 15 16:43:55.181814 np0000005204 devstack@g-api.service[99753]: DEBUG glance.api.middleware.version_negotiation [None req-15e91af2-7fbc-46c1-8099-02bcf8291d06 tempest-TaggedBootDevicesTest-424874115 tempest-TaggedBootDevicesTest-424874115-project-member] Determining version of request: GET /v2/schemas/image Accept: */* {{(pid=99753) process_request /opt/stack/glance/glance/api/middleware/version_negotiation.py:44}}
Jul 15 16:43:55.182155 np0000005204 devstack@g-api.service[99753]: DEBUG glance.api.middleware.version_negotiation [None req-15e91af2-7fbc-46c1-8099-02bcf8291d06 tempest-TaggedBootDevicesTest-424874115 tempest-TaggedBootDevicesTest-424874115-project-member] Using url versioning {{(pid=99753) process_request /opt/stack/glance/glance/api/middleware/version_negotiation.py:57}}
Jul 15 16:43:55.182416 np0000005204 devstack@g-api.service[99753]: DEBUG glance.api.middleware.version_negotiation [None req-15e91af2-7fbc-46c1-8099-02bcf8291d06 tempest-TaggedBootDevicesTest-424874115 tempest-TaggedBootDevicesTest-424874115-project-member] Matched version: v2 {{(pid=99753) process_request /opt/stack/glance/glance/api/middleware/version_negotiation.py:69}}
Jul 15 16:43:55.182465 np0000005204 devstack@g-api.service[99753]: DEBUG glance.api.middleware.version_negotiation [None req-15e91af2-7fbc-46c1-8099-02bcf8291d06 tempest-TaggedBootDevicesTest-424874115 tempest-TaggedBootDevicesTest-424874115-project-member] new path /v2/schemas/image {{(pid=99753) process_request /opt/stack/glance/glance/api/middleware/version_negotiation.py:70}}
Jul 15 16:43:55.191529 np0000005204 devstack@g-api.service[99753]: [pid: 99753|app: 0|req: 21/81] 127.0.0.1 () {44 vars in 1051 bytes} [Wed Jul 15 16:43:55 2026] GET /v2/schemas/image => generated 6083 bytes in 10 msecs (HTTP/1.1 200) 4 headers in 158 bytes (1 switches on core 0)
Jul 15 16:43:55.206226 np0000005204 devstack@g-api.service[99752]: [pid: 99752|app: 0|req: 28/82] 127.0.0.1 () {44 vars in 1131 bytes} [Wed Jul 15 16:43:54 2026] GET /v2/images/51180c78-f136-4942-abb1-11180947cdad/locations => generated 92 bytes in 228 msecs (HTTP/1.1 200) 4 headers in 156 bytes (1 switches on core 0)
Jul 15 16:43:55.216971 np0000005204 devstack@g-api.service[99753]: DEBUG glance.api.middleware.version_negotiation [None req-15e91af2-7fbc-46c1-8099-02bcf8291d06 tempest-TaggedBootDevicesTest-424874115 tempest-TaggedBootDevicesTest-424874115-project-member] Determining version of request: GET /v2/images/51180c78-f136-4942-abb1-11180947cdad Accept: */* {{(pid=99753) process_request /opt/stack/glance/glance/api/middleware/version_negotiation.py:44}}
Jul 15 16:43:55.216971 np0000005204 devstack@g-api.service[99753]: DEBUG glance.api.middleware.version_negotiation [None req-15e91af2-7fbc-46c1-8099-02bcf8291d06 tempest-TaggedBootDevicesTest-424874115 tempest-TaggedBootDevicesTest-424874115-project-member] Using url versioning {{(pid=99753) process_request /opt/stack/glance/glance/api/middleware/version_negotiation.py:57}}
Jul 15 16:43:55.216971 np0000005204 devstack@g-api.service[99753]: DEBUG glance.api.middleware.version_negotiation [None req-15e91af2-7fbc-46c1-8099-02bcf8291d06 tempest-TaggedBootDevicesTest-424874115 tempest-TaggedBootDevicesTest-424874115-project-member] Matched version: v2 {{(pid=99753) process_request /opt/stack/glance/glance/api/middleware/version_negotiation.py:69}}
Jul 15 16:43:55.216971 np0000005204 devstack@g-api.service[99753]: DEBUG glance.api.middleware.version_negotiation [None req-15e91af2-7fbc-46c1-8099-02bcf8291d06 tempest-TaggedBootDevicesTest-424874115 tempest-TaggedBootDevicesTest-424874115-project-member] new path /v2/images/51180c78-f136-4942-abb1-11180947cdad {{(pid=99753) process_request /opt/stack/glance/glance/api/middleware/version_negotiation.py:70}}
Jul 15 16:43:55.229873 np0000005204 devstack@g-api.service[99753]: [pid: 99753|app: 0|req: 22/83] 127.0.0.1 () {44 vars in 1111 bytes} [Wed Jul 15 16:43:55 2026] GET /v2/images/51180c78-f136-4942-abb1-11180947cdad => generated 1044 bytes in 13 msecs (HTTP/1.1 200) 4 headers in 158 bytes (1 switches on core 0)
Jul 15 16:43:55.236473 np0000005204 devstack@g-api.service[99752]: DEBUG glance.api.middleware.version_negotiation [None req-6fa9b76f-6f40-4bfd-be96-07f157148279 service glance] Determining version of request: GET /v2/schemas/image Accept: */* {{(pid=99752) process_request /opt/stack/glance/glance/api/middleware/version_negotiation.py:44}}
Jul 15 16:43:55.236570 np0000005204 devstack@g-api.service[99752]: DEBUG glance.api.middleware.version_negotiation [None req-6fa9b76f-6f40-4bfd-be96-07f157148279 service glance] Using url versioning {{(pid=99752) process_request /opt/stack/glance/glance/api/middleware/version_negotiation.py:57}}
Jul 15 16:43:55.236695 np0000005204 devstack@g-api.service[99752]: DEBUG glance.api.middleware.version_negotiation [None req-6fa9b76f-6f40-4bfd-be96-07f157148279 service glance] Matched version: v2 {{(pid=99752) process_request /opt/stack/glance/glance/api/middleware/version_negotiation.py:69}}
Jul 15 16:43:55.236755 np0000005204 devstack@g-api.service[99752]: DEBUG glance.api.middleware.version_negotiation [None req-6fa9b76f-6f40-4bfd-be96-07f157148279 service glance] new path /v2/schemas/image {{(pid=99752) process_request /opt/stack/glance/glance/api/middleware/version_negotiation.py:70}}
Jul 15 16:43:55.239973 np0000005204 devstack@g-api.service[99752]: [pid: 99752|app: 0|req: 29/84] 127.0.0.1 () {44 vars in 1051 bytes} [Wed Jul 15 16:43:55 2026] GET /v2/schemas/image => generated 6083 bytes in 4 msecs (HTTP/1.1 200) 4 headers in 158 bytes (1 switches on core 0)
Jul 15 16:43:55.250001 np0000005204 devstack@g-api.service[99753]: DEBUG glance.api.middleware.version_negotiation [None req-6fa9b76f-6f40-4bfd-be96-07f157148279 tempest-TaggedBootDevicesTest_v242-1810858446 tempest-TaggedBootDevicesTest_v242-1810858446-project-member] Determining version of request: GET /v2/schemas/image Accept: */* {{(pid=99753) process_request /opt/stack/glance/glance/api/middleware/version_negotiation.py:44}}
Jul 15 16:43:55.250001 np0000005204 devstack@g-api.service[99753]: DEBUG glance.api.middleware.version_negotiation [None req-6fa9b76f-6f40-4bfd-be96-07f157148279 tempest-TaggedBootDevicesTest_v242-1810858446 tempest-TaggedBootDevicesTest_v242-1810858446-project-member] Using url versioning {{(pid=99753) process_request /opt/stack/glance/glance/api/middleware/version_negotiation.py:57}}
Jul 15 16:43:55.250001 np0000005204 devstack@g-api.service[99753]: DEBUG glance.api.middleware.version_negotiation [None req-6fa9b76f-6f40-4bfd-be96-07f157148279 tempest-TaggedBootDevicesTest_v242-1810858446 tempest-TaggedBootDevicesTest_v242-1810858446-project-member] Matched version: v2 {{(pid=99753) process_request /opt/stack/glance/glance/api/middleware/version_negotiation.py:69}}
Jul 15 16:43:55.250001 np0000005204 devstack@g-api.service[99753]: DEBUG glance.api.middleware.version_negotiation [None req-6fa9b76f-6f40-4bfd-be96-07f157148279 tempest-TaggedBootDevicesTest_v242-1810858446 tempest-TaggedBootDevicesTest_v242-1810858446-project-member] new path /v2/schemas/image {{(pid=99753) process_request /opt/stack/glance/glance/api/middleware/version_negotiation.py:70}}
Jul 15 16:43:55.252563 np0000005204 devstack@g-api.service[99753]: [pid: 99753|app: 0|req: 23/85] 127.0.0.1 () {44 vars in 1051 bytes} [Wed Jul 15 16:43:55 2026] GET /v2/schemas/image => generated 6083 bytes in 3 msecs (HTTP/1.1 200) 4 headers in 158 bytes (1 switches on core 0)
Jul 15 16:43:55.552776 np0000005204 devstack@g-api.service[99751]: DEBUG glance.location [None req-ea055d1b-f2dd-4c5b-8797-566d9a10d216 tempest-AttachSCSIVolumeTestJSON-1419141577 tempest-AttachSCSIVolumeTestJSON-1419141577-project-admin] Enabling in-flight format inspection for qcow2 {{(pid=99751) set_data /opt/stack/glance/glance/location.py:596}}
Jul 15 16:43:55.554781 np0000005204 devstack@g-api.service[99751]: DEBUG glance_store.backend [None req-ea055d1b-f2dd-4c5b-8797-566d9a10d216 tempest-AttachSCSIVolumeTestJSON-1419141577 tempest-AttachSCSIVolumeTestJSON-1419141577-project-admin] Attempting to import store swift {{(pid=99751) _load_store /opt/stack/data/venv/lib/python3.12/site-packages/glance_store/backend.py:215}}
Jul 15 16:43:55.555980 np0000005204 devstack@g-api.service[99751]: DEBUG glance_store.capabilities [None req-ea055d1b-f2dd-4c5b-8797-566d9a10d216 tempest-AttachSCSIVolumeTestJSON-1419141577 tempest-AttachSCSIVolumeTestJSON-1419141577-project-admin] Store glance_store._drivers.swift.store.SingleTenantStore doesn't support updating dynamic storage capabilities. Please overwrite 'update_capabilities' method of the store to implement updating logics if needed. {{(pid=99751) update_capabilities /opt/stack/data/venv/lib/python3.12/site-packages/glance_store/capabilities.py:91}}
Jul 15 16:43:55.556236 np0000005204 devstack@g-api.service[99751]: DEBUG glance_store.driver [None req-ea055d1b-f2dd-4c5b-8797-566d9a10d216 tempest-AttachSCSIVolumeTestJSON-1419141577 tempest-AttachSCSIVolumeTestJSON-1419141577-project-admin] Late loading location class glance_store._drivers.swift.store.StoreLocation {{(pid=99751) get_store_location_class /opt/stack/data/venv/lib/python3.12/site-packages/glance_store/driver.py:134}}
Jul 15 16:43:55.556443 np0000005204 devstack@g-api.service[99751]: DEBUG glance_store.location [None req-ea055d1b-f2dd-4c5b-8797-566d9a10d216 tempest-AttachSCSIVolumeTestJSON-1419141577 tempest-AttachSCSIVolumeTestJSON-1419141577-project-admin] Registering scheme swift+https with {'store': , 'location_class': , 'store_entry': 'swift'} {{(pid=99751) register_scheme_map /opt/stack/data/venv/lib/python3.12/site-packages/glance_store/location.py:146}}
Jul 15 16:43:55.556670 np0000005204 devstack@g-api.service[99751]: DEBUG glance_store.location [None req-ea055d1b-f2dd-4c5b-8797-566d9a10d216 tempest-AttachSCSIVolumeTestJSON-1419141577 tempest-AttachSCSIVolumeTestJSON-1419141577-project-admin] Registering scheme swift+https with {'store': , 'location_class': , 'store_entry': 'swift'} {{(pid=99751) register_scheme_map /opt/stack/data/venv/lib/python3.12/site-packages/glance_store/location.py:146}}
Jul 15 16:43:55.556886 np0000005204 devstack@g-api.service[99751]: DEBUG glance_store.location [None req-ea055d1b-f2dd-4c5b-8797-566d9a10d216 tempest-AttachSCSIVolumeTestJSON-1419141577 tempest-AttachSCSIVolumeTestJSON-1419141577-project-admin] Registering scheme swift with {'store': , 'location_class': , 'store_entry': 'swift'} {{(pid=99751) register_scheme_map /opt/stack/data/venv/lib/python3.12/site-packages/glance_store/location.py:146}}
Jul 15 16:43:55.557105 np0000005204 devstack@g-api.service[99751]: DEBUG glance_store.location [None req-ea055d1b-f2dd-4c5b-8797-566d9a10d216 tempest-AttachSCSIVolumeTestJSON-1419141577 tempest-AttachSCSIVolumeTestJSON-1419141577-project-admin] Registering scheme swift+https with {'store': , 'location_class': , 'store_entry': 'swift'} {{(pid=99751) register_scheme_map /opt/stack/data/venv/lib/python3.12/site-packages/glance_store/location.py:146}}
Jul 15 16:43:55.557434 np0000005204 devstack@g-api.service[99751]: DEBUG glance_store.location [None req-ea055d1b-f2dd-4c5b-8797-566d9a10d216 tempest-AttachSCSIVolumeTestJSON-1419141577 tempest-AttachSCSIVolumeTestJSON-1419141577-project-admin] Registering scheme swift with {'store': , 'location_class': , 'store_entry': 'swift'} {{(pid=99751) register_scheme_map /opt/stack/data/venv/lib/python3.12/site-packages/glance_store/location.py:146}}
Jul 15 16:43:55.557702 np0000005204 devstack@g-api.service[99751]: DEBUG glance_store.location [None req-ea055d1b-f2dd-4c5b-8797-566d9a10d216 tempest-AttachSCSIVolumeTestJSON-1419141577 tempest-AttachSCSIVolumeTestJSON-1419141577-project-admin] Registering scheme swift+http with {'store': , 'location_class': , 'store_entry': 'swift'} {{(pid=99751) register_scheme_map /opt/stack/data/venv/lib/python3.12/site-packages/glance_store/location.py:146}}
Jul 15 16:43:55.558105 np0000005204 devstack@g-api.service[99751]: DEBUG glance_store.location [None req-ea055d1b-f2dd-4c5b-8797-566d9a10d216 tempest-AttachSCSIVolumeTestJSON-1419141577 tempest-AttachSCSIVolumeTestJSON-1419141577-project-admin] Registering scheme swift+https with {'store': , 'location_class': , 'store_entry': 'swift'} {{(pid=99751) register_scheme_map /opt/stack/data/venv/lib/python3.12/site-packages/glance_store/location.py:146}}
Jul 15 16:43:55.558337 np0000005204 devstack@g-api.service[99751]: DEBUG glance_store.location [None req-ea055d1b-f2dd-4c5b-8797-566d9a10d216 tempest-AttachSCSIVolumeTestJSON-1419141577 tempest-AttachSCSIVolumeTestJSON-1419141577-project-admin] Registering scheme swift with {'store': , 'location_class': , 'store_entry': 'swift'} {{(pid=99751) register_scheme_map /opt/stack/data/venv/lib/python3.12/site-packages/glance_store/location.py:146}}
Jul 15 16:43:55.558547 np0000005204 devstack@g-api.service[99751]: DEBUG glance_store.location [None req-ea055d1b-f2dd-4c5b-8797-566d9a10d216 tempest-AttachSCSIVolumeTestJSON-1419141577 tempest-AttachSCSIVolumeTestJSON-1419141577-project-admin] Registering scheme swift+http with {'store': , 'location_class': , 'store_entry': 'swift'} {{(pid=99751) register_scheme_map /opt/stack/data/venv/lib/python3.12/site-packages/glance_store/location.py:146}}
Jul 15 16:43:55.558739 np0000005204 devstack@g-api.service[99751]: DEBUG glance_store.location [None req-ea055d1b-f2dd-4c5b-8797-566d9a10d216 tempest-AttachSCSIVolumeTestJSON-1419141577 tempest-AttachSCSIVolumeTestJSON-1419141577-project-admin] Registering scheme swift+config with {'store': , 'location_class': , 'store_entry': 'swift'} {{(pid=99751) register_scheme_map /opt/stack/data/venv/lib/python3.12/site-packages/glance_store/location.py:146}}
Jul 15 16:43:55.577624 np0000005204 devstack@g-api.service[99752]: DEBUG glance.api.middleware.version_negotiation [None req-6fa9b76f-6f40-4bfd-be96-07f157148279 tempest-TaggedBootDevicesTest_v242-1810858446 tempest-TaggedBootDevicesTest_v242-1810858446-project-member] Determining version of request: GET /v2/images/51180c78-f136-4942-abb1-11180947cdad Accept: */* {{(pid=99752) process_request /opt/stack/glance/glance/api/middleware/version_negotiation.py:44}}
Jul 15 16:43:55.578591 np0000005204 devstack@g-api.service[99752]: DEBUG glance.api.middleware.version_negotiation [None req-6fa9b76f-6f40-4bfd-be96-07f157148279 tempest-TaggedBootDevicesTest_v242-1810858446 tempest-TaggedBootDevicesTest_v242-1810858446-project-member] Using url versioning {{(pid=99752) process_request /opt/stack/glance/glance/api/middleware/version_negotiation.py:57}}
Jul 15 16:43:55.578591 np0000005204 devstack@g-api.service[99752]: DEBUG glance.api.middleware.version_negotiation [None req-6fa9b76f-6f40-4bfd-be96-07f157148279 tempest-TaggedBootDevicesTest_v242-1810858446 tempest-TaggedBootDevicesTest_v242-1810858446-project-member] Matched version: v2 {{(pid=99752) process_request /opt/stack/glance/glance/api/middleware/version_negotiation.py:69}}
Jul 15 16:43:55.578591 np0000005204 devstack@g-api.service[99752]: DEBUG glance.api.middleware.version_negotiation [None req-6fa9b76f-6f40-4bfd-be96-07f157148279 tempest-TaggedBootDevicesTest_v242-1810858446 tempest-TaggedBootDevicesTest_v242-1810858446-project-member] new path /v2/images/51180c78-f136-4942-abb1-11180947cdad {{(pid=99752) process_request /opt/stack/glance/glance/api/middleware/version_negotiation.py:70}}
Jul 15 16:43:55.589199 np0000005204 devstack@g-api.service[99752]: [pid: 99752|app: 0|req: 30/86] 127.0.0.1 () {44 vars in 1111 bytes} [Wed Jul 15 16:43:55 2026] GET /v2/images/51180c78-f136-4942-abb1-11180947cdad => generated 1044 bytes in 12 msecs (HTTP/1.1 200) 4 headers in 158 bytes (1 switches on core 0)
Jul 15 16:43:55.598774 np0000005204 devstack@g-api.service[99753]: DEBUG glance.api.middleware.version_negotiation [None req-6fa9b76f-6f40-4bfd-be96-07f157148279 tempest-TaggedBootDevicesTest_v242-1810858446 tempest-TaggedBootDevicesTest_v242-1810858446-project-member] Determining version of request: GET /v2/schemas/image Accept: */* {{(pid=99753) process_request /opt/stack/glance/glance/api/middleware/version_negotiation.py:44}}
Jul 15 16:43:55.599179 np0000005204 devstack@g-api.service[99753]: DEBUG glance.api.middleware.version_negotiation [None req-6fa9b76f-6f40-4bfd-be96-07f157148279 tempest-TaggedBootDevicesTest_v242-1810858446 tempest-TaggedBootDevicesTest_v242-1810858446-project-member] Using url versioning {{(pid=99753) process_request /opt/stack/glance/glance/api/middleware/version_negotiation.py:57}}
Jul 15 16:43:55.599641 np0000005204 devstack@g-api.service[99753]: DEBUG glance.api.middleware.version_negotiation [None req-6fa9b76f-6f40-4bfd-be96-07f157148279 tempest-TaggedBootDevicesTest_v242-1810858446 tempest-TaggedBootDevicesTest_v242-1810858446-project-member] Matched version: v2 {{(pid=99753) process_request /opt/stack/glance/glance/api/middleware/version_negotiation.py:69}}
Jul 15 16:43:55.599785 np0000005204 devstack@g-api.service[99753]: DEBUG glance.api.middleware.version_negotiation [None req-6fa9b76f-6f40-4bfd-be96-07f157148279 tempest-TaggedBootDevicesTest_v242-1810858446 tempest-TaggedBootDevicesTest_v242-1810858446-project-member] new path /v2/schemas/image {{(pid=99753) process_request /opt/stack/glance/glance/api/middleware/version_negotiation.py:70}}
Jul 15 16:43:55.604727 np0000005204 devstack@g-api.service[99753]: [pid: 99753|app: 0|req: 24/87] 127.0.0.1 () {44 vars in 1051 bytes} [Wed Jul 15 16:43:55 2026] GET /v2/schemas/image => generated 6083 bytes in 6 msecs (HTTP/1.1 200) 4 headers in 158 bytes (1 switches on core 0)
Jul 15 16:43:55.977828 np0000005204 devstack@g-api.service[99751]: DEBUG swiftclient [None req-ea055d1b-f2dd-4c5b-8797-566d9a10d216 tempest-AttachSCSIVolumeTestJSON-1419141577 tempest-AttachSCSIVolumeTestJSON-1419141577-project-admin] REQ: curl -i https://10.4.3.23:8080/v1/AUTH_5cedab8f812c4d3fb223a2bf4d927ba2/glance -I -H "X-Auth-Token: gAAAAABqV7jLBWy4..." {{(pid=99751) http_log /opt/stack/data/venv/lib/python3.12/site-packages/swiftclient/client.py:160}}
Jul 15 16:43:55.977993 np0000005204 devstack@g-api.service[99751]: DEBUG swiftclient [None req-ea055d1b-f2dd-4c5b-8797-566d9a10d216 tempest-AttachSCSIVolumeTestJSON-1419141577 tempest-AttachSCSIVolumeTestJSON-1419141577-project-admin] RESP STATUS: 204 No Content {{(pid=99751) http_log /opt/stack/data/venv/lib/python3.12/site-packages/swiftclient/client.py:161}}
Jul 15 16:43:55.978234 np0000005204 devstack@g-api.service[99751]: DEBUG swiftclient [None req-ea055d1b-f2dd-4c5b-8797-566d9a10d216 tempest-AttachSCSIVolumeTestJSON-1419141577 tempest-AttachSCSIVolumeTestJSON-1419141577-project-admin] RESP HEADERS: {'Date': 'Wed, 15 Jul 2026 16:43:55 GMT', 'Server': 'Apache/2.4.58 (Ubuntu)', 'Content-Type': 'text/plain; charset=utf-8', 'X-Container-Object-Count': '3', 'X-Container-Bytes-Used': '64356352', 'X-Timestamp': '1784133710.39872', 'Last-Modified': 'Wed, 15 Jul 2026 16:41:51 GMT', 'Accept-Ranges': 'bytes', 'X-Storage-Policy': 'Policy-0', 'X-Container-Sharding': 'False', 'Vary': 'Accept', 'X-Trans-Id': 'tx333bbc9b1d0543e481a6b-006a57b8cb', 'X-Openstack-Request-Id': 'tx333bbc9b1d0543e481a6b-006a57b8cb', 'Connection': 'close'} {{(pid=99751) http_log /opt/stack/data/venv/lib/python3.12/site-packages/swiftclient/client.py:162}}
Jul 15 16:43:55.978462 np0000005204 devstack@g-api.service[99751]: DEBUG glance_store._drivers.swift.store [None req-ea055d1b-f2dd-4c5b-8797-566d9a10d216 tempest-AttachSCSIVolumeTestJSON-1419141577 tempest-AttachSCSIVolumeTestJSON-1419141577-project-admin] Adding image object '4ee9967e-547a-4575-8588-3ec0cefa7b81' to Swift {{(pid=99751) add /opt/stack/data/venv/lib/python3.12/site-packages/glance_store/_drivers/swift/store.py:970}}
Jul 15 16:43:55.978597 np0000005204 devstack@g-api.service[99751]: DEBUG glance_store._drivers.swift.store [None req-ea055d1b-f2dd-4c5b-8797-566d9a10d216 tempest-AttachSCSIVolumeTestJSON-1419141577 tempest-AttachSCSIVolumeTestJSON-1419141577-project-admin] Cannot determine image size because it is either not provided in the request or chunked-transfer encoding is used. Adding image as a segmented object to Swift. {{(pid=99751) add /opt/stack/data/venv/lib/python3.12/site-packages/glance_store/_drivers/swift/store.py:994}}
Jul 15 16:43:55.991324 np0000005204 devstack@g-api.service[99751]: DEBUG oslo_utils.imageutils.format_inspector [None req-ea055d1b-f2dd-4c5b-8797-566d9a10d216 tempest-AttachSCSIVolumeTestJSON-1419141577 tempest-AttachSCSIVolumeTestJSON-1419141577-project-admin] Format inspector for vmdk does not match, excluding from consideration (Signature KDMV not found: b'QFI\xfb') {{(pid=99751) _process_chunk /opt/stack/data/venv/lib/python3.12/site-packages/oslo_utils/imageutils/format_inspector.py:1758}}
Jul 15 16:43:55.998164 np0000005204 devstack@g-api.service[99751]: DEBUG oslo_utils.imageutils.format_inspector [None req-ea055d1b-f2dd-4c5b-8797-566d9a10d216 tempest-AttachSCSIVolumeTestJSON-1419141577 tempest-AttachSCSIVolumeTestJSON-1419141577-project-admin] Format inspector for vhdx does not match, excluding from consideration (Region signature not found at 30000) {{(pid=99751) _process_chunk /opt/stack/data/venv/lib/python3.12/site-packages/oslo_utils/imageutils/format_inspector.py:1758}}
Jul 15 16:43:56.233878 np0000005204 devstack@g-api.service[99751]: DEBUG swiftclient [None req-ea055d1b-f2dd-4c5b-8797-566d9a10d216 tempest-AttachSCSIVolumeTestJSON-1419141577 tempest-AttachSCSIVolumeTestJSON-1419141577-project-admin] REQ: curl -i https://10.4.3.23:8080/v1/AUTH_5cedab8f812c4d3fb223a2bf4d927ba2/glance/4ee9967e-547a-4575-8588-3ec0cefa7b81-00001 -X PUT -H "X-Auth-Token: gAAAAABqV7jLBWy4..." {{(pid=99751) http_log /opt/stack/data/venv/lib/python3.12/site-packages/swiftclient/client.py:160}}
Jul 15 16:43:56.234063 np0000005204 devstack@g-api.service[99751]: DEBUG swiftclient [None req-ea055d1b-f2dd-4c5b-8797-566d9a10d216 tempest-AttachSCSIVolumeTestJSON-1419141577 tempest-AttachSCSIVolumeTestJSON-1419141577-project-admin] RESP STATUS: 201 Created {{(pid=99751) http_log /opt/stack/data/venv/lib/python3.12/site-packages/swiftclient/client.py:161}}
Jul 15 16:43:56.234235 np0000005204 devstack@g-api.service[99751]: DEBUG swiftclient [None req-ea055d1b-f2dd-4c5b-8797-566d9a10d216 tempest-AttachSCSIVolumeTestJSON-1419141577 tempest-AttachSCSIVolumeTestJSON-1419141577-project-admin] RESP HEADERS: {'Date': 'Wed, 15 Jul 2026 16:43:56 GMT', 'Server': 'Apache/2.4.58 (Ubuntu)', 'Content-Type': 'text/html; charset=UTF-8', 'Content-Length': '0', 'Etag': '87617e24a5e30cb3b87fda8c0764838f', 'Last-Modified': 'Wed, 15 Jul 2026 16:43:56 GMT', 'X-Trans-Id': 'tx7c11fe81bd3f421bbcfaf-006a57b8cb', 'X-Openstack-Request-Id': 'tx7c11fe81bd3f421bbcfaf-006a57b8cb', 'Connection': 'close'} {{(pid=99751) http_log /opt/stack/data/venv/lib/python3.12/site-packages/swiftclient/client.py:162}}
Jul 15 16:43:56.234445 np0000005204 devstack@g-api.service[99751]: DEBUG glance_store._drivers.swift.store [None req-ea055d1b-f2dd-4c5b-8797-566d9a10d216 tempest-AttachSCSIVolumeTestJSON-1419141577 tempest-AttachSCSIVolumeTestJSON-1419141577-project-admin] Wrote chunk 4ee9967e-547a-4575-8588-3ec0cefa7b81-00001 (1/?) of length 21692416 to Swift returning MD5 of content: 87617e24a5e30cb3b87fda8c0764838f {{(pid=99751) add /opt/stack/data/venv/lib/python3.12/site-packages/glance_store/_drivers/swift/store.py:1059}}
Jul 15 16:43:56.240567 np0000005204 devstack@g-api.service[99751]: DEBUG glance_store._drivers.swift.store [None req-ea055d1b-f2dd-4c5b-8797-566d9a10d216 tempest-AttachSCSIVolumeTestJSON-1419141577 tempest-AttachSCSIVolumeTestJSON-1419141577-project-admin] Not writing zero-length chunk. {{(pid=99751) add /opt/stack/data/venv/lib/python3.12/site-packages/glance_store/_drivers/swift/store.py:1028}}
Jul 15 16:43:56.273719 np0000005204 devstack@g-api.service[99751]: DEBUG swiftclient [None req-ea055d1b-f2dd-4c5b-8797-566d9a10d216 tempest-AttachSCSIVolumeTestJSON-1419141577 tempest-AttachSCSIVolumeTestJSON-1419141577-project-admin] REQ: curl -i https://10.4.3.23:8080/v1/AUTH_5cedab8f812c4d3fb223a2bf4d927ba2/glance/4ee9967e-547a-4575-8588-3ec0cefa7b81 -X PUT -H "X-Object-Manifest: glance/4ee9967e-547a-4575-8588-3ec0cefa7b81-" -H "X-Auth-Token: gAAAAABqV7jLBWy4..." -H "Content-Length: 0" {{(pid=99751) http_log /opt/stack/data/venv/lib/python3.12/site-packages/swiftclient/client.py:160}}
Jul 15 16:43:56.273910 np0000005204 devstack@g-api.service[99751]: DEBUG swiftclient [None req-ea055d1b-f2dd-4c5b-8797-566d9a10d216 tempest-AttachSCSIVolumeTestJSON-1419141577 tempest-AttachSCSIVolumeTestJSON-1419141577-project-admin] RESP STATUS: 201 Created {{(pid=99751) http_log /opt/stack/data/venv/lib/python3.12/site-packages/swiftclient/client.py:161}}
Jul 15 16:43:56.274147 np0000005204 devstack@g-api.service[99751]: DEBUG swiftclient [None req-ea055d1b-f2dd-4c5b-8797-566d9a10d216 tempest-AttachSCSIVolumeTestJSON-1419141577 tempest-AttachSCSIVolumeTestJSON-1419141577-project-admin] RESP HEADERS: {'Date': 'Wed, 15 Jul 2026 16:43:56 GMT', 'Server': 'Apache/2.4.58 (Ubuntu)', 'Content-Type': 'text/html; charset=UTF-8', 'Content-Length': '0', 'Etag': 'd41d8cd98f00b204e9800998ecf8427e', 'Last-Modified': 'Wed, 15 Jul 2026 16:43:57 GMT', 'X-Trans-Id': 'txdfac19f2f6b043aa9fe53-006a57b8cc', 'X-Openstack-Request-Id': 'txdfac19f2f6b043aa9fe53-006a57b8cc', 'Connection': 'close'} {{(pid=99751) http_log /opt/stack/data/venv/lib/python3.12/site-packages/swiftclient/client.py:162}}
Jul 15 16:43:56.274829 np0000005204 devstack@g-api.service[99751]: INFO glance.location [None req-ea055d1b-f2dd-4c5b-8797-566d9a10d216 tempest-AttachSCSIVolumeTestJSON-1419141577 tempest-AttachSCSIVolumeTestJSON-1419141577-project-admin] Image format matched and virtual size computed: 117440512
Jul 15 16:43:56.304416 np0000005204 devstack@g-api.service[99751]: DEBUG glance_store.backend [None req-ea055d1b-f2dd-4c5b-8797-566d9a10d216 tempest-AttachSCSIVolumeTestJSON-1419141577 tempest-AttachSCSIVolumeTestJSON-1419141577-project-admin] Attempting to import store swift {{(pid=99751) _load_store /opt/stack/data/venv/lib/python3.12/site-packages/glance_store/backend.py:215}}
Jul 15 16:43:56.306518 np0000005204 devstack@g-api.service[99751]: DEBUG glance_store.capabilities [None req-ea055d1b-f2dd-4c5b-8797-566d9a10d216 tempest-AttachSCSIVolumeTestJSON-1419141577 tempest-AttachSCSIVolumeTestJSON-1419141577-project-admin] Store glance_store._drivers.swift.store.SingleTenantStore doesn't support updating dynamic storage capabilities. Please overwrite 'update_capabilities' method of the store to implement updating logics if needed. {{(pid=99751) update_capabilities /opt/stack/data/venv/lib/python3.12/site-packages/glance_store/capabilities.py:91}}
Jul 15 16:43:56.306518 np0000005204 devstack@g-api.service[99751]: DEBUG glance_store.driver [None req-ea055d1b-f2dd-4c5b-8797-566d9a10d216 tempest-AttachSCSIVolumeTestJSON-1419141577 tempest-AttachSCSIVolumeTestJSON-1419141577-project-admin] Late loading location class glance_store._drivers.swift.store.StoreLocation {{(pid=99751) get_store_location_class /opt/stack/data/venv/lib/python3.12/site-packages/glance_store/driver.py:134}}
Jul 15 16:43:56.306518 np0000005204 devstack@g-api.service[99751]: DEBUG glance_store.location [None req-ea055d1b-f2dd-4c5b-8797-566d9a10d216 tempest-AttachSCSIVolumeTestJSON-1419141577 tempest-AttachSCSIVolumeTestJSON-1419141577-project-admin] Registering scheme swift+https with {'store': , 'location_class': , 'store_entry': 'swift'} {{(pid=99751) register_scheme_map /opt/stack/data/venv/lib/python3.12/site-packages/glance_store/location.py:146}}
Jul 15 16:43:56.306753 np0000005204 devstack@g-api.service[99751]: DEBUG glance_store.location [None req-ea055d1b-f2dd-4c5b-8797-566d9a10d216 tempest-AttachSCSIVolumeTestJSON-1419141577 tempest-AttachSCSIVolumeTestJSON-1419141577-project-admin] Registering scheme swift+https with {'store': , 'location_class': , 'store_entry': 'swift'} {{(pid=99751) register_scheme_map /opt/stack/data/venv/lib/python3.12/site-packages/glance_store/location.py:146}}
Jul 15 16:43:56.306753 np0000005204 devstack@g-api.service[99751]: DEBUG glance_store.location [None req-ea055d1b-f2dd-4c5b-8797-566d9a10d216 tempest-AttachSCSIVolumeTestJSON-1419141577 tempest-AttachSCSIVolumeTestJSON-1419141577-project-admin] Registering scheme swift with {'store': , 'location_class': , 'store_entry': 'swift'} {{(pid=99751) register_scheme_map /opt/stack/data/venv/lib/python3.12/site-packages/glance_store/location.py:146}}
Jul 15 16:43:56.306753 np0000005204 devstack@g-api.service[99751]: DEBUG glance_store.location [None req-ea055d1b-f2dd-4c5b-8797-566d9a10d216 tempest-AttachSCSIVolumeTestJSON-1419141577 tempest-AttachSCSIVolumeTestJSON-1419141577-project-admin] Registering scheme swift+https with {'store': , 'location_class': , 'store_entry': 'swift'} {{(pid=99751) register_scheme_map /opt/stack/data/venv/lib/python3.12/site-packages/glance_store/location.py:146}}
Jul 15 16:43:56.306918 np0000005204 devstack@g-api.service[99751]: DEBUG glance_store.location [None req-ea055d1b-f2dd-4c5b-8797-566d9a10d216 tempest-AttachSCSIVolumeTestJSON-1419141577 tempest-AttachSCSIVolumeTestJSON-1419141577-project-admin] Registering scheme swift with {'store': , 'location_class': , 'store_entry': 'swift'} {{(pid=99751) register_scheme_map /opt/stack/data/venv/lib/python3.12/site-packages/glance_store/location.py:146}}
Jul 15 16:43:56.306918 np0000005204 devstack@g-api.service[99751]: DEBUG glance_store.location [None req-ea055d1b-f2dd-4c5b-8797-566d9a10d216 tempest-AttachSCSIVolumeTestJSON-1419141577 tempest-AttachSCSIVolumeTestJSON-1419141577-project-admin] Registering scheme swift+http with {'store': , 'location_class': , 'store_entry': 'swift'} {{(pid=99751) register_scheme_map /opt/stack/data/venv/lib/python3.12/site-packages/glance_store/location.py:146}}
Jul 15 16:43:56.306918 np0000005204 devstack@g-api.service[99751]: DEBUG glance_store.location [None req-ea055d1b-f2dd-4c5b-8797-566d9a10d216 tempest-AttachSCSIVolumeTestJSON-1419141577 tempest-AttachSCSIVolumeTestJSON-1419141577-project-admin] Registering scheme swift+https with {'store': , 'location_class': , 'store_entry': 'swift'} {{(pid=99751) register_scheme_map /opt/stack/data/venv/lib/python3.12/site-packages/glance_store/location.py:146}}
Jul 15 16:43:56.307144 np0000005204 devstack@g-api.service[99751]: DEBUG glance_store.location [None req-ea055d1b-f2dd-4c5b-8797-566d9a10d216 tempest-AttachSCSIVolumeTestJSON-1419141577 tempest-AttachSCSIVolumeTestJSON-1419141577-project-admin] Registering scheme swift with {'store': , 'location_class': , 'store_entry': 'swift'} {{(pid=99751) register_scheme_map /opt/stack/data/venv/lib/python3.12/site-packages/glance_store/location.py:146}}
Jul 15 16:43:56.307144 np0000005204 devstack@g-api.service[99751]: DEBUG glance_store.location [None req-ea055d1b-f2dd-4c5b-8797-566d9a10d216 tempest-AttachSCSIVolumeTestJSON-1419141577 tempest-AttachSCSIVolumeTestJSON-1419141577-project-admin] Registering scheme swift+http with {'store': , 'location_class': , 'store_entry': 'swift'} {{(pid=99751) register_scheme_map /opt/stack/data/venv/lib/python3.12/site-packages/glance_store/location.py:146}}
Jul 15 16:43:56.307144 np0000005204 devstack@g-api.service[99751]: DEBUG glance_store.location [None req-ea055d1b-f2dd-4c5b-8797-566d9a10d216 tempest-AttachSCSIVolumeTestJSON-1419141577 tempest-AttachSCSIVolumeTestJSON-1419141577-project-admin] Registering scheme swift+config with {'store': , 'location_class': , 'store_entry': 'swift'} {{(pid=99751) register_scheme_map /opt/stack/data/venv/lib/python3.12/site-packages/glance_store/location.py:146}}
Jul 15 16:43:56.307144 np0000005204 devstack@g-api.service[99751]: DEBUG glance_store.backend [None req-ea055d1b-f2dd-4c5b-8797-566d9a10d216 tempest-AttachSCSIVolumeTestJSON-1419141577 tempest-AttachSCSIVolumeTestJSON-1419141577-project-admin] Skipping store.set_acls... not implemented. {{(pid=99751) set_acls /opt/stack/data/venv/lib/python3.12/site-packages/glance_store/backend.py:507}}
Jul 15 16:43:56.308592 np0000005204 devstack@g-api.service[99751]: [pid: 99751|app: 0|req: 34/88] 127.0.0.1 () {40 vars in 854 bytes} [Wed Jul 15 16:43:54 2026] PUT /v2/images/4ee9967e-547a-4575-8588-3ec0cefa7b81/file => generated 0 bytes in 2197 msecs (HTTP/1.1 204) 4 headers in 171 bytes (1 switches on core 0)
Jul 15 16:43:56.568137 np0000005204 devstack@g-api.service[99752]: DEBUG glance.api.middleware.version_negotiation [None req-483d129f-9af2-4729-bf61-f69a3d4f52d9 tempest-ServerActionsV293TestJSON-597478199 tempest-ServerActionsV293TestJSON-597478199-project-member] Determining version of request: GET /v2/images/51180c78-f136-4942-abb1-11180947cdad Accept: */* {{(pid=99752) process_request /opt/stack/glance/glance/api/middleware/version_negotiation.py:44}}
Jul 15 16:43:56.568550 np0000005204 devstack@g-api.service[99752]: DEBUG glance.api.middleware.version_negotiation [None req-483d129f-9af2-4729-bf61-f69a3d4f52d9 tempest-ServerActionsV293TestJSON-597478199 tempest-ServerActionsV293TestJSON-597478199-project-member] Using url versioning {{(pid=99752) process_request /opt/stack/glance/glance/api/middleware/version_negotiation.py:57}}
Jul 15 16:43:56.568550 np0000005204 devstack@g-api.service[99752]: DEBUG glance.api.middleware.version_negotiation [None req-483d129f-9af2-4729-bf61-f69a3d4f52d9 tempest-ServerActionsV293TestJSON-597478199 tempest-ServerActionsV293TestJSON-597478199-project-member] Matched version: v2 {{(pid=99752) process_request /opt/stack/glance/glance/api/middleware/version_negotiation.py:69}}
Jul 15 16:43:56.568687 np0000005204 devstack@g-api.service[99752]: DEBUG glance.api.middleware.version_negotiation [None req-483d129f-9af2-4729-bf61-f69a3d4f52d9 tempest-ServerActionsV293TestJSON-597478199 tempest-ServerActionsV293TestJSON-597478199-project-member] new path /v2/images/51180c78-f136-4942-abb1-11180947cdad {{(pid=99752) process_request /opt/stack/glance/glance/api/middleware/version_negotiation.py:70}}
Jul 15 16:43:56.590104 np0000005204 devstack@g-api.service[99752]: [pid: 99752|app: 0|req: 31/89] 127.0.0.1 () {44 vars in 1111 bytes} [Wed Jul 15 16:43:56 2026] GET /v2/images/51180c78-f136-4942-abb1-11180947cdad => generated 1044 bytes in 22 msecs (HTTP/1.1 200) 4 headers in 158 bytes (1 switches on core 0)
Jul 15 16:43:56.601373 np0000005204 devstack@g-api.service[99753]: DEBUG glance.api.middleware.version_negotiation [None req-483d129f-9af2-4729-bf61-f69a3d4f52d9 tempest-ServerActionsV293TestJSON-597478199 tempest-ServerActionsV293TestJSON-597478199-project-member] Determining version of request: GET /v2/schemas/image Accept: */* {{(pid=99753) process_request /opt/stack/glance/glance/api/middleware/version_negotiation.py:44}}
Jul 15 16:43:56.601876 np0000005204 devstack@g-api.service[99753]: DEBUG glance.api.middleware.version_negotiation [None req-483d129f-9af2-4729-bf61-f69a3d4f52d9 tempest-ServerActionsV293TestJSON-597478199 tempest-ServerActionsV293TestJSON-597478199-project-member] Using url versioning {{(pid=99753) process_request /opt/stack/glance/glance/api/middleware/version_negotiation.py:57}}
Jul 15 16:43:56.601876 np0000005204 devstack@g-api.service[99753]: DEBUG glance.api.middleware.version_negotiation [None req-483d129f-9af2-4729-bf61-f69a3d4f52d9 tempest-ServerActionsV293TestJSON-597478199 tempest-ServerActionsV293TestJSON-597478199-project-member] Matched version: v2 {{(pid=99753) process_request /opt/stack/glance/glance/api/middleware/version_negotiation.py:69}}
Jul 15 16:43:56.601991 np0000005204 devstack@g-api.service[99753]: DEBUG glance.api.middleware.version_negotiation [None req-483d129f-9af2-4729-bf61-f69a3d4f52d9 tempest-ServerActionsV293TestJSON-597478199 tempest-ServerActionsV293TestJSON-597478199-project-member] new path /v2/schemas/image {{(pid=99753) process_request /opt/stack/glance/glance/api/middleware/version_negotiation.py:70}}
Jul 15 16:43:56.602457 np0000005204 devstack@g-api.service[99751]: DEBUG glance.api.middleware.version_negotiation [None req-ea055d1b-f2dd-4c5b-8797-566d9a10d216 tempest-AttachSCSIVolumeTestJSON-1419141577 tempest-AttachSCSIVolumeTestJSON-1419141577-project-admin] Determining version of request: GET /versions Accept: */* {{(pid=99751) process_request /opt/stack/glance/glance/api/middleware/version_negotiation.py:44}}
Jul 15 16:43:56.603131 np0000005204 devstack@g-api.service[99751]: [pid: 99751|app: 0|req: 35/90] 127.0.0.1 () {44 vars in 1035 bytes} [Wed Jul 15 16:43:56 2026] GET /versions => generated 1501 bytes in 1 msecs (HTTP/1.1 200) 3 headers in 92 bytes (1 switches on core 0)
Jul 15 16:43:56.604669 np0000005204 devstack@g-api.service[99753]: [pid: 99753|app: 0|req: 25/91] 127.0.0.1 () {44 vars in 1051 bytes} [Wed Jul 15 16:43:56 2026] GET /v2/schemas/image => generated 6083 bytes in 3 msecs (HTTP/1.1 200) 4 headers in 158 bytes (1 switches on core 0)
Jul 15 16:43:56.611054 np0000005204 devstack@g-api.service[99752]: DEBUG glance.api.middleware.version_negotiation [None req-483d129f-9af2-4729-bf61-f69a3d4f52d9 tempest-ServerActionsV293TestJSON-597478199 tempest-ServerActionsV293TestJSON-597478199-project-member] Determining version of request: GET /v2/images/51180c78-f136-4942-abb1-11180947cdad/locations Accept: */* {{(pid=99752) process_request /opt/stack/glance/glance/api/middleware/version_negotiation.py:44}}
Jul 15 16:43:56.611054 np0000005204 devstack@g-api.service[99752]: DEBUG glance.api.middleware.version_negotiation [None req-483d129f-9af2-4729-bf61-f69a3d4f52d9 tempest-ServerActionsV293TestJSON-597478199 tempest-ServerActionsV293TestJSON-597478199-project-member] Using url versioning {{(pid=99752) process_request /opt/stack/glance/glance/api/middleware/version_negotiation.py:57}}
Jul 15 16:43:56.611054 np0000005204 devstack@g-api.service[99752]: DEBUG glance.api.middleware.version_negotiation [None req-483d129f-9af2-4729-bf61-f69a3d4f52d9 tempest-ServerActionsV293TestJSON-597478199 tempest-ServerActionsV293TestJSON-597478199-project-member] Matched version: v2 {{(pid=99752) process_request /opt/stack/glance/glance/api/middleware/version_negotiation.py:69}}
Jul 15 16:43:56.611054 np0000005204 devstack@g-api.service[99752]: DEBUG glance.api.middleware.version_negotiation [None req-483d129f-9af2-4729-bf61-f69a3d4f52d9 tempest-ServerActionsV293TestJSON-597478199 tempest-ServerActionsV293TestJSON-597478199-project-member] new path /v2/images/51180c78-f136-4942-abb1-11180947cdad/locations {{(pid=99752) process_request /opt/stack/glance/glance/api/middleware/version_negotiation.py:70}}
Jul 15 16:43:56.678870 np0000005204 devstack@g-api.service[99751]: DEBUG glance.api.middleware.version_negotiation [None req-ea055d1b-f2dd-4c5b-8797-566d9a10d216 tempest-AttachSCSIVolumeTestJSON-1419141577 tempest-AttachSCSIVolumeTestJSON-1419141577-project-admin] Determining version of request: GET /versions Accept: */* {{(pid=99751) process_request /opt/stack/glance/glance/api/middleware/version_negotiation.py:44}}
Jul 15 16:43:56.679397 np0000005204 devstack@g-api.service[99751]: [pid: 99751|app: 0|req: 36/92] 127.0.0.1 () {44 vars in 1035 bytes} [Wed Jul 15 16:43:56 2026] GET /versions => generated 1501 bytes in 0 msecs (HTTP/1.1 200) 3 headers in 92 bytes (1 switches on core 0)
Jul 15 16:43:56.688702 np0000005204 devstack@g-api.service[99753]: DEBUG glance.api.middleware.version_negotiation [None req-483d129f-9af2-4729-bf61-f69a3d4f52d9 tempest-ServerActionsV293TestJSON-597478199 tempest-ServerActionsV293TestJSON-597478199-project-member] Determining version of request: GET /v2/images/51180c78-f136-4942-abb1-11180947cdad/locations Accept: */* {{(pid=99753) process_request /opt/stack/glance/glance/api/middleware/version_negotiation.py:44}}
Jul 15 16:43:56.688817 np0000005204 devstack@g-api.service[99753]: DEBUG glance.api.middleware.version_negotiation [None req-483d129f-9af2-4729-bf61-f69a3d4f52d9 tempest-ServerActionsV293TestJSON-597478199 tempest-ServerActionsV293TestJSON-597478199-project-member] Using url versioning {{(pid=99753) process_request /opt/stack/glance/glance/api/middleware/version_negotiation.py:57}}
Jul 15 16:43:56.688922 np0000005204 devstack@g-api.service[99753]: DEBUG glance.api.middleware.version_negotiation [None req-483d129f-9af2-4729-bf61-f69a3d4f52d9 tempest-ServerActionsV293TestJSON-597478199 tempest-ServerActionsV293TestJSON-597478199-project-member] Matched version: v2 {{(pid=99753) process_request /opt/stack/glance/glance/api/middleware/version_negotiation.py:69}}
Jul 15 16:43:56.689011 np0000005204 devstack@g-api.service[99753]: DEBUG glance.api.middleware.version_negotiation [None req-483d129f-9af2-4729-bf61-f69a3d4f52d9 tempest-ServerActionsV293TestJSON-597478199 tempest-ServerActionsV293TestJSON-597478199-project-member] new path /v2/images/51180c78-f136-4942-abb1-11180947cdad/locations {{(pid=99753) process_request /opt/stack/glance/glance/api/middleware/version_negotiation.py:70}}
Jul 15 16:43:56.828383 np0000005204 devstack@g-api.service[99753]: [pid: 99753|app: 0|req: 26/93] 127.0.0.1 () {44 vars in 1131 bytes} [Wed Jul 15 16:43:56 2026] GET /v2/images/51180c78-f136-4942-abb1-11180947cdad/locations => generated 92 bytes in 139 msecs (HTTP/1.1 200) 4 headers in 156 bytes (1 switches on core 0)
Jul 15 16:43:56.832804 np0000005204 devstack@g-api.service[99752]: [pid: 99752|app: 0|req: 32/94] 127.0.0.1 () {44 vars in 1131 bytes} [Wed Jul 15 16:43:56 2026] GET /v2/images/51180c78-f136-4942-abb1-11180947cdad/locations => generated 92 bytes in 223 msecs (HTTP/1.1 200) 4 headers in 156 bytes (1 switches on core 0)
Jul 15 16:43:56.839531 np0000005204 devstack@g-api.service[99751]: DEBUG glance.api.middleware.version_negotiation [None req-ea055d1b-f2dd-4c5b-8797-566d9a10d216 tempest-AttachSCSIVolumeTestJSON-1419141577 tempest-AttachSCSIVolumeTestJSON-1419141577-project-admin] Determining version of request: GET /v2/images/51180c78-f136-4942-abb1-11180947cdad Accept: */* {{(pid=99751) process_request /opt/stack/glance/glance/api/middleware/version_negotiation.py:44}}
Jul 15 16:43:56.839710 np0000005204 devstack@g-api.service[99751]: DEBUG glance.api.middleware.version_negotiation [None req-ea055d1b-f2dd-4c5b-8797-566d9a10d216 tempest-AttachSCSIVolumeTestJSON-1419141577 tempest-AttachSCSIVolumeTestJSON-1419141577-project-admin] Using url versioning {{(pid=99751) process_request /opt/stack/glance/glance/api/middleware/version_negotiation.py:57}}
Jul 15 16:43:56.839917 np0000005204 devstack@g-api.service[99751]: DEBUG glance.api.middleware.version_negotiation [None req-ea055d1b-f2dd-4c5b-8797-566d9a10d216 tempest-AttachSCSIVolumeTestJSON-1419141577 tempest-AttachSCSIVolumeTestJSON-1419141577-project-admin] Matched version: v2 {{(pid=99751) process_request /opt/stack/glance/glance/api/middleware/version_negotiation.py:69}}
Jul 15 16:43:56.840030 np0000005204 devstack@g-api.service[99751]: DEBUG glance.api.middleware.version_negotiation [None req-ea055d1b-f2dd-4c5b-8797-566d9a10d216 tempest-AttachSCSIVolumeTestJSON-1419141577 tempest-AttachSCSIVolumeTestJSON-1419141577-project-admin] new path /v2/images/51180c78-f136-4942-abb1-11180947cdad {{(pid=99751) process_request /opt/stack/glance/glance/api/middleware/version_negotiation.py:70}}
Jul 15 16:43:56.846860 np0000005204 devstack@g-api.service[99753]: DEBUG glance.api.middleware.version_negotiation [None req-6fa9b76f-6f40-4bfd-be96-07f157148279 service glance] Determining version of request: GET /v2/images/51180c78-f136-4942-abb1-11180947cdad Accept: */* {{(pid=99753) process_request /opt/stack/glance/glance/api/middleware/version_negotiation.py:44}}
Jul 15 16:43:56.847005 np0000005204 devstack@g-api.service[99753]: DEBUG glance.api.middleware.version_negotiation [None req-6fa9b76f-6f40-4bfd-be96-07f157148279 service glance] Using url versioning {{(pid=99753) process_request /opt/stack/glance/glance/api/middleware/version_negotiation.py:57}}
Jul 15 16:43:56.847126 np0000005204 devstack@g-api.service[99753]: DEBUG glance.api.middleware.version_negotiation [None req-6fa9b76f-6f40-4bfd-be96-07f157148279 service glance] Matched version: v2 {{(pid=99753) process_request /opt/stack/glance/glance/api/middleware/version_negotiation.py:69}}
Jul 15 16:43:56.847213 np0000005204 devstack@g-api.service[99753]: DEBUG glance.api.middleware.version_negotiation [None req-6fa9b76f-6f40-4bfd-be96-07f157148279 service glance] new path /v2/images/51180c78-f136-4942-abb1-11180947cdad {{(pid=99753) process_request /opt/stack/glance/glance/api/middleware/version_negotiation.py:70}}
Jul 15 16:43:56.858939 np0000005204 devstack@g-api.service[99751]: [pid: 99751|app: 0|req: 37/95] 127.0.0.1 () {44 vars in 1111 bytes} [Wed Jul 15 16:43:56 2026] GET /v2/images/51180c78-f136-4942-abb1-11180947cdad => generated 1044 bytes in 19 msecs (HTTP/1.1 200) 4 headers in 158 bytes (1 switches on core 0)
Jul 15 16:43:56.859002 np0000005204 devstack@g-api.service[99753]: [pid: 99753|app: 0|req: 27/96] 127.0.0.1 () {44 vars in 1111 bytes} [Wed Jul 15 16:43:56 2026] GET /v2/images/51180c78-f136-4942-abb1-11180947cdad => generated 1044 bytes in 12 msecs (HTTP/1.1 200) 4 headers in 158 bytes (1 switches on core 0)
Jul 15 16:43:56.869305 np0000005204 devstack@g-api.service[99752]: DEBUG glance.api.middleware.version_negotiation [None req-15e91af2-7fbc-46c1-8099-02bcf8291d06 service glance] Determining version of request: GET /v2/schemas/image Accept: */* {{(pid=99752) process_request /opt/stack/glance/glance/api/middleware/version_negotiation.py:44}}
Jul 15 16:43:56.869482 np0000005204 devstack@g-api.service[99752]: DEBUG glance.api.middleware.version_negotiation [None req-15e91af2-7fbc-46c1-8099-02bcf8291d06 service glance] Using url versioning {{(pid=99752) process_request /opt/stack/glance/glance/api/middleware/version_negotiation.py:57}}
Jul 15 16:43:56.869678 np0000005204 devstack@g-api.service[99752]: DEBUG glance.api.middleware.version_negotiation [None req-15e91af2-7fbc-46c1-8099-02bcf8291d06 service glance] Matched version: v2 {{(pid=99752) process_request /opt/stack/glance/glance/api/middleware/version_negotiation.py:69}}
Jul 15 16:43:56.870325 np0000005204 devstack@g-api.service[99752]: DEBUG glance.api.middleware.version_negotiation [None req-15e91af2-7fbc-46c1-8099-02bcf8291d06 service glance] new path /v2/schemas/image {{(pid=99752) process_request /opt/stack/glance/glance/api/middleware/version_negotiation.py:70}}
Jul 15 16:43:56.873464 np0000005204 devstack@g-api.service[99752]: [pid: 99752|app: 0|req: 33/97] 127.0.0.1 () {44 vars in 1051 bytes} [Wed Jul 15 16:43:56 2026] GET /v2/schemas/image => generated 6083 bytes in 4 msecs (HTTP/1.1 200) 4 headers in 158 bytes (1 switches on core 0)
