Jul 15 16:41:42.060579 np0000005204 devstack@neutron-api.service[87596]: DEBUG neutron.plugins.ml2.drivers.ovn.mech_driver.ovsdb.maintenance [-] Touching Hash Ring node "1c241bc419ae5fdcb846447cf004e859" from periodic health check thread {{(pid=87596) touch_hash_ring_node /opt/stack/neutron/neutron/plugins/ml2/drivers/ovn/mech_driver/ovsdb/maintenance.py:1417}}
Jul 15 16:41:42.953773 np0000005204 devstack@neutron-api.service[87595]: DEBUG futurist.periodics [-] Submitting periodic callback 'neutron.plugins.ml2.drivers.ovn.mech_driver.ovsdb.maintenance.HashRingHealthCheckPeriodics.touch_hash_ring_node' {{(pid=87595) _process_scheduled /opt/stack/data/venv/lib/python3.12/site-packages/futurist/periodics.py:784}}
Jul 15 16:41:42.954335 np0000005204 devstack@neutron-api.service[87595]: DEBUG neutron.plugins.ml2.drivers.ovn.mech_driver.ovsdb.maintenance [-] Touching Hash Ring node "b9b81c57e2cb5bbc850465c31d69a8ef" from periodic health check thread {{(pid=87595) touch_hash_ring_node /opt/stack/neutron/neutron/plugins/ml2/drivers/ovn/mech_driver/ovsdb/maintenance.py:1417}}
Jul 15 16:41:43.042681 np0000005204 devstack@neutron-api.service[87597]: DEBUG futurist.periodics [-] Submitting periodic callback 'neutron.plugins.ml2.drivers.ovn.mech_driver.ovsdb.maintenance.HashRingHealthCheckPeriodics.touch_hash_ring_node' {{(pid=87597) _process_scheduled /opt/stack/data/venv/lib/python3.12/site-packages/futurist/periodics.py:784}}
Jul 15 16:41:43.043211 np0000005204 devstack@neutron-api.service[87597]: DEBUG neutron.plugins.ml2.drivers.ovn.mech_driver.ovsdb.maintenance [-] Touching Hash Ring node "9c6bb035b4e558c5aa805151e50c399d" from periodic health check thread {{(pid=87597) touch_hash_ring_node /opt/stack/neutron/neutron/plugins/ml2/drivers/ovn/mech_driver/ovsdb/maintenance.py:1417}}
Jul 15 16:41:52.069451 np0000005204 devstack@neutron-api.service[87596]: DEBUG dbcounter [-] [87596] Writing DB stats neutron:UPDATE=1,neutron:SELECT=1 {{(pid=87596) stat_writer /opt/stack/data/venv/lib/python3.12/site-packages/dbcounter.py:115}}
Jul 15 16:41:52.962807 np0000005204 devstack@neutron-api.service[87595]: DEBUG dbcounter [-] [87595] Writing DB stats neutron:UPDATE=1,neutron:SELECT=1 {{(pid=87595) stat_writer /opt/stack/data/venv/lib/python3.12/site-packages/dbcounter.py:115}}
Jul 15 16:41:53.049984 np0000005204 devstack@neutron-api.service[87597]: DEBUG dbcounter [-] [87597] Writing DB stats neutron:UPDATE=1,neutron:SELECT=1 {{(pid=87597) stat_writer /opt/stack/data/venv/lib/python3.12/site-packages/dbcounter.py:115}}
Jul 15 16:41:57.060361 np0000005204 devstack@neutron-api.service[87596]: DEBUG futurist.periodics [-] Submitting periodic callback 'neutron.plugins.ml2.drivers.ovn.mech_driver.ovsdb.maintenance.HashRingHealthCheckPeriodics.touch_hash_ring_node' {{(pid=87596) _process_scheduled /opt/stack/data/venv/lib/python3.12/site-packages/futurist/periodics.py:784}}
Jul 15 16:41:57.060804 np0000005204 devstack@neutron-api.service[87596]: DEBUG neutron.plugins.ml2.drivers.ovn.mech_driver.ovsdb.maintenance [-] Touching Hash Ring node "1c241bc419ae5fdcb846447cf004e859" from periodic health check thread {{(pid=87596) touch_hash_ring_node /opt/stack/neutron/neutron/plugins/ml2/drivers/ovn/mech_driver/ovsdb/maintenance.py:1417}}
Jul 15 16:41:57.954282 np0000005204 devstack@neutron-api.service[87595]: DEBUG futurist.periodics [-] Submitting periodic callback 'neutron.plugins.ml2.drivers.ovn.mech_driver.ovsdb.maintenance.HashRingHealthCheckPeriodics.touch_hash_ring_node' {{(pid=87595) _process_scheduled /opt/stack/data/venv/lib/python3.12/site-packages/futurist/periodics.py:784}}
Jul 15 16:41:57.954676 np0000005204 devstack@neutron-api.service[87595]: DEBUG neutron.plugins.ml2.drivers.ovn.mech_driver.ovsdb.maintenance [-] Touching Hash Ring node "b9b81c57e2cb5bbc850465c31d69a8ef" from periodic health check thread {{(pid=87595) touch_hash_ring_node /opt/stack/neutron/neutron/plugins/ml2/drivers/ovn/mech_driver/ovsdb/maintenance.py:1417}}
Jul 15 16:41:58.043156 np0000005204 devstack@neutron-api.service[87597]: DEBUG futurist.periodics [-] Submitting periodic callback 'neutron.plugins.ml2.drivers.ovn.mech_driver.ovsdb.maintenance.HashRingHealthCheckPeriodics.touch_hash_ring_node' {{(pid=87597) _process_scheduled /opt/stack/data/venv/lib/python3.12/site-packages/futurist/periodics.py:784}}
Jul 15 16:41:58.043668 np0000005204 devstack@neutron-api.service[87597]: DEBUG neutron.plugins.ml2.drivers.ovn.mech_driver.ovsdb.maintenance [-] Touching Hash Ring node "9c6bb035b4e558c5aa805151e50c399d" from periodic health check thread {{(pid=87597) touch_hash_ring_node /opt/stack/neutron/neutron/plugins/ml2/drivers/ovn/mech_driver/ovsdb/maintenance.py:1417}}
Jul 15 16:42:07.068031 np0000005204 devstack@neutron-api.service[87596]: DEBUG dbcounter [-] [87596] Writing DB stats neutron:UPDATE=1,neutron:SELECT=1 {{(pid=87596) stat_writer /opt/stack/data/venv/lib/python3.12/site-packages/dbcounter.py:115}}
Jul 15 16:42:07.963413 np0000005204 devstack@neutron-api.service[87595]: DEBUG dbcounter [-] [87595] Writing DB stats neutron:UPDATE=1,neutron:SELECT=1 {{(pid=87595) stat_writer /opt/stack/data/venv/lib/python3.12/site-packages/dbcounter.py:115}}
Jul 15 16:42:08.049022 np0000005204 devstack@neutron-api.service[87597]: DEBUG dbcounter [-] [87597] Writing DB stats neutron:UPDATE=1,neutron:SELECT=1 {{(pid=87597) stat_writer /opt/stack/data/venv/lib/python3.12/site-packages/dbcounter.py:115}}
Jul 15 16:42:12.060921 np0000005204 devstack@neutron-api.service[87596]: DEBUG futurist.periodics [-] Submitting periodic callback 'neutron.plugins.ml2.drivers.ovn.mech_driver.ovsdb.maintenance.HashRingHealthCheckPeriodics.touch_hash_ring_node' {{(pid=87596) _process_scheduled /opt/stack/data/venv/lib/python3.12/site-packages/futurist/periodics.py:784}}
Jul 15 16:42:12.061296 np0000005204 devstack@neutron-api.service[87596]: DEBUG neutron.plugins.ml2.drivers.ovn.mech_driver.ovsdb.maintenance [-] Touching Hash Ring node "1c241bc419ae5fdcb846447cf004e859" from periodic health check thread {{(pid=87596) touch_hash_ring_node /opt/stack/neutron/neutron/plugins/ml2/drivers/ovn/mech_driver/ovsdb/maintenance.py:1417}}
Jul 15 16:42:12.954818 np0000005204 devstack@neutron-api.service[87595]: DEBUG futurist.periodics [-] Submitting periodic callback 'neutron.plugins.ml2.drivers.ovn.mech_driver.ovsdb.maintenance.HashRingHealthCheckPeriodics.touch_hash_ring_node' {{(pid=87595) _process_scheduled /opt/stack/data/venv/lib/python3.12/site-packages/futurist/periodics.py:784}}
Jul 15 16:42:12.955406 np0000005204 devstack@neutron-api.service[87595]: DEBUG neutron.plugins.ml2.drivers.ovn.mech_driver.ovsdb.maintenance [-] Touching Hash Ring node "b9b81c57e2cb5bbc850465c31d69a8ef" from periodic health check thread {{(pid=87595) touch_hash_ring_node /opt/stack/neutron/neutron/plugins/ml2/drivers/ovn/mech_driver/ovsdb/maintenance.py:1417}}
Jul 15 16:42:13.043798 np0000005204 devstack@neutron-api.service[87597]: DEBUG futurist.periodics [-] Submitting periodic callback 'neutron.plugins.ml2.drivers.ovn.mech_driver.ovsdb.maintenance.HashRingHealthCheckPeriodics.touch_hash_ring_node' {{(pid=87597) _process_scheduled /opt/stack/data/venv/lib/python3.12/site-packages/futurist/periodics.py:784}}
Jul 15 16:42:13.044213 np0000005204 devstack@neutron-api.service[87597]: DEBUG neutron.plugins.ml2.drivers.ovn.mech_driver.ovsdb.maintenance [-] Touching Hash Ring node "9c6bb035b4e558c5aa805151e50c399d" from periodic health check thread {{(pid=87597) touch_hash_ring_node /opt/stack/neutron/neutron/plugins/ml2/drivers/ovn/mech_driver/ovsdb/maintenance.py:1417}}
Jul 15 16:42:15.096589 np0000005204 devstack@neutron-api.service[87597]: DEBUG neutron.api.wsgi [None req-1b7a294f-dfca-4e86-9070-a4ee0d3caf51 admin admin] Missing Content-Type {{(pid=87597) get_content_type /opt/stack/neutron/neutron/api/wsgi.py:80}}
Jul 15 16:42:15.097122 np0000005204 devstack@neutron-api.service[87597]: DEBUG neutron.api.wsgi [None req-1b7a294f-dfca-4e86-9070-a4ee0d3caf51 admin admin] https://10.4.3.23/networking/v2.0/extensions returned with HTTP 200 {{(pid=87597) __call__ /opt/stack/neutron/neutron/api/wsgi.py:540}}
Jul 15 16:42:15.097122 np0000005204 devstack@neutron-api.service[87597]: [pid: 87597|app: 0|req: 11/34] 10.4.3.23 () {64 vars in 1285 bytes} [Wed Jul 15 16:42:15 2026] GET /networking/v2.0/extensions => generated 16171 bytes in 3 msecs (HTTP/1.1 200) 4 headers in 159 bytes (1 switches on core 0)
Jul 15 16:42:15.341116 np0000005204 devstack@neutron-api.service[87596]: INFO neutron.pecan_wsgi.hooks.translation [None req-310809d9-ad81-44ab-9583-5619beac083a admin admin] GET failed (client error): The resource could not be found.
Jul 15 16:42:15.341801 np0000005204 devstack@neutron-api.service[87596]: [pid: 87596|app: 0|req: 13/35] 10.4.3.23 () {64 vars in 1287 bytes} [Wed Jul 15 16:42:15 2026] GET /networking/v2.0/networks/public => generated 108 bytes in 8 msecs (HTTP/1.1 404) 4 headers in 164 bytes (1 switches on core 0)
Jul 15 16:42:15.381670 np0000005204 devstack@neutron-api.service[87595]: DEBUG neutron.pecan_wsgi.hooks.policy_enforcement [None req-b28eb668-8a62-43af-aa9e-b5096c6e8f00 admin admin] Attributes excluded by policy engine: ['standard_attr_id'] {{(pid=87595) _exclude_attributes_by_policy /opt/stack/neutron/neutron/pecan_wsgi/hooks/policy_enforcement.py:259}}
Jul 15 16:42:15.382705 np0000005204 devstack@neutron-api.service[87595]: [pid: 87595|app: 0|req: 12/36] 10.4.3.23 () {64 vars in 1302 bytes} [Wed Jul 15 16:42:15 2026] GET /networking/v2.0/networks?name=public => generated 759 bytes in 35 msecs (HTTP/1.1 200) 4 headers in 157 bytes (1 switches on core 0)
Jul 15 16:42:15.561526 np0000005204 devstack@neutron-api.service[87597]: DEBUG neutron.api.v2.base [None req-a7ccf1bf-8563-453a-a837-c4bf0615bd07 admin admin] Request body: {'network': {'shared': True, 'admin_state_up': True, 'name': 'shared'}} {{(pid=87597) prepare_request_body /opt/stack/neutron/neutron/api/v2/base.py:727}}
Jul 15 16:42:15.572125 np0000005204 devstack@neutron-api.service[87597]: DEBUG neutron.pecan_wsgi.hooks.quota_enforcement [None req-a7ccf1bf-8563-453a-a837-c4bf0615bd07 admin admin] Made reservation on behalf of 0843b2b8ec5f409cbb6d56cc78a4f2cb for: {'network': 1} {{(pid=87597) before /opt/stack/neutron/neutron/pecan_wsgi/hooks/quota_enforcement.py:66}}
Jul 15 16:42:15.574550 np0000005204 devstack@neutron-api.service[87597]: DEBUG neutron_lib.callbacks.manager [None req-a7ccf1bf-8563-453a-a837-c4bf0615bd07 admin admin] Publish callbacks ['neutron.plugins.ml2.plugin.SecurityGroupDbMixin._ensure_default_security_group_handler-59634'] for network (None), before_create {{(pid=87597) _notify_loop /opt/stack/data/venv/lib/python3.12/site-packages/neutron_lib/callbacks/manager.py:184}}
Jul 15 16:42:15.597169 np0000005204 devstack@neutron-api.service[87597]: WARNING neutron.services.revisions.revision_plugin [None req-a7ccf1bf-8563-453a-a837-c4bf0615bd07 admin admin] Could not find related network for resource to bump revision.
Jul 15 16:42:15.621701 np0000005204 devstack@neutron-api.service[87597]: DEBUG neutron.plugins.ml2.drivers.helpers [None req-a7ccf1bf-8563-453a-a837-c4bf0615bd07 admin admin] geneve segment allocate from pool success with {'geneve_vni': 20033} {{(pid=87597) allocate_partially_specified_segment /opt/stack/neutron/neutron/plugins/ml2/drivers/helpers.py:142}}
Jul 15 16:42:15.627651 np0000005204 devstack@neutron-api.service[87597]: DEBUG neutron_lib.callbacks.manager [None req-a7ccf1bf-8563-453a-a837-c4bf0615bd07 admin admin] Publish callbacks ['neutron.plugins.ml2.plugin.Ml2Plugin._handle_segment_change-326722'] for segment (70b35800-829b-4cdf-b1f3-53ba5c04b5c0), precommit_create {{(pid=87597) _notify_loop /opt/stack/data/venv/lib/python3.12/site-packages/neutron_lib/callbacks/manager.py:184}}
Jul 15 16:42:15.627802 np0000005204 devstack@neutron-api.service[87597]: INFO neutron.db.segments_db [None req-a7ccf1bf-8563-453a-a837-c4bf0615bd07 admin admin] Added segment 70b35800-829b-4cdf-b1f3-53ba5c04b5c0 of type geneve for network 595646e7-d02d-4fcb-b6df-0e3c2d44ddd3
Jul 15 16:42:15.638167 np0000005204 devstack@neutron-api.service[87597]: DEBUG neutron_lib.callbacks.manager [None req-a7ccf1bf-8563-453a-a837-c4bf0615bd07 admin admin] Publish callbacks ['neutron.services.auto_allocate.db._ensure_external_network_default_value_callback-8576083871194'] for network (595646e7-d02d-4fcb-b6df-0e3c2d44ddd3), precommit_create {{(pid=87597) _notify_loop /opt/stack/data/venv/lib/python3.12/site-packages/neutron_lib/callbacks/manager.py:184}}
Jul 15 16:42:15.646872 np0000005204 devstack@neutron-api.service[87597]: DEBUG neutron.plugins.ml2.drivers.ovn.mech_driver.mech_driver [None req-a7ccf1bf-8563-453a-a837-c4bf0615bd07 admin admin] Validating network segment with type geneve, segmentation ID 20033, physical network None {{(pid=87597) _validate_network_segments /opt/stack/neutron/neutron/plugins/ml2/drivers/ovn/mech_driver/mech_driver.py:646}}
Jul 15 16:42:15.647041 np0000005204 devstack@neutron-api.service[87597]: DEBUG neutron.db.ovn_revision_numbers_db [None req-a7ccf1bf-8563-453a-a837-c4bf0615bd07 admin admin] create_initial_revision uuid=595646e7-d02d-4fcb-b6df-0e3c2d44ddd3, type=networks, rev=-1 {{(pid=87597) create_initial_revision /opt/stack/neutron/neutron/db/ovn_revision_numbers_db.py:98}}
Jul 15 16:42:15.652749 np0000005204 devstack@neutron-api.service[87597]: DEBUG neutron_lib.callbacks.manager [None req-a7ccf1bf-8563-453a-a837-c4bf0615bd07 admin admin] Publish callbacks ['neutron.plugins.ml2.ovo_rpc._ObjectChangeHandler.handle_event-15797852'] for network (595646e7-d02d-4fcb-b6df-0e3c2d44ddd3), after_create {{(pid=87597) _notify_loop /opt/stack/data/venv/lib/python3.12/site-packages/neutron_lib/callbacks/manager.py:184}}
Jul 15 16:42:15.664151 np0000005204 devstack@neutron-api.service[87597]: DEBUG neutron.api.rpc.handlers.resources_rpc [None req-a7ccf1bf-8563-453a-a837-c4bf0615bd07 admin admin] Pushing event updated for resources: {'Network': ['ID=595646e7-d02d-4fcb-b6df-0e3c2d44ddd3,revision_number=1']} {{(pid=87597) push /opt/stack/neutron/neutron/api/rpc/handlers/resources_rpc.py:237}}
Jul 15 16:42:15.667517 np0000005204 devstack@neutron-api.service[87597]: DEBUG ovsdbapp.backend.ovs_idl.transaction [None req-259a15b5-2b9f-42d0-9318-dd7da27b715e None None] Running txn n=1 command(idx=0): CheckLivenessCommand(_result=None) {{(pid=87597) do_commit /opt/stack/data/venv/lib/python3.12/site-packages/ovsdbapp/backend/ovs_idl/transaction.py:89}}
Jul 15 16:42:15.675272 np0000005204 devstack@neutron-api.service[87597]: DEBUG ovsdbapp.backend.ovs_idl.event [None req-92c01bcf-4783-474e-b985-ebe6c50b8263 None None] Matched UPDATE: ChassisAgentWriteEvent(events=('create', 'update'), table='Chassis_Private', conditions=None, old_conditions=None), priority=20 to row=Chassis_Private(uuid=78467a33-8574-4752-9985-1be2a32c9b97, chassis=7f3d075d-ec39-4c05-adc0-e8e5eeb38264, external_ids={'neutron:ovn-bridge': 'br-int', 'neutron:ovn-neutron-agent-id': '99ed527a-9766-5a91-ab8a-407817dad8ee', 'neutron:ovn-neutron-agent-sb-cfg': '1'}, name='c661f5b8-1791-4128-be98-9b3300cdb275', nb_cfg=2, nb_cfg_timestamp=1784133735671) old=Chassis_Private(uuid=78467a33-8574-4752-9985-1be2a32c9b97, nb_cfg=1, nb_cfg_timestamp=1784133664121) {{(pid=87597) matches /opt/stack/data/venv/lib/python3.12/site-packages/ovsdbapp/backend/ovs_idl/event.py:55}}
Jul 15 16:42:15.676024 np0000005204 devstack@neutron-api.service[87596]: DEBUG ovsdbapp.backend.ovs_idl.event [None req-b8c3fe22-b255-49de-b830-7eb4b53f217a None None] Matched UPDATE: ChassisAgentWriteEvent(events=('create', 'update'), table='Chassis_Private', conditions=None, old_conditions=None), priority=20 to row=Chassis_Private(uuid=78467a33-8574-4752-9985-1be2a32c9b97, chassis=7f3d075d-ec39-4c05-adc0-e8e5eeb38264, external_ids={'neutron:ovn-bridge': 'br-int', 'neutron:ovn-neutron-agent-id': '99ed527a-9766-5a91-ab8a-407817dad8ee', 'neutron:ovn-neutron-agent-sb-cfg': '1'}, name='c661f5b8-1791-4128-be98-9b3300cdb275', nb_cfg=2, nb_cfg_timestamp=1784133735671) old=Chassis_Private(uuid=78467a33-8574-4752-9985-1be2a32c9b97, nb_cfg=1, nb_cfg_timestamp=1784133664121) {{(pid=87596) matches /opt/stack/data/venv/lib/python3.12/site-packages/ovsdbapp/backend/ovs_idl/event.py:55}}
Jul 15 16:42:15.676481 np0000005204 devstack@neutron-api.service[87595]: DEBUG ovsdbapp.backend.ovs_idl.event [None req-554ef9e2-354b-430b-ae0f-49ff95037872 None None] Matched UPDATE: ChassisAgentWriteEvent(events=('create', 'update'), table='Chassis_Private', conditions=None, old_conditions=None), priority=20 to row=Chassis_Private(uuid=78467a33-8574-4752-9985-1be2a32c9b97, chassis=7f3d075d-ec39-4c05-adc0-e8e5eeb38264, external_ids={'neutron:ovn-bridge': 'br-int', 'neutron:ovn-neutron-agent-id': '99ed527a-9766-5a91-ab8a-407817dad8ee', 'neutron:ovn-neutron-agent-sb-cfg': '1'}, name='c661f5b8-1791-4128-be98-9b3300cdb275', nb_cfg=2, nb_cfg_timestamp=1784133735671) old=Chassis_Private(uuid=78467a33-8574-4752-9985-1be2a32c9b97, nb_cfg=1, nb_cfg_timestamp=1784133664121) {{(pid=87595) matches /opt/stack/data/venv/lib/python3.12/site-packages/ovsdbapp/backend/ovs_idl/event.py:55}}
Jul 15 16:42:15.684377 np0000005204 devstack@neutron-api.service[87595]: DEBUG neutron.common.ovn.hash_ring_manager [None req-8e405206-d7e7-4f67-9991-8b6f7450145c None None] Hash Ring loaded. 3 active nodes. 0 offline nodes {{(pid=87595) _load_hash_ring /opt/stack/neutron/neutron/common/ovn/hash_ring_manager.py:110}}
Jul 15 16:42:15.685046 np0000005204 devstack@neutron-api.service[87596]: DEBUG neutron.common.ovn.hash_ring_manager [None req-b8c3fe22-b255-49de-b830-7eb4b53f217a None None] Hash Ring loaded. 3 active nodes. 0 offline nodes {{(pid=87596) _load_hash_ring /opt/stack/neutron/neutron/common/ovn/hash_ring_manager.py:110}}
Jul 15 16:42:15.687331 np0000005204 devstack@neutron-api.service[87595]: DEBUG neutron.common.ovn.hash_ring_manager [None req-554ef9e2-354b-430b-ae0f-49ff95037872 None None] Hash Ring loaded. 3 active nodes. 0 offline nodes {{(pid=87595) _load_hash_ring /opt/stack/neutron/neutron/common/ovn/hash_ring_manager.py:110}}
Jul 15 16:42:15.688036 np0000005204 devstack@neutron-api.service[87597]: DEBUG neutron.common.ovn.hash_ring_manager [None req-259a15b5-2b9f-42d0-9318-dd7da27b715e None None] Hash Ring loaded. 3 active nodes. 0 offline nodes {{(pid=87597) _load_hash_ring /opt/stack/neutron/neutron/common/ovn/hash_ring_manager.py:110}}
Jul 15 16:42:15.688624 np0000005204 devstack@neutron-api.service[87596]: DEBUG neutron.common.ovn.hash_ring_manager [None req-aea23807-a23e-4668-ae9d-5d1b03225e9d None None] Hash Ring loaded. 3 active nodes. 0 offline nodes {{(pid=87596) _load_hash_ring /opt/stack/neutron/neutron/common/ovn/hash_ring_manager.py:110}}
Jul 15 16:42:15.688895 np0000005204 devstack@neutron-api.service[87596]: DEBUG neutron.plugins.ml2.drivers.ovn.mech_driver.ovsdb.ovsdb_monitor [None req-aea23807-a23e-4668-ae9d-5d1b03225e9d None None] Hash Ring: Node 1c241bc419ae5fdcb846447cf004e859 (host: np0000005204) handling event "update" for row c2c26f21-40cb-4178-821b-ac9d7bb774d9 (table: NB_Global) {{(pid=87596) notify /opt/stack/neutron/neutron/plugins/ml2/drivers/ovn/mech_driver/ovsdb/ovsdb_monitor.py:1009}}
Jul 15 16:42:15.689560 np0000005204 devstack@neutron-api.service[87597]: DEBUG neutron.common.ovn.hash_ring_manager [None req-92c01bcf-4783-474e-b985-ebe6c50b8263 None None] Hash Ring loaded. 3 active nodes. 0 offline nodes {{(pid=87597) _load_hash_ring /opt/stack/neutron/neutron/common/ovn/hash_ring_manager.py:110}}
Jul 15 16:42:15.690067 np0000005204 devstack@neutron-api.service[87597]: DEBUG neutron.plugins.ml2.drivers.ovn.mech_driver.ovsdb.ovsdb_monitor [None req-92c01bcf-4783-474e-b985-ebe6c50b8263 None None] Hash Ring: Node 9c6bb035b4e558c5aa805151e50c399d (host: np0000005204) handling event "update" for row 78467a33-8574-4752-9985-1be2a32c9b97 (table: Chassis_Private) {{(pid=87597) notify /opt/stack/neutron/neutron/plugins/ml2/drivers/ovn/mech_driver/ovsdb/ovsdb_monitor.py:1009}}
Jul 15 16:42:15.690130 np0000005204 devstack@neutron-api.service[87596]: DEBUG neutron.plugins.ml2.drivers.ovn.mech_driver.ovsdb.ovsdb_monitor [None req-aea23807-a23e-4668-ae9d-5d1b03225e9d None None] Hash Ring: Node 1c241bc419ae5fdcb846447cf004e859 (host: np0000005204) handling event "update" for row c2c26f21-40cb-4178-821b-ac9d7bb774d9 (table: NB_Global) {{(pid=87596) notify /opt/stack/neutron/neutron/plugins/ml2/drivers/ovn/mech_driver/ovsdb/ovsdb_monitor.py:1009}}
Jul 15 16:42:15.692094 np0000005204 devstack@neutron-api.service[87596]: DEBUG neutron.plugins.ml2.drivers.ovn.mech_driver.ovsdb.ovsdb_monitor [None req-aea23807-a23e-4668-ae9d-5d1b03225e9d None None] Hash Ring: Node 1c241bc419ae5fdcb846447cf004e859 (host: np0000005204) handling event "update" for row c2c26f21-40cb-4178-821b-ac9d7bb774d9 (table: NB_Global) {{(pid=87596) notify /opt/stack/neutron/neutron/plugins/ml2/drivers/ovn/mech_driver/ovsdb/ovsdb_monitor.py:1009}}
Jul 15 16:42:15.693045 np0000005204 devstack@neutron-api.service[87596]: DEBUG neutron.plugins.ml2.drivers.ovn.mech_driver.ovsdb.ovsdb_monitor [None req-aea23807-a23e-4668-ae9d-5d1b03225e9d None None] Hash Ring: Node 1c241bc419ae5fdcb846447cf004e859 (host: np0000005204) handling event "update" for row c2c26f21-40cb-4178-821b-ac9d7bb774d9 (table: NB_Global) {{(pid=87596) notify /opt/stack/neutron/neutron/plugins/ml2/drivers/ovn/mech_driver/ovsdb/ovsdb_monitor.py:1009}}
Jul 15 16:42:15.694346 np0000005204 devstack@neutron-api.service[87597]: DEBUG neutron.api.rpc.callbacks.version_manager [None req-a7ccf1bf-8563-453a-a837-c4bf0615bd07 admin admin] Tracked resource versions report:
Jul 15 16:42:15.694346 np0000005204 devstack@neutron-api.service[87597]: pushed versions:
Jul 15 16:42:15.694346 np0000005204 devstack@neutron-api.service[87597]: { 'AddressGroup': {'1.2'},
Jul 15 16:42:15.694346 np0000005204 devstack@neutron-api.service[87597]: 'Agent': {'1.1'},
Jul 15 16:42:15.694346 np0000005204 devstack@neutron-api.service[87597]: 'ConntrackHelper': {'1.0'},
Jul 15 16:42:15.694346 np0000005204 devstack@neutron-api.service[87597]: 'LocalIPAssociation': {'1.0'},
Jul 15 16:42:15.694346 np0000005204 devstack@neutron-api.service[87597]: 'Log': {'1.0'},
Jul 15 16:42:15.694346 np0000005204 devstack@neutron-api.service[87597]: 'NDPProxy': {'1.0'},
Jul 15 16:42:15.694346 np0000005204 devstack@neutron-api.service[87597]: 'Network': {'1.3'},
Jul 15 16:42:15.694346 np0000005204 devstack@neutron-api.service[87597]: 'Port': {'1.11'},
Jul 15 16:42:15.694346 np0000005204 devstack@neutron-api.service[87597]: 'PortForwarding': {'1.3'},
Jul 15 16:42:15.694346 np0000005204 devstack@neutron-api.service[87597]: 'QosPolicy': {'1.10'},
Jul 15 16:42:15.694346 np0000005204 devstack@neutron-api.service[87597]: 'SecurityGroup': {'1.6'},
Jul 15 16:42:15.694346 np0000005204 devstack@neutron-api.service[87597]: 'SecurityGroupRule': {'1.3'},
Jul 15 16:42:15.694346 np0000005204 devstack@neutron-api.service[87597]: 'SubPort': {'1.0'},
Jul 15 16:42:15.694346 np0000005204 devstack@neutron-api.service[87597]: 'Subnet': {'1.2'},
Jul 15 16:42:15.694346 np0000005204 devstack@neutron-api.service[87597]: 'Trunk': {'1.1'}}
Jul 15 16:42:15.694346 np0000005204 devstack@neutron-api.service[87597]: consumer versions:
Jul 15 16:42:15.694346 np0000005204 devstack@neutron-api.service[87597]: { OVN Controller Gateway agent@np0000005204: {},
Jul 15 16:42:15.694346 np0000005204 devstack@neutron-api.service[87597]: OVN Neutron agent@np0000005204: {}}
Jul 15 16:42:15.694346 np0000005204 devstack@neutron-api.service[87597]: {{(pid=87597) report /opt/stack/neutron/neutron/api/rpc/callbacks/version_manager.py:183}}
Jul 15 16:42:15.701455 np0000005204 devstack@neutron-api.service[87597]: DEBUG ovsdbapp.backend.ovs_idl.transaction [None req-259a15b5-2b9f-42d0-9318-dd7da27b715e None None] Running txn n=1 command(idx=0): AddNetworkCommand(_result=None, network_uuid=595646e7-d02d-4fcb-b6df-0e3c2d44ddd3, may_exist=True, columns={'external_ids': {'neutron:network_name': 'shared', 'neutron:mtu': '1372', 'neutron:revision_number': '1', 'neutron:availability_zone_hints': '', 'neutron:provnet-network-type': 'geneve'}, 'other_config': {'mcast_snoop': 'false', 'mcast_flood_unregistered': 'false', 'vlan-passthru': 'false'}}) {{(pid=87597) do_commit /opt/stack/data/venv/lib/python3.12/site-packages/ovsdbapp/backend/ovs_idl/transaction.py:89}}
Jul 15 16:42:15.708442 np0000005204 devstack@neutron-api.service[87596]: DEBUG neutron.plugins.ml2.drivers.ovn.mech_driver.ovsdb.ovsdb_monitor [None req-aea23807-a23e-4668-ae9d-5d1b03225e9d None None] Hash Ring: Node 1c241bc419ae5fdcb846447cf004e859 (host: np0000005204) handling event "create" for row 595646e7-d02d-4fcb-b6df-0e3c2d44ddd3 (table: Logical_Switch) {{(pid=87596) notify /opt/stack/neutron/neutron/plugins/ml2/drivers/ovn/mech_driver/ovsdb/ovsdb_monitor.py:1009}}
Jul 15 16:42:15.709682 np0000005204 devstack@neutron-api.service[87595]: DEBUG neutron.plugins.ml2.drivers.ovn.mech_driver.ovsdb.ovsdb_monitor [None req-554ef9e2-354b-430b-ae0f-49ff95037872 None None] Hash Ring: Node b9b81c57e2cb5bbc850465c31d69a8ef (host: np0000005204) handling event "create" for row fe103817-836a-48db-a530-7d199c37ceb7 (table: Datapath_Binding) {{(pid=87595) notify /opt/stack/neutron/neutron/plugins/ml2/drivers/ovn/mech_driver/ovsdb/ovsdb_monitor.py:1009}}
Jul 15 16:42:15.722517 np0000005204 devstack@neutron-api.service[87597]: INFO neutron.db.ovn_revision_numbers_db [None req-a7ccf1bf-8563-453a-a837-c4bf0615bd07 admin admin] Successfully bumped revision number for resource 595646e7-d02d-4fcb-b6df-0e3c2d44ddd3 (type: networks) to 1
Jul 15 16:42:15.731856 np0000005204 devstack@neutron-api.service[87597]: DEBUG neutron_lib.callbacks.manager [None req-a7ccf1bf-8563-453a-a837-c4bf0615bd07 admin admin] Publish callbacks ['neutron.plugins.ml2.plugin.SecurityGroupDbMixin._ensure_default_security_group_handler-59634'] for port (None), before_create {{(pid=87597) _notify_loop /opt/stack/data/venv/lib/python3.12/site-packages/neutron_lib/callbacks/manager.py:184}}
Jul 15 16:42:15.785651 np0000005204 devstack@neutron-api.service[87597]: DEBUG neutron_lib.callbacks.manager [None req-a7ccf1bf-8563-453a-a837-c4bf0615bd07 admin admin] Publish callbacks ['neutron.plugins.ml2.drivers.ovn.mech_driver.mech_driver.OVNMechanismDriver._validate_allowed_address_pairs-986128'] for allowed_address_pair (52fa5f28-bde0-4d06-b155-807c3858cfcc), before_create {{(pid=87597) _notify_loop /opt/stack/data/venv/lib/python3.12/site-packages/neutron_lib/callbacks/manager.py:184}}
Jul 15 16:42:15.786034 np0000005204 devstack@neutron-api.service[87597]: DEBUG neutron_lib.callbacks.manager [None req-a7ccf1bf-8563-453a-a837-c4bf0615bd07 admin admin] Publish callbacks [] for port (52fa5f28-bde0-4d06-b155-807c3858cfcc), precommit_create {{(pid=87597) _notify_loop /opt/stack/data/venv/lib/python3.12/site-packages/neutron_lib/callbacks/manager.py:184}}
Jul 15 16:42:15.786169 np0000005204 devstack@neutron-api.service[87597]: DEBUG neutron.plugins.ml2.drivers.ovn.mech_driver.mech_driver [None req-a7ccf1bf-8563-453a-a837-c4bf0615bd07 admin admin] No provisioning block for port 52fa5f28-bde0-4d06-b155-807c3858cfcc since it does not have a host {{(pid=87597) _is_port_provisioning_required /opt/stack/neutron/neutron/plugins/ml2/drivers/ovn/mech_driver/mech_driver.py:899}}
Jul 15 16:42:15.786300 np0000005204 devstack@neutron-api.service[87597]: DEBUG neutron.db.ovn_revision_numbers_db [None req-a7ccf1bf-8563-453a-a837-c4bf0615bd07 admin admin] create_initial_revision uuid=52fa5f28-bde0-4d06-b155-807c3858cfcc, type=ports, rev=-1 {{(pid=87597) create_initial_revision /opt/stack/neutron/neutron/db/ovn_revision_numbers_db.py:98}}
Jul 15 16:42:15.811403 np0000005204 devstack@neutron-api.service[87597]: DEBUG neutron_lib.callbacks.manager [None req-a7ccf1bf-8563-453a-a837-c4bf0615bd07 admin admin] Publish callbacks ['neutron.plugins.ml2.ovo_rpc._ObjectChangeHandler.handle_event-15797869'] for port (52fa5f28-bde0-4d06-b155-807c3858cfcc), after_create {{(pid=87597) _notify_loop /opt/stack/data/venv/lib/python3.12/site-packages/neutron_lib/callbacks/manager.py:184}}
Jul 15 16:42:15.836250 np0000005204 devstack@neutron-api.service[87597]: DEBUG neutron.api.rpc.handlers.resources_rpc [None req-a7ccf1bf-8563-453a-a837-c4bf0615bd07 admin admin] Pushing event updated for resources: {'Port': ['ID=52fa5f28-bde0-4d06-b155-807c3858cfcc,revision_number=1']} {{(pid=87597) push /opt/stack/neutron/neutron/api/rpc/handlers/resources_rpc.py:237}}
Jul 15 16:42:15.840934 np0000005204 devstack@neutron-api.service[87597]: DEBUG neutron.plugins.ml2.drivers.ovn.mech_driver.ovsdb.commands [None req-a7ccf1bf-8563-453a-a837-c4bf0615bd07 admin admin] Converting tag [] to a tag_request {{(pid=87597) _tag_column_to_tag_request /opt/stack/neutron/neutron/plugins/ml2/drivers/ovn/mech_driver/ovsdb/commands.py:205}}
Jul 15 16:42:15.841569 np0000005204 devstack@neutron-api.service[87597]: DEBUG ovsdbapp.backend.ovs_idl.transaction [None req-259a15b5-2b9f-42d0-9318-dd7da27b715e None None] Running txn n=1 command(idx=0): AddLSwitchPortCommand(_result=None, lport=52fa5f28-bde0-4d06-b155-807c3858cfcc, lswitch=neutron-595646e7-d02d-4fcb-b6df-0e3c2d44ddd3, may_exist=True, network_uuid=595646e7-d02d-4fcb-b6df-0e3c2d44ddd3, columns={'addresses': ['fa:16:3e:3c:8c:59'], 'external_ids': {'neutron:port_name': '', 'neutron:device_id': 'ovnmeta-595646e7-d02d-4fcb-b6df-0e3c2d44ddd3', 'neutron:project_id': '0843b2b8ec5f409cbb6d56cc78a4f2cb', 'neutron:cidrs': '', 'neutron:device_owner': 'network:distributed', 'neutron:subnet_pool_addr_scope4': '', 'neutron:subnet_pool_addr_scope6': '', 'neutron:network_name': 'neutron-595646e7-d02d-4fcb-b6df-0e3c2d44ddd3', 'neutron:security_group_ids': '', 'neutron:revision_number': '1', 'neutron:vnic_type': 'normal', 'neutron:port_capabilities': '', 'neutron:mtu': '1372'}, 'parent_name': [], 'enabled': True, 'options': {}, 'type': 'localport', 'port_security': [], 'dhcpv4_options': [], 'dhcpv6_options': [], 'tag_request': []}) {{(pid=87597) do_commit /opt/stack/data/venv/lib/python3.12/site-packages/ovsdbapp/backend/ovs_idl/transaction.py:89}}
Jul 15 16:42:15.842067 np0000005204 devstack@neutron-api.service[87597]: DEBUG ovsdbapp.backend.ovs_idl.transaction [None req-259a15b5-2b9f-42d0-9318-dd7da27b715e None None] Running txn n=1 command(idx=1): QoSDelCommand(_result=None, switch=neutron-595646e7-d02d-4fcb-b6df-0e3c2d44ddd3, conditions=[('direction', '=', 'to-lport'), ('priority', '=', 2002), ('match', '=', 'outport == "52fa5f28-bde0-4d06-b155-807c3858cfcc"')], if_exists=True) {{(pid=87597) do_commit /opt/stack/data/venv/lib/python3.12/site-packages/ovsdbapp/backend/ovs_idl/transaction.py:89}}
Jul 15 16:42:15.842242 np0000005204 devstack@neutron-api.service[87597]: DEBUG ovsdbapp.backend.ovs_idl.transaction [None req-259a15b5-2b9f-42d0-9318-dd7da27b715e None None] Running txn n=1 command(idx=2): QoSDelCommand(_result=None, switch=neutron-595646e7-d02d-4fcb-b6df-0e3c2d44ddd3, conditions=[('direction', '=', 'from-lport'), ('priority', '=', 2002), ('match', '=', 'inport == "52fa5f28-bde0-4d06-b155-807c3858cfcc"')], if_exists=True) {{(pid=87597) do_commit /opt/stack/data/venv/lib/python3.12/site-packages/ovsdbapp/backend/ovs_idl/transaction.py:89}}
Jul 15 16:42:15.848631 np0000005204 devstack@neutron-api.service[87596]: DEBUG neutron.plugins.ml2.drivers.ovn.mech_driver.ovsdb.ovsdb_monitor [None req-aea23807-a23e-4668-ae9d-5d1b03225e9d None None] Hash Ring: Node 1c241bc419ae5fdcb846447cf004e859 (host: np0000005204) handling event "update" for row 595646e7-d02d-4fcb-b6df-0e3c2d44ddd3 (table: Logical_Switch) {{(pid=87596) notify /opt/stack/neutron/neutron/plugins/ml2/drivers/ovn/mech_driver/ovsdb/ovsdb_monitor.py:1009}}
Jul 15 16:42:15.849298 np0000005204 devstack@neutron-api.service[87596]: DEBUG neutron.plugins.ml2.drivers.ovn.mech_driver.ovsdb.ovsdb_monitor [None req-aea23807-a23e-4668-ae9d-5d1b03225e9d None None] Hash Ring: Node 1c241bc419ae5fdcb846447cf004e859 (host: np0000005204) handling event "create" for row 8f9e4402-0cc9-4f63-960b-b8a6c72db887 (table: Logical_Switch_Port) {{(pid=87596) notify /opt/stack/neutron/neutron/plugins/ml2/drivers/ovn/mech_driver/ovsdb/ovsdb_monitor.py:1009}}
Jul 15 16:42:15.850714 np0000005204 devstack@neutron-api.service[87596]: DEBUG ovsdbapp.backend.ovs_idl.event [None req-aea23807-a23e-4668-ae9d-5d1b03225e9d None None] Matched CREATE: LogicalSwitchPortCreateEvent(events=('create',), table='Logical_Switch_Port', conditions=[], old_conditions=None), priority=20 to row=Logical_Switch_Port(uuid=8f9e4402-0cc9-4f63-960b-b8a6c72db887, addresses=['fa:16:3e:3c:8c:59'], dhcpv4_options=[], dhcpv6_options=[], dynamic_addresses=[], enabled=True, external_ids={'neutron:cidrs': '', 'neutron:device_id': 'ovnmeta-595646e7-d02d-4fcb-b6df-0e3c2d44ddd3', 'neutron:device_owner': 'network:distributed', 'neutron:mtu': '1372', 'neutron:network_name': 'neutron-595646e7-d02d-4fcb-b6df-0e3c2d44ddd3', 'neutron:port_capabilities': '', 'neutron:port_name': '', 'neutron:project_id': '0843b2b8ec5f409cbb6d56cc78a4f2cb', 'neutron:revision_number': '1', 'neutron:security_group_ids': '', 'neutron:subnet_pool_addr_scope4': '', 'neutron:subnet_pool_addr_scope6': '', 'neutron:vnic_type': 'normal'}, ha_chassis_group=[], mirror_rules=[], name='52fa5f28-bde0-4d06-b155-807c3858cfcc', options={}, parent_name=[], port_security=[], tag=[], tag_request=[], type='localport', up=[]) old= {{(pid=87596) matches /opt/stack/data/venv/lib/python3.12/site-packages/ovsdbapp/backend/ovs_idl/event.py:55}}
Jul 15 16:42:15.852073 np0000005204 devstack@neutron-api.service[87596]: INFO neutron.plugins.ml2.drivers.ovn.mech_driver.mech_driver [None req-68932015-f082-430d-92bb-13f5160e02dc None None] OVN reports status down for port: 52fa5f28-bde0-4d06-b155-807c3858cfcc
Jul 15 16:42:15.852664 np0000005204 devstack@neutron-api.service[87596]: DEBUG neutron.plugins.ml2.drivers.ovn.mech_driver.ovsdb.ovsdb_monitor [None req-aea23807-a23e-4668-ae9d-5d1b03225e9d None None] Hash Ring: Node 1c241bc419ae5fdcb846447cf004e859 (host: np0000005204) handling event "update" for row 8f9e4402-0cc9-4f63-960b-b8a6c72db887 (table: Logical_Switch_Port) {{(pid=87596) notify /opt/stack/neutron/neutron/plugins/ml2/drivers/ovn/mech_driver/ovsdb/ovsdb_monitor.py:1009}}
Jul 15 16:42:15.852768 np0000005204 devstack@neutron-api.service[87595]: DEBUG neutron.plugins.ml2.drivers.ovn.mech_driver.ovsdb.ovsdb_monitor [None req-554ef9e2-354b-430b-ae0f-49ff95037872 None None] Hash Ring: Node b9b81c57e2cb5bbc850465c31d69a8ef (host: np0000005204) handling event "create" for row 384634e8-7e06-4253-a9fd-92e3ce4902a6 (table: Port_Binding) {{(pid=87595) notify /opt/stack/neutron/neutron/plugins/ml2/drivers/ovn/mech_driver/ovsdb/ovsdb_monitor.py:1009}}
Jul 15 16:42:15.873749 np0000005204 devstack@neutron-api.service[87597]: INFO neutron.db.ovn_revision_numbers_db [None req-a7ccf1bf-8563-453a-a837-c4bf0615bd07 admin admin] Successfully bumped revision number for resource 52fa5f28-bde0-4d06-b155-807c3858cfcc (type: ports) to 1
Jul 15 16:42:15.877706 np0000005204 devstack@neutron-api.service[87596]: DEBUG neutron.db.provisioning_blocks [None req-68932015-f082-430d-92bb-13f5160e02dc None None] Transition to ACTIVE for port object 52fa5f28-bde0-4d06-b155-807c3858cfcc will not be triggered until provisioned by entity L2. {{(pid=87596) add_provisioning_component /opt/stack/neutron/neutron/db/provisioning_blocks.py:74}}
Jul 15 16:42:15.879557 np0000005204 devstack@neutron-api.service[87597]: DEBUG neutron.pecan_wsgi.hooks.policy_enforcement [None req-a7ccf1bf-8563-453a-a837-c4bf0615bd07 admin admin] Attributes excluded by policy engine: ['standard_attr_id'] {{(pid=87597) _exclude_attributes_by_policy /opt/stack/neutron/neutron/pecan_wsgi/hooks/policy_enforcement.py:259}}
Jul 15 16:42:15.879858 np0000005204 devstack@neutron-api.service[87597]: DEBUG neutron_lib.callbacks.manager [None req-a7ccf1bf-8563-453a-a837-c4bf0615bd07 admin admin] Publish callbacks [] for network (None), before_response {{(pid=87597) _notify_loop /opt/stack/data/venv/lib/python3.12/site-packages/neutron_lib/callbacks/manager.py:184}}
Jul 15 16:42:15.888522 np0000005204 devstack@neutron-api.service[87597]: [pid: 87597|app: 0|req: 12/37] 10.4.3.23 () {68 vars in 1319 bytes} [Wed Jul 15 16:42:15 2026] POST /networking/v2.0/networks => generated 679 bytes in 329 msecs (HTTP/1.1 201) 4 headers in 162 bytes (1 switches on core 0)
Jul 15 16:42:15.894571 np0000005204 devstack@neutron-api.service[87596]: DEBUG neutron.plugins.ml2.plugin [None req-68932015-f082-430d-92bb-13f5160e02dc None None] Current status of the port 52fa5f28-bde0-4d06-b155-807c3858cfcc is: DOWN; New status is: DOWN {{(pid=87596) _update_individual_port_db_status /opt/stack/neutron/neutron/plugins/ml2/plugin.py:2473}}
Jul 15 16:42:15.895349 np0000005204 devstack@neutron-api.service[87596]: DEBUG ovsdbapp.backend.ovs_idl.transaction [None req-aea23807-a23e-4668-ae9d-5d1b03225e9d None None] Running txn n=1 command(idx=0): DbRemoveCommand(_result=None, table=Logical_Switch_Port, record=52fa5f28-bde0-4d06-b155-807c3858cfcc, column=external_ids, values=('neutron:host_id',), keyvalues={}, if_exists=True) {{(pid=87596) do_commit /opt/stack/data/venv/lib/python3.12/site-packages/ovsdbapp/backend/ovs_idl/transaction.py:89}}
Jul 15 16:42:16.062969 np0000005204 devstack@neutron-api.service[87596]: INFO neutron.pecan_wsgi.hooks.translation [None req-4d9542f1-adea-445e-bdd7-c86cce25f2eb admin admin] GET failed (client error): The resource could not be found.
Jul 15 16:42:16.063490 np0000005204 devstack@neutron-api.service[87596]: [pid: 87596|app: 0|req: 14/38] 10.4.3.23 () {64 vars in 1287 bytes} [Wed Jul 15 16:42:16 2026] GET /networking/v2.0/networks/shared => generated 108 bytes in 7 msecs (HTTP/1.1 404) 4 headers in 164 bytes (1 switches on core 0)
Jul 15 16:42:16.091475 np0000005204 devstack@neutron-api.service[87595]: DEBUG neutron.pecan_wsgi.hooks.policy_enforcement [None req-d256708d-197b-4f9f-af39-7cee227a1b01 admin admin] Attributes excluded by policy engine: ['standard_attr_id'] {{(pid=87595) _exclude_attributes_by_policy /opt/stack/neutron/neutron/pecan_wsgi/hooks/policy_enforcement.py:259}}
Jul 15 16:42:16.092682 np0000005204 devstack@neutron-api.service[87595]: [pid: 87595|app: 0|req: 13/39] 10.4.3.23 () {64 vars in 1302 bytes} [Wed Jul 15 16:42:16 2026] GET /networking/v2.0/networks?name=shared => generated 663 bytes in 24 msecs (HTTP/1.1 200) 4 headers in 157 bytes (1 switches on core 0)
Jul 15 16:42:16.102509 np0000005204 devstack@neutron-api.service[87597]: DEBUG neutron.api.v2.base [None req-8c6a7f79-072c-4488-86e8-d5139e9e3fe1 admin admin] Request body: {'subnet': {'ip_version': 4, 'cidr': '192.168.233.0/24', 'description': 'shared-subnet', 'network_id': '595646e7-d02d-4fcb-b6df-0e3c2d44ddd3', 'name': 'shared-subnet'}} {{(pid=87597) prepare_request_body /opt/stack/neutron/neutron/api/v2/base.py:727}}
Jul 15 16:42:16.113206 np0000005204 devstack@neutron-api.service[87597]: DEBUG neutron.pecan_wsgi.hooks.quota_enforcement [None req-8c6a7f79-072c-4488-86e8-d5139e9e3fe1 admin admin] Made reservation on behalf of 0843b2b8ec5f409cbb6d56cc78a4f2cb for: {'subnet': 1} {{(pid=87597) before /opt/stack/neutron/neutron/pecan_wsgi/hooks/quota_enforcement.py:66}}
Jul 15 16:42:16.115377 np0000005204 devstack@neutron-api.service[87597]: DEBUG neutron_lib.callbacks.manager [None req-8c6a7f79-072c-4488-86e8-d5139e9e3fe1 admin admin] Publish callbacks [] for subnet (None), before_create {{(pid=87597) _notify_loop /opt/stack/data/venv/lib/python3.12/site-packages/neutron_lib/callbacks/manager.py:184}}
Jul 15 16:42:16.160824 np0000005204 devstack@neutron-api.service[87597]: DEBUG neutron.db.ovn_revision_numbers_db [None req-8c6a7f79-072c-4488-86e8-d5139e9e3fe1 admin admin] create_initial_revision uuid=d40c2068-11e6-48ca-9322-1f9d59ca3e0e, type=subnets, rev=-1 {{(pid=87597) create_initial_revision /opt/stack/neutron/neutron/db/ovn_revision_numbers_db.py:98}}
Jul 15 16:42:16.163798 np0000005204 devstack@neutron-api.service[87597]: DEBUG neutron_lib.callbacks.manager [None req-8c6a7f79-072c-4488-86e8-d5139e9e3fe1 admin admin] Publish callbacks ['neutron.plugins.ml2.ovo_rpc._ObjectChangeHandler.handle_event-15797864'] for subnet (d40c2068-11e6-48ca-9322-1f9d59ca3e0e), after_create {{(pid=87597) _notify_loop /opt/stack/data/venv/lib/python3.12/site-packages/neutron_lib/callbacks/manager.py:184}}
Jul 15 16:42:16.174815 np0000005204 devstack@neutron-api.service[87597]: DEBUG neutron.api.rpc.handlers.resources_rpc [None req-8c6a7f79-072c-4488-86e8-d5139e9e3fe1 admin admin] Pushing event updated for resources: {'Subnet': ['ID=d40c2068-11e6-48ca-9322-1f9d59ca3e0e,revision_number=0']} {{(pid=87597) push /opt/stack/neutron/neutron/api/rpc/handlers/resources_rpc.py:237}}
Jul 15 16:42:16.212248 np0000005204 devstack@neutron-api.service[87597]: DEBUG neutron_lib.callbacks.manager [None req-8c6a7f79-072c-4488-86e8-d5139e9e3fe1 admin admin] Publish callbacks ['neutron.plugins.ml2.plugin.SecurityGroupDbMixin._ensure_default_security_group_handler-59634', 'neutron.services.ovn_l3.plugin.OVNL3RouterPlugin._port_update-8576083878742', 'neutron.db.l3_db.L3_NAT_dbonly_mixin._prevent_internal_ip_change_for_fip-8576085716852'] for port (52fa5f28-bde0-4d06-b155-807c3858cfcc), before_update {{(pid=87597) _notify_loop /opt/stack/data/venv/lib/python3.12/site-packages/neutron_lib/callbacks/manager.py:184}}
Jul 15 16:42:16.282858 np0000005204 devstack@neutron-api.service[87597]: DEBUG neutron.db.db_base_plugin_common [None req-8c6a7f79-072c-4488-86e8-d5139e9e3fe1 admin admin] Allocated IP 192.168.233.2 (595646e7-d02d-4fcb-b6df-0e3c2d44ddd3/d40c2068-11e6-48ca-9322-1f9d59ca3e0e/52fa5f28-bde0-4d06-b155-807c3858cfcc) {{(pid=87597) _store_ip_allocation /opt/stack/neutron/neutron/db/db_base_plugin_common.py:131}}
Jul 15 16:42:16.335014 np0000005204 devstack@neutron-api.service[87597]: DEBUG neutron_lib.callbacks.manager [None req-8c6a7f79-072c-4488-86e8-d5139e9e3fe1 admin admin] Publish callbacks [] for port (52fa5f28-bde0-4d06-b155-807c3858cfcc), precommit_update {{(pid=87597) _notify_loop /opt/stack/data/venv/lib/python3.12/site-packages/neutron_lib/callbacks/manager.py:184}}
Jul 15 16:42:16.335120 np0000005204 devstack@neutron-api.service[87597]: DEBUG neutron.plugins.ml2.drivers.ovn.mech_driver.mech_driver [None req-8c6a7f79-072c-4488-86e8-d5139e9e3fe1 admin admin] No provisioning block for port 52fa5f28-bde0-4d06-b155-807c3858cfcc since it does not have a host {{(pid=87597) _is_port_provisioning_required /opt/stack/neutron/neutron/plugins/ml2/drivers/ovn/mech_driver/mech_driver.py:899}}
Jul 15 16:42:16.343640 np0000005204 devstack@neutron-api.service[87597]: DEBUG neutron_lib.callbacks.manager [None req-8c6a7f79-072c-4488-86e8-d5139e9e3fe1 admin admin] Publish callbacks ['neutron.plugins.ml2.ovo_rpc._ObjectChangeHandler.handle_event-15797869', 'neutron.services.ovn_l3.plugin.OVNL3RouterPlugin._port_update-8576083878742'] for port (52fa5f28-bde0-4d06-b155-807c3858cfcc), after_update {{(pid=87597) _notify_loop /opt/stack/data/venv/lib/python3.12/site-packages/neutron_lib/callbacks/manager.py:184}}
Jul 15 16:42:16.368782 np0000005204 devstack@neutron-api.service[87597]: DEBUG neutron.api.rpc.handlers.resources_rpc [None req-8c6a7f79-072c-4488-86e8-d5139e9e3fe1 admin admin] Pushing event updated for resources: {'Port': ['ID=52fa5f28-bde0-4d06-b155-807c3858cfcc,revision_number=2']} {{(pid=87597) push /opt/stack/neutron/neutron/api/rpc/handlers/resources_rpc.py:237}}
Jul 15 16:42:16.441104 np0000005204 devstack@neutron-api.service[87597]: DEBUG neutron.plugins.ml2.drivers.ovn.mech_driver.ovsdb.commands [None req-8c6a7f79-072c-4488-86e8-d5139e9e3fe1 admin admin] Converting tag [] to a tag_request {{(pid=87597) _tag_column_to_tag_request /opt/stack/neutron/neutron/plugins/ml2/drivers/ovn/mech_driver/ovsdb/commands.py:205}}
Jul 15 16:42:16.441876 np0000005204 devstack@neutron-api.service[87597]: DEBUG ovsdbapp.backend.ovs_idl.transaction [None req-259a15b5-2b9f-42d0-9318-dd7da27b715e None None] Running txn n=1 command(idx=0): CheckRevisionNumberCommand(_result=None, name=52fa5f28-bde0-4d06-b155-807c3858cfcc, resource={'id': '52fa5f28-bde0-4d06-b155-807c3858cfcc', 'name': '', 'network_id': '595646e7-d02d-4fcb-b6df-0e3c2d44ddd3', 'project_id': '0843b2b8ec5f409cbb6d56cc78a4f2cb', 'mac_address': 'fa:16:3e:3c:8c:59', 'admin_state_up': True, 'status': 'DOWN', 'device_id': 'ovnmeta-595646e7-d02d-4fcb-b6df-0e3c2d44ddd3', 'device_owner': 'network:distributed', 'standard_attr_id': 28, 'fixed_ips': [{'subnet_id': 'd40c2068-11e6-48ca-9322-1f9d59ca3e0e', 'ip_address': '192.168.233.2'}], 'allowed_address_pairs': [], 'extra_dhcp_opts': [], 'security_groups': [], 'description': '', 'binding:vnic_type': 'normal', 'binding:profile': {}, 'binding:host_id': '', 'binding:vif_type': 'unbound', 'binding:vif_details': {}, 'port_security_enabled': False, 'tags': [], 'created_at': '2026-07-15T16:42:15Z', 'updated_at': '2026-07-15T16:42:16Z', 'revision_number': 2, 'tenant_id': '0843b2b8ec5f409cbb6d56cc78a4f2cb', 'network': {'id': '595646e7-d02d-4fcb-b6df-0e3c2d44ddd3', 'name': 'shared', 'tenant_id': '0843b2b8ec5f409cbb6d56cc78a4f2cb', 'project_id': '0843b2b8ec5f409cbb6d56cc78a4f2cb', 'admin_state_up': True, 'mtu': 1372, 'status': 'ACTIVE', 'subnets': ['d40c2068-11e6-48ca-9322-1f9d59ca3e0e'], 'standard_attr_id': 26, 'shared': True, 'availability_zone_hints': [], 'availability_zones': [], 'ipv4_address_scope': None, 'ipv6_address_scope': None, 'router:external': False, 'qinq': False, 'vlan_transparent': False, 'description': '', 'port_security_enabled': True, 'tags': [], 'created_at': '2026-07-15T16:42:15Z', 'updated_at': '2026-07-15T16:42:16Z', 'revision_number': 2, 'provider:network_type': 'geneve', 'provider:physical_network': None, 'provider:segmentation_id': 20033}}, resource_type=ports, if_exists=True) {{(pid=87597) do_commit /opt/stack/data/venv/lib/python3.12/site-packages/ovsdbapp/backend/ovs_idl/transaction.py:89}}
Jul 15 16:42:16.442250 np0000005204 devstack@neutron-api.service[87597]: DEBUG ovsdbapp.backend.ovs_idl.transaction [None req-259a15b5-2b9f-42d0-9318-dd7da27b715e None None] Running txn n=1 command(idx=1): AddDHCPOptionsCommand(_result=None, columns={'cidr': '192.168.233.0/24', 'options': {'server_id': '192.168.233.1', 'lease_time': '43200', 'mtu': '1372', 'router': '192.168.233.1', 'server_mac': 'fa:16:3e:d0:19:96', 'dns_server': '{127.0.0.53}', 'classless_static_route': '{169.254.169.254/32,192.168.233.2, 0.0.0.0/0,192.168.233.1}'}, 'external_ids': {'subnet_id': 'd40c2068-11e6-48ca-9322-1f9d59ca3e0e', 'neutron:network_id': '595646e7-d02d-4fcb-b6df-0e3c2d44ddd3', 'neutron:revision_number': '0'}}, may_exist=True, subnet_id=d40c2068-11e6-48ca-9322-1f9d59ca3e0e, port_id=None, new_insert=False) {{(pid=87597) do_commit /opt/stack/data/venv/lib/python3.12/site-packages/ovsdbapp/backend/ovs_idl/transaction.py:89}}
Jul 15 16:42:16.442558 np0000005204 devstack@neutron-api.service[87597]: DEBUG ovsdbapp.backend.ovs_idl.transaction [None req-259a15b5-2b9f-42d0-9318-dd7da27b715e None None] Running txn n=1 command(idx=2): SetLSwitchPortCommand(_result=None, lport=52fa5f28-bde0-4d06-b155-807c3858cfcc, external_ids_update=None, columns={'external_ids': {'neutron:port_name': '', 'neutron:device_id': 'ovnmeta-595646e7-d02d-4fcb-b6df-0e3c2d44ddd3', 'neutron:project_id': '0843b2b8ec5f409cbb6d56cc78a4f2cb', 'neutron:cidrs': '192.168.233.2/24', 'neutron:device_owner': 'network:distributed', 'neutron:subnet_pool_addr_scope4': '', 'neutron:subnet_pool_addr_scope6': '', 'neutron:network_name': 'neutron-595646e7-d02d-4fcb-b6df-0e3c2d44ddd3', 'neutron:security_group_ids': '', 'neutron:revision_number': '2', 'neutron:vnic_type': 'normal', 'neutron:port_capabilities': '', 'neutron:mtu': '1372'}, 'parent_name': [], 'options': {}, 'enabled': True, 'port_security': [], 'dhcpv4_options': [], 'dhcpv6_options': [], 'type': 'localport', 'addresses': ['fa:16:3e:3c:8c:59 192.168.233.2'], 'ha_chassis_group': [], 'tag_request': []}, if_exists=False) {{(pid=87597) do_commit /opt/stack/data/venv/lib/python3.12/site-packages/ovsdbapp/backend/ovs_idl/transaction.py:89}}
Jul 15 16:42:16.443106 np0000005204 devstack@neutron-api.service[87597]: DEBUG ovsdbapp.backend.ovs_idl.transaction [None req-259a15b5-2b9f-42d0-9318-dd7da27b715e None None] Running txn n=1 command(idx=3): PgDelPortCommand(_result=None, port_group=neutron_pg_drop, lsp=['52fa5f28-bde0-4d06-b155-807c3858cfcc'], if_exists=False) {{(pid=87597) do_commit /opt/stack/data/venv/lib/python3.12/site-packages/ovsdbapp/backend/ovs_idl/transaction.py:89}}
Jul 15 16:42:16.445956 np0000005204 devstack@neutron-api.service[87596]: DEBUG neutron.plugins.ml2.drivers.ovn.mech_driver.ovsdb.ovsdb_monitor [None req-aea23807-a23e-4668-ae9d-5d1b03225e9d None None] Hash Ring: Node 1c241bc419ae5fdcb846447cf004e859 (host: np0000005204) handling event "create" for row 6c8af885-8719-42a3-96da-fbdade8132fc (table: DHCP_Options) {{(pid=87596) notify /opt/stack/neutron/neutron/plugins/ml2/drivers/ovn/mech_driver/ovsdb/ovsdb_monitor.py:1009}}
Jul 15 16:42:16.446494 np0000005204 devstack@neutron-api.service[87596]: DEBUG neutron.plugins.ml2.drivers.ovn.mech_driver.ovsdb.ovsdb_monitor [None req-aea23807-a23e-4668-ae9d-5d1b03225e9d None None] Hash Ring: Node 1c241bc419ae5fdcb846447cf004e859 (host: np0000005204) handling event "update" for row 8f9e4402-0cc9-4f63-960b-b8a6c72db887 (table: Logical_Switch_Port) {{(pid=87596) notify /opt/stack/neutron/neutron/plugins/ml2/drivers/ovn/mech_driver/ovsdb/ovsdb_monitor.py:1009}}
