Jul 10 15:13:03.026653 np0000005021 devstack@g-api.service[99689]: DEBUG glance.api.middleware.version_negotiation [None req-20cf244f-ac91-46b6-a72a-588624d72918 tempest-VolumesActionsTest-29473959 tempest-VolumesActionsTest-29473959-project-member] Using url versioning {{(pid=99689) process_request /opt/stack/glance/glance/api/middleware/version_negotiation.py:57}}
Jul 10 15:13:03.026653 np0000005021 devstack@g-api.service[99689]: DEBUG glance.api.middleware.version_negotiation [None req-20cf244f-ac91-46b6-a72a-588624d72918 tempest-VolumesActionsTest-29473959 tempest-VolumesActionsTest-29473959-project-member] Matched version: v2 {{(pid=99689) process_request /opt/stack/glance/glance/api/middleware/version_negotiation.py:69}}
Jul 10 15:13:03.026653 np0000005021 devstack@g-api.service[99689]: DEBUG glance.api.middleware.version_negotiation [None req-20cf244f-ac91-46b6-a72a-588624d72918 tempest-VolumesActionsTest-29473959 tempest-VolumesActionsTest-29473959-project-member] new path /v2/images/d551c54c-9356-40d3-a03d-31bc5ceb078e {{(pid=99689) process_request /opt/stack/glance/glance/api/middleware/version_negotiation.py:70}}
Jul 10 15:13:03.037888 np0000005021 devstack@g-api.service[99689]: [pid: 99689|app: 0|req: 112/343] 127.0.0.1 () {40 vars in 838 bytes} [Fri Jul 10 15:13:03 2026] GET /v2/images/d551c54c-9356-40d3-a03d-31bc5ceb078e => generated 650 bytes in 12 msecs (HTTP/1.1 200) 4 headers in 157 bytes (1 switches on core 0)
Jul 10 15:13:04.046002 np0000005021 devstack@g-api.service[99690]: DEBUG glance.api.middleware.version_negotiation [None req-36375b39-e7ac-4688-9a61-d76059527048 tempest-VolumesActionsTest-29473959 tempest-VolumesActionsTest-29473959-project-member] Determining version of request: GET /v2/images/d551c54c-9356-40d3-a03d-31bc5ceb078e Accept: application/json {{(pid=99690) process_request /opt/stack/glance/glance/api/middleware/version_negotiation.py:44}}
Jul 10 15:13:04.046401 np0000005021 devstack@g-api.service[99690]: DEBUG glance.api.middleware.version_negotiation [None req-36375b39-e7ac-4688-9a61-d76059527048 tempest-VolumesActionsTest-29473959 tempest-VolumesActionsTest-29473959-project-member] Using url versioning {{(pid=99690) process_request /opt/stack/glance/glance/api/middleware/version_negotiation.py:57}}
Jul 10 15:13:04.046472 np0000005021 devstack@g-api.service[99690]: DEBUG glance.api.middleware.version_negotiation [None req-36375b39-e7ac-4688-9a61-d76059527048 tempest-VolumesActionsTest-29473959 tempest-VolumesActionsTest-29473959-project-member] Matched version: v2 {{(pid=99690) process_request /opt/stack/glance/glance/api/middleware/version_negotiation.py:69}}
Jul 10 15:13:04.046587 np0000005021 devstack@g-api.service[99690]: DEBUG glance.api.middleware.version_negotiation [None req-36375b39-e7ac-4688-9a61-d76059527048 tempest-VolumesActionsTest-29473959 tempest-VolumesActionsTest-29473959-project-member] new path /v2/images/d551c54c-9356-40d3-a03d-31bc5ceb078e {{(pid=99690) process_request /opt/stack/glance/glance/api/middleware/version_negotiation.py:70}}
Jul 10 15:13:04.062438 np0000005021 devstack@g-api.service[99690]: [pid: 99690|app: 0|req: 122/344] 127.0.0.1 () {40 vars in 838 bytes} [Fri Jul 10 15:13:04 2026] GET /v2/images/d551c54c-9356-40d3-a03d-31bc5ceb078e => generated 650 bytes in 16 msecs (HTTP/1.1 200) 4 headers in 157 bytes (1 switches on core 0)
Jul 10 15:13:04.716202 np0000005021 devstack@g-api.service[99691]: DEBUG swiftclient [None req-a5372086-7b41-4183-abfd-ba3210fc7333 tempest-VolumesActionsTest-29473959 tempest-VolumesActionsTest-29473959-project-member] REQ: curl -i https://10.4.3.207:8080/v1/AUTH_880f3f2146584c5cafd29ae9e6aeaed7/glance/d551c54c-9356-40d3-a03d-31bc5ceb078e-00002 -X PUT -H "X-Auth-Token: gAAAAABqUQv8nZtj..." {{(pid=99691) http_log /opt/stack/data/venv/lib/python3.12/site-packages/swiftclient/client.py:160}}
Jul 10 15:13:04.716589 np0000005021 devstack@g-api.service[99691]: DEBUG swiftclient [None req-a5372086-7b41-4183-abfd-ba3210fc7333 tempest-VolumesActionsTest-29473959 tempest-VolumesActionsTest-29473959-project-member] RESP STATUS: 201 Created {{(pid=99691) http_log /opt/stack/data/venv/lib/python3.12/site-packages/swiftclient/client.py:161}}
Jul 10 15:13:04.716589 np0000005021 devstack@g-api.service[99691]: DEBUG swiftclient [None req-a5372086-7b41-4183-abfd-ba3210fc7333 tempest-VolumesActionsTest-29473959 tempest-VolumesActionsTest-29473959-project-member] RESP HEADERS: {'Date': 'Fri, 10 Jul 2026 15:13:04 GMT', 'Server': 'Apache/2.4.58 (Ubuntu)', 'Content-Type': 'text/html; charset=UTF-8', 'Content-Length': '0', 'Etag': 'eda9a9889837ac4bc81d6387d92c1bec', 'Last-Modified': 'Fri, 10 Jul 2026 15:13:03 GMT', 'X-Trans-Id': 'txfbe03d2ec6c74a53bc863-006a510bfe', 'X-Openstack-Request-Id': 'txfbe03d2ec6c74a53bc863-006a510bfe', 'Connection': 'close'} {{(pid=99691) http_log /opt/stack/data/venv/lib/python3.12/site-packages/swiftclient/client.py:162}}
Jul 10 15:13:04.716589 np0000005021 devstack@g-api.service[99691]: DEBUG glance_store._drivers.swift.store [None req-a5372086-7b41-4183-abfd-ba3210fc7333 tempest-VolumesActionsTest-29473959 tempest-VolumesActionsTest-29473959-project-member] Wrote chunk d551c54c-9356-40d3-a03d-31bc5ceb078e-00002 (2/?) of length 204800000 to Swift returning MD5 of content: eda9a9889837ac4bc81d6387d92c1bec {{(pid=99691) add /opt/stack/data/venv/lib/python3.12/site-packages/glance_store/_drivers/swift/store.py:1059}}
Jul 10 15:13:05.075575 np0000005021 devstack@g-api.service[99689]: DEBUG glance.api.middleware.version_negotiation [None req-6a913c0d-5177-4296-88ae-a83285cfdf0e tempest-VolumesActionsTest-29473959 tempest-VolumesActionsTest-29473959-project-member] Determining version of request: GET /v2/images/d551c54c-9356-40d3-a03d-31bc5ceb078e Accept: application/json {{(pid=99689) process_request /opt/stack/glance/glance/api/middleware/version_negotiation.py:44}}
Jul 10 15:13:05.076071 np0000005021 devstack@g-api.service[99689]: DEBUG glance.api.middleware.version_negotiation [None req-6a913c0d-5177-4296-88ae-a83285cfdf0e tempest-VolumesActionsTest-29473959 tempest-VolumesActionsTest-29473959-project-member] Using url versioning {{(pid=99689) process_request /opt/stack/glance/glance/api/middleware/version_negotiation.py:57}}
Jul 10 15:13:05.076071 np0000005021 devstack@g-api.service[99689]: DEBUG glance.api.middleware.version_negotiation [None req-6a913c0d-5177-4296-88ae-a83285cfdf0e tempest-VolumesActionsTest-29473959 tempest-VolumesActionsTest-29473959-project-member] Matched version: v2 {{(pid=99689) process_request /opt/stack/glance/glance/api/middleware/version_negotiation.py:69}}
Jul 10 15:13:05.076180 np0000005021 devstack@g-api.service[99689]: DEBUG glance.api.middleware.version_negotiation [None req-6a913c0d-5177-4296-88ae-a83285cfdf0e tempest-VolumesActionsTest-29473959 tempest-VolumesActionsTest-29473959-project-member] new path /v2/images/d551c54c-9356-40d3-a03d-31bc5ceb078e {{(pid=99689) process_request /opt/stack/glance/glance/api/middleware/version_negotiation.py:70}}
Jul 10 15:13:05.088850 np0000005021 devstack@g-api.service[99689]: [pid: 99689|app: 0|req: 113/345] 127.0.0.1 () {40 vars in 838 bytes} [Fri Jul 10 15:13:05 2026] GET /v2/images/d551c54c-9356-40d3-a03d-31bc5ceb078e => generated 650 bytes in 13 msecs (HTTP/1.1 200) 4 headers in 157 bytes (1 switches on core 0)
Jul 10 15:13:06.106352 np0000005021 devstack@g-api.service[99690]: DEBUG glance.api.middleware.version_negotiation [None req-8d4c483f-1e6d-4ed2-b425-e29bb497c291 tempest-VolumesActionsTest-29473959 tempest-VolumesActionsTest-29473959-project-member] Determining version of request: GET /v2/images/d551c54c-9356-40d3-a03d-31bc5ceb078e Accept: application/json {{(pid=99690) process_request /opt/stack/glance/glance/api/middleware/version_negotiation.py:44}}
Jul 10 15:13:06.107705 np0000005021 devstack@g-api.service[99690]: DEBUG glance.api.middleware.version_negotiation [None req-8d4c483f-1e6d-4ed2-b425-e29bb497c291 tempest-VolumesActionsTest-29473959 tempest-VolumesActionsTest-29473959-project-member] Using url versioning {{(pid=99690) process_request /opt/stack/glance/glance/api/middleware/version_negotiation.py:57}}
Jul 10 15:13:06.107705 np0000005021 devstack@g-api.service[99690]: DEBUG glance.api.middleware.version_negotiation [None req-8d4c483f-1e6d-4ed2-b425-e29bb497c291 tempest-VolumesActionsTest-29473959 tempest-VolumesActionsTest-29473959-project-member] Matched version: v2 {{(pid=99690) process_request /opt/stack/glance/glance/api/middleware/version_negotiation.py:69}}
Jul 10 15:13:06.108733 np0000005021 devstack@g-api.service[99690]: DEBUG glance.api.middleware.version_negotiation [None req-8d4c483f-1e6d-4ed2-b425-e29bb497c291 tempest-VolumesActionsTest-29473959 tempest-VolumesActionsTest-29473959-project-member] new path /v2/images/d551c54c-9356-40d3-a03d-31bc5ceb078e {{(pid=99690) process_request /opt/stack/glance/glance/api/middleware/version_negotiation.py:70}}
Jul 10 15:13:06.129102 np0000005021 devstack@g-api.service[99690]: [pid: 99690|app: 0|req: 123/346] 127.0.0.1 () {40 vars in 838 bytes} [Fri Jul 10 15:13:06 2026] GET /v2/images/d551c54c-9356-40d3-a03d-31bc5ceb078e => generated 650 bytes in 23 msecs (HTTP/1.1 200) 4 headers in 157 bytes (1 switches on core 0)
Jul 10 15:13:07.035502 np0000005021 devstack@g-api.service[99691]: DEBUG swiftclient [None req-a5372086-7b41-4183-abfd-ba3210fc7333 tempest-VolumesActionsTest-29473959 tempest-VolumesActionsTest-29473959-project-member] REQ: curl -i https://10.4.3.207:8080/v1/AUTH_880f3f2146584c5cafd29ae9e6aeaed7/glance/d551c54c-9356-40d3-a03d-31bc5ceb078e-00003 -X PUT -H "X-Auth-Token: gAAAAABqUQv8nZtj..." {{(pid=99691) http_log /opt/stack/data/venv/lib/python3.12/site-packages/swiftclient/client.py:160}}
Jul 10 15:13:07.035502 np0000005021 devstack@g-api.service[99691]: DEBUG swiftclient [None req-a5372086-7b41-4183-abfd-ba3210fc7333 tempest-VolumesActionsTest-29473959 tempest-VolumesActionsTest-29473959-project-member] RESP STATUS: 201 Created {{(pid=99691) http_log /opt/stack/data/venv/lib/python3.12/site-packages/swiftclient/client.py:161}}
Jul 10 15:13:07.035971 np0000005021 devstack@g-api.service[99691]: DEBUG swiftclient [None req-a5372086-7b41-4183-abfd-ba3210fc7333 tempest-VolumesActionsTest-29473959 tempest-VolumesActionsTest-29473959-project-member] RESP HEADERS: {'Date': 'Fri, 10 Jul 2026 15:13:07 GMT', 'Server': 'Apache/2.4.58 (Ubuntu)', 'Content-Type': 'text/html; charset=UTF-8', 'Content-Length': '0', 'Etag': 'eda9a9889837ac4bc81d6387d92c1bec', 'Last-Modified': 'Fri, 10 Jul 2026 15:13:05 GMT', 'X-Trans-Id': 'txa3bc4d9e7fcf4ff3b8f4c-006a510c00', 'X-Openstack-Request-Id': 'txa3bc4d9e7fcf4ff3b8f4c-006a510c00', 'Connection': 'close'} {{(pid=99691) http_log /opt/stack/data/venv/lib/python3.12/site-packages/swiftclient/client.py:162}}
Jul 10 15:13:07.035971 np0000005021 devstack@g-api.service[99691]: DEBUG glance_store._drivers.swift.store [None req-a5372086-7b41-4183-abfd-ba3210fc7333 tempest-VolumesActionsTest-29473959 tempest-VolumesActionsTest-29473959-project-member] Wrote chunk d551c54c-9356-40d3-a03d-31bc5ceb078e-00003 (3/?) of length 204800000 to Swift returning MD5 of content: eda9a9889837ac4bc81d6387d92c1bec {{(pid=99691) add /opt/stack/data/venv/lib/python3.12/site-packages/glance_store/_drivers/swift/store.py:1059}}
Jul 10 15:13:07.143099 np0000005021 devstack@g-api.service[99689]: DEBUG glance.api.middleware.version_negotiation [None req-9ace88c8-5f21-46f0-991b-5a0a877f6beb tempest-VolumesActionsTest-29473959 tempest-VolumesActionsTest-29473959-project-member] Determining version of request: GET /v2/images/d551c54c-9356-40d3-a03d-31bc5ceb078e Accept: application/json {{(pid=99689) process_request /opt/stack/glance/glance/api/middleware/version_negotiation.py:44}}
Jul 10 15:13:07.143099 np0000005021 devstack@g-api.service[99689]: DEBUG glance.api.middleware.version_negotiation [None req-9ace88c8-5f21-46f0-991b-5a0a877f6beb tempest-VolumesActionsTest-29473959 tempest-VolumesActionsTest-29473959-project-member] Using url versioning {{(pid=99689) process_request /opt/stack/glance/glance/api/middleware/version_negotiation.py:57}}
Jul 10 15:13:07.143099 np0000005021 devstack@g-api.service[99689]: DEBUG glance.api.middleware.version_negotiation [None req-9ace88c8-5f21-46f0-991b-5a0a877f6beb tempest-VolumesActionsTest-29473959 tempest-VolumesActionsTest-29473959-project-member] Matched version: v2 {{(pid=99689) process_request /opt/stack/glance/glance/api/middleware/version_negotiation.py:69}}
Jul 10 15:13:07.143099 np0000005021 devstack@g-api.service[99689]: DEBUG glance.api.middleware.version_negotiation [None req-9ace88c8-5f21-46f0-991b-5a0a877f6beb tempest-VolumesActionsTest-29473959 tempest-VolumesActionsTest-29473959-project-member] new path /v2/images/d551c54c-9356-40d3-a03d-31bc5ceb078e {{(pid=99689) process_request /opt/stack/glance/glance/api/middleware/version_negotiation.py:70}}
Jul 10 15:13:07.154840 np0000005021 devstack@g-api.service[99689]: [pid: 99689|app: 0|req: 114/347] 127.0.0.1 () {40 vars in 838 bytes} [Fri Jul 10 15:13:07 2026] GET /v2/images/d551c54c-9356-40d3-a03d-31bc5ceb078e => generated 650 bytes in 13 msecs (HTTP/1.1 200) 4 headers in 157 bytes (1 switches on core 0)
Jul 10 15:13:08.166127 np0000005021 devstack@g-api.service[99690]: DEBUG glance.api.middleware.version_negotiation [None req-090e0937-e676-4e36-adff-bb96794b7430 tempest-VolumesActionsTest-29473959 tempest-VolumesActionsTest-29473959-project-member] Determining version of request: GET /v2/images/d551c54c-9356-40d3-a03d-31bc5ceb078e Accept: application/json {{(pid=99690) process_request /opt/stack/glance/glance/api/middleware/version_negotiation.py:44}}
Jul 10 15:13:08.166568 np0000005021 devstack@g-api.service[99690]: DEBUG glance.api.middleware.version_negotiation [None req-090e0937-e676-4e36-adff-bb96794b7430 tempest-VolumesActionsTest-29473959 tempest-VolumesActionsTest-29473959-project-member] Using url versioning {{(pid=99690) process_request /opt/stack/glance/glance/api/middleware/version_negotiation.py:57}}
Jul 10 15:13:08.166568 np0000005021 devstack@g-api.service[99690]: DEBUG glance.api.middleware.version_negotiation [None req-090e0937-e676-4e36-adff-bb96794b7430 tempest-VolumesActionsTest-29473959 tempest-VolumesActionsTest-29473959-project-member] Matched version: v2 {{(pid=99690) process_request /opt/stack/glance/glance/api/middleware/version_negotiation.py:69}}
Jul 10 15:13:08.166672 np0000005021 devstack@g-api.service[99690]: DEBUG glance.api.middleware.version_negotiation [None req-090e0937-e676-4e36-adff-bb96794b7430 tempest-VolumesActionsTest-29473959 tempest-VolumesActionsTest-29473959-project-member] new path /v2/images/d551c54c-9356-40d3-a03d-31bc5ceb078e {{(pid=99690) process_request /opt/stack/glance/glance/api/middleware/version_negotiation.py:70}}
Jul 10 15:13:08.195183 np0000005021 devstack@g-api.service[99690]: [pid: 99690|app: 0|req: 124/348] 127.0.0.1 () {40 vars in 838 bytes} [Fri Jul 10 15:13:08 2026] GET /v2/images/d551c54c-9356-40d3-a03d-31bc5ceb078e => generated 650 bytes in 29 msecs (HTTP/1.1 200) 4 headers in 157 bytes (1 switches on core 0)
Jul 10 15:13:09.206348 np0000005021 devstack@g-api.service[99689]: DEBUG glance.api.middleware.version_negotiation [None req-608cd5d3-1b63-4934-9659-4d542512111c tempest-VolumesActionsTest-29473959 tempest-VolumesActionsTest-29473959-project-member] Determining version of request: GET /v2/images/d551c54c-9356-40d3-a03d-31bc5ceb078e Accept: application/json {{(pid=99689) process_request /opt/stack/glance/glance/api/middleware/version_negotiation.py:44}}
Jul 10 15:13:09.206348 np0000005021 devstack@g-api.service[99689]: DEBUG glance.api.middleware.version_negotiation [None req-608cd5d3-1b63-4934-9659-4d542512111c tempest-VolumesActionsTest-29473959 tempest-VolumesActionsTest-29473959-project-member] Using url versioning {{(pid=99689) process_request /opt/stack/glance/glance/api/middleware/version_negotiation.py:57}}
Jul 10 15:13:09.206348 np0000005021 devstack@g-api.service[99689]: DEBUG glance.api.middleware.version_negotiation [None req-608cd5d3-1b63-4934-9659-4d542512111c tempest-VolumesActionsTest-29473959 tempest-VolumesActionsTest-29473959-project-member] Matched version: v2 {{(pid=99689) process_request /opt/stack/glance/glance/api/middleware/version_negotiation.py:69}}
Jul 10 15:13:09.206348 np0000005021 devstack@g-api.service[99689]: DEBUG glance.api.middleware.version_negotiation [None req-608cd5d3-1b63-4934-9659-4d542512111c tempest-VolumesActionsTest-29473959 tempest-VolumesActionsTest-29473959-project-member] new path /v2/images/d551c54c-9356-40d3-a03d-31bc5ceb078e {{(pid=99689) process_request /opt/stack/glance/glance/api/middleware/version_negotiation.py:70}}
Jul 10 15:13:09.221603 np0000005021 devstack@g-api.service[99689]: [pid: 99689|app: 0|req: 115/349] 127.0.0.1 () {40 vars in 838 bytes} [Fri Jul 10 15:13:09 2026] GET /v2/images/d551c54c-9356-40d3-a03d-31bc5ceb078e => generated 650 bytes in 16 msecs (HTTP/1.1 200) 4 headers in 157 bytes (1 switches on core 0)
Jul 10 15:13:09.827331 np0000005021 devstack@g-api.service[99691]: DEBUG swiftclient [None req-a5372086-7b41-4183-abfd-ba3210fc7333 tempest-VolumesActionsTest-29473959 tempest-VolumesActionsTest-29473959-project-member] REQ: curl -i https://10.4.3.207:8080/v1/AUTH_880f3f2146584c5cafd29ae9e6aeaed7/glance/d551c54c-9356-40d3-a03d-31bc5ceb078e-00004 -X PUT -H "X-Auth-Token: gAAAAABqUQv8nZtj..." {{(pid=99691) http_log /opt/stack/data/venv/lib/python3.12/site-packages/swiftclient/client.py:160}}
Jul 10 15:13:09.827617 np0000005021 devstack@g-api.service[99691]: DEBUG swiftclient [None req-a5372086-7b41-4183-abfd-ba3210fc7333 tempest-VolumesActionsTest-29473959 tempest-VolumesActionsTest-29473959-project-member] RESP STATUS: 201 Created {{(pid=99691) http_log /opt/stack/data/venv/lib/python3.12/site-packages/swiftclient/client.py:161}}
Jul 10 15:13:09.827617 np0000005021 devstack@g-api.service[99691]: DEBUG swiftclient [None req-a5372086-7b41-4183-abfd-ba3210fc7333 tempest-VolumesActionsTest-29473959 tempest-VolumesActionsTest-29473959-project-member] RESP HEADERS: {'Date': 'Fri, 10 Jul 2026 15:13:09 GMT', 'Server': 'Apache/2.4.58 (Ubuntu)', 'Content-Type': 'text/html; charset=UTF-8', 'Content-Length': '0', 'Etag': 'eda9a9889837ac4bc81d6387d92c1bec', 'Last-Modified': 'Fri, 10 Jul 2026 15:13:08 GMT', 'X-Trans-Id': 'tx7a21b291f31b4549adc1e-006a510c03', 'X-Openstack-Request-Id': 'tx7a21b291f31b4549adc1e-006a510c03', 'Connection': 'close'} {{(pid=99691) http_log /opt/stack/data/venv/lib/python3.12/site-packages/swiftclient/client.py:162}}
Jul 10 15:13:09.827807 np0000005021 devstack@g-api.service[99691]: DEBUG glance_store._drivers.swift.store [None req-a5372086-7b41-4183-abfd-ba3210fc7333 tempest-VolumesActionsTest-29473959 tempest-VolumesActionsTest-29473959-project-member] Wrote chunk d551c54c-9356-40d3-a03d-31bc5ceb078e-00004 (4/?) of length 204800000 to Swift returning MD5 of content: eda9a9889837ac4bc81d6387d92c1bec {{(pid=99691) add /opt/stack/data/venv/lib/python3.12/site-packages/glance_store/_drivers/swift/store.py:1059}}
Jul 10 15:13:10.235369 np0000005021 devstack@g-api.service[99690]: DEBUG glance.api.middleware.version_negotiation [None req-bf7b0b5b-b3cc-4cc2-bc10-7dd1e4d791d3 tempest-VolumesActionsTest-29473959 tempest-VolumesActionsTest-29473959-project-member] Determining version of request: GET /v2/images/d551c54c-9356-40d3-a03d-31bc5ceb078e Accept: application/json {{(pid=99690) process_request /opt/stack/glance/glance/api/middleware/version_negotiation.py:44}}
Jul 10 15:13:10.236066 np0000005021 devstack@g-api.service[99690]: DEBUG glance.api.middleware.version_negotiation [None req-bf7b0b5b-b3cc-4cc2-bc10-7dd1e4d791d3 tempest-VolumesActionsTest-29473959 tempest-VolumesActionsTest-29473959-project-member] Using url versioning {{(pid=99690) process_request /opt/stack/glance/glance/api/middleware/version_negotiation.py:57}}
Jul 10 15:13:10.236066 np0000005021 devstack@g-api.service[99690]: DEBUG glance.api.middleware.version_negotiation [None req-bf7b0b5b-b3cc-4cc2-bc10-7dd1e4d791d3 tempest-VolumesActionsTest-29473959 tempest-VolumesActionsTest-29473959-project-member] Matched version: v2 {{(pid=99690) process_request /opt/stack/glance/glance/api/middleware/version_negotiation.py:69}}
Jul 10 15:13:10.236066 np0000005021 devstack@g-api.service[99690]: DEBUG glance.api.middleware.version_negotiation [None req-bf7b0b5b-b3cc-4cc2-bc10-7dd1e4d791d3 tempest-VolumesActionsTest-29473959 tempest-VolumesActionsTest-29473959-project-member] new path /v2/images/d551c54c-9356-40d3-a03d-31bc5ceb078e {{(pid=99690) process_request /opt/stack/glance/glance/api/middleware/version_negotiation.py:70}}
Jul 10 15:13:10.255632 np0000005021 devstack@g-api.service[99690]: [pid: 99690|app: 0|req: 125/350] 127.0.0.1 () {40 vars in 838 bytes} [Fri Jul 10 15:13:10 2026] GET /v2/images/d551c54c-9356-40d3-a03d-31bc5ceb078e => generated 650 bytes in 20 msecs (HTTP/1.1 200) 4 headers in 157 bytes (1 switches on core 0)
Jul 10 15:13:10.455285 np0000005021 devstack@g-api.service[99691]: DEBUG dbcounter [-] [99691] Writing DB stats glance:SELECT=12,glance:UPDATE=1 {{(pid=99691) stat_writer /opt/stack/data/venv/lib/python3.12/site-packages/dbcounter.py:115}}
Jul 10 15:13:11.268900 np0000005021 devstack@g-api.service[99689]: DEBUG glance.api.middleware.version_negotiation [None req-81b5e648-bf4d-4a35-bc54-139009ee652d tempest-VolumesActionsTest-29473959 tempest-VolumesActionsTest-29473959-project-member] Determining version of request: GET /v2/images/d551c54c-9356-40d3-a03d-31bc5ceb078e Accept: application/json {{(pid=99689) process_request /opt/stack/glance/glance/api/middleware/version_negotiation.py:44}}
Jul 10 15:13:11.270459 np0000005021 devstack@g-api.service[99689]: DEBUG glance.api.middleware.version_negotiation [None req-81b5e648-bf4d-4a35-bc54-139009ee652d tempest-VolumesActionsTest-29473959 tempest-VolumesActionsTest-29473959-project-member] Using url versioning {{(pid=99689) process_request /opt/stack/glance/glance/api/middleware/version_negotiation.py:57}}
Jul 10 15:13:11.270459 np0000005021 devstack@g-api.service[99689]: DEBUG glance.api.middleware.version_negotiation [None req-81b5e648-bf4d-4a35-bc54-139009ee652d tempest-VolumesActionsTest-29473959 tempest-VolumesActionsTest-29473959-project-member] Matched version: v2 {{(pid=99689) process_request /opt/stack/glance/glance/api/middleware/version_negotiation.py:69}}
Jul 10 15:13:11.270459 np0000005021 devstack@g-api.service[99689]: DEBUG glance.api.middleware.version_negotiation [None req-81b5e648-bf4d-4a35-bc54-139009ee652d tempest-VolumesActionsTest-29473959 tempest-VolumesActionsTest-29473959-project-member] new path /v2/images/d551c54c-9356-40d3-a03d-31bc5ceb078e {{(pid=99689) process_request /opt/stack/glance/glance/api/middleware/version_negotiation.py:70}}
Jul 10 15:13:11.285849 np0000005021 devstack@g-api.service[99689]: [pid: 99689|app: 0|req: 116/351] 127.0.0.1 () {40 vars in 838 bytes} [Fri Jul 10 15:13:11 2026] GET /v2/images/d551c54c-9356-40d3-a03d-31bc5ceb078e => generated 650 bytes in 17 msecs (HTTP/1.1 200) 4 headers in 157 bytes (1 switches on core 0)
Jul 10 15:13:12.299543 np0000005021 devstack@g-api.service[99690]: DEBUG glance.api.middleware.version_negotiation [None req-59d1b709-c968-4862-8ea4-f055b25f2c88 tempest-VolumesActionsTest-29473959 tempest-VolumesActionsTest-29473959-project-member] Determining version of request: GET /v2/images/d551c54c-9356-40d3-a03d-31bc5ceb078e Accept: application/json {{(pid=99690) process_request /opt/stack/glance/glance/api/middleware/version_negotiation.py:44}}
Jul 10 15:13:12.299543 np0000005021 devstack@g-api.service[99690]: DEBUG glance.api.middleware.version_negotiation [None req-59d1b709-c968-4862-8ea4-f055b25f2c88 tempest-VolumesActionsTest-29473959 tempest-VolumesActionsTest-29473959-project-member] Using url versioning {{(pid=99690) process_request /opt/stack/glance/glance/api/middleware/version_negotiation.py:57}}
Jul 10 15:13:12.300115 np0000005021 devstack@g-api.service[99690]: DEBUG glance.api.middleware.version_negotiation [None req-59d1b709-c968-4862-8ea4-f055b25f2c88 tempest-VolumesActionsTest-29473959 tempest-VolumesActionsTest-29473959-project-member] Matched version: v2 {{(pid=99690) process_request /opt/stack/glance/glance/api/middleware/version_negotiation.py:69}}
Jul 10 15:13:12.300115 np0000005021 devstack@g-api.service[99690]: DEBUG glance.api.middleware.version_negotiation [None req-59d1b709-c968-4862-8ea4-f055b25f2c88 tempest-VolumesActionsTest-29473959 tempest-VolumesActionsTest-29473959-project-member] new path /v2/images/d551c54c-9356-40d3-a03d-31bc5ceb078e {{(pid=99690) process_request /opt/stack/glance/glance/api/middleware/version_negotiation.py:70}}
Jul 10 15:13:12.322087 np0000005021 devstack@g-api.service[99690]: [pid: 99690|app: 0|req: 126/352] 127.0.0.1 () {40 vars in 838 bytes} [Fri Jul 10 15:13:12 2026] GET /v2/images/d551c54c-9356-40d3-a03d-31bc5ceb078e => generated 650 bytes in 23 msecs (HTTP/1.1 200) 4 headers in 157 bytes (1 switches on core 0)
Jul 10 15:13:12.895454 np0000005021 devstack@g-api.service[99691]: DEBUG swiftclient [None req-a5372086-7b41-4183-abfd-ba3210fc7333 tempest-VolumesActionsTest-29473959 tempest-VolumesActionsTest-29473959-project-member] REQ: curl -i https://10.4.3.207:8080/v1/AUTH_880f3f2146584c5cafd29ae9e6aeaed7/glance/d551c54c-9356-40d3-a03d-31bc5ceb078e-00005 -X PUT -H "X-Auth-Token: gAAAAABqUQv8nZtj..." {{(pid=99691) http_log /opt/stack/data/venv/lib/python3.12/site-packages/swiftclient/client.py:160}}
Jul 10 15:13:12.895803 np0000005021 devstack@g-api.service[99691]: DEBUG swiftclient [None req-a5372086-7b41-4183-abfd-ba3210fc7333 tempest-VolumesActionsTest-29473959 tempest-VolumesActionsTest-29473959-project-member] RESP STATUS: 201 Created {{(pid=99691) http_log /opt/stack/data/venv/lib/python3.12/site-packages/swiftclient/client.py:161}}
Jul 10 15:13:12.895923 np0000005021 devstack@g-api.service[99691]: DEBUG swiftclient [None req-a5372086-7b41-4183-abfd-ba3210fc7333 tempest-VolumesActionsTest-29473959 tempest-VolumesActionsTest-29473959-project-member] RESP HEADERS: {'Date': 'Fri, 10 Jul 2026 15:13:12 GMT', 'Server': 'Apache/2.4.58 (Ubuntu)', 'Content-Type': 'text/html; charset=UTF-8', 'Content-Length': '0', 'Etag': 'eda9a9889837ac4bc81d6387d92c1bec', 'Last-Modified': 'Fri, 10 Jul 2026 15:13:10 GMT', 'X-Trans-Id': 'tx8e692e156f4a4f53ac159-006a510c05', 'X-Openstack-Request-Id': 'tx8e692e156f4a4f53ac159-006a510c05', 'Connection': 'close'} {{(pid=99691) http_log /opt/stack/data/venv/lib/python3.12/site-packages/swiftclient/client.py:162}}
Jul 10 15:13:12.896013 np0000005021 devstack@g-api.service[99691]: DEBUG glance_store._drivers.swift.store [None req-a5372086-7b41-4183-abfd-ba3210fc7333 tempest-VolumesActionsTest-29473959 tempest-VolumesActionsTest-29473959-project-member] Wrote chunk d551c54c-9356-40d3-a03d-31bc5ceb078e-00005 (5/?) of length 204800000 to Swift returning MD5 of content: eda9a9889837ac4bc81d6387d92c1bec {{(pid=99691) add /opt/stack/data/venv/lib/python3.12/site-packages/glance_store/_drivers/swift/store.py:1059}}
Jul 10 15:13:13.334835 np0000005021 devstack@g-api.service[99689]: DEBUG glance.api.middleware.version_negotiation [None req-139299e6-f37e-41fb-8e8f-d760147b301f tempest-VolumesActionsTest-29473959 tempest-VolumesActionsTest-29473959-project-member] Determining version of request: GET /v2/images/d551c54c-9356-40d3-a03d-31bc5ceb078e Accept: application/json {{(pid=99689) process_request /opt/stack/glance/glance/api/middleware/version_negotiation.py:44}}
Jul 10 15:13:13.335769 np0000005021 devstack@g-api.service[99689]: DEBUG glance.api.middleware.version_negotiation [None req-139299e6-f37e-41fb-8e8f-d760147b301f tempest-VolumesActionsTest-29473959 tempest-VolumesActionsTest-29473959-project-member] Using url versioning {{(pid=99689) process_request /opt/stack/glance/glance/api/middleware/version_negotiation.py:57}}
Jul 10 15:13:13.335769 np0000005021 devstack@g-api.service[99689]: DEBUG glance.api.middleware.version_negotiation [None req-139299e6-f37e-41fb-8e8f-d760147b301f tempest-VolumesActionsTest-29473959 tempest-VolumesActionsTest-29473959-project-member] Matched version: v2 {{(pid=99689) process_request /opt/stack/glance/glance/api/middleware/version_negotiation.py:69}}
Jul 10 15:13:13.335769 np0000005021 devstack@g-api.service[99689]: DEBUG glance.api.middleware.version_negotiation [None req-139299e6-f37e-41fb-8e8f-d760147b301f tempest-VolumesActionsTest-29473959 tempest-VolumesActionsTest-29473959-project-member] new path /v2/images/d551c54c-9356-40d3-a03d-31bc5ceb078e {{(pid=99689) process_request /opt/stack/glance/glance/api/middleware/version_negotiation.py:70}}
Jul 10 15:13:13.350748 np0000005021 devstack@g-api.service[99689]: [pid: 99689|app: 0|req: 117/353] 127.0.0.1 () {40 vars in 838 bytes} [Fri Jul 10 15:13:13 2026] GET /v2/images/d551c54c-9356-40d3-a03d-31bc5ceb078e => generated 650 bytes in 16 msecs (HTTP/1.1 200) 4 headers in 157 bytes (1 switches on core 0)
Jul 10 15:13:13.541026 np0000005021 devstack@g-api.service[99691]: DEBUG swiftclient [None req-a5372086-7b41-4183-abfd-ba3210fc7333 tempest-VolumesActionsTest-29473959 tempest-VolumesActionsTest-29473959-project-member] REQ: curl -i https://10.4.3.207:8080/v1/AUTH_880f3f2146584c5cafd29ae9e6aeaed7/glance/d551c54c-9356-40d3-a03d-31bc5ceb078e-00006 -X PUT -H "X-Auth-Token: gAAAAABqUQv8nZtj..." {{(pid=99691) http_log /opt/stack/data/venv/lib/python3.12/site-packages/swiftclient/client.py:160}}
Jul 10 15:13:13.541172 np0000005021 devstack@g-api.service[99691]: DEBUG swiftclient [None req-a5372086-7b41-4183-abfd-ba3210fc7333 tempest-VolumesActionsTest-29473959 tempest-VolumesActionsTest-29473959-project-member] RESP STATUS: 201 Created {{(pid=99691) http_log /opt/stack/data/venv/lib/python3.12/site-packages/swiftclient/client.py:161}}
Jul 10 15:13:13.541450 np0000005021 devstack@g-api.service[99691]: DEBUG swiftclient [None req-a5372086-7b41-4183-abfd-ba3210fc7333 tempest-VolumesActionsTest-29473959 tempest-VolumesActionsTest-29473959-project-member] RESP HEADERS: {'Date': 'Fri, 10 Jul 2026 15:13:13 GMT', 'Server': 'Apache/2.4.58 (Ubuntu)', 'Content-Type': 'text/html; charset=UTF-8', 'Content-Length': '0', 'Etag': '708761f3b8777ec77058e63da08eeeb6', 'Last-Modified': 'Fri, 10 Jul 2026 15:13:13 GMT', 'X-Trans-Id': 'txbfc06e8cd01b487088694-006a510c08', 'X-Openstack-Request-Id': 'txbfc06e8cd01b487088694-006a510c08', 'Connection': 'close'} {{(pid=99691) http_log /opt/stack/data/venv/lib/python3.12/site-packages/swiftclient/client.py:162}}
Jul 10 15:13:13.541558 np0000005021 devstack@g-api.service[99691]: DEBUG glance_store._drivers.swift.store [None req-a5372086-7b41-4183-abfd-ba3210fc7333 tempest-VolumesActionsTest-29473959 tempest-VolumesActionsTest-29473959-project-member] Wrote chunk d551c54c-9356-40d3-a03d-31bc5ceb078e-00006 (6/?) of length 49741824 to Swift returning MD5 of content: 708761f3b8777ec77058e63da08eeeb6 {{(pid=99691) add /opt/stack/data/venv/lib/python3.12/site-packages/glance_store/_drivers/swift/store.py:1059}}
Jul 10 15:13:13.541890 np0000005021 devstack@g-api.service[99691]: DEBUG glance_store._drivers.swift.store [None req-a5372086-7b41-4183-abfd-ba3210fc7333 tempest-VolumesActionsTest-29473959 tempest-VolumesActionsTest-29473959-project-member] Not writing zero-length chunk. {{(pid=99691) add /opt/stack/data/venv/lib/python3.12/site-packages/glance_store/_drivers/swift/store.py:1028}}
Jul 10 15:13:13.571711 np0000005021 devstack@g-api.service[99691]: DEBUG swiftclient [None req-a5372086-7b41-4183-abfd-ba3210fc7333 tempest-VolumesActionsTest-29473959 tempest-VolumesActionsTest-29473959-project-member] REQ: curl -i https://10.4.3.207:8080/v1/AUTH_880f3f2146584c5cafd29ae9e6aeaed7/glance/d551c54c-9356-40d3-a03d-31bc5ceb078e -X PUT -H "X-Object-Manifest: glance/d551c54c-9356-40d3-a03d-31bc5ceb078e-" -H "X-Auth-Token: gAAAAABqUQv8nZtj..." -H "Content-Length: 0" {{(pid=99691) http_log /opt/stack/data/venv/lib/python3.12/site-packages/swiftclient/client.py:160}}
Jul 10 15:13:13.572510 np0000005021 devstack@g-api.service[99691]: DEBUG swiftclient [None req-a5372086-7b41-4183-abfd-ba3210fc7333 tempest-VolumesActionsTest-29473959 tempest-VolumesActionsTest-29473959-project-member] RESP STATUS: 201 Created {{(pid=99691) http_log /opt/stack/data/venv/lib/python3.12/site-packages/swiftclient/client.py:161}}
Jul 10 15:13:13.572510 np0000005021 devstack@g-api.service[99691]: DEBUG swiftclient [None req-a5372086-7b41-4183-abfd-ba3210fc7333 tempest-VolumesActionsTest-29473959 tempest-VolumesActionsTest-29473959-project-member] RESP HEADERS: {'Date': 'Fri, 10 Jul 2026 15:13:13 GMT', 'Server': 'Apache/2.4.58 (Ubuntu)', 'Content-Type': 'text/html; charset=UTF-8', 'Content-Length': '0', 'Etag': 'd41d8cd98f00b204e9800998ecf8427e', 'Last-Modified': 'Fri, 10 Jul 2026 15:13:14 GMT', 'X-Trans-Id': 'tx1394084a567a4154bc807-006a510c09', 'X-Openstack-Request-Id': 'tx1394084a567a4154bc807-006a510c09', 'Connection': 'close'} {{(pid=99691) http_log /opt/stack/data/venv/lib/python3.12/site-packages/swiftclient/client.py:162}}
Jul 10 15:13:13.573525 np0000005021 devstack@g-api.service[99691]: INFO glance.location [None req-a5372086-7b41-4183-abfd-ba3210fc7333 tempest-VolumesActionsTest-29473959 tempest-VolumesActionsTest-29473959-project-member] Image format matched and virtual size computed: 1073741824
Jul 10 15:13:13.600814 np0000005021 devstack@g-api.service[99691]: DEBUG glance_store.backend [None req-a5372086-7b41-4183-abfd-ba3210fc7333 tempest-VolumesActionsTest-29473959 tempest-VolumesActionsTest-29473959-project-member] Attempting to import store swift {{(pid=99691) _load_store /opt/stack/data/venv/lib/python3.12/site-packages/glance_store/backend.py:215}}
Jul 10 15:13:13.602073 np0000005021 devstack@g-api.service[99691]: DEBUG glance_store.capabilities [None req-a5372086-7b41-4183-abfd-ba3210fc7333 tempest-VolumesActionsTest-29473959 tempest-VolumesActionsTest-29473959-project-member] Store glance_store._drivers.swift.store.SingleTenantStore doesn't support updating dynamic storage capabilities. Please overwrite 'update_capabilities' method of the store to implement updating logics if needed. {{(pid=99691) update_capabilities /opt/stack/data/venv/lib/python3.12/site-packages/glance_store/capabilities.py:91}}
Jul 10 15:13:13.602236 np0000005021 devstack@g-api.service[99691]: DEBUG glance_store.driver [None req-a5372086-7b41-4183-abfd-ba3210fc7333 tempest-VolumesActionsTest-29473959 tempest-VolumesActionsTest-29473959-project-member] Late loading location class glance_store._drivers.swift.store.StoreLocation {{(pid=99691) get_store_location_class /opt/stack/data/venv/lib/python3.12/site-packages/glance_store/driver.py:134}}
Jul 10 15:13:13.602442 np0000005021 devstack@g-api.service[99691]: DEBUG glance_store.location [None req-a5372086-7b41-4183-abfd-ba3210fc7333 tempest-VolumesActionsTest-29473959 tempest-VolumesActionsTest-29473959-project-member] Registering scheme swift+https with {'store': , 'location_class': , 'store_entry': 'swift'} {{(pid=99691) register_scheme_map /opt/stack/data/venv/lib/python3.12/site-packages/glance_store/location.py:146}}
Jul 10 15:13:13.602442 np0000005021 devstack@g-api.service[99691]: DEBUG glance_store.location [None req-a5372086-7b41-4183-abfd-ba3210fc7333 tempest-VolumesActionsTest-29473959 tempest-VolumesActionsTest-29473959-project-member] Registering scheme swift+https with {'store': , 'location_class': , 'store_entry': 'swift'} {{(pid=99691) register_scheme_map /opt/stack/data/venv/lib/python3.12/site-packages/glance_store/location.py:146}}
Jul 10 15:13:13.602668 np0000005021 devstack@g-api.service[99691]: DEBUG glance_store.location [None req-a5372086-7b41-4183-abfd-ba3210fc7333 tempest-VolumesActionsTest-29473959 tempest-VolumesActionsTest-29473959-project-member] Registering scheme swift with {'store': , 'location_class': , 'store_entry': 'swift'} {{(pid=99691) register_scheme_map /opt/stack/data/venv/lib/python3.12/site-packages/glance_store/location.py:146}}
Jul 10 15:13:13.602728 np0000005021 devstack@g-api.service[99691]: DEBUG glance_store.location [None req-a5372086-7b41-4183-abfd-ba3210fc7333 tempest-VolumesActionsTest-29473959 tempest-VolumesActionsTest-29473959-project-member] Registering scheme swift+https with {'store': , 'location_class': , 'store_entry': 'swift'} {{(pid=99691) register_scheme_map /opt/stack/data/venv/lib/python3.12/site-packages/glance_store/location.py:146}}
Jul 10 15:13:13.602793 np0000005021 devstack@g-api.service[99691]: DEBUG glance_store.location [None req-a5372086-7b41-4183-abfd-ba3210fc7333 tempest-VolumesActionsTest-29473959 tempest-VolumesActionsTest-29473959-project-member] Registering scheme swift with {'store': , 'location_class': , 'store_entry': 'swift'} {{(pid=99691) register_scheme_map /opt/stack/data/venv/lib/python3.12/site-packages/glance_store/location.py:146}}
Jul 10 15:13:13.602924 np0000005021 devstack@g-api.service[99691]: DEBUG glance_store.location [None req-a5372086-7b41-4183-abfd-ba3210fc7333 tempest-VolumesActionsTest-29473959 tempest-VolumesActionsTest-29473959-project-member] Registering scheme swift+http with {'store': , 'location_class': , 'store_entry': 'swift'} {{(pid=99691) register_scheme_map /opt/stack/data/venv/lib/python3.12/site-packages/glance_store/location.py:146}}
Jul 10 15:13:13.602924 np0000005021 devstack@g-api.service[99691]: DEBUG glance_store.location [None req-a5372086-7b41-4183-abfd-ba3210fc7333 tempest-VolumesActionsTest-29473959 tempest-VolumesActionsTest-29473959-project-member] Registering scheme swift+https with {'store': , 'location_class': , 'store_entry': 'swift'} {{(pid=99691) register_scheme_map /opt/stack/data/venv/lib/python3.12/site-packages/glance_store/location.py:146}}
Jul 10 15:13:13.603012 np0000005021 devstack@g-api.service[99691]: DEBUG glance_store.location [None req-a5372086-7b41-4183-abfd-ba3210fc7333 tempest-VolumesActionsTest-29473959 tempest-VolumesActionsTest-29473959-project-member] Registering scheme swift with {'store': , 'location_class': , 'store_entry': 'swift'} {{(pid=99691) register_scheme_map /opt/stack/data/venv/lib/python3.12/site-packages/glance_store/location.py:146}}
Jul 10 15:13:13.603060 np0000005021 devstack@g-api.service[99691]: DEBUG glance_store.location [None req-a5372086-7b41-4183-abfd-ba3210fc7333 tempest-VolumesActionsTest-29473959 tempest-VolumesActionsTest-29473959-project-member] Registering scheme swift+http with {'store': , 'location_class': , 'store_entry': 'swift'} {{(pid=99691) register_scheme_map /opt/stack/data/venv/lib/python3.12/site-packages/glance_store/location.py:146}}
Jul 10 15:13:13.603093 np0000005021 devstack@g-api.service[99691]: DEBUG glance_store.location [None req-a5372086-7b41-4183-abfd-ba3210fc7333 tempest-VolumesActionsTest-29473959 tempest-VolumesActionsTest-29473959-project-member] Registering scheme swift+config with {'store': , 'location_class': , 'store_entry': 'swift'} {{(pid=99691) register_scheme_map /opt/stack/data/venv/lib/python3.12/site-packages/glance_store/location.py:146}}
Jul 10 15:13:13.603178 np0000005021 devstack@g-api.service[99691]: DEBUG glance_store.backend [None req-a5372086-7b41-4183-abfd-ba3210fc7333 tempest-VolumesActionsTest-29473959 tempest-VolumesActionsTest-29473959-project-member] Skipping store.set_acls... not implemented. {{(pid=99691) set_acls /opt/stack/data/venv/lib/python3.12/site-packages/glance_store/backend.py:507}}
Jul 10 15:13:13.605238 np0000005021 devstack@g-api.service[99691]: [pid: 99691|app: 0|req: 111/354] 127.0.0.1 () {46 vars in 1158 bytes} [Fri Jul 10 15:12:59 2026] PUT /v2/images/d551c54c-9356-40d3-a03d-31bc5ceb078e/file => generated 0 bytes in 14130 msecs (HTTP/1.1 204) 4 headers in 171 bytes (1 switches on core 0)
Jul 10 15:13:13.613988 np0000005021 devstack@g-api.service[99690]: DEBUG glance.api.middleware.version_negotiation [None req-9156e44f-20f6-47d1-8bc7-e501f2c047cd tempest-VolumesActionsTest-29473959 tempest-VolumesActionsTest-29473959-project-member] Determining version of request: GET /v2/images/d551c54c-9356-40d3-a03d-31bc5ceb078e Accept: */* {{(pid=99690) process_request /opt/stack/glance/glance/api/middleware/version_negotiation.py:44}}
Jul 10 15:13:13.614446 np0000005021 devstack@g-api.service[99690]: DEBUG glance.api.middleware.version_negotiation [None req-9156e44f-20f6-47d1-8bc7-e501f2c047cd tempest-VolumesActionsTest-29473959 tempest-VolumesActionsTest-29473959-project-member] Using url versioning {{(pid=99690) process_request /opt/stack/glance/glance/api/middleware/version_negotiation.py:57}}
Jul 10 15:13:13.614446 np0000005021 devstack@g-api.service[99690]: DEBUG glance.api.middleware.version_negotiation [None req-9156e44f-20f6-47d1-8bc7-e501f2c047cd tempest-VolumesActionsTest-29473959 tempest-VolumesActionsTest-29473959-project-member] Matched version: v2 {{(pid=99690) process_request /opt/stack/glance/glance/api/middleware/version_negotiation.py:69}}
Jul 10 15:13:13.614446 np0000005021 devstack@g-api.service[99690]: DEBUG glance.api.middleware.version_negotiation [None req-9156e44f-20f6-47d1-8bc7-e501f2c047cd tempest-VolumesActionsTest-29473959 tempest-VolumesActionsTest-29473959-project-member] new path /v2/images/d551c54c-9356-40d3-a03d-31bc5ceb078e {{(pid=99690) process_request /opt/stack/glance/glance/api/middleware/version_negotiation.py:70}}
Jul 10 15:13:13.633881 np0000005021 devstack@g-api.service[99690]: [pid: 99690|app: 0|req: 127/355] 127.0.0.1 () {44 vars in 1115 bytes} [Fri Jul 10 15:13:13 2026] GET /v2/images/d551c54c-9356-40d3-a03d-31bc5ceb078e => generated 822 bytes in 20 msecs (HTTP/1.1 200) 4 headers in 157 bytes (1 switches on core 0)
Jul 10 15:13:13.651451 np0000005021 devstack@g-api.service[99689]: DEBUG glance.api.middleware.version_negotiation [None req-5071e1ce-0197-4c2a-93a1-06ac5580c99f tempest-VolumesActionsTest-29473959 tempest-VolumesActionsTest-29473959-project-member] Determining version of request: GET /v2/schemas/image Accept: */* {{(pid=99689) process_request /opt/stack/glance/glance/api/middleware/version_negotiation.py:44}}
Jul 10 15:13:13.651604 np0000005021 devstack@g-api.service[99689]: DEBUG glance.api.middleware.version_negotiation [None req-5071e1ce-0197-4c2a-93a1-06ac5580c99f tempest-VolumesActionsTest-29473959 tempest-VolumesActionsTest-29473959-project-member] Using url versioning {{(pid=99689) process_request /opt/stack/glance/glance/api/middleware/version_negotiation.py:57}}
Jul 10 15:13:13.651807 np0000005021 devstack@g-api.service[99689]: DEBUG glance.api.middleware.version_negotiation [None req-5071e1ce-0197-4c2a-93a1-06ac5580c99f tempest-VolumesActionsTest-29473959 tempest-VolumesActionsTest-29473959-project-member] Matched version: v2 {{(pid=99689) process_request /opt/stack/glance/glance/api/middleware/version_negotiation.py:69}}
Jul 10 15:13:13.651874 np0000005021 devstack@g-api.service[99689]: DEBUG glance.api.middleware.version_negotiation [None req-5071e1ce-0197-4c2a-93a1-06ac5580c99f tempest-VolumesActionsTest-29473959 tempest-VolumesActionsTest-29473959-project-member] new path /v2/schemas/image {{(pid=99689) process_request /opt/stack/glance/glance/api/middleware/version_negotiation.py:70}}
Jul 10 15:13:13.654018 np0000005021 devstack@g-api.service[99689]: [pid: 99689|app: 0|req: 118/356] 127.0.0.1 () {44 vars in 1055 bytes} [Fri Jul 10 15:13:13 2026] GET /v2/schemas/image => generated 6083 bytes in 3 msecs (HTTP/1.1 200) 4 headers in 158 bytes (1 switches on core 0)
Jul 10 15:13:13.664747 np0000005021 devstack@g-api.service[99691]: DEBUG glance.api.middleware.version_negotiation [None req-a5372086-7b41-4183-abfd-ba3210fc7333 tempest-VolumesActionsTest-29473959 tempest-VolumesActionsTest-29473959-project-member] Determining version of request: GET /v2/schemas/image Accept: */* {{(pid=99691) process_request /opt/stack/glance/glance/api/middleware/version_negotiation.py:44}}
Jul 10 15:13:13.665075 np0000005021 devstack@g-api.service[99691]: DEBUG glance.api.middleware.version_negotiation [None req-a5372086-7b41-4183-abfd-ba3210fc7333 tempest-VolumesActionsTest-29473959 tempest-VolumesActionsTest-29473959-project-member] Using url versioning {{(pid=99691) process_request /opt/stack/glance/glance/api/middleware/version_negotiation.py:57}}
Jul 10 15:13:13.665174 np0000005021 devstack@g-api.service[99691]: DEBUG glance.api.middleware.version_negotiation [None req-a5372086-7b41-4183-abfd-ba3210fc7333 tempest-VolumesActionsTest-29473959 tempest-VolumesActionsTest-29473959-project-member] Matched version: v2 {{(pid=99691) process_request /opt/stack/glance/glance/api/middleware/version_negotiation.py:69}}
Jul 10 15:13:13.665236 np0000005021 devstack@g-api.service[99691]: DEBUG glance.api.middleware.version_negotiation [None req-a5372086-7b41-4183-abfd-ba3210fc7333 tempest-VolumesActionsTest-29473959 tempest-VolumesActionsTest-29473959-project-member] new path /v2/schemas/image {{(pid=99691) process_request /opt/stack/glance/glance/api/middleware/version_negotiation.py:70}}
Jul 10 15:13:13.667788 np0000005021 devstack@g-api.service[99691]: [pid: 99691|app: 0|req: 112/357] 127.0.0.1 () {44 vars in 1055 bytes} [Fri Jul 10 15:13:13 2026] GET /v2/schemas/image => generated 6083 bytes in 3 msecs (HTTP/1.1 200) 4 headers in 158 bytes (1 switches on core 0)
Jul 10 15:13:14.363959 np0000005021 devstack@g-api.service[99690]: DEBUG glance.api.middleware.version_negotiation [None req-a5372086-7b41-4183-abfd-ba3210fc7333 tempest-VolumesActionsTest-29473959 tempest-VolumesActionsTest-29473959-project-member] Determining version of request: GET /v2/images/d551c54c-9356-40d3-a03d-31bc5ceb078e Accept: application/json {{(pid=99690) process_request /opt/stack/glance/glance/api/middleware/version_negotiation.py:44}}
Jul 10 15:13:14.364175 np0000005021 devstack@g-api.service[99690]: DEBUG glance.api.middleware.version_negotiation [None req-a5372086-7b41-4183-abfd-ba3210fc7333 tempest-VolumesActionsTest-29473959 tempest-VolumesActionsTest-29473959-project-member] Using url versioning {{(pid=99690) process_request /opt/stack/glance/glance/api/middleware/version_negotiation.py:57}}
Jul 10 15:13:14.367182 np0000005021 devstack@g-api.service[99690]: DEBUG glance.api.middleware.version_negotiation [None req-a5372086-7b41-4183-abfd-ba3210fc7333 tempest-VolumesActionsTest-29473959 tempest-VolumesActionsTest-29473959-project-member] Matched version: v2 {{(pid=99690) process_request /opt/stack/glance/glance/api/middleware/version_negotiation.py:69}}
Jul 10 15:13:14.367182 np0000005021 devstack@g-api.service[99690]: DEBUG glance.api.middleware.version_negotiation [None req-a5372086-7b41-4183-abfd-ba3210fc7333 tempest-VolumesActionsTest-29473959 tempest-VolumesActionsTest-29473959-project-member] new path /v2/images/d551c54c-9356-40d3-a03d-31bc5ceb078e {{(pid=99690) process_request /opt/stack/glance/glance/api/middleware/version_negotiation.py:70}}
Jul 10 15:13:14.382004 np0000005021 devstack@g-api.service[99690]: [pid: 99690|app: 0|req: 128/358] 127.0.0.1 () {40 vars in 838 bytes} [Fri Jul 10 15:13:14 2026] GET /v2/images/d551c54c-9356-40d3-a03d-31bc5ceb078e => generated 822 bytes in 17 msecs (HTTP/1.1 200) 4 headers in 157 bytes (1 switches on core 0)
Jul 10 15:13:14.456469 np0000005021 devstack@g-api.service[99689]: DEBUG glance.api.middleware.version_negotiation [None req-a5372086-7b41-4183-abfd-ba3210fc7333 tempest-VolumesActionsTest-29473959 tempest-VolumesActionsTest-29473959-project-member] Determining version of request: GET /v2/images/d551c54c-9356-40d3-a03d-31bc5ceb078e Accept: application/json {{(pid=99689) process_request /opt/stack/glance/glance/api/middleware/version_negotiation.py:44}}
Jul 10 15:13:14.457110 np0000005021 devstack@g-api.service[99689]: DEBUG glance.api.middleware.version_negotiation [None req-a5372086-7b41-4183-abfd-ba3210fc7333 tempest-VolumesActionsTest-29473959 tempest-VolumesActionsTest-29473959-project-member] Using url versioning {{(pid=99689) process_request /opt/stack/glance/glance/api/middleware/version_negotiation.py:57}}
Jul 10 15:13:14.457110 np0000005021 devstack@g-api.service[99689]: DEBUG glance.api.middleware.version_negotiation [None req-a5372086-7b41-4183-abfd-ba3210fc7333 tempest-VolumesActionsTest-29473959 tempest-VolumesActionsTest-29473959-project-member] Matched version: v2 {{(pid=99689) process_request /opt/stack/glance/glance/api/middleware/version_negotiation.py:69}}
Jul 10 15:13:14.457631 np0000005021 devstack@g-api.service[99689]: DEBUG glance.api.middleware.version_negotiation [None req-a5372086-7b41-4183-abfd-ba3210fc7333 tempest-VolumesActionsTest-29473959 tempest-VolumesActionsTest-29473959-project-member] new path /v2/images/d551c54c-9356-40d3-a03d-31bc5ceb078e {{(pid=99689) process_request /opt/stack/glance/glance/api/middleware/version_negotiation.py:70}}
Jul 10 15:13:14.476942 np0000005021 devstack@g-api.service[99689]: [pid: 99689|app: 0|req: 119/359] 127.0.0.1 () {40 vars in 838 bytes} [Fri Jul 10 15:13:14 2026] GET /v2/images/d551c54c-9356-40d3-a03d-31bc5ceb078e => generated 822 bytes in 21 msecs (HTTP/1.1 200) 4 headers in 157 bytes (1 switches on core 0)
Jul 10 15:13:14.555855 np0000005021 devstack@g-api.service[99691]: DEBUG glance.api.middleware.version_negotiation [None req-a5372086-7b41-4183-abfd-ba3210fc7333 tempest-VolumesActionsTest-29473959 tempest-VolumesActionsTest-29473959-project-member] Determining version of request: GET /v2/schemas/image Accept: */* {{(pid=99691) process_request /opt/stack/glance/glance/api/middleware/version_negotiation.py:44}}
Jul 10 15:13:14.556389 np0000005021 devstack@g-api.service[99691]: DEBUG glance.api.middleware.version_negotiation [None req-a5372086-7b41-4183-abfd-ba3210fc7333 tempest-VolumesActionsTest-29473959 tempest-VolumesActionsTest-29473959-project-member] Using url versioning {{(pid=99691) process_request /opt/stack/glance/glance/api/middleware/version_negotiation.py:57}}
