Jul 28 20:09:46.093094 np0000006050 devstack@g-api.service[99781]: DEBUG swiftclient [None req-6bbe425e-1ea4-4672-9f3c-3331602a012d tempest-ServerBootFromVolumeStableRescueTest-1965691321 tempest-ServerBootFromVolumeStableRescueTest-1965691321-project-member] RESP HEADERS: {'Date': 'Tue, 28 Jul 2026 20:09:46 GMT', 'Server': 'Apache/2.4.58 (Ubuntu)', 'Content-Type': 'application/octet-stream', 'X-Object-Manifest': 'glance/679db7b4-d9ec-4e4a-a318-ccd805e89e85-', 'Last-Modified': 'Tue, 28 Jul 2026 20:09:30 GMT', 'X-Timestamp': '1785269369.69341', 'Accept-Ranges': 'bytes', 'Content-Length': '23527424', 'Etag': '"9c424351ecc3b84373f916fa8ecd34a2"', 'X-Trans-Id': 'tx2880a41c77da44259d925-006a690c89', 'X-Openstack-Request-Id': 'tx2880a41c77da44259d925-006a690c89', 'Connection': 'close'} {{(pid=99781) http_log /opt/stack/data/venv/lib/python3.12/site-packages/swiftclient/client.py:162}}
Jul 28 20:09:46.106794 np0000006050 devstack@g-api.service[99781]: DEBUG glance.image_cache [None req-6bbe425e-1ea4-4672-9f3c-3331602a012d tempest-ServerBootFromVolumeStableRescueTest-1965691321 tempest-ServerBootFromVolumeStableRescueTest-1965691321-project-member] Tee'ing image '679db7b4-d9ec-4e4a-a318-ccd805e89e85' into cache {{(pid=99781) get_caching_iter /opt/stack/glance/glance/image_cache/__init__.py:356}}
Jul 28 20:09:46.323512 np0000006050 devstack@g-api.service[99780]: DEBUG glance.api.middleware.version_negotiation [None req-6bbe425e-1ea4-4672-9f3c-3331602a012d tempest-ServerBootFromVolumeStableRescueTest-1965691321 tempest-ServerBootFromVolumeStableRescueTest-1965691321-project-member] Determining version of request: GET /v2/images/ded1c454-dc9e-4ca2-9c69-a48bb8ee96a2 Accept: application/json {{(pid=99780) process_request /opt/stack/glance/glance/api/middleware/version_negotiation.py:44}}
Jul 28 20:09:46.323959 np0000006050 devstack@g-api.service[99780]: DEBUG glance.api.middleware.version_negotiation [None req-6bbe425e-1ea4-4672-9f3c-3331602a012d tempest-ServerBootFromVolumeStableRescueTest-1965691321 tempest-ServerBootFromVolumeStableRescueTest-1965691321-project-member] Using url versioning {{(pid=99780) process_request /opt/stack/glance/glance/api/middleware/version_negotiation.py:57}}
Jul 28 20:09:46.323959 np0000006050 devstack@g-api.service[99780]: DEBUG glance.api.middleware.version_negotiation [None req-6bbe425e-1ea4-4672-9f3c-3331602a012d tempest-ServerBootFromVolumeStableRescueTest-1965691321 tempest-ServerBootFromVolumeStableRescueTest-1965691321-project-member] Matched version: v2 {{(pid=99780) process_request /opt/stack/glance/glance/api/middleware/version_negotiation.py:69}}
Jul 28 20:09:46.324421 np0000006050 devstack@g-api.service[99780]: DEBUG glance.api.middleware.version_negotiation [None req-6bbe425e-1ea4-4672-9f3c-3331602a012d tempest-ServerBootFromVolumeStableRescueTest-1965691321 tempest-ServerBootFromVolumeStableRescueTest-1965691321-project-member] new path /v2/images/ded1c454-dc9e-4ca2-9c69-a48bb8ee96a2 {{(pid=99780) process_request /opt/stack/glance/glance/api/middleware/version_negotiation.py:70}}
Jul 28 20:09:46.341972 np0000006050 devstack@g-api.service[99781]: DEBUG glance.image_cache.drivers.centralized_db [None req-6bbe425e-1ea4-4672-9f3c-3331602a012d tempest-ServerBootFromVolumeStableRescueTest-1965691321 tempest-ServerBootFromVolumeStableRescueTest-1965691321-project-member] Fetch finished, moving '/opt/stack/data/glance/cache/incomplete/679db7b4-d9ec-4e4a-a318-ccd805e89e85' to '/opt/stack/data/glance/cache/679db7b4-d9ec-4e4a-a318-ccd805e89e85' {{(pid=99781) commit /opt/stack/glance/glance/image_cache/drivers/centralized_db.py:243}}
Jul 28 20:09:46.344535 np0000006050 devstack@g-api.service[99780]: [pid: 99780|app: 0|req: 91/248] 127.0.0.1 () {40 vars in 834 bytes} [Tue Jul 28 20:09:46 2026] GET /v2/images/ded1c454-dc9e-4ca2-9c69-a48bb8ee96a2 => generated 650 bytes in 22 msecs (HTTP/1.1 200) 4 headers in 157 bytes (1 switches on core 0)
Jul 28 20:09:46.367201 np0000006050 devstack@g-api.service[99781]: DEBUG glance.image_cache.drivers.centralized_db [None req-6bbe425e-1ea4-4672-9f3c-3331602a012d tempest-ServerBootFromVolumeStableRescueTest-1965691321 tempest-ServerBootFromVolumeStableRescueTest-1965691321-project-member] Image cached successfully. {{(pid=99781) commit /opt/stack/glance/glance/image_cache/drivers/centralized_db.py:258}}
Jul 28 20:09:46.367385 np0000006050 devstack@g-api.service[99781]: [pid: 99781|app: 0|req: 80/249] 127.0.0.1 () {44 vars in 1121 bytes} [Tue Jul 28 20:09:45 2026] GET /v2/images/679db7b4-d9ec-4e4a-a318-ccd805e89e85/file => generated 23527424 bytes in 875 msecs (HTTP/1.1 200) 4 headers in 191 bytes (359 switches on core 0)
Jul 28 20:09:46.440216 np0000006050 devstack@g-api.service[99780]: DEBUG glance.api.middleware.version_negotiation [None req-69aea6d7-92e7-46fd-920f-aa11c05f0961 tempest-VolumesActionsTest-304456008 tempest-VolumesActionsTest-304456008-project-member] Determining version of request: GET /v2/images/679db7b4-d9ec-4e4a-a318-ccd805e89e85 Accept: */* {{(pid=99780) process_request /opt/stack/glance/glance/api/middleware/version_negotiation.py:44}}
Jul 28 20:09:46.440362 np0000006050 devstack@g-api.service[99780]: DEBUG glance.api.middleware.version_negotiation [None req-69aea6d7-92e7-46fd-920f-aa11c05f0961 tempest-VolumesActionsTest-304456008 tempest-VolumesActionsTest-304456008-project-member] Using url versioning {{(pid=99780) process_request /opt/stack/glance/glance/api/middleware/version_negotiation.py:57}}
Jul 28 20:09:46.440496 np0000006050 devstack@g-api.service[99780]: DEBUG glance.api.middleware.version_negotiation [None req-69aea6d7-92e7-46fd-920f-aa11c05f0961 tempest-VolumesActionsTest-304456008 tempest-VolumesActionsTest-304456008-project-member] Matched version: v2 {{(pid=99780) process_request /opt/stack/glance/glance/api/middleware/version_negotiation.py:69}}
Jul 28 20:09:46.440591 np0000006050 devstack@g-api.service[99780]: DEBUG glance.api.middleware.version_negotiation [None req-69aea6d7-92e7-46fd-920f-aa11c05f0961 tempest-VolumesActionsTest-304456008 tempest-VolumesActionsTest-304456008-project-member] new path /v2/images/679db7b4-d9ec-4e4a-a318-ccd805e89e85 {{(pid=99780) process_request /opt/stack/glance/glance/api/middleware/version_negotiation.py:70}}
Jul 28 20:09:46.469876 np0000006050 devstack@g-api.service[99780]: [pid: 99780|app: 0|req: 92/250] 127.0.0.1 () {44 vars in 1111 bytes} [Tue Jul 28 20:09:46 2026] GET /v2/images/679db7b4-d9ec-4e4a-a318-ccd805e89e85 => generated 1696 bytes in 30 msecs (HTTP/1.1 200) 4 headers in 158 bytes (1 switches on core 0)
Jul 28 20:09:46.512121 np0000006050 devstack@g-api.service[99781]: DEBUG glance.api.middleware.version_negotiation [None req-6bbe425e-1ea4-4672-9f3c-3331602a012d tempest-ServerBootFromVolumeStableRescueTest-1965691321 tempest-ServerBootFromVolumeStableRescueTest-1965691321-project-member] Determining version of request: GET /v2/schemas/image Accept: */* {{(pid=99781) process_request /opt/stack/glance/glance/api/middleware/version_negotiation.py:44}}
Jul 28 20:09:46.512261 np0000006050 devstack@g-api.service[99781]: DEBUG glance.api.middleware.version_negotiation [None req-6bbe425e-1ea4-4672-9f3c-3331602a012d tempest-ServerBootFromVolumeStableRescueTest-1965691321 tempest-ServerBootFromVolumeStableRescueTest-1965691321-project-member] Using url versioning {{(pid=99781) process_request /opt/stack/glance/glance/api/middleware/version_negotiation.py:57}}
Jul 28 20:09:46.512809 np0000006050 devstack@g-api.service[99781]: DEBUG glance.api.middleware.version_negotiation [None req-6bbe425e-1ea4-4672-9f3c-3331602a012d tempest-ServerBootFromVolumeStableRescueTest-1965691321 tempest-ServerBootFromVolumeStableRescueTest-1965691321-project-member] Matched version: v2 {{(pid=99781) process_request /opt/stack/glance/glance/api/middleware/version_negotiation.py:69}}
Jul 28 20:09:46.512809 np0000006050 devstack@g-api.service[99781]: DEBUG glance.api.middleware.version_negotiation [None req-6bbe425e-1ea4-4672-9f3c-3331602a012d tempest-ServerBootFromVolumeStableRescueTest-1965691321 tempest-ServerBootFromVolumeStableRescueTest-1965691321-project-member] new path /v2/schemas/image {{(pid=99781) process_request /opt/stack/glance/glance/api/middleware/version_negotiation.py:70}}
Jul 28 20:09:46.514984 np0000006050 devstack@g-api.service[99781]: [pid: 99781|app: 0|req: 81/251] 127.0.0.1 () {44 vars in 1051 bytes} [Tue Jul 28 20:09:46 2026] GET /v2/schemas/image => generated 6083 bytes in 3 msecs (HTTP/1.1 200) 4 headers in 158 bytes (1 switches on core 0)
Jul 28 20:09:47.354129 np0000006050 devstack@g-api.service[99780]: DEBUG glance.api.middleware.version_negotiation [None req-6bbe425e-1ea4-4672-9f3c-3331602a012d tempest-ServerBootFromVolumeStableRescueTest-1965691321 tempest-ServerBootFromVolumeStableRescueTest-1965691321-project-member] Determining version of request: GET /v2/images/ded1c454-dc9e-4ca2-9c69-a48bb8ee96a2 Accept: application/json {{(pid=99780) process_request /opt/stack/glance/glance/api/middleware/version_negotiation.py:44}}
Jul 28 20:09:47.354613 np0000006050 devstack@g-api.service[99780]: DEBUG glance.api.middleware.version_negotiation [None req-6bbe425e-1ea4-4672-9f3c-3331602a012d tempest-ServerBootFromVolumeStableRescueTest-1965691321 tempest-ServerBootFromVolumeStableRescueTest-1965691321-project-member] Using url versioning {{(pid=99780) process_request /opt/stack/glance/glance/api/middleware/version_negotiation.py:57}}
Jul 28 20:09:47.354613 np0000006050 devstack@g-api.service[99780]: DEBUG glance.api.middleware.version_negotiation [None req-6bbe425e-1ea4-4672-9f3c-3331602a012d tempest-ServerBootFromVolumeStableRescueTest-1965691321 tempest-ServerBootFromVolumeStableRescueTest-1965691321-project-member] Matched version: v2 {{(pid=99780) process_request /opt/stack/glance/glance/api/middleware/version_negotiation.py:69}}
Jul 28 20:09:47.354613 np0000006050 devstack@g-api.service[99780]: DEBUG glance.api.middleware.version_negotiation [None req-6bbe425e-1ea4-4672-9f3c-3331602a012d tempest-ServerBootFromVolumeStableRescueTest-1965691321 tempest-ServerBootFromVolumeStableRescueTest-1965691321-project-member] new path /v2/images/ded1c454-dc9e-4ca2-9c69-a48bb8ee96a2 {{(pid=99780) process_request /opt/stack/glance/glance/api/middleware/version_negotiation.py:70}}
Jul 28 20:09:47.367434 np0000006050 devstack@g-api.service[99780]: [pid: 99780|app: 0|req: 93/252] 127.0.0.1 () {40 vars in 834 bytes} [Tue Jul 28 20:09:47 2026] GET /v2/images/ded1c454-dc9e-4ca2-9c69-a48bb8ee96a2 => generated 650 bytes in 13 msecs (HTTP/1.1 200) 4 headers in 157 bytes (1 switches on core 0)
Jul 28 20:09:47.548749 np0000006050 devstack@g-api.service[99779]: DEBUG swiftclient [None req-408897fa-43fc-4897-8072-6fe947eb0ef9 tempest-VolumesActionsTest-304456008 tempest-VolumesActionsTest-304456008-project-member] REQ: curl -i https://10.4.3.23:8080/v1/AUTH_cb18d6930224461fa482e037b46e7681/glance/ded1c454-dc9e-4ca2-9c69-a48bb8ee96a2-00003 -X PUT -H "X-Auth-Token: gAAAAABqaQyD9h4D..." {{(pid=99779) http_log /opt/stack/data/venv/lib/python3.12/site-packages/swiftclient/client.py:160}}
Jul 28 20:09:47.548749 np0000006050 devstack@g-api.service[99779]: DEBUG swiftclient [None req-408897fa-43fc-4897-8072-6fe947eb0ef9 tempest-VolumesActionsTest-304456008 tempest-VolumesActionsTest-304456008-project-member] RESP STATUS: 201 Created {{(pid=99779) http_log /opt/stack/data/venv/lib/python3.12/site-packages/swiftclient/client.py:161}}
Jul 28 20:09:47.548749 np0000006050 devstack@g-api.service[99779]: DEBUG swiftclient [None req-408897fa-43fc-4897-8072-6fe947eb0ef9 tempest-VolumesActionsTest-304456008 tempest-VolumesActionsTest-304456008-project-member] RESP HEADERS: {'Date': 'Tue, 28 Jul 2026 20:09:47 GMT', 'Server': 'Apache/2.4.58 (Ubuntu)', 'Content-Type': 'text/html; charset=UTF-8', 'Content-Length': '0', 'Etag': 'eda9a9889837ac4bc81d6387d92c1bec', 'Last-Modified': 'Tue, 28 Jul 2026 20:09:46 GMT', 'X-Trans-Id': 'tx889244d5c8304158bf3be-006a690c89', 'X-Openstack-Request-Id': 'tx889244d5c8304158bf3be-006a690c89', 'Connection': 'close'} {{(pid=99779) http_log /opt/stack/data/venv/lib/python3.12/site-packages/swiftclient/client.py:162}}
Jul 28 20:09:47.548749 np0000006050 devstack@g-api.service[99779]: DEBUG glance_store._drivers.swift.store [None req-408897fa-43fc-4897-8072-6fe947eb0ef9 tempest-VolumesActionsTest-304456008 tempest-VolumesActionsTest-304456008-project-member] Wrote chunk ded1c454-dc9e-4ca2-9c69-a48bb8ee96a2-00003 (3/?) of length 204800000 to Swift returning MD5 of content: eda9a9889837ac4bc81d6387d92c1bec {{(pid=99779) add /opt/stack/data/venv/lib/python3.12/site-packages/glance_store/_drivers/swift/store.py:1059}}
Jul 28 20:09:48.375973 np0000006050 devstack@g-api.service[99781]: DEBUG glance.api.middleware.version_negotiation [None req-6bbe425e-1ea4-4672-9f3c-3331602a012d tempest-ServerBootFromVolumeStableRescueTest-1965691321 tempest-ServerBootFromVolumeStableRescueTest-1965691321-project-member] Determining version of request: GET /v2/images/ded1c454-dc9e-4ca2-9c69-a48bb8ee96a2 Accept: application/json {{(pid=99781) process_request /opt/stack/glance/glance/api/middleware/version_negotiation.py:44}}
Jul 28 20:09:48.376327 np0000006050 devstack@g-api.service[99781]: DEBUG glance.api.middleware.version_negotiation [None req-6bbe425e-1ea4-4672-9f3c-3331602a012d tempest-ServerBootFromVolumeStableRescueTest-1965691321 tempest-ServerBootFromVolumeStableRescueTest-1965691321-project-member] Using url versioning {{(pid=99781) process_request /opt/stack/glance/glance/api/middleware/version_negotiation.py:57}}
Jul 28 20:09:48.376327 np0000006050 devstack@g-api.service[99781]: DEBUG glance.api.middleware.version_negotiation [None req-6bbe425e-1ea4-4672-9f3c-3331602a012d tempest-ServerBootFromVolumeStableRescueTest-1965691321 tempest-ServerBootFromVolumeStableRescueTest-1965691321-project-member] Matched version: v2 {{(pid=99781) process_request /opt/stack/glance/glance/api/middleware/version_negotiation.py:69}}
Jul 28 20:09:48.376464 np0000006050 devstack@g-api.service[99781]: DEBUG glance.api.middleware.version_negotiation [None req-6bbe425e-1ea4-4672-9f3c-3331602a012d tempest-ServerBootFromVolumeStableRescueTest-1965691321 tempest-ServerBootFromVolumeStableRescueTest-1965691321-project-member] new path /v2/images/ded1c454-dc9e-4ca2-9c69-a48bb8ee96a2 {{(pid=99781) process_request /opt/stack/glance/glance/api/middleware/version_negotiation.py:70}}
Jul 28 20:09:48.386006 np0000006050 devstack@g-api.service[99781]: [pid: 99781|app: 0|req: 82/253] 127.0.0.1 () {40 vars in 834 bytes} [Tue Jul 28 20:09:48 2026] GET /v2/images/ded1c454-dc9e-4ca2-9c69-a48bb8ee96a2 => generated 650 bytes in 10 msecs (HTTP/1.1 200) 4 headers in 157 bytes (1 switches on core 0)
Jul 28 20:09:49.399386 np0000006050 devstack@g-api.service[99780]: DEBUG glance.api.middleware.version_negotiation [None req-f354ac49-f863-45cb-aeac-781a02eb712a tempest-VolumesActionsTest-304456008 tempest-VolumesActionsTest-304456008-project-member] Determining version of request: GET /v2/images/ded1c454-dc9e-4ca2-9c69-a48bb8ee96a2 Accept: application/json {{(pid=99780) process_request /opt/stack/glance/glance/api/middleware/version_negotiation.py:44}}
Jul 28 20:09:49.399775 np0000006050 devstack@g-api.service[99780]: DEBUG glance.api.middleware.version_negotiation [None req-f354ac49-f863-45cb-aeac-781a02eb712a tempest-VolumesActionsTest-304456008 tempest-VolumesActionsTest-304456008-project-member] Using url versioning {{(pid=99780) process_request /opt/stack/glance/glance/api/middleware/version_negotiation.py:57}}
Jul 28 20:09:49.399775 np0000006050 devstack@g-api.service[99780]: DEBUG glance.api.middleware.version_negotiation [None req-f354ac49-f863-45cb-aeac-781a02eb712a tempest-VolumesActionsTest-304456008 tempest-VolumesActionsTest-304456008-project-member] Matched version: v2 {{(pid=99780) process_request /opt/stack/glance/glance/api/middleware/version_negotiation.py:69}}
Jul 28 20:09:49.400888 np0000006050 devstack@g-api.service[99780]: DEBUG glance.api.middleware.version_negotiation [None req-f354ac49-f863-45cb-aeac-781a02eb712a tempest-VolumesActionsTest-304456008 tempest-VolumesActionsTest-304456008-project-member] new path /v2/images/ded1c454-dc9e-4ca2-9c69-a48bb8ee96a2 {{(pid=99780) process_request /opt/stack/glance/glance/api/middleware/version_negotiation.py:70}}
Jul 28 20:09:49.415997 np0000006050 devstack@g-api.service[99780]: [pid: 99780|app: 0|req: 94/254] 127.0.0.1 () {40 vars in 834 bytes} [Tue Jul 28 20:09:49 2026] GET /v2/images/ded1c454-dc9e-4ca2-9c69-a48bb8ee96a2 => generated 650 bytes in 17 msecs (HTTP/1.1 200) 4 headers in 157 bytes (1 switches on core 0)
Jul 28 20:09:49.692623 np0000006050 devstack@g-api.service[99779]: DEBUG swiftclient [None req-408897fa-43fc-4897-8072-6fe947eb0ef9 tempest-VolumesActionsTest-304456008 tempest-VolumesActionsTest-304456008-project-member] REQ: curl -i https://10.4.3.23:8080/v1/AUTH_cb18d6930224461fa482e037b46e7681/glance/ded1c454-dc9e-4ca2-9c69-a48bb8ee96a2-00004 -X PUT -H "X-Auth-Token: gAAAAABqaQyD9h4D..." {{(pid=99779) http_log /opt/stack/data/venv/lib/python3.12/site-packages/swiftclient/client.py:160}}
Jul 28 20:09:49.694310 np0000006050 devstack@g-api.service[99779]: DEBUG swiftclient [None req-408897fa-43fc-4897-8072-6fe947eb0ef9 tempest-VolumesActionsTest-304456008 tempest-VolumesActionsTest-304456008-project-member] RESP STATUS: 201 Created {{(pid=99779) http_log /opt/stack/data/venv/lib/python3.12/site-packages/swiftclient/client.py:161}}
Jul 28 20:09:49.694576 np0000006050 devstack@g-api.service[99779]: DEBUG swiftclient [None req-408897fa-43fc-4897-8072-6fe947eb0ef9 tempest-VolumesActionsTest-304456008 tempest-VolumesActionsTest-304456008-project-member] RESP HEADERS: {'Date': 'Tue, 28 Jul 2026 20:09:49 GMT', 'Server': 'Apache/2.4.58 (Ubuntu)', 'Content-Type': 'text/html; charset=UTF-8', 'Content-Length': '0', 'Etag': 'eda9a9889837ac4bc81d6387d92c1bec', 'Last-Modified': 'Tue, 28 Jul 2026 20:09:48 GMT', 'X-Trans-Id': 'tx50cd67c7fd124c3082890-006a690c8b', 'X-Openstack-Request-Id': 'tx50cd67c7fd124c3082890-006a690c8b', 'Connection': 'close'} {{(pid=99779) http_log /opt/stack/data/venv/lib/python3.12/site-packages/swiftclient/client.py:162}}
Jul 28 20:09:49.694734 np0000006050 devstack@g-api.service[99779]: DEBUG glance_store._drivers.swift.store [None req-408897fa-43fc-4897-8072-6fe947eb0ef9 tempest-VolumesActionsTest-304456008 tempest-VolumesActionsTest-304456008-project-member] Wrote chunk ded1c454-dc9e-4ca2-9c69-a48bb8ee96a2-00004 (4/?) of length 204800000 to Swift returning MD5 of content: eda9a9889837ac4bc81d6387d92c1bec {{(pid=99779) add /opt/stack/data/venv/lib/python3.12/site-packages/glance_store/_drivers/swift/store.py:1059}}
Jul 28 20:09:49.834324 np0000006050 devstack@g-api.service[99779]: DEBUG dbcounter [-] [99779] Writing DB stats glance:SELECT=53,glance:UPDATE=3,glance:INSERT=18 {{(pid=99779) stat_writer /opt/stack/data/venv/lib/python3.12/site-packages/dbcounter.py:115}}
Jul 28 20:09:50.429399 np0000006050 devstack@g-api.service[99781]: DEBUG glance.api.middleware.version_negotiation [None req-c7fe018d-d5e0-4d3e-9039-e5dbfb1f817a tempest-VolumesActionsTest-304456008 tempest-VolumesActionsTest-304456008-project-member] Determining version of request: GET /v2/images/ded1c454-dc9e-4ca2-9c69-a48bb8ee96a2 Accept: application/json {{(pid=99781) process_request /opt/stack/glance/glance/api/middleware/version_negotiation.py:44}}
Jul 28 20:09:50.429399 np0000006050 devstack@g-api.service[99781]: DEBUG glance.api.middleware.version_negotiation [None req-c7fe018d-d5e0-4d3e-9039-e5dbfb1f817a tempest-VolumesActionsTest-304456008 tempest-VolumesActionsTest-304456008-project-member] Using url versioning {{(pid=99781) process_request /opt/stack/glance/glance/api/middleware/version_negotiation.py:57}}
Jul 28 20:09:50.429399 np0000006050 devstack@g-api.service[99781]: DEBUG glance.api.middleware.version_negotiation [None req-c7fe018d-d5e0-4d3e-9039-e5dbfb1f817a tempest-VolumesActionsTest-304456008 tempest-VolumesActionsTest-304456008-project-member] Matched version: v2 {{(pid=99781) process_request /opt/stack/glance/glance/api/middleware/version_negotiation.py:69}}
Jul 28 20:09:50.429399 np0000006050 devstack@g-api.service[99781]: DEBUG glance.api.middleware.version_negotiation [None req-c7fe018d-d5e0-4d3e-9039-e5dbfb1f817a tempest-VolumesActionsTest-304456008 tempest-VolumesActionsTest-304456008-project-member] new path /v2/images/ded1c454-dc9e-4ca2-9c69-a48bb8ee96a2 {{(pid=99781) process_request /opt/stack/glance/glance/api/middleware/version_negotiation.py:70}}
Jul 28 20:09:50.449262 np0000006050 devstack@g-api.service[99781]: [pid: 99781|app: 0|req: 83/255] 127.0.0.1 () {40 vars in 834 bytes} [Tue Jul 28 20:09:50 2026] GET /v2/images/ded1c454-dc9e-4ca2-9c69-a48bb8ee96a2 => generated 650 bytes in 20 msecs (HTTP/1.1 200) 4 headers in 157 bytes (1 switches on core 0)
Jul 28 20:09:51.461251 np0000006050 devstack@g-api.service[99780]: DEBUG glance.api.middleware.version_negotiation [None req-d076ea1a-cbf6-477a-a879-b26303aeddd2 tempest-VolumesActionsTest-304456008 tempest-VolumesActionsTest-304456008-project-member] Determining version of request: GET /v2/images/ded1c454-dc9e-4ca2-9c69-a48bb8ee96a2 Accept: application/json {{(pid=99780) process_request /opt/stack/glance/glance/api/middleware/version_negotiation.py:44}}
Jul 28 20:09:51.461251 np0000006050 devstack@g-api.service[99780]: DEBUG glance.api.middleware.version_negotiation [None req-d076ea1a-cbf6-477a-a879-b26303aeddd2 tempest-VolumesActionsTest-304456008 tempest-VolumesActionsTest-304456008-project-member] Using url versioning {{(pid=99780) process_request /opt/stack/glance/glance/api/middleware/version_negotiation.py:57}}
Jul 28 20:09:51.461251 np0000006050 devstack@g-api.service[99780]: DEBUG glance.api.middleware.version_negotiation [None req-d076ea1a-cbf6-477a-a879-b26303aeddd2 tempest-VolumesActionsTest-304456008 tempest-VolumesActionsTest-304456008-project-member] Matched version: v2 {{(pid=99780) process_request /opt/stack/glance/glance/api/middleware/version_negotiation.py:69}}
Jul 28 20:09:51.461251 np0000006050 devstack@g-api.service[99780]: DEBUG glance.api.middleware.version_negotiation [None req-d076ea1a-cbf6-477a-a879-b26303aeddd2 tempest-VolumesActionsTest-304456008 tempest-VolumesActionsTest-304456008-project-member] new path /v2/images/ded1c454-dc9e-4ca2-9c69-a48bb8ee96a2 {{(pid=99780) process_request /opt/stack/glance/glance/api/middleware/version_negotiation.py:70}}
Jul 28 20:09:51.475578 np0000006050 devstack@g-api.service[99780]: [pid: 99780|app: 0|req: 95/256] 127.0.0.1 () {40 vars in 834 bytes} [Tue Jul 28 20:09:51 2026] GET /v2/images/ded1c454-dc9e-4ca2-9c69-a48bb8ee96a2 => generated 650 bytes in 18 msecs (HTTP/1.1 200) 4 headers in 157 bytes (1 switches on core 0)
Jul 28 20:09:52.016776 np0000006050 devstack@g-api.service[99779]: DEBUG swiftclient [None req-408897fa-43fc-4897-8072-6fe947eb0ef9 tempest-VolumesActionsTest-304456008 tempest-VolumesActionsTest-304456008-project-member] REQ: curl -i https://10.4.3.23:8080/v1/AUTH_cb18d6930224461fa482e037b46e7681/glance/ded1c454-dc9e-4ca2-9c69-a48bb8ee96a2-00005 -X PUT -H "X-Auth-Token: gAAAAABqaQyD9h4D..." {{(pid=99779) http_log /opt/stack/data/venv/lib/python3.12/site-packages/swiftclient/client.py:160}}
Jul 28 20:09:52.017244 np0000006050 devstack@g-api.service[99779]: DEBUG swiftclient [None req-408897fa-43fc-4897-8072-6fe947eb0ef9 tempest-VolumesActionsTest-304456008 tempest-VolumesActionsTest-304456008-project-member] RESP STATUS: 201 Created {{(pid=99779) http_log /opt/stack/data/venv/lib/python3.12/site-packages/swiftclient/client.py:161}}
Jul 28 20:09:52.017244 np0000006050 devstack@g-api.service[99779]: DEBUG swiftclient [None req-408897fa-43fc-4897-8072-6fe947eb0ef9 tempest-VolumesActionsTest-304456008 tempest-VolumesActionsTest-304456008-project-member] RESP HEADERS: {'Date': 'Tue, 28 Jul 2026 20:09:52 GMT', 'Server': 'Apache/2.4.58 (Ubuntu)', 'Content-Type': 'text/html; charset=UTF-8', 'Content-Length': '0', 'Etag': 'eda9a9889837ac4bc81d6387d92c1bec', 'Last-Modified': 'Tue, 28 Jul 2026 20:09:50 GMT', 'X-Trans-Id': 'txb0840ec6df00449f89693-006a690c8d', 'X-Openstack-Request-Id': 'txb0840ec6df00449f89693-006a690c8d', 'Connection': 'close'} {{(pid=99779) http_log /opt/stack/data/venv/lib/python3.12/site-packages/swiftclient/client.py:162}}
Jul 28 20:09:52.019252 np0000006050 devstack@g-api.service[99779]: DEBUG glance_store._drivers.swift.store [None req-408897fa-43fc-4897-8072-6fe947eb0ef9 tempest-VolumesActionsTest-304456008 tempest-VolumesActionsTest-304456008-project-member] Wrote chunk ded1c454-dc9e-4ca2-9c69-a48bb8ee96a2-00005 (5/?) of length 204800000 to Swift returning MD5 of content: eda9a9889837ac4bc81d6387d92c1bec {{(pid=99779) add /opt/stack/data/venv/lib/python3.12/site-packages/glance_store/_drivers/swift/store.py:1059}}
Jul 28 20:09:52.483365 np0000006050 devstack@g-api.service[99781]: DEBUG glance.api.middleware.version_negotiation [None req-3f751d00-34a2-4f73-ab86-569507c47560 tempest-VolumesActionsTest-304456008 tempest-VolumesActionsTest-304456008-project-member] Determining version of request: GET /v2/images/ded1c454-dc9e-4ca2-9c69-a48bb8ee96a2 Accept: application/json {{(pid=99781) process_request /opt/stack/glance/glance/api/middleware/version_negotiation.py:44}}
Jul 28 20:09:52.483791 np0000006050 devstack@g-api.service[99781]: DEBUG glance.api.middleware.version_negotiation [None req-3f751d00-34a2-4f73-ab86-569507c47560 tempest-VolumesActionsTest-304456008 tempest-VolumesActionsTest-304456008-project-member] Using url versioning {{(pid=99781) process_request /opt/stack/glance/glance/api/middleware/version_negotiation.py:57}}
Jul 28 20:09:52.483791 np0000006050 devstack@g-api.service[99781]: DEBUG glance.api.middleware.version_negotiation [None req-3f751d00-34a2-4f73-ab86-569507c47560 tempest-VolumesActionsTest-304456008 tempest-VolumesActionsTest-304456008-project-member] Matched version: v2 {{(pid=99781) process_request /opt/stack/glance/glance/api/middleware/version_negotiation.py:69}}
Jul 28 20:09:52.483947 np0000006050 devstack@g-api.service[99781]: DEBUG glance.api.middleware.version_negotiation [None req-3f751d00-34a2-4f73-ab86-569507c47560 tempest-VolumesActionsTest-304456008 tempest-VolumesActionsTest-304456008-project-member] new path /v2/images/ded1c454-dc9e-4ca2-9c69-a48bb8ee96a2 {{(pid=99781) process_request /opt/stack/glance/glance/api/middleware/version_negotiation.py:70}}
Jul 28 20:09:52.506854 np0000006050 devstack@g-api.service[99781]: [pid: 99781|app: 0|req: 84/257] 127.0.0.1 () {40 vars in 834 bytes} [Tue Jul 28 20:09:52 2026] GET /v2/images/ded1c454-dc9e-4ca2-9c69-a48bb8ee96a2 => generated 650 bytes in 21 msecs (HTTP/1.1 200) 4 headers in 157 bytes (1 switches on core 0)
Jul 28 20:09:52.530881 np0000006050 devstack@g-api.service[99779]: DEBUG swiftclient [None req-408897fa-43fc-4897-8072-6fe947eb0ef9 tempest-VolumesActionsTest-304456008 tempest-VolumesActionsTest-304456008-project-member] REQ: curl -i https://10.4.3.23:8080/v1/AUTH_cb18d6930224461fa482e037b46e7681/glance/ded1c454-dc9e-4ca2-9c69-a48bb8ee96a2-00006 -X PUT -H "X-Auth-Token: gAAAAABqaQyD9h4D..." {{(pid=99779) http_log /opt/stack/data/venv/lib/python3.12/site-packages/swiftclient/client.py:160}}
Jul 28 20:09:52.530881 np0000006050 devstack@g-api.service[99779]: DEBUG swiftclient [None req-408897fa-43fc-4897-8072-6fe947eb0ef9 tempest-VolumesActionsTest-304456008 tempest-VolumesActionsTest-304456008-project-member] RESP STATUS: 201 Created {{(pid=99779) http_log /opt/stack/data/venv/lib/python3.12/site-packages/swiftclient/client.py:161}}
Jul 28 20:09:52.530881 np0000006050 devstack@g-api.service[99779]: DEBUG swiftclient [None req-408897fa-43fc-4897-8072-6fe947eb0ef9 tempest-VolumesActionsTest-304456008 tempest-VolumesActionsTest-304456008-project-member] RESP HEADERS: {'Date': 'Tue, 28 Jul 2026 20:09:52 GMT', 'Server': 'Apache/2.4.58 (Ubuntu)', 'Content-Type': 'text/html; charset=UTF-8', 'Content-Length': '0', 'Etag': '708761f3b8777ec77058e63da08eeeb6', 'Last-Modified': 'Tue, 28 Jul 2026 20:09:53 GMT', 'X-Trans-Id': 'tx37e0ab7a986a425087307-006a690c90', 'X-Openstack-Request-Id': 'tx37e0ab7a986a425087307-006a690c90', 'Connection': 'close'} {{(pid=99779) http_log /opt/stack/data/venv/lib/python3.12/site-packages/swiftclient/client.py:162}}
Jul 28 20:09:52.530881 np0000006050 devstack@g-api.service[99779]: DEBUG glance_store._drivers.swift.store [None req-408897fa-43fc-4897-8072-6fe947eb0ef9 tempest-VolumesActionsTest-304456008 tempest-VolumesActionsTest-304456008-project-member] Wrote chunk ded1c454-dc9e-4ca2-9c69-a48bb8ee96a2-00006 (6/?) of length 49741824 to Swift returning MD5 of content: 708761f3b8777ec77058e63da08eeeb6 {{(pid=99779) add /opt/stack/data/venv/lib/python3.12/site-packages/glance_store/_drivers/swift/store.py:1059}}
Jul 28 20:09:52.531175 np0000006050 devstack@g-api.service[99779]: DEBUG glance_store._drivers.swift.store [None req-408897fa-43fc-4897-8072-6fe947eb0ef9 tempest-VolumesActionsTest-304456008 tempest-VolumesActionsTest-304456008-project-member] Not writing zero-length chunk. {{(pid=99779) add /opt/stack/data/venv/lib/python3.12/site-packages/glance_store/_drivers/swift/store.py:1028}}
Jul 28 20:09:52.565408 np0000006050 devstack@g-api.service[99779]: DEBUG swiftclient [None req-408897fa-43fc-4897-8072-6fe947eb0ef9 tempest-VolumesActionsTest-304456008 tempest-VolumesActionsTest-304456008-project-member] REQ: curl -i https://10.4.3.23:8080/v1/AUTH_cb18d6930224461fa482e037b46e7681/glance/ded1c454-dc9e-4ca2-9c69-a48bb8ee96a2 -X PUT -H "X-Object-Manifest: glance/ded1c454-dc9e-4ca2-9c69-a48bb8ee96a2-" -H "X-Auth-Token: gAAAAABqaQyD9h4D..." -H "Content-Length: 0" {{(pid=99779) http_log /opt/stack/data/venv/lib/python3.12/site-packages/swiftclient/client.py:160}}
Jul 28 20:09:52.565564 np0000006050 devstack@g-api.service[99779]: DEBUG swiftclient [None req-408897fa-43fc-4897-8072-6fe947eb0ef9 tempest-VolumesActionsTest-304456008 tempest-VolumesActionsTest-304456008-project-member] RESP STATUS: 201 Created {{(pid=99779) http_log /opt/stack/data/venv/lib/python3.12/site-packages/swiftclient/client.py:161}}
Jul 28 20:09:52.565760 np0000006050 devstack@g-api.service[99779]: DEBUG swiftclient [None req-408897fa-43fc-4897-8072-6fe947eb0ef9 tempest-VolumesActionsTest-304456008 tempest-VolumesActionsTest-304456008-project-member] RESP HEADERS: {'Date': 'Tue, 28 Jul 2026 20:09:52 GMT', 'Server': 'Apache/2.4.58 (Ubuntu)', 'Content-Type': 'text/html; charset=UTF-8', 'Content-Length': '0', 'Etag': 'd41d8cd98f00b204e9800998ecf8427e', 'Last-Modified': 'Tue, 28 Jul 2026 20:09:53 GMT', 'X-Trans-Id': 'tx4a055cf7ed6c416fb5bd5-006a690c90', 'X-Openstack-Request-Id': 'tx4a055cf7ed6c416fb5bd5-006a690c90', 'Connection': 'close'} {{(pid=99779) http_log /opt/stack/data/venv/lib/python3.12/site-packages/swiftclient/client.py:162}}
Jul 28 20:09:52.567216 np0000006050 devstack@g-api.service[99779]: INFO glance.location [None req-408897fa-43fc-4897-8072-6fe947eb0ef9 tempest-VolumesActionsTest-304456008 tempest-VolumesActionsTest-304456008-project-member] Image format matched and virtual size computed: 1073741824
Jul 28 20:09:52.610691 np0000006050 devstack@g-api.service[99779]: DEBUG glance_store.backend [None req-408897fa-43fc-4897-8072-6fe947eb0ef9 tempest-VolumesActionsTest-304456008 tempest-VolumesActionsTest-304456008-project-member] Attempting to import store swift {{(pid=99779) _load_store /opt/stack/data/venv/lib/python3.12/site-packages/glance_store/backend.py:215}}
Jul 28 20:09:52.612128 np0000006050 devstack@g-api.service[99779]: DEBUG glance_store.capabilities [None req-408897fa-43fc-4897-8072-6fe947eb0ef9 tempest-VolumesActionsTest-304456008 tempest-VolumesActionsTest-304456008-project-member] Store glance_store._drivers.swift.store.SingleTenantStore doesn't support updating dynamic storage capabilities. Please overwrite 'update_capabilities' method of the store to implement updating logics if needed. {{(pid=99779) update_capabilities /opt/stack/data/venv/lib/python3.12/site-packages/glance_store/capabilities.py:91}}
Jul 28 20:09:52.612216 np0000006050 devstack@g-api.service[99779]: DEBUG glance_store.driver [None req-408897fa-43fc-4897-8072-6fe947eb0ef9 tempest-VolumesActionsTest-304456008 tempest-VolumesActionsTest-304456008-project-member] Late loading location class glance_store._drivers.swift.store.StoreLocation {{(pid=99779) get_store_location_class /opt/stack/data/venv/lib/python3.12/site-packages/glance_store/driver.py:134}}
Jul 28 20:09:52.612318 np0000006050 devstack@g-api.service[99779]: DEBUG glance_store.location [None req-408897fa-43fc-4897-8072-6fe947eb0ef9 tempest-VolumesActionsTest-304456008 tempest-VolumesActionsTest-304456008-project-member] Registering scheme swift+https with {'store': , 'location_class': , 'store_entry': 'swift'} {{(pid=99779) register_scheme_map /opt/stack/data/venv/lib/python3.12/site-packages/glance_store/location.py:146}}
Jul 28 20:09:52.612410 np0000006050 devstack@g-api.service[99779]: DEBUG glance_store.location [None req-408897fa-43fc-4897-8072-6fe947eb0ef9 tempest-VolumesActionsTest-304456008 tempest-VolumesActionsTest-304456008-project-member] Registering scheme swift+https with {'store': , 'location_class': , 'store_entry': 'swift'} {{(pid=99779) register_scheme_map /opt/stack/data/venv/lib/python3.12/site-packages/glance_store/location.py:146}}
Jul 28 20:09:52.612464 np0000006050 devstack@g-api.service[99779]: DEBUG glance_store.location [None req-408897fa-43fc-4897-8072-6fe947eb0ef9 tempest-VolumesActionsTest-304456008 tempest-VolumesActionsTest-304456008-project-member] Registering scheme swift with {'store': , 'location_class': , 'store_entry': 'swift'} {{(pid=99779) register_scheme_map /opt/stack/data/venv/lib/python3.12/site-packages/glance_store/location.py:146}}
Jul 28 20:09:52.612525 np0000006050 devstack@g-api.service[99779]: DEBUG glance_store.location [None req-408897fa-43fc-4897-8072-6fe947eb0ef9 tempest-VolumesActionsTest-304456008 tempest-VolumesActionsTest-304456008-project-member] Registering scheme swift+https with {'store': , 'location_class': , 'store_entry': 'swift'} {{(pid=99779) register_scheme_map /opt/stack/data/venv/lib/python3.12/site-packages/glance_store/location.py:146}}
Jul 28 20:09:52.612631 np0000006050 devstack@g-api.service[99779]: DEBUG glance_store.location [None req-408897fa-43fc-4897-8072-6fe947eb0ef9 tempest-VolumesActionsTest-304456008 tempest-VolumesActionsTest-304456008-project-member] Registering scheme swift with {'store': , 'location_class': , 'store_entry': 'swift'} {{(pid=99779) register_scheme_map /opt/stack/data/venv/lib/python3.12/site-packages/glance_store/location.py:146}}
Jul 28 20:09:52.612697 np0000006050 devstack@g-api.service[99779]: DEBUG glance_store.location [None req-408897fa-43fc-4897-8072-6fe947eb0ef9 tempest-VolumesActionsTest-304456008 tempest-VolumesActionsTest-304456008-project-member] Registering scheme swift+http with {'store': , 'location_class': , 'store_entry': 'swift'} {{(pid=99779) register_scheme_map /opt/stack/data/venv/lib/python3.12/site-packages/glance_store/location.py:146}}
Jul 28 20:09:52.612764 np0000006050 devstack@g-api.service[99779]: DEBUG glance_store.location [None req-408897fa-43fc-4897-8072-6fe947eb0ef9 tempest-VolumesActionsTest-304456008 tempest-VolumesActionsTest-304456008-project-member] Registering scheme swift+https with {'store': , 'location_class': , 'store_entry': 'swift'} {{(pid=99779) register_scheme_map /opt/stack/data/venv/lib/python3.12/site-packages/glance_store/location.py:146}}
Jul 28 20:09:52.612858 np0000006050 devstack@g-api.service[99779]: DEBUG glance_store.location [None req-408897fa-43fc-4897-8072-6fe947eb0ef9 tempest-VolumesActionsTest-304456008 tempest-VolumesActionsTest-304456008-project-member] Registering scheme swift with {'store': , 'location_class': , 'store_entry': 'swift'} {{(pid=99779) register_scheme_map /opt/stack/data/venv/lib/python3.12/site-packages/glance_store/location.py:146}}
Jul 28 20:09:52.612937 np0000006050 devstack@g-api.service[99779]: DEBUG glance_store.location [None req-408897fa-43fc-4897-8072-6fe947eb0ef9 tempest-VolumesActionsTest-304456008 tempest-VolumesActionsTest-304456008-project-member] Registering scheme swift+http with {'store': , 'location_class': , 'store_entry': 'swift'} {{(pid=99779) register_scheme_map /opt/stack/data/venv/lib/python3.12/site-packages/glance_store/location.py:146}}
Jul 28 20:09:52.613005 np0000006050 devstack@g-api.service[99779]: DEBUG glance_store.location [None req-408897fa-43fc-4897-8072-6fe947eb0ef9 tempest-VolumesActionsTest-304456008 tempest-VolumesActionsTest-304456008-project-member] Registering scheme swift+config with {'store': , 'location_class': , 'store_entry': 'swift'} {{(pid=99779) register_scheme_map /opt/stack/data/venv/lib/python3.12/site-packages/glance_store/location.py:146}}
Jul 28 20:09:52.613089 np0000006050 devstack@g-api.service[99779]: DEBUG glance_store.backend [None req-408897fa-43fc-4897-8072-6fe947eb0ef9 tempest-VolumesActionsTest-304456008 tempest-VolumesActionsTest-304456008-project-member] Skipping store.set_acls... not implemented. {{(pid=99779) set_acls /opt/stack/data/venv/lib/python3.12/site-packages/glance_store/backend.py:507}}
Jul 28 20:09:52.617137 np0000006050 devstack@g-api.service[99779]: [pid: 99779|app: 0|req: 79/258] 127.0.0.1 () {46 vars in 1154 bytes} [Tue Jul 28 20:09:38 2026] PUT /v2/images/ded1c454-dc9e-4ca2-9c69-a48bb8ee96a2/file => generated 0 bytes in 14264 msecs (HTTP/1.1 204) 4 headers in 171 bytes (1 switches on core 0)
Jul 28 20:09:52.625629 np0000006050 devstack@g-api.service[99780]: DEBUG glance.api.middleware.version_negotiation [None req-8d2fbaf3-3fd9-4ca7-aa20-e865caeb5ed7 tempest-VolumesActionsTest-304456008 tempest-VolumesActionsTest-304456008-project-member] Determining version of request: GET /v2/images/ded1c454-dc9e-4ca2-9c69-a48bb8ee96a2 Accept: */* {{(pid=99780) process_request /opt/stack/glance/glance/api/middleware/version_negotiation.py:44}}
Jul 28 20:09:52.626177 np0000006050 devstack@g-api.service[99780]: DEBUG glance.api.middleware.version_negotiation [None req-8d2fbaf3-3fd9-4ca7-aa20-e865caeb5ed7 tempest-VolumesActionsTest-304456008 tempest-VolumesActionsTest-304456008-project-member] Using url versioning {{(pid=99780) process_request /opt/stack/glance/glance/api/middleware/version_negotiation.py:57}}
Jul 28 20:09:52.626177 np0000006050 devstack@g-api.service[99780]: DEBUG glance.api.middleware.version_negotiation [None req-8d2fbaf3-3fd9-4ca7-aa20-e865caeb5ed7 tempest-VolumesActionsTest-304456008 tempest-VolumesActionsTest-304456008-project-member] Matched version: v2 {{(pid=99780) process_request /opt/stack/glance/glance/api/middleware/version_negotiation.py:69}}
Jul 28 20:09:52.626177 np0000006050 devstack@g-api.service[99780]: DEBUG glance.api.middleware.version_negotiation [None req-8d2fbaf3-3fd9-4ca7-aa20-e865caeb5ed7 tempest-VolumesActionsTest-304456008 tempest-VolumesActionsTest-304456008-project-member] new path /v2/images/ded1c454-dc9e-4ca2-9c69-a48bb8ee96a2 {{(pid=99780) process_request /opt/stack/glance/glance/api/middleware/version_negotiation.py:70}}
Jul 28 20:09:52.639729 np0000006050 devstack@g-api.service[99780]: [pid: 99780|app: 0|req: 96/259] 127.0.0.1 () {44 vars in 1111 bytes} [Tue Jul 28 20:09:52 2026] GET /v2/images/ded1c454-dc9e-4ca2-9c69-a48bb8ee96a2 => generated 822 bytes in 14 msecs (HTTP/1.1 200) 4 headers in 157 bytes (1 switches on core 0)
Jul 28 20:09:52.652249 np0000006050 devstack@g-api.service[99781]: DEBUG glance.api.middleware.version_negotiation [None req-058b205d-fde9-4453-a1d0-304205cdbc73 tempest-VolumesActionsTest-304456008 tempest-VolumesActionsTest-304456008-project-member] Determining version of request: GET /v2/schemas/image Accept: */* {{(pid=99781) process_request /opt/stack/glance/glance/api/middleware/version_negotiation.py:44}}
Jul 28 20:09:52.652417 np0000006050 devstack@g-api.service[99781]: DEBUG glance.api.middleware.version_negotiation [None req-058b205d-fde9-4453-a1d0-304205cdbc73 tempest-VolumesActionsTest-304456008 tempest-VolumesActionsTest-304456008-project-member] Using url versioning {{(pid=99781) process_request /opt/stack/glance/glance/api/middleware/version_negotiation.py:57}}
Jul 28 20:09:52.652473 np0000006050 devstack@g-api.service[99781]: DEBUG glance.api.middleware.version_negotiation [None req-058b205d-fde9-4453-a1d0-304205cdbc73 tempest-VolumesActionsTest-304456008 tempest-VolumesActionsTest-304456008-project-member] Matched version: v2 {{(pid=99781) process_request /opt/stack/glance/glance/api/middleware/version_negotiation.py:69}}
Jul 28 20:09:52.652571 np0000006050 devstack@g-api.service[99781]: DEBUG glance.api.middleware.version_negotiation [None req-058b205d-fde9-4453-a1d0-304205cdbc73 tempest-VolumesActionsTest-304456008 tempest-VolumesActionsTest-304456008-project-member] new path /v2/schemas/image {{(pid=99781) process_request /opt/stack/glance/glance/api/middleware/version_negotiation.py:70}}
Jul 28 20:09:52.658482 np0000006050 devstack@g-api.service[99781]: [pid: 99781|app: 0|req: 85/260] 127.0.0.1 () {44 vars in 1051 bytes} [Tue Jul 28 20:09:52 2026] GET /v2/schemas/image => generated 6083 bytes in 8 msecs (HTTP/1.1 200) 4 headers in 158 bytes (1 switches on core 0)
Jul 28 20:09:52.671492 np0000006050 devstack@g-api.service[99779]: DEBUG glance.api.middleware.version_negotiation [None req-408897fa-43fc-4897-8072-6fe947eb0ef9 tempest-VolumesActionsTest-304456008 tempest-VolumesActionsTest-304456008-project-member] Determining version of request: GET /v2/schemas/image Accept: */* {{(pid=99779) process_request /opt/stack/glance/glance/api/middleware/version_negotiation.py:44}}
Jul 28 20:09:52.671589 np0000006050 devstack@g-api.service[99779]: DEBUG glance.api.middleware.version_negotiation [None req-408897fa-43fc-4897-8072-6fe947eb0ef9 tempest-VolumesActionsTest-304456008 tempest-VolumesActionsTest-304456008-project-member] Using url versioning {{(pid=99779) process_request /opt/stack/glance/glance/api/middleware/version_negotiation.py:57}}
Jul 28 20:09:52.671709 np0000006050 devstack@g-api.service[99779]: DEBUG glance.api.middleware.version_negotiation [None req-408897fa-43fc-4897-8072-6fe947eb0ef9 tempest-VolumesActionsTest-304456008 tempest-VolumesActionsTest-304456008-project-member] Matched version: v2 {{(pid=99779) process_request /opt/stack/glance/glance/api/middleware/version_negotiation.py:69}}
Jul 28 20:09:52.671866 np0000006050 devstack@g-api.service[99779]: DEBUG glance.api.middleware.version_negotiation [None req-408897fa-43fc-4897-8072-6fe947eb0ef9 tempest-VolumesActionsTest-304456008 tempest-VolumesActionsTest-304456008-project-member] new path /v2/schemas/image {{(pid=99779) process_request /opt/stack/glance/glance/api/middleware/version_negotiation.py:70}}
Jul 28 20:09:52.678351 np0000006050 devstack@g-api.service[99779]: [pid: 99779|app: 0|req: 80/261] 127.0.0.1 () {44 vars in 1051 bytes} [Tue Jul 28 20:09:52 2026] GET /v2/schemas/image => generated 6083 bytes in 7 msecs (HTTP/1.1 200) 4 headers in 158 bytes (1 switches on core 0)
Jul 28 20:09:53.512582 np0000006050 devstack@g-api.service[99780]: DEBUG glance.api.middleware.version_negotiation [None req-408897fa-43fc-4897-8072-6fe947eb0ef9 tempest-VolumesActionsTest-304456008 tempest-VolumesActionsTest-304456008-project-member] Determining version of request: GET /v2/images/ded1c454-dc9e-4ca2-9c69-a48bb8ee96a2 Accept: application/json {{(pid=99780) process_request /opt/stack/glance/glance/api/middleware/version_negotiation.py:44}}
Jul 28 20:09:53.512778 np0000006050 devstack@g-api.service[99780]: DEBUG glance.api.middleware.version_negotiation [None req-408897fa-43fc-4897-8072-6fe947eb0ef9 tempest-VolumesActionsTest-304456008 tempest-VolumesActionsTest-304456008-project-member] Using url versioning {{(pid=99780) process_request /opt/stack/glance/glance/api/middleware/version_negotiation.py:57}}
Jul 28 20:09:53.513125 np0000006050 devstack@g-api.service[99780]: DEBUG glance.api.middleware.version_negotiation [None req-408897fa-43fc-4897-8072-6fe947eb0ef9 tempest-VolumesActionsTest-304456008 tempest-VolumesActionsTest-304456008-project-member] Matched version: v2 {{(pid=99780) process_request /opt/stack/glance/glance/api/middleware/version_negotiation.py:69}}
Jul 28 20:09:53.513198 np0000006050 devstack@g-api.service[99780]: DEBUG glance.api.middleware.version_negotiation [None req-408897fa-43fc-4897-8072-6fe947eb0ef9 tempest-VolumesActionsTest-304456008 tempest-VolumesActionsTest-304456008-project-member] new path /v2/images/ded1c454-dc9e-4ca2-9c69-a48bb8ee96a2 {{(pid=99780) process_request /opt/stack/glance/glance/api/middleware/version_negotiation.py:70}}
Jul 28 20:09:53.521165 np0000006050 devstack@g-api.service[99780]: [pid: 99780|app: 0|req: 97/262] 127.0.0.1 () {40 vars in 834 bytes} [Tue Jul 28 20:09:53 2026] GET /v2/images/ded1c454-dc9e-4ca2-9c69-a48bb8ee96a2 => generated 822 bytes in 9 msecs (HTTP/1.1 200) 4 headers in 157 bytes (1 switches on core 0)
Jul 28 20:09:53.575946 np0000006050 devstack@g-api.service[99781]: DEBUG glance.api.middleware.version_negotiation [None req-408897fa-43fc-4897-8072-6fe947eb0ef9 tempest-VolumesActionsTest-304456008 tempest-VolumesActionsTest-304456008-project-member] Determining version of request: GET /v2/images/ded1c454-dc9e-4ca2-9c69-a48bb8ee96a2 Accept: application/json {{(pid=99781) process_request /opt/stack/glance/glance/api/middleware/version_negotiation.py:44}}
Jul 28 20:09:53.575946 np0000006050 devstack@g-api.service[99781]: DEBUG glance.api.middleware.version_negotiation [None req-408897fa-43fc-4897-8072-6fe947eb0ef9 tempest-VolumesActionsTest-304456008 tempest-VolumesActionsTest-304456008-project-member] Using url versioning {{(pid=99781) process_request /opt/stack/glance/glance/api/middleware/version_negotiation.py:57}}
Jul 28 20:09:53.576942 np0000006050 devstack@g-api.service[99781]: DEBUG glance.api.middleware.version_negotiation [None req-408897fa-43fc-4897-8072-6fe947eb0ef9 tempest-VolumesActionsTest-304456008 tempest-VolumesActionsTest-304456008-project-member] Matched version: v2 {{(pid=99781) process_request /opt/stack/glance/glance/api/middleware/version_negotiation.py:69}}
Jul 28 20:09:53.577065 np0000006050 devstack@g-api.service[99781]: DEBUG glance.api.middleware.version_negotiation [None req-408897fa-43fc-4897-8072-6fe947eb0ef9 tempest-VolumesActionsTest-304456008 tempest-VolumesActionsTest-304456008-project-member] new path /v2/images/ded1c454-dc9e-4ca2-9c69-a48bb8ee96a2 {{(pid=99781) process_request /opt/stack/glance/glance/api/middleware/version_negotiation.py:70}}
Jul 28 20:09:53.589318 np0000006050 devstack@g-api.service[99781]: [pid: 99781|app: 0|req: 86/263] 127.0.0.1 () {40 vars in 834 bytes} [Tue Jul 28 20:09:53 2026] GET /v2/images/ded1c454-dc9e-4ca2-9c69-a48bb8ee96a2 => generated 822 bytes in 14 msecs (HTTP/1.1 200) 4 headers in 157 bytes (1 switches on core 0)
Jul 28 20:09:53.656908 np0000006050 devstack@g-api.service[99779]: DEBUG glance.api.middleware.version_negotiation [None req-408897fa-43fc-4897-8072-6fe947eb0ef9 tempest-VolumesActionsTest-304456008 tempest-VolumesActionsTest-304456008-project-member] Determining version of request: GET /v2/schemas/image Accept: */* {{(pid=99779) process_request /opt/stack/glance/glance/api/middleware/version_negotiation.py:44}}
Jul 28 20:09:53.657358 np0000006050 devstack@g-api.service[99779]: DEBUG glance.api.middleware.version_negotiation [None req-408897fa-43fc-4897-8072-6fe947eb0ef9 tempest-VolumesActionsTest-304456008 tempest-VolumesActionsTest-304456008-project-member] Using url versioning {{(pid=99779) process_request /opt/stack/glance/glance/api/middleware/version_negotiation.py:57}}
Jul 28 20:09:53.657358 np0000006050 devstack@g-api.service[99779]: DEBUG glance.api.middleware.version_negotiation [None req-408897fa-43fc-4897-8072-6fe947eb0ef9 tempest-VolumesActionsTest-304456008 tempest-VolumesActionsTest-304456008-project-member] Matched version: v2 {{(pid=99779) process_request /opt/stack/glance/glance/api/middleware/version_negotiation.py:69}}
Jul 28 20:09:53.657358 np0000006050 devstack@g-api.service[99779]: DEBUG glance.api.middleware.version_negotiation [None req-408897fa-43fc-4897-8072-6fe947eb0ef9 tempest-VolumesActionsTest-304456008 tempest-VolumesActionsTest-304456008-project-member] new path /v2/schemas/image {{(pid=99779) process_request /opt/stack/glance/glance/api/middleware/version_negotiation.py:70}}
Jul 28 20:09:53.662756 np0000006050 devstack@g-api.service[99779]: [pid: 99779|app: 0|req: 81/264] 127.0.0.1 () {44 vars in 1051 bytes} [Tue Jul 28 20:09:53 2026] GET /v2/schemas/image => generated 6083 bytes in 6 msecs (HTTP/1.1 200) 4 headers in 158 bytes (1 switches on core 0)
Jul 28 20:09:53.671893 np0000006050 devstack@g-api.service[99780]: DEBUG glance.api.middleware.version_negotiation [None req-ffd96596-12ea-4ff1-9891-9f57b951c5c2 tempest-VolumesActionsTest-304456008 tempest-VolumesActionsTest-304456008-project-member] Determining version of request: POST /v2/images Accept: */* {{(pid=99780) process_request /opt/stack/glance/glance/api/middleware/version_negotiation.py:44}}
Jul 28 20:09:53.672305 np0000006050 devstack@g-api.service[99780]: DEBUG glance.api.middleware.version_negotiation [None req-ffd96596-12ea-4ff1-9891-9f57b951c5c2 tempest-VolumesActionsTest-304456008 tempest-VolumesActionsTest-304456008-project-member] Using url versioning {{(pid=99780) process_request /opt/stack/glance/glance/api/middleware/version_negotiation.py:57}}
Jul 28 20:09:53.672452 np0000006050 devstack@g-api.service[99780]: DEBUG glance.api.middleware.version_negotiation [None req-ffd96596-12ea-4ff1-9891-9f57b951c5c2 tempest-VolumesActionsTest-304456008 tempest-VolumesActionsTest-304456008-project-member] Matched version: v2 {{(pid=99780) process_request /opt/stack/glance/glance/api/middleware/version_negotiation.py:69}}
