Jul 11 16:30:34.348795 np0000005075 nova-conductor[95847]: DEBUG cotyledon.oslo_config_glue [-] oslo_messaging_rabbit.processname = nova-conductor {{(pid=95847) log_opt_values /opt/stack/data/venv/lib/python3.12/site-packages/oslo_config/cfg.py:3253}}
Jul 11 16:30:34.348795 np0000005075 nova-conductor[95847]: DEBUG cotyledon.oslo_config_glue [-] oslo_messaging_rabbit.rabbit_ha_queues = False {{(pid=95847) log_opt_values /opt/stack/data/venv/lib/python3.12/site-packages/oslo_config/cfg.py:3253}}
Jul 11 16:30:34.348795 np0000005075 nova-conductor[95847]: DEBUG cotyledon.oslo_config_glue [-] oslo_messaging_rabbit.rabbit_interval_max = 30 {{(pid=95847) log_opt_values /opt/stack/data/venv/lib/python3.12/site-packages/oslo_config/cfg.py:3253}}
Jul 11 16:30:34.348795 np0000005075 nova-conductor[95847]: DEBUG cotyledon.oslo_config_glue [-] oslo_messaging_rabbit.rabbit_login_method = AMQPLAIN {{(pid=95847) log_opt_values /opt/stack/data/venv/lib/python3.12/site-packages/oslo_config/cfg.py:3253}}
Jul 11 16:30:34.348954 np0000005075 nova-conductor[95847]: DEBUG cotyledon.oslo_config_glue [-] oslo_messaging_rabbit.rabbit_qos_prefetch_count = 0 {{(pid=95847) log_opt_values /opt/stack/data/venv/lib/python3.12/site-packages/oslo_config/cfg.py:3253}}
Jul 11 16:30:34.348954 np0000005075 nova-conductor[95847]: DEBUG cotyledon.oslo_config_glue [-] oslo_messaging_rabbit.rabbit_quorum_delivery_limit = 0 {{(pid=95847) log_opt_values /opt/stack/data/venv/lib/python3.12/site-packages/oslo_config/cfg.py:3253}}
Jul 11 16:30:34.348954 np0000005075 nova-conductor[95847]: DEBUG cotyledon.oslo_config_glue [-] oslo_messaging_rabbit.rabbit_quorum_max_memory_bytes = 0 {{(pid=95847) log_opt_values /opt/stack/data/venv/lib/python3.12/site-packages/oslo_config/cfg.py:3253}}
Jul 11 16:30:34.348954 np0000005075 nova-conductor[95847]: DEBUG cotyledon.oslo_config_glue [-] oslo_messaging_rabbit.rabbit_quorum_max_memory_length = 0 {{(pid=95847) log_opt_values /opt/stack/data/venv/lib/python3.12/site-packages/oslo_config/cfg.py:3253}}
Jul 11 16:30:34.348954 np0000005075 nova-conductor[95847]: DEBUG cotyledon.oslo_config_glue [-] oslo_messaging_rabbit.rabbit_quorum_queue = False {{(pid=95847) log_opt_values /opt/stack/data/venv/lib/python3.12/site-packages/oslo_config/cfg.py:3253}}
Jul 11 16:30:34.349062 np0000005075 nova-conductor[95847]: DEBUG cotyledon.oslo_config_glue [-] oslo_messaging_rabbit.rabbit_retry_backoff = 2 {{(pid=95847) log_opt_values /opt/stack/data/venv/lib/python3.12/site-packages/oslo_config/cfg.py:3253}}
Jul 11 16:30:34.349111 np0000005075 nova-conductor[95847]: DEBUG cotyledon.oslo_config_glue [-] oslo_messaging_rabbit.rabbit_retry_interval = 1 {{(pid=95847) log_opt_values /opt/stack/data/venv/lib/python3.12/site-packages/oslo_config/cfg.py:3253}}
Jul 11 16:30:34.349178 np0000005075 nova-conductor[95847]: DEBUG cotyledon.oslo_config_glue [-] oslo_messaging_rabbit.rabbit_stream_fanout = False {{(pid=95847) log_opt_values /opt/stack/data/venv/lib/python3.12/site-packages/oslo_config/cfg.py:3253}}
Jul 11 16:30:34.349245 np0000005075 nova-conductor[95847]: DEBUG cotyledon.oslo_config_glue [-] oslo_messaging_rabbit.rabbit_transient_queues_ttl = 1800 {{(pid=95847) log_opt_values /opt/stack/data/venv/lib/python3.12/site-packages/oslo_config/cfg.py:3253}}
Jul 11 16:30:34.349305 np0000005075 nova-conductor[95847]: DEBUG cotyledon.oslo_config_glue [-] oslo_messaging_rabbit.rabbit_transient_quorum_queue = False {{(pid=95847) log_opt_values /opt/stack/data/venv/lib/python3.12/site-packages/oslo_config/cfg.py:3253}}
Jul 11 16:30:34.349368 np0000005075 nova-conductor[95847]: DEBUG cotyledon.oslo_config_glue [-] oslo_messaging_rabbit.rpc_conn_pool_size = 30 {{(pid=95847) log_opt_values /opt/stack/data/venv/lib/python3.12/site-packages/oslo_config/cfg.py:3253}}
Jul 11 16:30:34.349432 np0000005075 nova-conductor[95847]: DEBUG cotyledon.oslo_config_glue [-] oslo_messaging_rabbit.ssl = False {{(pid=95847) log_opt_values /opt/stack/data/venv/lib/python3.12/site-packages/oslo_config/cfg.py:3253}}
Jul 11 16:30:34.349496 np0000005075 nova-conductor[95847]: DEBUG cotyledon.oslo_config_glue [-] oslo_messaging_rabbit.ssl_ca_file = {{(pid=95847) log_opt_values /opt/stack/data/venv/lib/python3.12/site-packages/oslo_config/cfg.py:3253}}
Jul 11 16:30:34.349559 np0000005075 nova-conductor[95847]: DEBUG cotyledon.oslo_config_glue [-] oslo_messaging_rabbit.ssl_cert_file = {{(pid=95847) log_opt_values /opt/stack/data/venv/lib/python3.12/site-packages/oslo_config/cfg.py:3253}}
Jul 11 16:30:34.349623 np0000005075 nova-conductor[95847]: DEBUG cotyledon.oslo_config_glue [-] oslo_messaging_rabbit.ssl_enforce_fips_mode = False {{(pid=95847) log_opt_values /opt/stack/data/venv/lib/python3.12/site-packages/oslo_config/cfg.py:3253}}
Jul 11 16:30:34.349689 np0000005075 nova-conductor[95847]: DEBUG cotyledon.oslo_config_glue [-] oslo_messaging_rabbit.ssl_enforce_hostname_verification = True {{(pid=95847) log_opt_values /opt/stack/data/venv/lib/python3.12/site-packages/oslo_config/cfg.py:3253}}
Jul 11 16:30:34.349752 np0000005075 nova-conductor[95847]: DEBUG cotyledon.oslo_config_glue [-] oslo_messaging_rabbit.ssl_key_file = {{(pid=95847) log_opt_values /opt/stack/data/venv/lib/python3.12/site-packages/oslo_config/cfg.py:3253}}
Jul 11 16:30:34.349825 np0000005075 nova-conductor[95847]: DEBUG cotyledon.oslo_config_glue [-] oslo_messaging_rabbit.ssl_version = {{(pid=95847) log_opt_values /opt/stack/data/venv/lib/python3.12/site-packages/oslo_config/cfg.py:3253}}
Jul 11 16:30:34.349889 np0000005075 nova-conductor[95847]: DEBUG cotyledon.oslo_config_glue [-] oslo_messaging_rabbit.use_queue_manager = False {{(pid=95847) log_opt_values /opt/stack/data/venv/lib/python3.12/site-packages/oslo_config/cfg.py:3253}}
Jul 11 16:30:34.349974 np0000005075 nova-conductor[95847]: DEBUG cotyledon.oslo_config_glue [-] oslo_messaging_notifications.driver = ['messagingv2'] {{(pid=95847) log_opt_values /opt/stack/data/venv/lib/python3.12/site-packages/oslo_config/cfg.py:3253}}
Jul 11 16:30:34.350115 np0000005075 nova-conductor[95847]: DEBUG cotyledon.oslo_config_glue [-] oslo_messaging_notifications.retry = -1 {{(pid=95847) log_opt_values /opt/stack/data/venv/lib/python3.12/site-packages/oslo_config/cfg.py:3253}}
Jul 11 16:30:34.350205 np0000005075 nova-conductor[95847]: DEBUG cotyledon.oslo_config_glue [-] oslo_messaging_notifications.topics = ['notifications'] {{(pid=95847) log_opt_values /opt/stack/data/venv/lib/python3.12/site-packages/oslo_config/cfg.py:3253}}
Jul 11 16:30:34.350397 np0000005075 nova-conductor[95847]: DEBUG cotyledon.oslo_config_glue [-] oslo_messaging_notifications.transport_url = **** {{(pid=95847) log_opt_values /opt/stack/data/venv/lib/python3.12/site-packages/oslo_config/cfg.py:3253}}
Jul 11 16:30:34.350480 np0000005075 nova-conductor[95847]: DEBUG cotyledon.oslo_config_glue [-] oslo_limit.auth_section = None {{(pid=95847) log_opt_values /opt/stack/data/venv/lib/python3.12/site-packages/oslo_config/cfg.py:3253}}
Jul 11 16:30:34.350551 np0000005075 nova-conductor[95847]: DEBUG cotyledon.oslo_config_glue [-] oslo_limit.auth_type = None {{(pid=95847) log_opt_values /opt/stack/data/venv/lib/python3.12/site-packages/oslo_config/cfg.py:3253}}
Jul 11 16:30:34.350622 np0000005075 nova-conductor[95847]: DEBUG cotyledon.oslo_config_glue [-] oslo_limit.cafile = None {{(pid=95847) log_opt_values /opt/stack/data/venv/lib/python3.12/site-packages/oslo_config/cfg.py:3253}}
Jul 11 16:30:34.350693 np0000005075 nova-conductor[95847]: DEBUG cotyledon.oslo_config_glue [-] oslo_limit.certfile = None {{(pid=95847) log_opt_values /opt/stack/data/venv/lib/python3.12/site-packages/oslo_config/cfg.py:3253}}
Jul 11 16:30:34.350796 np0000005075 nova-conductor[95847]: DEBUG cotyledon.oslo_config_glue [-] oslo_limit.collect_timing = False {{(pid=95847) log_opt_values /opt/stack/data/venv/lib/python3.12/site-packages/oslo_config/cfg.py:3253}}
Jul 11 16:30:34.350878 np0000005075 nova-conductor[95847]: DEBUG cotyledon.oslo_config_glue [-] oslo_limit.connect_retries = None {{(pid=95847) log_opt_values /opt/stack/data/venv/lib/python3.12/site-packages/oslo_config/cfg.py:3253}}
Jul 11 16:30:34.350951 np0000005075 nova-conductor[95847]: DEBUG cotyledon.oslo_config_glue [-] oslo_limit.connect_retry_delay = None {{(pid=95847) log_opt_values /opt/stack/data/venv/lib/python3.12/site-packages/oslo_config/cfg.py:3253}}
Jul 11 16:30:34.351044 np0000005075 nova-conductor[95847]: DEBUG cotyledon.oslo_config_glue [-] oslo_limit.endpoint_id = None {{(pid=95847) log_opt_values /opt/stack/data/venv/lib/python3.12/site-packages/oslo_config/cfg.py:3253}}
Jul 11 16:30:34.351134 np0000005075 nova-conductor[95847]: DEBUG cotyledon.oslo_config_glue [-] oslo_limit.endpoint_interface = public {{(pid=95847) log_opt_values /opt/stack/data/venv/lib/python3.12/site-packages/oslo_config/cfg.py:3253}}
Jul 11 16:30:34.351204 np0000005075 nova-conductor[95847]: DEBUG cotyledon.oslo_config_glue [-] oslo_limit.endpoint_override = None {{(pid=95847) log_opt_values /opt/stack/data/venv/lib/python3.12/site-packages/oslo_config/cfg.py:3253}}
Jul 11 16:30:34.351275 np0000005075 nova-conductor[95847]: DEBUG cotyledon.oslo_config_glue [-] oslo_limit.endpoint_region_name = None {{(pid=95847) log_opt_values /opt/stack/data/venv/lib/python3.12/site-packages/oslo_config/cfg.py:3253}}
Jul 11 16:30:34.351343 np0000005075 nova-conductor[95847]: DEBUG cotyledon.oslo_config_glue [-] oslo_limit.endpoint_service_name = None {{(pid=95847) log_opt_values /opt/stack/data/venv/lib/python3.12/site-packages/oslo_config/cfg.py:3253}}
Jul 11 16:30:34.351410 np0000005075 nova-conductor[95847]: DEBUG cotyledon.oslo_config_glue [-] oslo_limit.endpoint_service_type = None {{(pid=95847) log_opt_values /opt/stack/data/venv/lib/python3.12/site-packages/oslo_config/cfg.py:3253}}
Jul 11 16:30:34.351473 np0000005075 nova-conductor[95847]: DEBUG cotyledon.oslo_config_glue [-] oslo_limit.insecure = False {{(pid=95847) log_opt_values /opt/stack/data/venv/lib/python3.12/site-packages/oslo_config/cfg.py:3253}}
Jul 11 16:30:34.351536 np0000005075 nova-conductor[95847]: DEBUG cotyledon.oslo_config_glue [-] oslo_limit.keyfile = None {{(pid=95847) log_opt_values /opt/stack/data/venv/lib/python3.12/site-packages/oslo_config/cfg.py:3253}}
Jul 11 16:30:34.351599 np0000005075 nova-conductor[95847]: DEBUG cotyledon.oslo_config_glue [-] oslo_limit.max_version = None {{(pid=95847) log_opt_values /opt/stack/data/venv/lib/python3.12/site-packages/oslo_config/cfg.py:3253}}
Jul 11 16:30:34.351665 np0000005075 nova-conductor[95847]: DEBUG cotyledon.oslo_config_glue [-] oslo_limit.min_version = None {{(pid=95847) log_opt_values /opt/stack/data/venv/lib/python3.12/site-packages/oslo_config/cfg.py:3253}}
Jul 11 16:30:34.351728 np0000005075 nova-conductor[95847]: DEBUG cotyledon.oslo_config_glue [-] oslo_limit.region_name = None {{(pid=95847) log_opt_values /opt/stack/data/venv/lib/python3.12/site-packages/oslo_config/cfg.py:3253}}
Jul 11 16:30:34.351792 np0000005075 nova-conductor[95847]: DEBUG cotyledon.oslo_config_glue [-] oslo_limit.retriable_status_codes = None {{(pid=95847) log_opt_values /opt/stack/data/venv/lib/python3.12/site-packages/oslo_config/cfg.py:3253}}
Jul 11 16:30:34.351858 np0000005075 nova-conductor[95847]: DEBUG cotyledon.oslo_config_glue [-] oslo_limit.service_name = None {{(pid=95847) log_opt_values /opt/stack/data/venv/lib/python3.12/site-packages/oslo_config/cfg.py:3253}}
Jul 11 16:30:34.351935 np0000005075 nova-conductor[95847]: DEBUG cotyledon.oslo_config_glue [-] oslo_limit.service_type = None {{(pid=95847) log_opt_values /opt/stack/data/venv/lib/python3.12/site-packages/oslo_config/cfg.py:3253}}
Jul 11 16:30:34.351999 np0000005075 nova-conductor[95847]: DEBUG cotyledon.oslo_config_glue [-] oslo_limit.split_loggers = False {{(pid=95847) log_opt_values /opt/stack/data/venv/lib/python3.12/site-packages/oslo_config/cfg.py:3253}}
Jul 11 16:30:34.352212 np0000005075 nova-conductor[95847]: DEBUG cotyledon.oslo_config_glue [-] oslo_limit.status_code_retries = None {{(pid=95847) log_opt_values /opt/stack/data/venv/lib/python3.12/site-packages/oslo_config/cfg.py:3253}}
Jul 11 16:30:34.352282 np0000005075 nova-conductor[95847]: DEBUG cotyledon.oslo_config_glue [-] oslo_limit.status_code_retry_delay = None {{(pid=95847) log_opt_values /opt/stack/data/venv/lib/python3.12/site-packages/oslo_config/cfg.py:3253}}
Jul 11 16:30:34.352350 np0000005075 nova-conductor[95847]: DEBUG cotyledon.oslo_config_glue [-] oslo_limit.timeout = None {{(pid=95847) log_opt_values /opt/stack/data/venv/lib/python3.12/site-packages/oslo_config/cfg.py:3253}}
Jul 11 16:30:34.352416 np0000005075 nova-conductor[95847]: DEBUG cotyledon.oslo_config_glue [-] oslo_limit.valid_interfaces = None {{(pid=95847) log_opt_values /opt/stack/data/venv/lib/python3.12/site-packages/oslo_config/cfg.py:3253}}
Jul 11 16:30:34.352489 np0000005075 nova-conductor[95847]: DEBUG cotyledon.oslo_config_glue [-] oslo_limit.version = None {{(pid=95847) log_opt_values /opt/stack/data/venv/lib/python3.12/site-packages/oslo_config/cfg.py:3253}}
Jul 11 16:30:34.352575 np0000005075 nova-conductor[95847]: DEBUG cotyledon.oslo_config_glue [-] oslo_reports.file_event_handler = None {{(pid=95847) log_opt_values /opt/stack/data/venv/lib/python3.12/site-packages/oslo_config/cfg.py:3253}}
Jul 11 16:30:34.352647 np0000005075 nova-conductor[95847]: DEBUG cotyledon.oslo_config_glue [-] oslo_reports.file_event_handler_interval = 1 {{(pid=95847) log_opt_values /opt/stack/data/venv/lib/python3.12/site-packages/oslo_config/cfg.py:3253}}
Jul 11 16:30:34.352720 np0000005075 nova-conductor[95847]: DEBUG cotyledon.oslo_config_glue [-] oslo_reports.log_dir = None {{(pid=95847) log_opt_values /opt/stack/data/venv/lib/python3.12/site-packages/oslo_config/cfg.py:3253}}
Jul 11 16:30:34.352784 np0000005075 nova-conductor[95847]: DEBUG cotyledon.oslo_config_glue [-] ******************************************************************************** {{(pid=95847) log_opt_values /opt/stack/data/venv/lib/python3.12/site-packages/oslo_config/cfg.py:3260}}
Jul 11 16:30:34.352965 np0000005075 nova-conductor[95847]: DEBUG cotyledon._service_worker [-] Run service ServiceWrapper(2) [95847] {{(pid=95847) wait_forever /opt/stack/data/venv/lib/python3.12/site-packages/cotyledon/_service_worker.py:218}}
Jul 11 16:30:34.354563 np0000005075 nova-conductor[95847]: INFO nova.service [-] Starting conductor node (version 33.1.0)
Jul 11 16:30:34.359014 np0000005075 nova-conductor[95847]: INFO dbcounter [None req-f66c00a5-2a97-4d78-8458-ceb27958f6ad None None] Registered counter for database nova_cell0
Jul 11 16:30:34.374528 np0000005075 nova-conductor[95836]: DEBUG oslo_db.sqlalchemy.engines [None req-74feee3f-31f8-4ad5-b9f2-edb0fefff439 None None] MySQL server mode set to STRICT_TRANS_TABLES,STRICT_ALL_TABLES,NO_ZERO_IN_DATE,NO_ZERO_DATE,ERROR_FOR_DIVISION_BY_ZERO,TRADITIONAL,NO_ENGINE_SUBSTITUTION {{(pid=95836) _check_effective_sql_mode /opt/stack/data/venv/lib/python3.12/site-packages/oslo_db/sqlalchemy/engines.py:325}}
Jul 11 16:30:34.378737 np0000005075 nova-conductor[95843]: DEBUG oslo_db.sqlalchemy.engines [None req-2e13c72e-370f-4d73-aa87-58274cd174bb None None] MySQL server mode set to STRICT_TRANS_TABLES,STRICT_ALL_TABLES,NO_ZERO_IN_DATE,NO_ZERO_DATE,ERROR_FOR_DIVISION_BY_ZERO,TRADITIONAL,NO_ENGINE_SUBSTITUTION {{(pid=95843) _check_effective_sql_mode /opt/stack/data/venv/lib/python3.12/site-packages/oslo_db/sqlalchemy/engines.py:325}}
Jul 11 16:30:34.385662 np0000005075 nova-conductor[95836]: DEBUG dbcounter [-] [95836] Writer thread running {{(pid=95836) stat_writer /opt/stack/data/venv/lib/python3.12/site-packages/dbcounter.py:102}}
Jul 11 16:30:34.388767 np0000005075 nova-conductor[95843]: DEBUG dbcounter [-] [95843] Writer thread running {{(pid=95843) stat_writer /opt/stack/data/venv/lib/python3.12/site-packages/dbcounter.py:102}}
Jul 11 16:30:34.399218 np0000005075 nova-conductor[95847]: DEBUG oslo_db.sqlalchemy.engines [None req-f66c00a5-2a97-4d78-8458-ceb27958f6ad None None] MySQL server mode set to STRICT_TRANS_TABLES,STRICT_ALL_TABLES,NO_ZERO_IN_DATE,NO_ZERO_DATE,ERROR_FOR_DIVISION_BY_ZERO,TRADITIONAL,NO_ENGINE_SUBSTITUTION {{(pid=95847) _check_effective_sql_mode /opt/stack/data/venv/lib/python3.12/site-packages/oslo_db/sqlalchemy/engines.py:325}}
Jul 11 16:30:34.400239 np0000005075 nova-conductor[95836]: DEBUG nova.service [None req-74feee3f-31f8-4ad5-b9f2-edb0fefff439 None None] Creating RPC server for service: nova-conductor on topic: conductor {{(pid=95836) start /opt/stack/nova/nova/service.py:196}}
Jul 11 16:30:34.404749 np0000005075 nova-conductor[95843]: DEBUG nova.service [None req-2e13c72e-370f-4d73-aa87-58274cd174bb None None] Creating RPC server for service: nova-conductor on topic: conductor {{(pid=95843) start /opt/stack/nova/nova/service.py:196}}
Jul 11 16:30:34.409108 np0000005075 nova-conductor[95847]: DEBUG dbcounter [-] [95847] Writer thread running {{(pid=95847) stat_writer /opt/stack/data/venv/lib/python3.12/site-packages/dbcounter.py:102}}
Jul 11 16:30:34.412506 np0000005075 nova-conductor[95847]: DEBUG nova.service [None req-f66c00a5-2a97-4d78-8458-ceb27958f6ad None None] Creating RPC server for service: nova-conductor on topic: conductor {{(pid=95847) start /opt/stack/nova/nova/service.py:196}}
Jul 11 16:30:34.424379 np0000005075 nova-conductor[95836]: DEBUG nova.service [None req-74feee3f-31f8-4ad5-b9f2-edb0fefff439 None None] Join ServiceGroup membership for this service conductor {{(pid=95836) start /opt/stack/nova/nova/service.py:222}}
Jul 11 16:30:34.424533 np0000005075 nova-conductor[95836]: DEBUG nova.servicegroup.drivers.db [None req-74feee3f-31f8-4ad5-b9f2-edb0fefff439 None None] DB_Driver: join new ServiceGroup member np0000005075 to the conductor group, service = {{(pid=95836) join /opt/stack/nova/nova/servicegroup/drivers/db.py:44}}
Jul 11 16:30:34.431987 np0000005075 nova-conductor[95843]: DEBUG nova.service [None req-2e13c72e-370f-4d73-aa87-58274cd174bb None None] Join ServiceGroup membership for this service conductor {{(pid=95843) start /opt/stack/nova/nova/service.py:222}}
Jul 11 16:30:34.432223 np0000005075 nova-conductor[95843]: DEBUG nova.servicegroup.drivers.db [None req-2e13c72e-370f-4d73-aa87-58274cd174bb None None] DB_Driver: join new ServiceGroup member np0000005075 to the conductor group, service = {{(pid=95843) join /opt/stack/nova/nova/servicegroup/drivers/db.py:44}}
Jul 11 16:30:34.432792 np0000005075 nova-conductor[95847]: DEBUG nova.service [None req-f66c00a5-2a97-4d78-8458-ceb27958f6ad None None] Join ServiceGroup membership for this service conductor {{(pid=95847) start /opt/stack/nova/nova/service.py:222}}
Jul 11 16:30:34.432982 np0000005075 nova-conductor[95847]: DEBUG nova.servicegroup.drivers.db [None req-f66c00a5-2a97-4d78-8458-ceb27958f6ad None None] DB_Driver: join new ServiceGroup member np0000005075 to the conductor group, service = {{(pid=95847) join /opt/stack/nova/nova/servicegroup/drivers/db.py:44}}
Jul 11 16:30:39.436408 np0000005075 nova-conductor[95836]: DEBUG oslo.service.backend._threading.loopingcall [-] Fixed interval looping call 'nova.servicegroup.drivers.db.DbDriver._report_state' sleeping for 119.99 seconds {{(pid=95836) _run_loop /opt/stack/data/venv/lib/python3.12/site-packages/oslo_service/backend/_threading/loopingcall.py:125}}
Jul 11 16:30:39.441821 np0000005075 nova-conductor[95843]: DEBUG oslo.service.backend._threading.loopingcall [-] Fixed interval looping call 'nova.servicegroup.drivers.db.DbDriver._report_state' sleeping for 119.99 seconds {{(pid=95843) _run_loop /opt/stack/data/venv/lib/python3.12/site-packages/oslo_service/backend/_threading/loopingcall.py:125}}
Jul 11 16:30:39.445157 np0000005075 nova-conductor[95847]: DEBUG oslo.service.backend._threading.loopingcall [-] Fixed interval looping call 'nova.servicegroup.drivers.db.DbDriver._report_state' sleeping for 119.99 seconds {{(pid=95847) _run_loop /opt/stack/data/venv/lib/python3.12/site-packages/oslo_service/backend/_threading/loopingcall.py:125}}
Jul 11 16:30:42.939143 np0000005075 nova-conductor[94331]: DEBUG dbcounter [-] [94331] Writing DB stats nova_api:SELECT=1 {{(pid=94331) stat_writer /opt/stack/data/venv/lib/python3.12/site-packages/dbcounter.py:115}}
Jul 11 16:30:43.058815 np0000005075 nova-conductor[94331]: DEBUG dbcounter [-] [94331] Writing DB stats nova_cell0:SELECT=1 {{(pid=94331) stat_writer /opt/stack/data/venv/lib/python3.12/site-packages/dbcounter.py:115}}
Jul 11 16:30:43.068336 np0000005075 nova-conductor[94331]: DEBUG dbcounter [-] [94331] Writing DB stats nova_cell1:SELECT=1 {{(pid=94331) stat_writer /opt/stack/data/venv/lib/python3.12/site-packages/dbcounter.py:115}}
Jul 11 16:30:49.434128 np0000005075 nova-conductor[95836]: DEBUG dbcounter [-] [95836] Writing DB stats nova_cell0:SELECT=4,nova_cell0:INSERT=1,nova_cell0:UPDATE=1 {{(pid=95836) stat_writer /opt/stack/data/venv/lib/python3.12/site-packages/dbcounter.py:115}}
Jul 11 16:30:49.440061 np0000005075 nova-conductor[95843]: DEBUG dbcounter [-] [95843] Writing DB stats nova_cell0:SELECT=5,nova_cell0:INSERT=1 {{(pid=95843) stat_writer /opt/stack/data/venv/lib/python3.12/site-packages/dbcounter.py:115}}
Jul 11 16:30:49.444325 np0000005075 nova-conductor[95847]: DEBUG dbcounter [-] [95847] Writing DB stats nova_cell0:SELECT=3 {{(pid=95847) stat_writer /opt/stack/data/venv/lib/python3.12/site-packages/dbcounter.py:115}}
Jul 11 16:31:03.434673 np0000005075 nova-conductor[95843]: DEBUG oslo.service.backend._threading.loopingcall [None req-7e23ddc1-2593-4f11-a1cd-7172bde40c26 None None] Dynamic interval looping call 'nova.service.Service.periodic_tasks' sleeping for 60.00 seconds {{(pid=95843) _run_loop /opt/stack/data/venv/lib/python3.12/site-packages/oslo_service/backend/_threading/loopingcall.py:125}}
Jul 11 16:31:19.426495 np0000005075 nova-conductor[95836]: DEBUG oslo.service.backend._threading.loopingcall [None req-fb86ebc6-a83c-4482-ab3f-8ffb4269f1cc None None] Dynamic interval looping call 'nova.service.Service.periodic_tasks' sleeping for 60.00 seconds {{(pid=95836) _run_loop /opt/stack/data/venv/lib/python3.12/site-packages/oslo_service/backend/_threading/loopingcall.py:125}}
Jul 11 16:31:19.435610 np0000005075 nova-conductor[95847]: DEBUG oslo.service.backend._threading.loopingcall [None req-6a040441-dc8f-44eb-bb04-c42efb5cb18d None None] Dynamic interval looping call 'nova.service.Service.periodic_tasks' sleeping for 60.00 seconds {{(pid=95847) _run_loop /opt/stack/data/venv/lib/python3.12/site-packages/oslo_service/backend/_threading/loopingcall.py:125}}
Jul 11 16:32:03.435181 np0000005075 nova-conductor[95843]: DEBUG oslo.service.backend._threading.loopingcall [None req-7e23ddc1-2593-4f11-a1cd-7172bde40c26 None None] Dynamic interval looping call 'nova.service.Service.periodic_tasks' sleeping for 60.00 seconds {{(pid=95843) _run_loop /opt/stack/data/venv/lib/python3.12/site-packages/oslo_service/backend/_threading/loopingcall.py:125}}
Jul 11 16:32:19.427002 np0000005075 nova-conductor[95836]: DEBUG oslo.service.backend._threading.loopingcall [None req-fb86ebc6-a83c-4482-ab3f-8ffb4269f1cc None None] Dynamic interval looping call 'nova.service.Service.periodic_tasks' sleeping for 60.00 seconds {{(pid=95836) _run_loop /opt/stack/data/venv/lib/python3.12/site-packages/oslo_service/backend/_threading/loopingcall.py:125}}
Jul 11 16:32:19.436069 np0000005075 nova-conductor[95847]: DEBUG oslo.service.backend._threading.loopingcall [None req-6a040441-dc8f-44eb-bb04-c42efb5cb18d None None] Dynamic interval looping call 'nova.service.Service.periodic_tasks' sleeping for 60.00 seconds {{(pid=95847) _run_loop /opt/stack/data/venv/lib/python3.12/site-packages/oslo_service/backend/_threading/loopingcall.py:125}}
Jul 11 16:32:39.433125 np0000005075 nova-conductor[95836]: DEBUG oslo.service.backend._threading.loopingcall [-] Fixed interval looping call 'nova.servicegroup.drivers.db.DbDriver._report_state' sleeping for 119.99 seconds {{(pid=95836) _run_loop /opt/stack/data/venv/lib/python3.12/site-packages/oslo_service/backend/_threading/loopingcall.py:125}}
Jul 11 16:32:39.437748 np0000005075 nova-conductor[95843]: DEBUG oslo.service.backend._threading.loopingcall [-] Fixed interval looping call 'nova.servicegroup.drivers.db.DbDriver._report_state' sleeping for 120.00 seconds {{(pid=95843) _run_loop /opt/stack/data/venv/lib/python3.12/site-packages/oslo_service/backend/_threading/loopingcall.py:125}}
Jul 11 16:32:39.441246 np0000005075 nova-conductor[95847]: DEBUG oslo.service.backend._threading.loopingcall [-] Fixed interval looping call 'nova.servicegroup.drivers.db.DbDriver._report_state' sleeping for 120.00 seconds {{(pid=95847) _run_loop /opt/stack/data/venv/lib/python3.12/site-packages/oslo_service/backend/_threading/loopingcall.py:125}}
Jul 11 16:32:49.430682 np0000005075 nova-conductor[95836]: DEBUG dbcounter [-] [95836] Writing DB stats nova_cell0:SELECT=1,nova_cell0:UPDATE=1 {{(pid=95836) stat_writer /opt/stack/data/venv/lib/python3.12/site-packages/dbcounter.py:115}}
Jul 11 16:32:49.436400 np0000005075 nova-conductor[95843]: DEBUG dbcounter [-] [95843] Writing DB stats nova_cell0:SELECT=1 {{(pid=95843) stat_writer /opt/stack/data/venv/lib/python3.12/site-packages/dbcounter.py:115}}
Jul 11 16:32:49.438621 np0000005075 nova-conductor[95847]: DEBUG dbcounter [-] [95847] Writing DB stats nova_cell0:SELECT=1 {{(pid=95847) stat_writer /opt/stack/data/venv/lib/python3.12/site-packages/dbcounter.py:115}}
Jul 11 16:33:03.435632 np0000005075 nova-conductor[95843]: DEBUG oslo.service.backend._threading.loopingcall [None req-7e23ddc1-2593-4f11-a1cd-7172bde40c26 None None] Dynamic interval looping call 'nova.service.Service.periodic_tasks' sleeping for 60.00 seconds {{(pid=95843) _run_loop /opt/stack/data/venv/lib/python3.12/site-packages/oslo_service/backend/_threading/loopingcall.py:125}}
Jul 11 16:33:06.769885 np0000005075 nova-conductor[95836]: DEBUG oslo_db.sqlalchemy.engines [None req-a6e49146-48d3-41ef-bb1d-0f7c9c5ffaa9 tempest-ServerActionsTestOtherA-651877801 tempest-ServerActionsTestOtherA-651877801-project-member] Parent process 94331 forked (95836) with an open database connection, which is being discarded and recreated. {{(pid=95836) checkout /opt/stack/data/venv/lib/python3.12/site-packages/oslo_db/sqlalchemy/engines.py:402}}
Jul 11 16:33:06.812439 np0000005075 nova-conductor[95836]: DEBUG dbcounter [-] [95836] Writer thread running {{(pid=95836) stat_writer /opt/stack/data/venv/lib/python3.12/site-packages/dbcounter.py:102}}
Jul 11 16:33:07.844293 np0000005075 nova-conductor[95836]: DEBUG nova.conductor.manager [None req-a6e49146-48d3-41ef-bb1d-0f7c9c5ffaa9 tempest-ServerActionsTestOtherA-651877801 tempest-ServerActionsTestOtherA-651877801-project-member] Took 1.03 seconds to select destinations for 1 instance(s). {{(pid=95836) _schedule_instances /opt/stack/nova/nova/conductor/manager.py:968}}
Jul 11 16:33:07.881000 np0000005075 nova-conductor[95836]: DEBUG oslo_concurrency.lockutils [None req-a6e49146-48d3-41ef-bb1d-0f7c9c5ffaa9 tempest-ServerActionsTestOtherA-651877801 tempest-ServerActionsTestOtherA-651877801-project-member] Acquiring lock "9354c00b-2d1a-44ba-9746-d307bdb045b4" by "nova.context.set_target_cell..get_or_set_cached_cell_and_set_connections" {{(pid=95836) inner /opt/stack/data/venv/lib/python3.12/site-packages/oslo_concurrency/lockutils.py:511}}
Jul 11 16:33:07.881320 np0000005075 nova-conductor[95836]: DEBUG oslo_concurrency.lockutils [None req-a6e49146-48d3-41ef-bb1d-0f7c9c5ffaa9 tempest-ServerActionsTestOtherA-651877801 tempest-ServerActionsTestOtherA-651877801-project-member] Lock "9354c00b-2d1a-44ba-9746-d307bdb045b4" acquired by "nova.context.set_target_cell..get_or_set_cached_cell_and_set_connections" :: waited 0.000s {{(pid=95836) inner /opt/stack/data/venv/lib/python3.12/site-packages/oslo_concurrency/lockutils.py:524}}
Jul 11 16:33:07.883319 np0000005075 nova-conductor[95836]: DEBUG oslo_concurrency.lockutils [None req-a6e49146-48d3-41ef-bb1d-0f7c9c5ffaa9 tempest-ServerActionsTestOtherA-651877801 tempest-ServerActionsTestOtherA-651877801-project-member] Lock "9354c00b-2d1a-44ba-9746-d307bdb045b4" "released" by "nova.context.set_target_cell..get_or_set_cached_cell_and_set_connections" :: held 0.002s {{(pid=95836) inner /opt/stack/data/venv/lib/python3.12/site-packages/oslo_concurrency/lockutils.py:543}}
Jul 11 16:33:07.886700 np0000005075 nova-conductor[95836]: INFO dbcounter [None req-a6e49146-48d3-41ef-bb1d-0f7c9c5ffaa9 tempest-ServerActionsTestOtherA-651877801 tempest-ServerActionsTestOtherA-651877801-project-member] Registered counter for database nova_cell1
Jul 11 16:33:07.935432 np0000005075 nova-conductor[95836]: DEBUG oslo_db.sqlalchemy.engines [None req-a6e49146-48d3-41ef-bb1d-0f7c9c5ffaa9 tempest-ServerActionsTestOtherA-651877801 tempest-ServerActionsTestOtherA-651877801-project-member] MySQL server mode set to STRICT_TRANS_TABLES,STRICT_ALL_TABLES,NO_ZERO_IN_DATE,NO_ZERO_DATE,ERROR_FOR_DIVISION_BY_ZERO,TRADITIONAL,NO_ENGINE_SUBSTITUTION {{(pid=95836) _check_effective_sql_mode /opt/stack/data/venv/lib/python3.12/site-packages/oslo_db/sqlalchemy/engines.py:325}}
Jul 11 16:33:07.942766 np0000005075 nova-conductor[95836]: DEBUG dbcounter [-] [95836] Writer thread running {{(pid=95836) stat_writer /opt/stack/data/venv/lib/python3.12/site-packages/dbcounter.py:102}}
Jul 11 16:33:08.017832 np0000005075 nova-conductor[95836]: INFO nova.utils [None req-a6e49146-48d3-41ef-bb1d-0f7c9c5ffaa9 tempest-ServerActionsTestOtherA-651877801 tempest-ServerActionsTestOtherA-651877801-project-member] The cell worker thread pool ForkProcess-1.cell_worker is initialized
Jul 11 16:33:08.018147 np0000005075 nova-conductor[95836]: DEBUG oslo_concurrency.lockutils [None req-a6e49146-48d3-41ef-bb1d-0f7c9c5ffaa9 tempest-ServerActionsTestOtherA-651877801 tempest-ServerActionsTestOtherA-651877801-project-member] Acquiring lock "00000000-0000-0000-0000-000000000000" by "nova.context.set_target_cell..get_or_set_cached_cell_and_set_connections" {{(pid=95836) inner /opt/stack/data/venv/lib/python3.12/site-packages/oslo_concurrency/lockutils.py:511}}
Jul 11 16:33:08.018315 np0000005075 nova-conductor[95836]: DEBUG oslo_concurrency.lockutils [None req-a6e49146-48d3-41ef-bb1d-0f7c9c5ffaa9 tempest-ServerActionsTestOtherA-651877801 tempest-ServerActionsTestOtherA-651877801-project-member] Lock "00000000-0000-0000-0000-000000000000" acquired by "nova.context.set_target_cell..get_or_set_cached_cell_and_set_connections" :: waited 0.000s {{(pid=95836) inner /opt/stack/data/venv/lib/python3.12/site-packages/oslo_concurrency/lockutils.py:524}}
Jul 11 16:33:08.018670 np0000005075 nova-conductor[95836]: DEBUG oslo_concurrency.lockutils [None req-a6e49146-48d3-41ef-bb1d-0f7c9c5ffaa9 tempest-ServerActionsTestOtherA-651877801 tempest-ServerActionsTestOtherA-651877801-project-member] Lock "00000000-0000-0000-0000-000000000000" "released" by "nova.context.set_target_cell..get_or_set_cached_cell_and_set_connections" :: held 0.000s {{(pid=95836) inner /opt/stack/data/venv/lib/python3.12/site-packages/oslo_concurrency/lockutils.py:543}}
Jul 11 16:33:08.019468 np0000005075 nova-conductor[95836]: DEBUG oslo_concurrency.lockutils [None req-a6e49146-48d3-41ef-bb1d-0f7c9c5ffaa9 tempest-ServerActionsTestOtherA-651877801 tempest-ServerActionsTestOtherA-651877801-project-member] Acquiring lock "9354c00b-2d1a-44ba-9746-d307bdb045b4" by "nova.context.set_target_cell..get_or_set_cached_cell_and_set_connections" {{(pid=95836) inner /opt/stack/data/venv/lib/python3.12/site-packages/oslo_concurrency/lockutils.py:511}}
Jul 11 16:33:08.019777 np0000005075 nova-conductor[95836]: DEBUG oslo_concurrency.lockutils [None req-a6e49146-48d3-41ef-bb1d-0f7c9c5ffaa9 tempest-ServerActionsTestOtherA-651877801 tempest-ServerActionsTestOtherA-651877801-project-member] Lock "9354c00b-2d1a-44ba-9746-d307bdb045b4" acquired by "nova.context.set_target_cell..get_or_set_cached_cell_and_set_connections" :: waited 0.000s {{(pid=95836) inner /opt/stack/data/venv/lib/python3.12/site-packages/oslo_concurrency/lockutils.py:524}}
Jul 11 16:33:08.020112 np0000005075 nova-conductor[95836]: DEBUG oslo_concurrency.lockutils [None req-a6e49146-48d3-41ef-bb1d-0f7c9c5ffaa9 tempest-ServerActionsTestOtherA-651877801 tempest-ServerActionsTestOtherA-651877801-project-member] Lock "9354c00b-2d1a-44ba-9746-d307bdb045b4" "released" by "nova.context.set_target_cell..get_or_set_cached_cell_and_set_connections" :: held 0.000s {{(pid=95836) inner /opt/stack/data/venv/lib/python3.12/site-packages/oslo_concurrency/lockutils.py:543}}
Jul 11 16:33:08.021561 np0000005075 nova-conductor[95836]: INFO dbcounter [None req-a6e49146-48d3-41ef-bb1d-0f7c9c5ffaa9 tempest-ServerActionsTestOtherA-651877801 tempest-ServerActionsTestOtherA-651877801-project-member] Registered counter for database nova_cell0
Jul 11 16:33:08.074051 np0000005075 nova-conductor[95836]: DEBUG oslo_db.sqlalchemy.engines [None req-a6e49146-48d3-41ef-bb1d-0f7c9c5ffaa9 tempest-ServerActionsTestOtherA-651877801 tempest-ServerActionsTestOtherA-651877801-project-member] MySQL server mode set to STRICT_TRANS_TABLES,STRICT_ALL_TABLES,NO_ZERO_IN_DATE,NO_ZERO_DATE,ERROR_FOR_DIVISION_BY_ZERO,TRADITIONAL,NO_ENGINE_SUBSTITUTION {{(pid=95836) _check_effective_sql_mode /opt/stack/data/venv/lib/python3.12/site-packages/oslo_db/sqlalchemy/engines.py:325}}
Jul 11 16:33:08.081060 np0000005075 nova-conductor[95836]: DEBUG dbcounter [-] [95836] Writer thread running {{(pid=95836) stat_writer /opt/stack/data/venv/lib/python3.12/site-packages/dbcounter.py:102}}
Jul 11 16:33:08.090694 np0000005075 nova-conductor[95836]: DEBUG nova.quota [None req-a6e49146-48d3-41ef-bb1d-0f7c9c5ffaa9 tempest-ServerActionsTestOtherA-651877801 tempest-ServerActionsTestOtherA-651877801-project-member] Getting quotas for project 2e8fb792f78f4a54a6930b38eb27c863. Resources: {'ram', 'cores', 'instances'} {{(pid=95836) _get_quotas /opt/stack/nova/nova/quota.py:389}}
Jul 11 16:33:08.097201 np0000005075 nova-conductor[95836]: DEBUG nova.quota [None req-a6e49146-48d3-41ef-bb1d-0f7c9c5ffaa9 tempest-ServerActionsTestOtherA-651877801 tempest-ServerActionsTestOtherA-651877801-project-member] Getting quotas for user f4d599101acd4f018a0c2427bbf12d60 and project 2e8fb792f78f4a54a6930b38eb27c863. Resources: {'ram', 'cores', 'instances'} {{(pid=95836) _get_quotas /opt/stack/nova/nova/quota.py:379}}
Jul 11 16:33:08.103192 np0000005075 nova-conductor[95836]: DEBUG nova.conductor.manager [None req-a6e49146-48d3-41ef-bb1d-0f7c9c5ffaa9 tempest-ServerActionsTestOtherA-651877801 tempest-ServerActionsTestOtherA-651877801-project-member] [instance: 807802cc-0dfa-4a52-90a2-0c28fdc0ed92] Selected host: np0000005075; Selected node: np0000005075; Alternates: [] {{(pid=95836) schedule_and_build_instances /opt/stack/nova/nova/conductor/manager.py:1784}}
Jul 11 16:33:08.103731 np0000005075 nova-conductor[95836]: DEBUG oslo_concurrency.lockutils [None req-a6e49146-48d3-41ef-bb1d-0f7c9c5ffaa9 tempest-ServerActionsTestOtherA-651877801 tempest-ServerActionsTestOtherA-651877801-project-member] Acquiring lock "9354c00b-2d1a-44ba-9746-d307bdb045b4" by "nova.context.set_target_cell..get_or_set_cached_cell_and_set_connections" {{(pid=95836) inner /opt/stack/data/venv/lib/python3.12/site-packages/oslo_concurrency/lockutils.py:511}}
Jul 11 16:33:08.103884 np0000005075 nova-conductor[95836]: DEBUG oslo_concurrency.lockutils [None req-a6e49146-48d3-41ef-bb1d-0f7c9c5ffaa9 tempest-ServerActionsTestOtherA-651877801 tempest-ServerActionsTestOtherA-651877801-project-member] Lock "9354c00b-2d1a-44ba-9746-d307bdb045b4" acquired by "nova.context.set_target_cell..get_or_set_cached_cell_and_set_connections" :: waited 0.000s {{(pid=95836) inner /opt/stack/data/venv/lib/python3.12/site-packages/oslo_concurrency/lockutils.py:524}}
Jul 11 16:33:08.104002 np0000005075 nova-conductor[95836]: DEBUG oslo_concurrency.lockutils [None req-a6e49146-48d3-41ef-bb1d-0f7c9c5ffaa9 tempest-ServerActionsTestOtherA-651877801 tempest-ServerActionsTestOtherA-651877801-project-member] Lock "9354c00b-2d1a-44ba-9746-d307bdb045b4" "released" by "nova.context.set_target_cell..get_or_set_cached_cell_and_set_connections" :: held 0.000s {{(pid=95836) inner /opt/stack/data/venv/lib/python3.12/site-packages/oslo_concurrency/lockutils.py:543}}
Jul 11 16:33:08.116515 np0000005075 nova-conductor[95836]: DEBUG nova.conductor.manager [None req-a6e49146-48d3-41ef-bb1d-0f7c9c5ffaa9 tempest-ServerActionsTestOtherA-651877801 tempest-ServerActionsTestOtherA-651877801-project-member] [instance: 807802cc-0dfa-4a52-90a2-0c28fdc0ed92] block_device_mapping [BlockDeviceMapping(attachment_id=,boot_index=0,connection_info=None,created_at=,delete_on_termination=True,deleted=,deleted_at=,destination_type='local',device_name=None,device_type='disk',disk_bus=None,encrypted=False,encryption_format=None,encryption_options=None,encryption_secret_uuid=None,guest_format=None,id=,image_id='c9c18210-d550-4fd1-bc54-8cb89d703c00',instance=,instance_uuid=,no_device=False,snapshot_id=None,source_type='image',tag=None,updated_at=,uuid=,volume_id=None,volume_size=None,volume_type=None)] {{(pid=95836) _create_block_device_mapping /opt/stack/nova/nova/conductor/manager.py:1529}}
Jul 11 16:33:08.118393 np0000005075 nova-conductor[95836]: DEBUG oslo_concurrency.lockutils [None req-a6e49146-48d3-41ef-bb1d-0f7c9c5ffaa9 tempest-ServerActionsTestOtherA-651877801 tempest-ServerActionsTestOtherA-651877801-project-member] Acquiring lock "9354c00b-2d1a-44ba-9746-d307bdb045b4" by "nova.context.set_target_cell..get_or_set_cached_cell_and_set_connections" {{(pid=95836) inner /opt/stack/data/venv/lib/python3.12/site-packages/oslo_concurrency/lockutils.py:511}}
Jul 11 16:33:08.118568 np0000005075 nova-conductor[95836]: DEBUG oslo_concurrency.lockutils [None req-a6e49146-48d3-41ef-bb1d-0f7c9c5ffaa9 tempest-ServerActionsTestOtherA-651877801 tempest-ServerActionsTestOtherA-651877801-project-member] Lock "9354c00b-2d1a-44ba-9746-d307bdb045b4" acquired by "nova.context.set_target_cell..get_or_set_cached_cell_and_set_connections" :: waited 0.000s {{(pid=95836) inner /opt/stack/data/venv/lib/python3.12/site-packages/oslo_concurrency/lockutils.py:524}}
Jul 11 16:33:08.118568 np0000005075 nova-conductor[95836]: DEBUG oslo_concurrency.lockutils [None req-a6e49146-48d3-41ef-bb1d-0f7c9c5ffaa9 tempest-ServerActionsTestOtherA-651877801 tempest-ServerActionsTestOtherA-651877801-project-member] Lock "9354c00b-2d1a-44ba-9746-d307bdb045b4" "released" by "nova.context.set_target_cell..get_or_set_cached_cell_and_set_connections" :: held 0.000s {{(pid=95836) inner /opt/stack/data/venv/lib/python3.12/site-packages/oslo_concurrency/lockutils.py:543}}
Jul 11 16:33:08.168647 np0000005075 nova-conductor[95836]: DEBUG oslo_concurrency.lockutils [None req-a6e49146-48d3-41ef-bb1d-0f7c9c5ffaa9 tempest-ServerActionsTestOtherA-651877801 tempest-ServerActionsTestOtherA-651877801-project-member] Acquiring lock "9354c00b-2d1a-44ba-9746-d307bdb045b4" by "nova.context.set_target_cell..get_or_set_cached_cell_and_set_connections" {{(pid=95836) inner /opt/stack/data/venv/lib/python3.12/site-packages/oslo_concurrency/lockutils.py:511}}
Jul 11 16:33:08.168854 np0000005075 nova-conductor[95836]: DEBUG oslo_concurrency.lockutils [None req-a6e49146-48d3-41ef-bb1d-0f7c9c5ffaa9 tempest-ServerActionsTestOtherA-651877801 tempest-ServerActionsTestOtherA-651877801-project-member] Lock "9354c00b-2d1a-44ba-9746-d307bdb045b4" acquired by "nova.context.set_target_cell..get_or_set_cached_cell_and_set_connections" :: waited 0.000s {{(pid=95836) inner /opt/stack/data/venv/lib/python3.12/site-packages/oslo_concurrency/lockutils.py:524}}
Jul 11 16:33:08.169015 np0000005075 nova-conductor[95836]: DEBUG oslo_concurrency.lockutils [None req-a6e49146-48d3-41ef-bb1d-0f7c9c5ffaa9 tempest-ServerActionsTestOtherA-651877801 tempest-ServerActionsTestOtherA-651877801-project-member] Lock "9354c00b-2d1a-44ba-9746-d307bdb045b4" "released" by "nova.context.set_target_cell..get_or_set_cached_cell_and_set_connections" :: held 0.000s {{(pid=95836) inner /opt/stack/data/venv/lib/python3.12/site-packages/oslo_concurrency/lockutils.py:543}}
Jul 11 16:33:08.169423 np0000005075 nova-conductor[95836]: DEBUG oslo_concurrency.lockutils [None req-a6e49146-48d3-41ef-bb1d-0f7c9c5ffaa9 tempest-ServerActionsTestOtherA-651877801 tempest-ServerActionsTestOtherA-651877801-project-member] Acquiring lock "compute-rpcapi-router" {{(pid=95836) lock /opt/stack/data/venv/lib/python3.12/site-packages/oslo_concurrency/lockutils.py:395}}
Jul 11 16:33:08.169423 np0000005075 nova-conductor[95836]: DEBUG oslo_concurrency.lockutils [None req-a6e49146-48d3-41ef-bb1d-0f7c9c5ffaa9 tempest-ServerActionsTestOtherA-651877801 tempest-ServerActionsTestOtherA-651877801-project-member] Acquired lock "compute-rpcapi-router" {{(pid=95836) lock /opt/stack/data/venv/lib/python3.12/site-packages/oslo_concurrency/lockutils.py:398}}
Jul 11 16:33:08.169891 np0000005075 nova-conductor[95836]: DEBUG oslo_concurrency.lockutils [None req-c4866717-da56-404f-b90e-fbebdd908c5d None None] Acquiring lock "00000000-0000-0000-0000-000000000000" by "nova.context.set_target_cell..get_or_set_cached_cell_and_set_connections" {{(pid=95836) inner /opt/stack/data/venv/lib/python3.12/site-packages/oslo_concurrency/lockutils.py:511}}
Jul 11 16:33:08.170020 np0000005075 nova-conductor[95836]: DEBUG oslo_concurrency.lockutils [None req-c4866717-da56-404f-b90e-fbebdd908c5d None None] Lock "00000000-0000-0000-0000-000000000000" acquired by "nova.context.set_target_cell..get_or_set_cached_cell_and_set_connections" :: waited 0.000s {{(pid=95836) inner /opt/stack/data/venv/lib/python3.12/site-packages/oslo_concurrency/lockutils.py:524}}
Jul 11 16:33:08.170109 np0000005075 nova-conductor[95836]: DEBUG oslo_concurrency.lockutils [None req-c4866717-da56-404f-b90e-fbebdd908c5d None None] Lock "00000000-0000-0000-0000-000000000000" "released" by "nova.context.set_target_cell..get_or_set_cached_cell_and_set_connections" :: held 0.000s {{(pid=95836) inner /opt/stack/data/venv/lib/python3.12/site-packages/oslo_concurrency/lockutils.py:543}}
Jul 11 16:33:08.170865 np0000005075 nova-conductor[95836]: DEBUG oslo_concurrency.lockutils [None req-c4866717-da56-404f-b90e-fbebdd908c5d None None] Acquiring lock "9354c00b-2d1a-44ba-9746-d307bdb045b4" by "nova.context.set_target_cell..get_or_set_cached_cell_and_set_connections" {{(pid=95836) inner /opt/stack/data/venv/lib/python3.12/site-packages/oslo_concurrency/lockutils.py:511}}
Jul 11 16:33:08.171167 np0000005075 nova-conductor[95836]: DEBUG oslo_concurrency.lockutils [None req-c4866717-da56-404f-b90e-fbebdd908c5d None None] Lock "9354c00b-2d1a-44ba-9746-d307bdb045b4" acquired by "nova.context.set_target_cell..get_or_set_cached_cell_and_set_connections" :: waited 0.000s {{(pid=95836) inner /opt/stack/data/venv/lib/python3.12/site-packages/oslo_concurrency/lockutils.py:524}}
Jul 11 16:33:08.171167 np0000005075 nova-conductor[95836]: DEBUG oslo_concurrency.lockutils [None req-c4866717-da56-404f-b90e-fbebdd908c5d None None] Lock "9354c00b-2d1a-44ba-9746-d307bdb045b4" "released" by "nova.context.set_target_cell..get_or_set_cached_cell_and_set_connections" :: held 0.000s {{(pid=95836) inner /opt/stack/data/venv/lib/python3.12/site-packages/oslo_concurrency/lockutils.py:543}}
Jul 11 16:33:08.181721 np0000005075 nova-conductor[95836]: INFO nova.compute.rpcapi [None req-c4866717-da56-404f-b90e-fbebdd908c5d None None] Automatically selected compute RPC version 6.5 from minimum service version 72
Jul 11 16:33:08.182704 np0000005075 nova-conductor[95836]: DEBUG oslo_concurrency.lockutils [None req-c4866717-da56-404f-b90e-fbebdd908c5d None None] Releasing lock "compute-rpcapi-router" {{(pid=95836) lock /opt/stack/data/venv/lib/python3.12/site-packages/oslo_concurrency/lockutils.py:418}}
Jul 11 16:33:09.308383 np0000005075 nova-conductor[95843]: DEBUG dbcounter [-] [95843] Writer thread running {{(pid=95843) stat_writer /opt/stack/data/venv/lib/python3.12/site-packages/dbcounter.py:102}}
Jul 11 16:33:09.849061 np0000005075 nova-conductor[95843]: DEBUG nova.conductor.manager [None req-5a64cad5-13ac-4cb0-a079-991306826e8c tempest-ServerActionsTestOtherB-855059803 tempest-ServerActionsTestOtherB-855059803-project-member] Took 0.54 seconds to select destinations for 1 instance(s). {{(pid=95843) _schedule_instances /opt/stack/nova/nova/conductor/manager.py:968}}
Jul 11 16:33:09.886050 np0000005075 nova-conductor[95843]: DEBUG oslo_concurrency.lockutils [None req-5a64cad5-13ac-4cb0-a079-991306826e8c tempest-ServerActionsTestOtherB-855059803 tempest-ServerActionsTestOtherB-855059803-project-member] Acquiring lock "9354c00b-2d1a-44ba-9746-d307bdb045b4" by "nova.context.set_target_cell..get_or_set_cached_cell_and_set_connections" {{(pid=95843) inner /opt/stack/data/venv/lib/python3.12/site-packages/oslo_concurrency/lockutils.py:511}}
Jul 11 16:33:09.886050 np0000005075 nova-conductor[95843]: DEBUG oslo_concurrency.lockutils [None req-5a64cad5-13ac-4cb0-a079-991306826e8c tempest-ServerActionsTestOtherB-855059803 tempest-ServerActionsTestOtherB-855059803-project-member] Lock "9354c00b-2d1a-44ba-9746-d307bdb045b4" acquired by "nova.context.set_target_cell..get_or_set_cached_cell_and_set_connections" :: waited 0.000s {{(pid=95843) inner /opt/stack/data/venv/lib/python3.12/site-packages/oslo_concurrency/lockutils.py:524}}
Jul 11 16:33:09.886050 np0000005075 nova-conductor[95843]: DEBUG oslo_concurrency.lockutils [None req-5a64cad5-13ac-4cb0-a079-991306826e8c tempest-ServerActionsTestOtherB-855059803 tempest-ServerActionsTestOtherB-855059803-project-member] Lock "9354c00b-2d1a-44ba-9746-d307bdb045b4" "released" by "nova.context.set_target_cell..get_or_set_cached_cell_and_set_connections" :: held 0.002s {{(pid=95843) inner /opt/stack/data/venv/lib/python3.12/site-packages/oslo_concurrency/lockutils.py:543}}
Jul 11 16:33:09.887841 np0000005075 nova-conductor[95843]: INFO dbcounter [None req-5a64cad5-13ac-4cb0-a079-991306826e8c tempest-ServerActionsTestOtherB-855059803 tempest-ServerActionsTestOtherB-855059803-project-member] Registered counter for database nova_cell1
Jul 11 16:33:09.936682 np0000005075 nova-conductor[95843]: DEBUG oslo_db.sqlalchemy.engines [None req-5a64cad5-13ac-4cb0-a079-991306826e8c tempest-ServerActionsTestOtherB-855059803 tempest-ServerActionsTestOtherB-855059803-project-member] MySQL server mode set to STRICT_TRANS_TABLES,STRICT_ALL_TABLES,NO_ZERO_IN_DATE,NO_ZERO_DATE,ERROR_FOR_DIVISION_BY_ZERO,TRADITIONAL,NO_ENGINE_SUBSTITUTION {{(pid=95843) _check_effective_sql_mode /opt/stack/data/venv/lib/python3.12/site-packages/oslo_db/sqlalchemy/engines.py:325}}
Jul 11 16:33:09.945618 np0000005075 nova-conductor[95843]: DEBUG dbcounter [-] [95843] Writer thread running {{(pid=95843) stat_writer /opt/stack/data/venv/lib/python3.12/site-packages/dbcounter.py:102}}
Jul 11 16:33:10.006768 np0000005075 nova-conductor[95843]: INFO nova.utils [None req-5a64cad5-13ac-4cb0-a079-991306826e8c tempest-ServerActionsTestOtherB-855059803 tempest-ServerActionsTestOtherB-855059803-project-member] The cell worker thread pool ForkProcess-2.cell_worker is initialized
Jul 11 16:33:10.007829 np0000005075 nova-conductor[95843]: DEBUG oslo_concurrency.lockutils [None req-5a64cad5-13ac-4cb0-a079-991306826e8c tempest-ServerActionsTestOtherB-855059803 tempest-ServerActionsTestOtherB-855059803-project-member] Acquiring lock "00000000-0000-0000-0000-000000000000" by "nova.context.set_target_cell..get_or_set_cached_cell_and_set_connections" {{(pid=95843) inner /opt/stack/data/venv/lib/python3.12/site-packages/oslo_concurrency/lockutils.py:511}}
Jul 11 16:33:10.007829 np0000005075 nova-conductor[95843]: DEBUG oslo_concurrency.lockutils [None req-5a64cad5-13ac-4cb0-a079-991306826e8c tempest-ServerActionsTestOtherB-855059803 tempest-ServerActionsTestOtherB-855059803-project-member] Lock "00000000-0000-0000-0000-000000000000" acquired by "nova.context.set_target_cell..get_or_set_cached_cell_and_set_connections" :: waited 0.000s {{(pid=95843) inner /opt/stack/data/venv/lib/python3.12/site-packages/oslo_concurrency/lockutils.py:524}}
Jul 11 16:33:10.007829 np0000005075 nova-conductor[95843]: DEBUG oslo_concurrency.lockutils [None req-5a64cad5-13ac-4cb0-a079-991306826e8c tempest-ServerActionsTestOtherB-855059803 tempest-ServerActionsTestOtherB-855059803-project-member] Lock "00000000-0000-0000-0000-000000000000" "released" by "nova.context.set_target_cell..get_or_set_cached_cell_and_set_connections" :: held 0.000s {{(pid=95843) inner /opt/stack/data/venv/lib/python3.12/site-packages/oslo_concurrency/lockutils.py:543}}
Jul 11 16:33:10.008593 np0000005075 nova-conductor[95843]: DEBUG oslo_concurrency.lockutils [None req-5a64cad5-13ac-4cb0-a079-991306826e8c tempest-ServerActionsTestOtherB-855059803 tempest-ServerActionsTestOtherB-855059803-project-member] Acquiring lock "9354c00b-2d1a-44ba-9746-d307bdb045b4" by "nova.context.set_target_cell..get_or_set_cached_cell_and_set_connections" {{(pid=95843) inner /opt/stack/data/venv/lib/python3.12/site-packages/oslo_concurrency/lockutils.py:511}}
Jul 11 16:33:10.008789 np0000005075 nova-conductor[95843]: DEBUG oslo_concurrency.lockutils [None req-5a64cad5-13ac-4cb0-a079-991306826e8c tempest-ServerActionsTestOtherB-855059803 tempest-ServerActionsTestOtherB-855059803-project-member] Lock "9354c00b-2d1a-44ba-9746-d307bdb045b4" acquired by "nova.context.set_target_cell..get_or_set_cached_cell_and_set_connections" :: waited 0.000s {{(pid=95843) inner /opt/stack/data/venv/lib/python3.12/site-packages/oslo_concurrency/lockutils.py:524}}
